[INFO] fetching crate sssd 2.2.0...
[INFO] testing sssd-2.2.0 against 1.100.0-beta.1+cargoflags=--release for beta-release-1.100-2
[INFO] extracting crate sssd 2.2.0 into /workspace/builds/worker-3-tc2/source
[INFO] started tweaking crates.io crate sssd 2.2.0
[INFO] finished tweaking crates.io crate sssd 2.2.0
[INFO] tweaked toml for crates.io crate sssd 2.2.0 written to /workspace/builds/worker-3-tc2/source/Cargo.toml
[INFO] validating manifest of crates.io crate sssd 2.2.0 on toolchain 1.100.0-beta.1
[INFO] running `Command { std: CARGO_HOME="/workspace/cargo-home" RUSTUP_HOME="/workspace/rustup-home" "/workspace/cargo-home/bin/cargo" "+1.100.0-beta.1" "metadata" "--manifest-path" "Cargo.toml" "--no-deps", kill_on_drop: false }`
[INFO] crate crates.io crate sssd 2.2.0 already has a lockfile, it will not be regenerated
[INFO] running `Command { std: CARGO_HOME="/workspace/cargo-home" RUSTUP_HOME="/workspace/rustup-home" "/workspace/cargo-home/bin/cargo" "+1.100.0-beta.1" "fetch" "--manifest-path" "Cargo.toml", kill_on_drop: false }`
[INFO] running `Command { std: "docker" "create" "-v" "/var/lib/crater-agent-workspace/builds/worker-3-tc2/source:/opt/rustwide/workdir:ro,Z" "-v" "/var/lib/crater-agent-workspace/builds/worker-3-tc2/target:/opt/rustwide/target:rw,Z" "-v" "/var/lib/crater-agent-workspace/cargo-home:/opt/rustwide/cargo-home:ro,Z" "-v" "/var/lib/crater-agent-workspace/rustup-home:/opt/rustwide/rustup-home:ro,Z" "-m" "1610612736" "--network" "none" "ghcr.io/rust-lang/crates-build-env/linux@sha256:77db811e55d90add9212f6832c23229e3de5f1c1f9905e8cb07319ea15df73ac" "sleep" "infinity", kill_on_drop: false }`
[INFO] [stdout] d2fdad4edce0aa7ecca52994885d8f23c95646c77ac2e1ccec3e082f5f56bd5c
[INFO] running `Command { std: "docker" "start" "d2fdad4edce0aa7ecca52994885d8f23c95646c77ac2e1ccec3e082f5f56bd5c", kill_on_drop: false }`
[INFO] running `Command { std: "docker" "inspect" "d2fdad4edce0aa7ecca52994885d8f23c95646c77ac2e1ccec3e082f5f56bd5c", kill_on_drop: false }`
[INFO] running `Command { std: "docker" "exec" "-e" "SOURCE_DIR=/opt/rustwide/workdir" "-e" "CARGO_HOME=/opt/rustwide/cargo-home" "-e" "RUSTUP_HOME=/opt/rustwide/rustup-home" "-e" "CARGO_TARGET_DIR=/opt/rustwide/target" "-w" "/opt/rustwide/workdir" "--user" "0:0" "d2fdad4edce0aa7ecca52994885d8f23c95646c77ac2e1ccec3e082f5f56bd5c" "/opt/rustwide/cargo-home/bin/cargo" "+1.100.0-beta.1" "metadata" "--no-deps" "--format-version=1", kill_on_drop: false }`
[INFO] running `Command { std: "docker" "inspect" "d2fdad4edce0aa7ecca52994885d8f23c95646c77ac2e1ccec3e082f5f56bd5c", kill_on_drop: false }`
[INFO] running `Command { std: "docker" "exec" "-e" "SOURCE_DIR=/opt/rustwide/workdir" "-e" "CARGO_HOME=/opt/rustwide/cargo-home" "-e" "RUSTUP_HOME=/opt/rustwide/rustup-home" "-e" "CARGO_TARGET_DIR=/opt/rustwide/target" "-e" "CARGO_INCREMENTAL=0" "-e" "RUST_BACKTRACE=full" "-e" "RUSTFLAGS=--cap-lints=warn" "-e" "RUSTDOCFLAGS=--cap-lints=warn" "-w" "/opt/rustwide/workdir" "--user" "0:0" "d2fdad4edce0aa7ecca52994885d8f23c95646c77ac2e1ccec3e082f5f56bd5c" "/opt/rustwide/cargo-home/bin/cargo" "+1.100.0-beta.1" "build" "--frozen" "--message-format=json" "--release", kill_on_drop: false }`
[INFO] [stderr]    Compiling proc-macro2 v1.0.104
[INFO] [stderr]    Compiling clap_lex v0.7.6
[INFO] [stderr]    Compiling errno v0.3.14
[INFO] [stderr]    Compiling sysinfo v0.38.0
[INFO] [stderr]    Compiling signal-hook-registry v1.4.8
[INFO] [stderr]    Compiling clap_builder v4.5.53
[INFO] [stderr]    Compiling quote v1.0.42
[INFO] [stderr]    Compiling syn v2.0.112
[INFO] [stderr]    Compiling clap_derive v4.5.49
[INFO] [stderr]    Compiling tokio-macros v2.6.0
[INFO] [stderr]    Compiling tokio v1.48.0
[INFO] [stderr]    Compiling clap v4.5.53
[INFO] [stderr]    Compiling sssd v2.2.0 (/opt/rustwide/workdir)
[INFO] [stderr]     Finished `release` profile [optimized] target(s) in 18.92s
[INFO] running `Command { std: "docker" "inspect" "d2fdad4edce0aa7ecca52994885d8f23c95646c77ac2e1ccec3e082f5f56bd5c", kill_on_drop: false }`
[INFO] running `Command { std: "docker" "exec" "-e" "SOURCE_DIR=/opt/rustwide/workdir" "-e" "CARGO_HOME=/opt/rustwide/cargo-home" "-e" "RUSTUP_HOME=/opt/rustwide/rustup-home" "-e" "CARGO_TARGET_DIR=/opt/rustwide/target" "-e" "CARGO_INCREMENTAL=0" "-e" "RUST_BACKTRACE=full" "-e" "RUSTFLAGS=--cap-lints=warn" "-e" "RUSTDOCFLAGS=--cap-lints=warn" "-w" "/opt/rustwide/workdir" "--user" "0:0" "d2fdad4edce0aa7ecca52994885d8f23c95646c77ac2e1ccec3e082f5f56bd5c" "/opt/rustwide/cargo-home/bin/cargo" "+1.100.0-beta.1" "test" "--frozen" "--no-run" "--message-format=json" "--release", kill_on_drop: false }`
[INFO] [stderr]    Compiling sssd v2.2.0 (/opt/rustwide/workdir)
[INFO] [stderr]     Finished `release` profile [optimized] target(s) in 0.40s
[INFO] running `Command { std: "docker" "inspect" "d2fdad4edce0aa7ecca52994885d8f23c95646c77ac2e1ccec3e082f5f56bd5c", kill_on_drop: false }`
[INFO] running `Command { std: "docker" "exec" "-e" "SOURCE_DIR=/opt/rustwide/workdir" "-e" "CARGO_HOME=/opt/rustwide/cargo-home" "-e" "RUSTUP_HOME=/opt/rustwide/rustup-home" "-e" "CARGO_TARGET_DIR=/opt/rustwide/target" "-e" "CARGO_INCREMENTAL=0" "-e" "RUST_BACKTRACE=full" "-e" "RUSTFLAGS=--cap-lints=warn" "-e" "RUSTDOCFLAGS=--cap-lints=warn" "-w" "/opt/rustwide/workdir" "--user" "0:0" "d2fdad4edce0aa7ecca52994885d8f23c95646c77ac2e1ccec3e082f5f56bd5c" "/opt/rustwide/cargo-home/bin/cargo" "+1.100.0-beta.1" "test" "--frozen" "--release", kill_on_drop: false }`
[INFO] [stderr]     Finished `release` profile [optimized] target(s) in 0.08s
[INFO] [stderr]      Running unittests src/lib.rs (/opt/rustwide/target/release/build/sssd/d9c48b53c33335df/out/sssd-d9c48b53c33335df)
[INFO] [stdout] 
[INFO] [stdout] running 0 tests
[INFO] [stdout] 
[INFO] [stdout] test result: ok. 0 passed; 0 failed; 0 ignored; 0 measured; 0 filtered out; finished in 0.00s
[INFO] [stdout] 
[INFO] [stderr]    Doc-tests sssd
[INFO] [stdout] 
[INFO] [stdout] running 2 tests
[INFO] [stdout] test src/lib.rs - create_with_stop (line 50) ... FAILED
[INFO] [stdout] test src/lib.rs - create (line 33) ... FAILED
[INFO] [stdout] 
[INFO] [stdout] failures:
[INFO] [stdout] 
[INFO] [stdout] ---- src/lib.rs - create_with_stop (line 50) stdout ----
[INFO] [stdout] error[E0308]: mismatched types
[INFO] [stdout]   --> src/lib.rs:57:50
[INFO] [stdout]    |
[INFO] [stdout] 57 |   async fn your_async_func() -> anyhow::Result<()> {
[INFO] [stdout]    |  __________________________________________________^
[INFO] [stdout] 58 | |     // ...
[INFO] [stdout] 59 | | }
[INFO] [stdout]    | |_^ expected `Result<(), Error>`, found `()`
[INFO] [stdout]    |
[INFO] [stdout]    = note:   expected enum `Result<(), anyhow::Error>`
[INFO] [stdout]            found unit type `()`
[INFO] [stdout] 
[INFO] [stdout] error[E0308]: mismatched types
[INFO] [stdout]   --> src/lib.rs:61:48
[INFO] [stdout]    |
[INFO] [stdout] 61 |   async fn stop_callback() -> anyhow::Result<()> {
[INFO] [stdout]    |  ________________________________________________^
[INFO] [stdout] 62 | |     // ...
[INFO] [stdout] 63 | | }
[INFO] [stdout]    | |_^ expected `Result<(), Error>`, found `()`
[INFO] [stdout]    |
[INFO] [stdout]    = note:   expected enum `Result<(), anyhow::Error>`
[INFO] [stdout]            found unit type `()`
[INFO] [stdout] 
[INFO] [stdout] error: aborting due to 2 previous errors
[INFO] [stdout] 
[INFO] [stdout] For more information about this error, try `rustc --explain E0308`.
[INFO] [stdout] Couldn't compile the test.
[INFO] [stdout] ---- src/lib.rs - create (line 33) stdout ----
[INFO] [stdout] error[E0425]: cannot find value `your_async_func` in this scope
[INFO] [stdout]   --> src/lib.rs:37:18
[INFO] [stdout]    |
[INFO] [stdout] 37 |     sssd::create(your_async_func).await.unwrap()
[INFO] [stdout]    |                  ^^^^^^^^^^^^^^^ not found in this scope
[INFO] [stdout] 
[INFO] [stdout] error: aborting due to 1 previous error
[INFO] [stdout] 
[INFO] [stdout] For more information about this error, try `rustc --explain E0425`.
[INFO] [stdout] Couldn't compile the test.
[INFO] [stdout] 
[INFO] [stdout] failures:
[INFO] [stdout]     src/lib.rs - create (line 33)
[INFO] [stdout]     src/lib.rs - create_with_stop (line 50)
[INFO] [stdout] 
[INFO] [stdout] test result: FAILED. 0 passed; 2 failed; 0 ignored; 0 measured; 0 filtered out; finished in 0.16s
[INFO] [stdout] 
[INFO] [stderr] error: doctest failed, to rerun pass `--doc`
[INFO] running `Command { std: "docker" "inspect" "d2fdad4edce0aa7ecca52994885d8f23c95646c77ac2e1ccec3e082f5f56bd5c", kill_on_drop: false }`
[INFO] running `Command { std: "docker" "rm" "-f" "d2fdad4edce0aa7ecca52994885d8f23c95646c77ac2e1ccec3e082f5f56bd5c", kill_on_drop: false }`
[INFO] [stdout] d2fdad4edce0aa7ecca52994885d8f23c95646c77ac2e1ccec3e082f5f56bd5c
