[INFO] fetching crate ssr 0.0.6...
[INFO] testing ssr-0.0.6 against 1.100.0-beta.1+cargoflags=--release for beta-release-1.100-2
[INFO] extracting crate ssr 0.0.6 into /workspace/builds/worker-6-tc2/source
[INFO] started tweaking crates.io crate ssr 0.0.6
[INFO] finished tweaking crates.io crate ssr 0.0.6
[INFO] tweaked toml for crates.io crate ssr 0.0.6 written to /workspace/builds/worker-6-tc2/source/Cargo.toml
[INFO] validating manifest of crates.io crate ssr 0.0.6 on toolchain 1.100.0-beta.1
[INFO] running `Command { std: CARGO_HOME="/workspace/cargo-home" RUSTUP_HOME="/workspace/rustup-home" "/workspace/cargo-home/bin/cargo" "+1.100.0-beta.1" "metadata" "--manifest-path" "Cargo.toml" "--no-deps", kill_on_drop: false }`
[INFO] running `Command { std: CARGO_HOME="/workspace/cargo-home" RUSTUP_HOME="/workspace/rustup-home" "/workspace/cargo-home/bin/cargo" "+1.100.0-beta.1" "generate-lockfile" "--manifest-path" "Cargo.toml", kill_on_drop: false }`
[INFO] [stderr]     Updating crates.io index
[INFO] [stderr]      Locking 47 packages to highest compatible versions
[INFO] [stderr]       Adding http v0.2.12 (available: v1.5.0)
[INFO] [stderr]       Adding tokio v0.2.25 (available: v1.53.3)
[INFO] [stderr]       Adding uuid v0.8.2 (available: v1.28.0)
[INFO] running `Command { std: CARGO_HOME="/workspace/cargo-home" RUSTUP_HOME="/workspace/rustup-home" "/workspace/cargo-home/bin/cargo" "+1.100.0-beta.1" "fetch" "--manifest-path" "Cargo.toml", kill_on_drop: false }`
[INFO] [stderr] warning: `package.homepage` is redundant with `package.repository`
[INFO] [stderr]   --> Cargo.toml:27:12
[INFO] [stderr]    |
[INFO] [stderr] 27 | homepage = "https://github.com/shakacode/ssr-rs"
[INFO] [stderr]    |            ^^^^^^^^^^^^^^^^^^^^^^^^^^^^^^^^^^^^^
[INFO] [stderr] ...
[INFO] [stderr] 32 | repository = "https://github.com/shakacode/ssr-rs"
[INFO] [stderr]    |              -------------------------------------
[INFO] [stderr]    |
[INFO] [stderr]    = note: `cargo::redundant_homepage` is set to `warn` by default
[INFO] [stderr] help: consider removing `package.homepage`
[INFO] [stderr] warning: `ssr` (manifest) generated 1 warning
[INFO] running `Command { std: "docker" "create" "-v" "/var/lib/crater-agent-workspace/builds/worker-6-tc2/source:/opt/rustwide/workdir:ro,Z" "-v" "/var/lib/crater-agent-workspace/builds/worker-6-tc2/target:/opt/rustwide/target:rw,Z" "-v" "/var/lib/crater-agent-workspace/cargo-home:/opt/rustwide/cargo-home:ro,Z" "-v" "/var/lib/crater-agent-workspace/rustup-home:/opt/rustwide/rustup-home:ro,Z" "-m" "1610612736" "--network" "none" "ghcr.io/rust-lang/crates-build-env/linux@sha256:77db811e55d90add9212f6832c23229e3de5f1c1f9905e8cb07319ea15df73ac" "sleep" "infinity", kill_on_drop: false }`
[INFO] [stdout] 1d98142dd5abdc92e5a70a59cb4852bfc21bc5714001ea6b3ca88115ea636c9f
[INFO] running `Command { std: "docker" "start" "1d98142dd5abdc92e5a70a59cb4852bfc21bc5714001ea6b3ca88115ea636c9f", kill_on_drop: false }`
[INFO] running `Command { std: "docker" "inspect" "1d98142dd5abdc92e5a70a59cb4852bfc21bc5714001ea6b3ca88115ea636c9f", kill_on_drop: false }`
[INFO] running `Command { std: "docker" "exec" "-e" "SOURCE_DIR=/opt/rustwide/workdir" "-e" "CARGO_HOME=/opt/rustwide/cargo-home" "-e" "RUSTUP_HOME=/opt/rustwide/rustup-home" "-e" "CARGO_TARGET_DIR=/opt/rustwide/target" "-w" "/opt/rustwide/workdir" "--user" "0:0" "1d98142dd5abdc92e5a70a59cb4852bfc21bc5714001ea6b3ca88115ea636c9f" "/opt/rustwide/cargo-home/bin/cargo" "+1.100.0-beta.1" "metadata" "--no-deps" "--format-version=1", kill_on_drop: false }`
[INFO] running `Command { std: "docker" "inspect" "1d98142dd5abdc92e5a70a59cb4852bfc21bc5714001ea6b3ca88115ea636c9f", kill_on_drop: false }`
[INFO] running `Command { std: "docker" "exec" "-e" "SOURCE_DIR=/opt/rustwide/workdir" "-e" "CARGO_HOME=/opt/rustwide/cargo-home" "-e" "RUSTUP_HOME=/opt/rustwide/rustup-home" "-e" "CARGO_TARGET_DIR=/opt/rustwide/target" "-e" "CARGO_INCREMENTAL=0" "-e" "RUST_BACKTRACE=full" "-e" "RUSTFLAGS=--cap-lints=warn" "-e" "RUSTDOCFLAGS=--cap-lints=warn" "-w" "/opt/rustwide/workdir" "--user" "0:0" "1d98142dd5abdc92e5a70a59cb4852bfc21bc5714001ea6b3ca88115ea636c9f" "/opt/rustwide/cargo-home/bin/cargo" "+1.100.0-beta.1" "build" "--frozen" "--message-format=json" "--release", kill_on_drop: false }`
[INFO] [stderr] warning: `package.homepage` is redundant with `package.repository`
[INFO] [stderr]   --> Cargo.toml:27:12
[INFO] [stderr]    |
[INFO] [stderr] 27 | homepage = "https://github.com/shakacode/ssr-rs"
[INFO] [stderr]    |            ^^^^^^^^^^^^^^^^^^^^^^^^^^^^^^^^^^^^^
[INFO] [stderr] ...
[INFO] [stderr] 32 | repository = "https://github.com/shakacode/ssr-rs"
[INFO] [stderr]    |              -------------------------------------
[INFO] [stderr]    |
[INFO] [stderr]    = note: `cargo::redundant_homepage` is set to `warn` by default
[INFO] [stderr] help: consider removing `package.homepage`
[INFO] [stderr] warning: `ssr` (manifest) generated 1 warning
[INFO] [stderr]    Compiling libc v0.2.191
[INFO] [stderr]    Compiling serde_core v1.0.229
[INFO] [stderr]    Compiling cfg-if v0.1.10
[INFO] [stderr]    Compiling slab v0.4.12
[INFO] [stderr]    Compiling log v0.4.34
[INFO] [stderr]    Compiling fnv v1.0.7
[INFO] [stderr]    Compiling memchr v2.8.3
[INFO] [stderr]    Compiling bytes v1.12.1
[INFO] [stderr]    Compiling pin-project-lite v0.1.12
[INFO] [stderr]    Compiling bytes v0.5.6
[INFO] [stderr]    Compiling http v0.2.12
[INFO] [stderr]    Compiling net2 v0.2.39
[INFO] [stderr]    Compiling iovec v0.1.4
[INFO] [stderr]    Compiling errno v0.3.14
[INFO] [stderr]    Compiling getrandom v0.2.17
[INFO] [stderr]    Compiling signal-hook-registry v1.4.8
[INFO] [stderr]    Compiling mio v0.6.23
[INFO] [stderr]    Compiling mio-uds v0.6.8
[INFO] [stderr]    Compiling tokio v0.2.25
[INFO] [stderr]    Compiling serde v1.0.229
[INFO] [stderr]    Compiling serde_json v1.0.154
[INFO] [stderr]    Compiling uuid v0.8.2
[INFO] [stderr]    Compiling ssr v0.0.6 (/opt/rustwide/workdir)
[INFO] [stdout] warning: field `js_worker` is never read
[INFO] [stdout]   --> src/ssr.rs:67:5
[INFO] [stdout]    |
[INFO] [stdout] 65 | pub struct Ssr {
[INFO] [stdout]    |            --- field in this struct
[INFO] [stdout] 66 |     worker: Arc<Worker>,
[INFO] [stdout] 67 |     js_worker: PathBuf,
[INFO] [stdout]    |     ^^^^^^^^^
[INFO] [stdout]    |
[INFO] [stdout]    = note: `Ssr` has a derived impl for the trait `Clone`, but this is intentionally ignored during dead code analysis
[INFO] [stdout]    = note: `#[warn(dead_code)]` (part of `#[warn(unused)]`) on by default
[INFO] [stdout] 
[INFO] [stdout] 
[INFO] [stderr]     Finished `release` profile [optimized] target(s) in 15.96s
[INFO] running `Command { std: "docker" "inspect" "1d98142dd5abdc92e5a70a59cb4852bfc21bc5714001ea6b3ca88115ea636c9f", kill_on_drop: false }`
[INFO] running `Command { std: "docker" "exec" "-e" "SOURCE_DIR=/opt/rustwide/workdir" "-e" "CARGO_HOME=/opt/rustwide/cargo-home" "-e" "RUSTUP_HOME=/opt/rustwide/rustup-home" "-e" "CARGO_TARGET_DIR=/opt/rustwide/target" "-e" "CARGO_INCREMENTAL=0" "-e" "RUST_BACKTRACE=full" "-e" "RUSTFLAGS=--cap-lints=warn" "-e" "RUSTDOCFLAGS=--cap-lints=warn" "-w" "/opt/rustwide/workdir" "--user" "0:0" "1d98142dd5abdc92e5a70a59cb4852bfc21bc5714001ea6b3ca88115ea636c9f" "/opt/rustwide/cargo-home/bin/cargo" "+1.100.0-beta.1" "test" "--frozen" "--no-run" "--message-format=json" "--release", kill_on_drop: false }`
[INFO] [stderr] warning: `package.homepage` is redundant with `package.repository`
[INFO] [stderr]   --> Cargo.toml:27:12
[INFO] [stderr]    |
[INFO] [stderr] 27 | homepage = "https://github.com/shakacode/ssr-rs"
[INFO] [stderr]    |            ^^^^^^^^^^^^^^^^^^^^^^^^^^^^^^^^^^^^^
[INFO] [stderr] ...
[INFO] [stderr] 32 | repository = "https://github.com/shakacode/ssr-rs"
[INFO] [stderr]    |              -------------------------------------
[INFO] [stderr]    |
[INFO] [stderr]    = note: `cargo::redundant_homepage` is set to `warn` by default
[INFO] [stderr] help: consider removing `package.homepage`
[INFO] [stderr] warning: `ssr` (manifest) generated 1 warning
[INFO] [stdout] warning: field `js_worker` is never read
[INFO] [stdout]   --> src/ssr.rs:67:5
[INFO] [stdout]    |
[INFO] [stdout] 65 | pub struct Ssr {
[INFO] [stdout]    |            --- field in this struct
[INFO] [stdout] 66 |     worker: Arc<Worker>,
[INFO] [stdout] 67 |     js_worker: PathBuf,
[INFO] [stdout]    |     ^^^^^^^^^
[INFO] [stdout]    |
[INFO] [stdout]    = note: `Ssr` has a derived impl for the trait `Clone`, but this is intentionally ignored during dead code analysis
[INFO] [stdout]    = note: `#[warn(dead_code)]` (part of `#[warn(unused)]`) on by default
[INFO] [stdout] 
[INFO] [stdout] 
[INFO] [stderr]    Compiling ssr v0.0.6 (/opt/rustwide/workdir)
[INFO] [stdout] warning: field `js_worker` is never read
[INFO] [stdout]   --> src/ssr.rs:67:5
[INFO] [stdout]    |
[INFO] [stdout] 65 | pub struct Ssr {
[INFO] [stdout]    |            --- field in this struct
[INFO] [stdout] 66 |     worker: Arc<Worker>,
[INFO] [stdout] 67 |     js_worker: PathBuf,
[INFO] [stdout]    |     ^^^^^^^^^
[INFO] [stdout]    |
[INFO] [stdout]    = note: `Ssr` has a derived impl for the trait `Clone`, but this is intentionally ignored during dead code analysis
[INFO] [stdout]    = note: `#[warn(dead_code)]` (part of `#[warn(unused)]`) on by default
[INFO] [stdout] 
[INFO] [stdout] 
[INFO] [stderr]     Finished `release` profile [optimized] target(s) in 0.44s
[INFO] running `Command { std: "docker" "inspect" "1d98142dd5abdc92e5a70a59cb4852bfc21bc5714001ea6b3ca88115ea636c9f", kill_on_drop: false }`
[INFO] running `Command { std: "docker" "exec" "-e" "SOURCE_DIR=/opt/rustwide/workdir" "-e" "CARGO_HOME=/opt/rustwide/cargo-home" "-e" "RUSTUP_HOME=/opt/rustwide/rustup-home" "-e" "CARGO_TARGET_DIR=/opt/rustwide/target" "-e" "CARGO_INCREMENTAL=0" "-e" "RUST_BACKTRACE=full" "-e" "RUSTFLAGS=--cap-lints=warn" "-e" "RUSTDOCFLAGS=--cap-lints=warn" "-w" "/opt/rustwide/workdir" "--user" "0:0" "1d98142dd5abdc92e5a70a59cb4852bfc21bc5714001ea6b3ca88115ea636c9f" "/opt/rustwide/cargo-home/bin/cargo" "+1.100.0-beta.1" "test" "--frozen" "--release", kill_on_drop: false }`
[INFO] [stderr] warning: `package.homepage` is redundant with `package.repository`
[INFO] [stderr]   --> Cargo.toml:27:12
[INFO] [stderr]    |
[INFO] [stderr] 27 | homepage = "https://github.com/shakacode/ssr-rs"
[INFO] [stderr]    |            ^^^^^^^^^^^^^^^^^^^^^^^^^^^^^^^^^^^^^
[INFO] [stderr] ...
[INFO] [stderr] 32 | repository = "https://github.com/shakacode/ssr-rs"
[INFO] [stderr]    |              -------------------------------------
[INFO] [stderr]    |
[INFO] [stderr]    = note: `cargo::redundant_homepage` is set to `warn` by default
[INFO] [stderr] help: consider removing `package.homepage`
[INFO] [stderr] warning: `ssr` (manifest) generated 1 warning
[INFO] [stderr] warning: field `js_worker` is never read
[INFO] [stderr]   --> src/ssr.rs:67:5
[INFO] [stderr]    |
[INFO] [stderr] 65 | pub struct Ssr {
[INFO] [stderr]    |            --- field in this struct
[INFO] [stderr] 66 |     worker: Arc<Worker>,
[INFO] [stderr] 67 |     js_worker: PathBuf,
[INFO] [stderr]    |     ^^^^^^^^^
[INFO] [stderr]    |
[INFO] [stderr]    = note: `Ssr` has a derived impl for the trait `Clone`, but this is intentionally ignored during dead code analysis
[INFO] [stderr]    = note: `#[warn(dead_code)]` (part of `#[warn(unused)]`) on by default
[INFO] [stderr] 
[INFO] [stderr] warning: `ssr` (lib) generated 1 warning
[INFO] [stderr] warning: `ssr` (lib test) generated 1 warning (1 duplicate)
[INFO] [stderr]     Finished `release` profile [optimized] target(s) in 0.07s
[INFO] [stderr]      Running unittests src/lib.rs (/opt/rustwide/target/release/build/ssr/b84bf9ee0f468eed/out/ssr-b84bf9ee0f468eed)
[INFO] [stdout] 
[INFO] [stdout] running 0 tests
[INFO] [stdout] 
[INFO] [stdout] test result: ok. 0 passed; 0 failed; 0 ignored; 0 measured; 0 filtered out; finished in 0.00s
[INFO] [stdout] 
[INFO] [stderr]    Doc-tests ssr
[INFO] [stdout] 
[INFO] [stdout] running 4 tests
[INFO] [stdout] test src/lib.rs - (line 32) ... FAILED
[INFO] [stdout] test src/ssr.rs - ssr::Ssr::render (line 113) ... FAILED
[INFO] [stdout] test src/ssr.rs - ssr::Ssr::new (line 76) ... FAILED
[INFO] [stdout] test src/lib.rs - (line 71) ... FAILED
[INFO] [stdout] 
[INFO] [stdout] failures:
[INFO] [stdout] 
[INFO] [stdout] ---- src/lib.rs - (line 32) stdout ----
[INFO] [stdout] error[E0422]: cannot find struct, variant or union type `SsrConfig` in this scope
[INFO] [stdout]   --> src/lib.rs:36:5
[INFO] [stdout]    |
[INFO] [stdout] 36 |     SsrConfig {
[INFO] [stdout]    |     ^^^^^^^^^ not found in this scope
[INFO] [stdout] 
[INFO] [stdout] error[E0433]: cannot find type `PathBuf` in this scope
[INFO] [stdout]   --> src/lib.rs:38:18
[INFO] [stdout]    |
[INFO] [stdout] 38 |       js_worker: PathBuf::from("./node_modules/ssr-rs/worker.js"),
[INFO] [stdout]    |                  ^^^^^^^ use of undeclared type `PathBuf`
[INFO] [stdout]    |
[INFO] [stdout] help: consider importing this struct
[INFO] [stdout]    |
[INFO] [stdout] 31 + use std::path::PathBuf;
[INFO] [stdout]    |
[INFO] [stdout] 
[INFO] [stdout] error[E0433]: cannot find type `PathBuf` in this scope
[INFO] [stdout]   --> src/lib.rs:40:32
[INFO] [stdout]    |
[INFO] [stdout] 40 |       global_js_renderer: Some(PathBuf::from("./js/ssr.js")),
[INFO] [stdout]    |                                ^^^^^^^ use of undeclared type `PathBuf`
[INFO] [stdout]    |
[INFO] [stdout] help: consider importing this struct
[INFO] [stdout]    |
[INFO] [stdout] 31 + use std::path::PathBuf;
[INFO] [stdout]    |
[INFO] [stdout] 
[INFO] [stdout] error[E0433]: cannot find type `Ssr` in this scope
[INFO] [stdout]   --> src/lib.rs:35:3
[INFO] [stdout]    |
[INFO] [stdout] 35 |   Ssr::new(
[INFO] [stdout]    |   ^^^ use of undeclared type `Ssr`
[INFO] [stdout] 
[INFO] [stdout] error[E0433]: cannot find type `JsWorkerLog` in this scope
[INFO] [stdout]   --> src/lib.rs:39:22
[INFO] [stdout]    |
[INFO] [stdout] 39 |       js_worker_log: JsWorkerLog::Verbose,
[INFO] [stdout]    |                      ^^^^^^^^^^^ use of undeclared type `JsWorkerLog`
[INFO] [stdout] 
[INFO] [stdout] error: aborting due to 5 previous errors
[INFO] [stdout] 
[INFO] [stdout] Some errors have detailed explanations: E0422, E0433.
[INFO] [stdout] For more information about an error, try `rustc --explain E0422`.
[INFO] [stdout] Couldn't compile the test.
[INFO] [stdout] ---- src/ssr.rs - ssr::Ssr::render (line 113) stdout ----
[INFO] [stdout] error: cannot find macro `error` in this scope
[INFO] [stdout]    --> src/ssr.rs:120:9
[INFO] [stdout]     |
[INFO] [stdout] 120 |         error!("Error: {}", error);
[INFO] [stdout]     |         ^^^^^
[INFO] [stdout] 
[INFO] [stdout] error[E0425]: cannot find value `req` in this scope
[INFO] [stdout]    --> src/ssr.rs:115:11
[INFO] [stdout]     |
[INFO] [stdout] 115 | let uri = req.uri();
[INFO] [stdout]     |           ^^^ not found in this scope
[INFO] [stdout] 
[INFO] [stdout] error[E0423]: cannot find value `ssr` in this scope
[INFO] [stdout]    --> src/ssr.rs:117:7
[INFO] [stdout]     |
[INFO] [stdout] 117 | match ssr.render(uri, &data, JsRenderer::Global).await {
[INFO] [stdout]     |       ^^^
[INFO] [stdout]     |
[INFO] [stdout]     = note: a crate named `ssr` exists in another namespace
[INFO] [stdout] help: use the path separator to refer to an item
[INFO] [stdout]     |
[INFO] [stdout] 117 - match ssr.render(uri, &data, JsRenderer::Global).await {
[INFO] [stdout] 117 + match ssr::render(uri, &data, JsRenderer::Global).await {
[INFO] [stdout]     |
[INFO] [stdout] 
[INFO] [stdout] error[E0728]: `await` is only allowed inside `async` functions and blocks
[INFO] [stdout]    --> src/ssr.rs:117:50
[INFO] [stdout]     |
[INFO] [stdout] 114 | fn main() { #[allow(non_snake_case)] fn _doctest_main_src_ssr_rs_113_0() {
[INFO] [stdout]     |                                      ----------------------------------- this is not `async`
[INFO] [stdout] ...
[INFO] [stdout] 117 | match ssr.render(uri, &data, JsRenderer::Global).await {
[INFO] [stdout]     |                                                  ^^^^^ only allowed inside `async` functions and blocks
[INFO] [stdout] 
[INFO] [stdout] error[E0433]: cannot find module or crate `db` in this scope
[INFO] [stdout]    --> src/ssr.rs:116:12
[INFO] [stdout]     |
[INFO] [stdout] 116 | let data = db::get_data();
[INFO] [stdout]     |            ^^ use of unresolved module or unlinked crate `db`
[INFO] [stdout]     |
[INFO] [stdout]     = help: if you wanted to use a crate named `db`, use `cargo add db` to add it to your `Cargo.toml`
[INFO] [stdout] 
[INFO] [stdout] error[E0433]: cannot find type `JsRenderer` in this scope
[INFO] [stdout]    --> src/ssr.rs:117:30
[INFO] [stdout]     |
[INFO] [stdout] 117 | match ssr.render(uri, &data, JsRenderer::Global).await {
[INFO] [stdout]     |                              ^^^^^^^^^^ use of undeclared type `JsRenderer`
[INFO] [stdout] 
[INFO] [stdout] error[E0433]: cannot find type `HttpResponse` in this scope
[INFO] [stdout]    --> src/ssr.rs:118:17
[INFO] [stdout]     |
[INFO] [stdout] 118 |     Ok(html) => HttpResponse::Ok().body(html),
[INFO] [stdout]     |                 ^^^^^^^^^^^^ use of undeclared type `HttpResponse`
[INFO] [stdout] 
[INFO] [stdout] error[E0433]: cannot find type `HttpResponse` in this scope
[INFO] [stdout]    --> src/ssr.rs:121:9
[INFO] [stdout]     |
[INFO] [stdout] 121 |         HttpResponse::InternalServerError().finish()
[INFO] [stdout]     |         ^^^^^^^^^^^^ use of undeclared type `HttpResponse`
[INFO] [stdout] 
[INFO] [stdout] error: aborting due to 8 previous errors
[INFO] [stdout] 
[INFO] [stdout] Some errors have detailed explanations: E0423, E0425, E0433, E0728.
[INFO] [stdout] For more information about an error, try `rustc --explain E0423`.
[INFO] [stdout] Couldn't compile the test.
[INFO] [stdout] ---- src/ssr.rs - ssr::Ssr::new (line 76) stdout ----
[INFO] [stdout] error[E0422]: cannot find struct, variant or union type `SsrConfig` in this scope
[INFO] [stdout]   --> src/ssr.rs:80:5
[INFO] [stdout]    |
[INFO] [stdout] 80 |     SsrConfig {
[INFO] [stdout]    |     ^^^^^^^^^ not found in this scope
[INFO] [stdout] 
[INFO] [stdout] error[E0433]: cannot find type `PathBuf` in this scope
[INFO] [stdout]   --> src/ssr.rs:82:18
[INFO] [stdout]    |
[INFO] [stdout] 82 |       js_worker: PathBuf::from("./node_modules/ssr-rs/worker.js"),
[INFO] [stdout]    |                  ^^^^^^^ use of undeclared type `PathBuf`
[INFO] [stdout]    |
[INFO] [stdout] help: consider importing this struct
[INFO] [stdout]    |
[INFO] [stdout] 75 + use std::path::PathBuf;
[INFO] [stdout]    |
[INFO] [stdout] 
[INFO] [stdout] error[E0433]: cannot find type `PathBuf` in this scope
[INFO] [stdout]   --> src/ssr.rs:84:32
[INFO] [stdout]    |
[INFO] [stdout] 84 |       global_js_renderer: Some(PathBuf::from("./js/ssr.js")),
[INFO] [stdout]    |                                ^^^^^^^ use of undeclared type `PathBuf`
[INFO] [stdout]    |
[INFO] [stdout] help: consider importing this struct
[INFO] [stdout]    |
[INFO] [stdout] 75 + use std::path::PathBuf;
[INFO] [stdout]    |
[INFO] [stdout] 
[INFO] [stdout] error[E0433]: cannot find type `Ssr` in this scope
[INFO] [stdout]   --> src/ssr.rs:79:3
[INFO] [stdout]    |
[INFO] [stdout] 79 |   Ssr::new(
[INFO] [stdout]    |   ^^^ use of undeclared type `Ssr`
[INFO] [stdout] 
[INFO] [stdout] error[E0433]: cannot find type `JsWorkerLog` in this scope
[INFO] [stdout]   --> src/ssr.rs:83:22
[INFO] [stdout]    |
[INFO] [stdout] 83 |       js_worker_log: JsWorkerLog::Verbose,
[INFO] [stdout]    |                      ^^^^^^^^^^^ use of undeclared type `JsWorkerLog`
[INFO] [stdout] 
[INFO] [stdout] error: aborting due to 5 previous errors
[INFO] [stdout] 
[INFO] [stdout] Some errors have detailed explanations: E0422, E0433.
[INFO] [stdout] For more information about an error, try `rustc --explain E0422`.
[INFO] [stdout] Couldn't compile the test.
[INFO] [stdout] ---- src/lib.rs - (line 71) stdout ----
[INFO] [stdout] error: cannot find macro `error` in this scope
[INFO] [stdout]   --> src/lib.rs:78:9
[INFO] [stdout]    |
[INFO] [stdout] 78 |         error!("Error: {}", error);
[INFO] [stdout]    |         ^^^^^
[INFO] [stdout] 
[INFO] [stdout] error[E0425]: cannot find value `req` in this scope
[INFO] [stdout]   --> src/lib.rs:73:11
[INFO] [stdout]    |
[INFO] [stdout] 73 | let uri = req.uri();
[INFO] [stdout]    |           ^^^ not found in this scope
[INFO] [stdout] 
[INFO] [stdout] error[E0423]: cannot find value `ssr` in this scope
[INFO] [stdout]   --> src/lib.rs:75:7
[INFO] [stdout]    |
[INFO] [stdout] 75 | match ssr.render(uri, &data, JsRenderer::Global).await {
[INFO] [stdout]    |       ^^^
[INFO] [stdout]    |
[INFO] [stdout]    = note: a crate named `ssr` exists in another namespace
[INFO] [stdout] help: use the path separator to refer to an item
[INFO] [stdout]    |
[INFO] [stdout] 75 - match ssr.render(uri, &data, JsRenderer::Global).await {
[INFO] [stdout] 75 + match ssr::render(uri, &data, JsRenderer::Global).await {
[INFO] [stdout]    |
[INFO] [stdout] 
[INFO] [stdout] error[E0728]: `await` is only allowed inside `async` functions and blocks
[INFO] [stdout]   --> src/lib.rs:75:50
[INFO] [stdout]    |
[INFO] [stdout] 72 | fn main() { #[allow(non_snake_case)] fn _doctest_main_src_lib_rs_71_0() {
[INFO] [stdout]    |                                      ---------------------------------- this is not `async`
[INFO] [stdout] ...
[INFO] [stdout] 75 | match ssr.render(uri, &data, JsRenderer::Global).await {
[INFO] [stdout]    |                                                  ^^^^^ only allowed inside `async` functions and blocks
[INFO] [stdout] 
[INFO] [stdout] error[E0433]: cannot find module or crate `db` in this scope
[INFO] [stdout]   --> src/lib.rs:74:12
[INFO] [stdout]    |
[INFO] [stdout] 74 | let data = db::get_data();
[INFO] [stdout]    |            ^^ use of unresolved module or unlinked crate `db`
[INFO] [stdout]    |
[INFO] [stdout]    = help: if you wanted to use a crate named `db`, use `cargo add db` to add it to your `Cargo.toml`
[INFO] [stdout] 
[INFO] [stdout] error[E0433]: cannot find type `JsRenderer` in this scope
[INFO] [stdout]   --> src/lib.rs:75:30
[INFO] [stdout]    |
[INFO] [stdout] 75 | match ssr.render(uri, &data, JsRenderer::Global).await {
[INFO] [stdout]    |                              ^^^^^^^^^^ use of undeclared type `JsRenderer`
[INFO] [stdout] 
[INFO] [stdout] error[E0433]: cannot find type `HttpResponse` in this scope
[INFO] [stdout]   --> src/lib.rs:76:17
[INFO] [stdout]    |
[INFO] [stdout] 76 |     Ok(html) => HttpResponse::Ok().body(html),
[INFO] [stdout]    |                 ^^^^^^^^^^^^ use of undeclared type `HttpResponse`
[INFO] [stdout] 
[INFO] [stdout] error[E0433]: cannot find type `HttpResponse` in this scope
[INFO] [stdout]   --> src/lib.rs:79:9
[INFO] [stdout]    |
[INFO] [stdout] 79 |         HttpResponse::InternalServerError().finish()
[INFO] [stdout]    |         ^^^^^^^^^^^^ use of undeclared type `HttpResponse`
[INFO] [stdout] 
[INFO] [stdout] error: aborting due to 8 previous errors
[INFO] [stdout] 
[INFO] [stdout] Some errors have detailed explanations: E0423, E0425, E0433, E0728.
[INFO] [stdout] For more information about an error, try `rustc --explain E0423`.
[INFO] [stdout] Couldn't compile the test.
[INFO] [stdout] 
[INFO] [stdout] failures:
[INFO] [stdout]     src/lib.rs - (line 32)
[INFO] [stdout]     src/lib.rs - (line 71)
[INFO] [stdout]     src/ssr.rs - ssr::Ssr::new (line 76)
[INFO] [stdout]     src/ssr.rs - ssr::Ssr::render (line 113)
[INFO] [stdout] 
[INFO] [stdout] test result: FAILED. 0 passed; 4 failed; 0 ignored; 0 measured; 0 filtered out; finished in 0.31s
[INFO] [stdout] 
[INFO] [stderr] error: doctest failed, to rerun pass `--doc`
[INFO] running `Command { std: "docker" "inspect" "1d98142dd5abdc92e5a70a59cb4852bfc21bc5714001ea6b3ca88115ea636c9f", kill_on_drop: false }`
[INFO] running `Command { std: "docker" "rm" "-f" "1d98142dd5abdc92e5a70a59cb4852bfc21bc5714001ea6b3ca88115ea636c9f", kill_on_drop: false }`
[INFO] [stdout] 1d98142dd5abdc92e5a70a59cb4852bfc21bc5714001ea6b3ca88115ea636c9f
