[INFO] fetching crate ssh2-config 0.8.2...
[INFO] testing ssh2-config-0.8.2 against 1.99.0-beta.8+cargoflags=--release for beta-release-1.100-2
[INFO] extracting crate ssh2-config 0.8.2 into /workspace/builds/worker-3-tc1/source
[INFO] started tweaking crates.io crate ssh2-config 0.8.2
[INFO] removed 0 missing examples
[INFO] finished tweaking crates.io crate ssh2-config 0.8.2
[INFO] tweaked toml for crates.io crate ssh2-config 0.8.2 written to /workspace/builds/worker-3-tc1/source/Cargo.toml
[INFO] validating manifest of crates.io crate ssh2-config 0.8.2 on toolchain 1.99.0-beta.8
[INFO] running `Command { std: CARGO_HOME="/workspace/cargo-home" RUSTUP_HOME="/workspace/rustup-home" "/workspace/cargo-home/bin/cargo" "+1.99.0-beta.8" "metadata" "--manifest-path" "Cargo.toml" "--no-deps", kill_on_drop: false }`
[INFO] crate crates.io crate ssh2-config 0.8.2 already has a lockfile, it will not be regenerated
[INFO] running `Command { std: CARGO_HOME="/workspace/cargo-home" RUSTUP_HOME="/workspace/rustup-home" "/workspace/cargo-home/bin/cargo" "+1.99.0-beta.8" "fetch" "--manifest-path" "Cargo.toml", kill_on_drop: false }`
[INFO] [stderr]     Blocking waiting for file lock on package cache
[INFO] [stderr]     Updating crates.io index
[INFO] [stderr]     Blocking waiting for file lock on package cache
[INFO] [stderr]  Downloading crates ...
[INFO] [stderr]   Downloaded rpassword v7.5.4
[INFO] [stderr]   Downloaded rtoolbox v0.0.6
[INFO] [stderr]   Downloaded ssh2 v0.9.6
[INFO] [stderr]   Downloaded syn v3.0.8
[INFO] [stderr]   Downloaded libssh2-sys v0.3.3
[INFO] [stderr]   Downloaded libgit2-sys v0.18.8+1.9.7
[INFO] running `Command { std: "docker" "create" "-v" "/var/lib/crater-agent-workspace/builds/worker-3-tc1/source:/opt/rustwide/workdir:ro,Z" "-v" "/var/lib/crater-agent-workspace/builds/worker-3-tc1/target:/opt/rustwide/target:rw,Z" "-v" "/var/lib/crater-agent-workspace/cargo-home:/opt/rustwide/cargo-home:ro,Z" "-v" "/var/lib/crater-agent-workspace/rustup-home:/opt/rustwide/rustup-home:ro,Z" "-m" "1610612736" "--network" "none" "ghcr.io/rust-lang/crates-build-env/linux@sha256:77db811e55d90add9212f6832c23229e3de5f1c1f9905e8cb07319ea15df73ac" "sleep" "infinity", kill_on_drop: false }`
[INFO] [stdout] 561f556d3d4e9b51f30fafd4c70031e1021f04edc985d4f8046c8f2b30c0c037
[INFO] running `Command { std: "docker" "start" "561f556d3d4e9b51f30fafd4c70031e1021f04edc985d4f8046c8f2b30c0c037", kill_on_drop: false }`
[INFO] running `Command { std: "docker" "inspect" "561f556d3d4e9b51f30fafd4c70031e1021f04edc985d4f8046c8f2b30c0c037", kill_on_drop: false }`
[INFO] running `Command { std: "docker" "exec" "-e" "SOURCE_DIR=/opt/rustwide/workdir" "-e" "CARGO_HOME=/opt/rustwide/cargo-home" "-e" "RUSTUP_HOME=/opt/rustwide/rustup-home" "-e" "CARGO_TARGET_DIR=/opt/rustwide/target" "-w" "/opt/rustwide/workdir" "--user" "0:0" "561f556d3d4e9b51f30fafd4c70031e1021f04edc985d4f8046c8f2b30c0c037" "/opt/rustwide/cargo-home/bin/cargo" "+1.99.0-beta.8" "metadata" "--no-deps" "--format-version=1", kill_on_drop: false }`
[INFO] running `Command { std: "docker" "inspect" "561f556d3d4e9b51f30fafd4c70031e1021f04edc985d4f8046c8f2b30c0c037", kill_on_drop: false }`
[INFO] running `Command { std: "docker" "exec" "-e" "SOURCE_DIR=/opt/rustwide/workdir" "-e" "CARGO_HOME=/opt/rustwide/cargo-home" "-e" "RUSTUP_HOME=/opt/rustwide/rustup-home" "-e" "CARGO_TARGET_DIR=/opt/rustwide/target" "-e" "CARGO_INCREMENTAL=0" "-e" "RUST_BACKTRACE=full" "-e" "RUSTFLAGS=--cap-lints=warn" "-e" "RUSTDOCFLAGS=--cap-lints=warn" "-w" "/opt/rustwide/workdir" "--user" "0:0" "561f556d3d4e9b51f30fafd4c70031e1021f04edc985d4f8046c8f2b30c0c037" "/opt/rustwide/cargo-home/bin/cargo" "+1.99.0-beta.8" "build" "--frozen" "--message-format=json" "--release", kill_on_drop: false }`
[INFO] [stderr]    Compiling libc v0.2.190
[INFO] [stderr]    Compiling syn v3.0.8
[INFO] [stderr]    Compiling ssh2-config v0.8.2 (/opt/rustwide/workdir)
[INFO] [stderr]    Compiling bitflags v2.13.2
[INFO] [stderr]    Compiling wildmatch v2.6.1
[INFO] [stderr]    Compiling glob v0.3.4
[INFO] [stderr]    Compiling dirs-sys v0.5.0
[INFO] [stderr]    Compiling dirs v7.0.0
[INFO] [stderr]    Compiling thiserror-impl v2.0.21
[INFO] [stderr]    Compiling thiserror v2.0.21
[INFO] [stderr]     Finished `release` profile [optimized] target(s) in 10.54s
[INFO] running `Command { std: "docker" "inspect" "561f556d3d4e9b51f30fafd4c70031e1021f04edc985d4f8046c8f2b30c0c037", kill_on_drop: false }`
[INFO] running `Command { std: "docker" "exec" "-e" "SOURCE_DIR=/opt/rustwide/workdir" "-e" "CARGO_HOME=/opt/rustwide/cargo-home" "-e" "RUSTUP_HOME=/opt/rustwide/rustup-home" "-e" "CARGO_TARGET_DIR=/opt/rustwide/target" "-e" "CARGO_INCREMENTAL=0" "-e" "RUST_BACKTRACE=full" "-e" "RUSTFLAGS=--cap-lints=warn" "-e" "RUSTDOCFLAGS=--cap-lints=warn" "-w" "/opt/rustwide/workdir" "--user" "0:0" "561f556d3d4e9b51f30fafd4c70031e1021f04edc985d4f8046c8f2b30c0c037" "/opt/rustwide/cargo-home/bin/cargo" "+1.99.0-beta.8" "test" "--frozen" "--no-run" "--message-format=json" "--release", kill_on_drop: false }`
[INFO] [stderr]    Compiling libz-sys v1.1.29
[INFO] [stderr]    Compiling aho-corasick v1.1.5
[INFO] [stderr]    Compiling libssh2-sys v0.3.3
[INFO] [stderr]    Compiling openssl-sys v0.9.117
[INFO] [stderr]    Compiling parking_lot_core v0.9.12
[INFO] [stderr]    Compiling jiff-core v0.1.1
[INFO] [stderr]    Compiling anstream v1.0.0
[INFO] [stderr]    Compiling getrandom v0.4.3
[INFO] [stderr]    Compiling rtoolbox v0.0.6
[INFO] [stderr]    Compiling diff v0.1.13
[INFO] [stderr]    Compiling tempfile v3.27.0
[INFO] [stderr]    Compiling parking_lot v0.12.5
[INFO] [stderr]    Compiling pretty_assertions v1.4.1
[INFO] [stderr]    Compiling rpassword v7.5.4
[INFO] [stderr]    Compiling ssh2-config v0.8.2 (/opt/rustwide/workdir)
[INFO] [stderr]    Compiling jiff v0.2.38
[INFO] [stderr]    Compiling regex-automata v0.4.18
[INFO] [stderr]    Compiling regex v1.13.1
[INFO] [stderr]    Compiling env_filter v2.0.0
[INFO] [stderr]    Compiling env_logger v0.11.11
[INFO] [stderr]    Compiling ssh2 v0.9.6
[INFO] [stderr]     Finished `release` profile [optimized] target(s) in 1m 11s
[INFO] running `Command { std: "docker" "inspect" "561f556d3d4e9b51f30fafd4c70031e1021f04edc985d4f8046c8f2b30c0c037", kill_on_drop: false }`
[INFO] running `Command { std: "docker" "exec" "-e" "SOURCE_DIR=/opt/rustwide/workdir" "-e" "CARGO_HOME=/opt/rustwide/cargo-home" "-e" "RUSTUP_HOME=/opt/rustwide/rustup-home" "-e" "CARGO_TARGET_DIR=/opt/rustwide/target" "-e" "CARGO_INCREMENTAL=0" "-e" "RUST_BACKTRACE=full" "-e" "RUSTFLAGS=--cap-lints=warn" "-e" "RUSTDOCFLAGS=--cap-lints=warn" "-w" "/opt/rustwide/workdir" "--user" "0:0" "561f556d3d4e9b51f30fafd4c70031e1021f04edc985d4f8046c8f2b30c0c037" "/opt/rustwide/cargo-home/bin/cargo" "+1.99.0-beta.8" "test" "--frozen" "--release", kill_on_drop: false }`
[INFO] [stderr]     Finished `release` profile [optimized] target(s) in 0.09s
[INFO] [stderr]      Running unittests src/lib.rs (/opt/rustwide/target/release/deps/ssh2_config-f1382d6f9b83ebbb)
[INFO] [stdout] 
[INFO] [stdout] running 165 tests
[INFO] [stdout] test default_algorithms::tests::test_default_algorithms_clone ... ok
[INFO] [stdout] test default_algorithms::tests::test_default_algorithms_default ... ok
[INFO] [stdout] test default_algorithms::tests::test_default_algorithms_debug ... ok
[INFO] [stdout] test default_algorithms::tests::test_default_algorithms_equality ... ok
[INFO] [stdout] test host::tests::should_build_host_clause ... ok
[INFO] [stdout] test host::tests::should_display_host_clause ... ok
[INFO] [stdout] test host::tests::should_intersect_clause ... ok
[INFO] [stdout] test host::tests::should_intersect_host_clause ... ok
[INFO] [stdout] test host::tests::should_init_host ... ok
[INFO] [stdout] test host::tests::should_intersect_with_only_negated_clauses_after_positive ... ok
[INFO] [stdout] test host::tests::should_handle_wildcard_at_end ... ok
[INFO] [stdout] test host::tests::should_intersect_negated_clause_returns_true_for_matching_negated ... ok
[INFO] [stdout] test host::tests::should_intersect_with_single_char_wildcard ... ok
[INFO] [stdout] test host::tests::should_match_universal_wildcard ... ok
[INFO] [stdout] test host::tests::should_not_intersect_clause ... ok
[INFO] [stdout] test host::tests::should_not_intersect_host_clause ... ok
[INFO] [stdout] test host::tests::should_not_intersect_with_empty_pattern ... ok
[INFO] [stdout] test params::algos::tests::test_algorithms_display_with_rule ... ok
[INFO] [stdout] test params::algos::tests::test_algorithms_display_without_rule ... ok
[INFO] [stdout] test params::algos::tests::test_algorithms_is_default ... ok
[INFO] [stdout] test params::algos::tests::test_algorithms_rule_display ... ok
[INFO] [stdout] test host::tests::should_handle_wildcard_at_start ... ok
[INFO] [stdout] test host::tests::should_match_exact_pattern ... ok
[INFO] [stdout] test params::algos::tests::test_algorithms_rule_op ... ok
[INFO] [stdout] test params::algos::tests::test_append_with_duplicate_algorithms ... ok
[INFO] [stdout] test params::algos::tests::test_exclude_all_algorithms ... ok
[INFO] [stdout] test params::algos::tests::test_head_with_empty_defaults ... ok
[INFO] [stdout] test params::algos::tests::test_parse_empty_algos_returns_error ... ok
[INFO] [stdout] test params::algos::tests::test_should_apply_append ... ok
[INFO] [stdout] test params::algos::tests::test_should_apply_head ... ok
[INFO] [stdout] test params::algos::tests::test_should_merge_exclude ... ok
[INFO] [stdout] test params::algos::tests::test_should_merge_head ... ok
[INFO] [stdout] test params::algos::tests::test_should_parse_algos_append ... ok
[INFO] [stdout] test params::algos::tests::test_should_parse_algos_set ... ok
[INFO] [stdout] test params::tests::should_accumulate_remote_forwards_when_merging ... ok
[INFO] [stdout] test params::algos::tests::test_should_merge_append_if_undefined ... ok
[INFO] [stdout] test params::algos::tests::test_should_merge_set ... ok
[INFO] [stdout] test params::algos::tests::test_should_not_apply_twice ... ok
[INFO] [stdout] test params::algos::tests::test_should_parse_algos_exclude ... ok
[INFO] [stdout] test params::algos::tests::test_should_parse_algos_head ... ok
[INFO] [stdout] test params::tests::should_model_remote_forward_endpoints ... ok
[INFO] [stdout] test params::tests::test_ignored_returns_true_when_in_list ... ok
[INFO] [stdout] test params::tests::test_overwrite_if_none_accumulates_identity_files ... ok
[INFO] [stdout] test params::tests::should_initialize_params ... ok
[INFO] [stdout] test params::tests::test_overwrite_if_none_algorithms_when_self_is_default ... ok
[INFO] [stdout] test params::tests::test_ignored_returns_false_when_not_in_list ... ok
[INFO] [stdout] test params::tests::test_should_overwrite_if_none ... ok
[INFO] [stdout] test default_algorithms::tests::test_default_algorithms_empty ... ok
[INFO] [stdout] test parser::field::tests::should_fail_parsing_field ... ok
[INFO] [stdout] test params::tests::test_ignored_returns_false_when_none ... ok
[INFO] [stdout] test params::tests::test_overwrite_if_none_algorithms_when_self_is_not_default ... ok
[INFO] [stdout] test parser::tests::should_accumulate_remote_forwards_from_matching_hosts ... ok
[INFO] [stdout] test params::tests::test_overwrite_if_none_all_fields ... ok
[INFO] [stdout] test params::tests::test_overwrite_if_none_does_not_overwrite_existing ... ok
[INFO] [stdout] test params::tests::test_overwrite_if_none_identity_files_when_self_is_none ... ok
[INFO] [stdout] test parser::field::tests::should_display_field ... ok
[INFO] [stdout] test parser::tests::should_count_unescaped_quotes ... ok
[INFO] [stdout] test parser::tests::should_fail_parsing_boolean ... ok
[INFO] [stdout] test parser::tests::should_fail_parsing_duration ... ok
[INFO] [stdout] test parser::tests::should_fail_parsing_field ... ok
[INFO] [stdout] test parser::tests::should_fail_parsing_algos_missing_arg ... ok
[INFO] [stdout] test parser::tests::should_fail_parsing_comma_separated_list ... ok
[INFO] [stdout] test parser::field::tests::should_parse_field_from_string ... ok
[INFO] [stdout] test parser::tests::should_allow_unknown_field ... ok
[INFO] [stdout] test parser::tests::should_detect_ends_with_unescaped_quote ... ok
[INFO] [stdout] test parser::tests::should_fail_on_mismatched_quotes ... ok
[INFO] [stdout] test parser::tests::should_fail_parse_path_list ... ok
[INFO] [stdout] test parser::tests::should_fail_parsing_host ... ok
[INFO] [stdout] test parser::tests::should_keep_included_values_before_parent_fallbacks ... ok
[INFO] [stdout] test parser::tests::should_fail_parsing_path ... ok
[INFO] [stdout] test parser::tests::should_parse_algos ... ok
[INFO] [stdout] test parser::tests::should_fail_parsing_port ... ok
[INFO] [stdout] test parser::tests::should_fail_parsing_string ... ok
[INFO] [stdout] test parser::tests::should_fail_parsing_unsigned ... ok
[INFO] [stdout] test parser::tests::should_not_update_host_if_unknown ... ok
[INFO] [stdout] test parser::tests::should_not_allow_unknown_field ... ok
[INFO] [stdout] test parser::tests::should_not_tokenize_line ... ok
[INFO] [stdout] test parser::tests::should_parse_boolean ... ok
[INFO] [stdout] test parser::tests::should_parse_comma_separated_list ... ok
[INFO] [stdout] test parser::tests::should_parse_duration_zero ... ok
[INFO] [stdout] test parser::tests::should_parse_host_with_single_pattern ... ok
[INFO] [stdout] test parser::tests::should_parse_host ... ok
[INFO] [stdout] test parser::tests::should_parse_duration ... ok
[INFO] [stdout] test parser::tests::should_parse_path ... ok
[INFO] [stdout] test parser::tests::should_parse_path_and_resolve_tilde ... ok
[INFO] [stdout] test parser::tests::should_parse_port_boundary ... ok
[INFO] [stdout] test parser::tests::should_parse_path_list ... ok
[INFO] [stdout] test parser::tests::should_parse_port ... ok
[INFO] [stdout] test parser::tests::should_parse_host_with_exclamation_in_pattern ... ok
[INFO] [stdout] test parser::tests::should_parse_remote_forward_destinations ... ok
[INFO] [stdout] test parser::tests::should_parse_configuration ... ok
[INFO] [stdout] test parser::tests::should_parse_remote_forward_listeners ... ok
[INFO] [stdout] test parser::tests::should_parse_string ... ok
[INFO] [stdout] test parser::tests::should_reject_invalid_remote_forward ... ok
[INFO] [stdout] test parser::tests::should_parse_boolean_true_false_case_insensitive ... ok
[INFO] [stdout] test parser::tests::should_parse_configuration_with_hosts ... ok
[INFO] [stdout] test parser::tests::should_require_enclosing_and_included_host_scopes ... ok
[INFO] [stdout] test parser::tests::should_parse_inversed_ssh_config ... ok
[INFO] [stdout] test parser::tests::should_parse_unsigned ... ok
[INFO] [stdout] test parser::tests::should_preserve_all_nested_include_scopes ... ok
[INFO] [stdout] test parser::tests::should_store_unsupported_fields_when_allowed ... ok
[INFO] [stdout] test parser::tests::should_strip_comments ... ok
[INFO] [stdout] test parser::tests::should_tokenize_line_with_equals_and_quoted_args ... ok
[INFO] [stdout] test parser::tests::should_restore_parent_scope_after_include ... ok
[INFO] [stdout] test parser::tests::should_store_unknown_fields ... ok
[INFO] [stdout] test parser::tests::should_tokenize_line ... ok
[INFO] [stdout] test parser::tests::should_preserve_hash_inside_quoted_strings ... ok
[INFO] [stdout] test parser::tests::should_update_host_add_keys_to_agent ... ok
[INFO] [stdout] test parser::tests::should_update_host_bind_address ... ok
[INFO] [stdout] test parser::tests::should_update_host_ca_signature_algos ... ok
[INFO] [stdout] test parser::tests::should_restore_scope_between_consecutive_includes ... ok
[INFO] [stdout] test parser::tests::should_tokenize_line_with_quoted_args ... ok
[INFO] [stdout] test parser::tests::should_tokenize_line_setenv ... ok
[INFO] [stdout] test parser::tests::should_unescape_string ... ok
[INFO] [stdout] test parser::tests::should_tokenize_line_with_equals_separator ... ok
[INFO] [stdout] test parser::tests::should_update_host_certificate_file ... ok
[INFO] [stdout] test parser::tests::should_update_host_ciphers ... ok
[INFO] [stdout] test parser::tests::should_unescape_quoted_args ... ok
[INFO] [stdout] test parser::tests::should_update_host_connection_attempts ... ok
[INFO] [stdout] test parser::tests::should_update_host_bind_interface ... ok
[INFO] [stdout] test parser::tests::should_update_host_forward_agent ... ok
[INFO] [stdout] test parser::tests::should_update_host_compression ... ok
[INFO] [stdout] test parser::tests::should_update_host_identity_file ... ok
[INFO] [stdout] test parser::tests::should_update_host_host_name ... ok
[INFO] [stdout] test parser::tests::should_update_host_connection_timeout ... ok
[INFO] [stdout] test parser::tests::should_update_host_if_unsupported ... ok
[INFO] [stdout] test parser::tests::should_update_host_pubkey_authentication ... ok
[INFO] [stdout] test parser::tests::should_update_host_server_alive_interval ... ok
[INFO] [stdout] test parser::tests::should_update_host_tcp_keep_alive ... ok
[INFO] [stdout] test parser::tests::should_update_host_ignore_unknown ... ok
[INFO] [stdout] test parser::tests::should_update_host_remote_forward ... ok
[INFO] [stdout] test parser::tests::should_update_host_mac ... ok
[INFO] [stdout] test parser::tests::should_update_host_pubkey_accepted_algos ... ok
[INFO] [stdout] test parser::tests::should_update_host_key_algorithms ... ok
[INFO] [stdout] test parser::tests::should_update_host_port ... ok
[INFO] [stdout] test parser::tests::should_update_host_proxy_jump ... ok
[INFO] [stdout] test parser::tests::test_should_resolve_include_path_with_tilde ... ok
[INFO] [stdout] test parser::tests::test_should_parse_config_with_quotes_and_eq ... ok
[INFO] [stdout] test parser::tests::test_should_resolve_absolute_include_path ... ok
[INFO] [stdout] test parser::tests::should_update_kex_algorithms ... ok
[INFO] [stdout] test parser::tests::test_should_accumulate_identity_files_across_host_blocks ... ok
[INFO] [stdout] test parser::tests::test_should_allow_and_append_multiple_identity_files_directives ... ok
[INFO] [stdout] test parser::tests::test_should_parse_config_with_include ... ok
[INFO] [stdout] test serializer::tests::serialize_algorithms_with_rules ... ok
[INFO] [stdout] test serializer::tests::serialize_boolean_fields_as_no ... ok
[INFO] [stdout] test parser::tests::test_should_resolve_relative_include_path ... ok
[INFO] [stdout] test serializer::tests::are_host_patterns_combined ... ok
[INFO] [stdout] test serializer::tests::is_default_host_serialized_without_host ... ok
[INFO] [stdout] test serializer::tests::serialize_first_host_not_default ... ok
[INFO] [stdout] test tests::should_create_config_from_hosts ... ok
[INFO] [stdout] test serializer::tests::serialize_multiple_hosts ... ok
[INFO] [stdout] test tests::roundtrip ... ok
[INFO] [stdout] test serializer::tests::serialize_remote_forward_variants ... ok
[INFO] [stdout] test serializer::tests::serialize_all_supported_fields ... ok
[INFO] [stdout] test tests::should_init_ssh_config ... ok
[INFO] [stdout] test tests::should_get_intersecting_hosts ... ok
[INFO] [stdout] test tests::should_display_empty_config ... ok
[INFO] [stdout] test tests::should_query_empty_config ... ok
[INFO] [stdout] test serializer::tests::serialize_empty_config ... ok
[INFO] [stdout] test tests::should_set_default_algorithms ... ok
[INFO] [stdout] test tests::should_parse_config ... FAILED
[INFO] [stdout] test tests::should_query_ssh_config ... ok
[INFO] [stdout] test tests::should_parse_default_config ... FAILED
[INFO] [stdout] test parser::tests::should_update_host_user ... ok
[INFO] [stdout] test serializer::tests::serialize_with_empty_params ... ok
[INFO] [stdout] 
[INFO] [stdout] failures:
[INFO] [stdout] 
[INFO] [stdout] ---- tests::should_parse_config stdout ----
[INFO] [stdout] 
[INFO] [stdout] thread 'tests::should_parse_config' (1079) panicked at src/lib.rs:341:18:
[INFO] [stdout] Could not open configuration file: Os { code: 2, kind: NotFound, message: "No such file or directory" }
[INFO] [stdout] stack backtrace:
[INFO] [stdout]    0:     0x567f2e0e59a1 - <<std[70759c8f55707aa4]::sys::backtrace::BacktraceLock>::print::DisplayBacktrace as core[df12db4294e9bfd3]::fmt::Display>::fmt
[INFO] [stdout]    1:     0x567f2e0fda5a - core[df12db4294e9bfd3]::fmt::write
[INFO] [stdout]    2:     0x567f2e0eb85c - <alloc[2182bb758b4b3781]::vec::Vec<u8> as core[df12db4294e9bfd3]::io::write::Write>::write_fmt
[INFO] [stdout]    3:     0x567f2e0c1306 - std[70759c8f55707aa4]::panicking::default_hook::{closure#0}
[INFO] [stdout]    4:     0x567f2e0ddbd9 - std[70759c8f55707aa4]::panicking::default_hook
[INFO] [stdout]    5:     0x567f2e06cdf0 - test[9d35eded1c95d3be]::test_main_inner::<test[9d35eded1c95d3be]::test_main_static::{closure#0}>::{closure#0}
[INFO] [stdout]    6:     0x567f2e0ddd92 - std[70759c8f55707aa4]::panicking::panic_with_hook
[INFO] [stdout]    7:     0x567f2e0c13b2 - std[70759c8f55707aa4]::panicking::panic_handler::{closure#0}
[INFO] [stdout]    8:     0x567f2e0b9fe9 - std[70759c8f55707aa4]::sys::backtrace::__rust_end_short_backtrace::<std[70759c8f55707aa4]::panicking::panic_handler::{closure#0}, !>
[INFO] [stdout]    9:     0x567f2e0c1fad - __rustc[8fa7c3cbc660c2b3]::rust_begin_unwind
[INFO] [stdout]   10:     0x567f2e0fe23c - core[df12db4294e9bfd3]::panicking::panic_fmt
[INFO] [stdout]   11:     0x567f2e0fe012 - core[df12db4294e9bfd3]::result::unwrap_failed
[INFO] [stdout]   12:     0x567f2df7edc9 - ssh2_config[78d6654b4b76128a]::tests::should_parse_config
[INFO] [stdout]   13:     0x567f2df6e637 - <ssh2_config[78d6654b4b76128a]::tests::should_parse_config::{closure#0} as core[df12db4294e9bfd3]::ops::function::FnOnce<()>>::call_once
[INFO] [stdout]   14:     0x567f2e0600db - test[9d35eded1c95d3be]::__rust_begin_short_backtrace::<core[df12db4294e9bfd3]::result::Result<(), alloc[2182bb758b4b3781]::string::String>, fn() -> core[df12db4294e9bfd3]::result::Result<(), alloc[2182bb758b4b3781]::string::String>>
[INFO] [stdout]   15:     0x567f2e06d745 - test[9d35eded1c95d3be]::run_test::{closure#0}
[INFO] [stdout]   16:     0x567f2e067004 - std[70759c8f55707aa4]::sys::backtrace::__rust_begin_short_backtrace::<test[9d35eded1c95d3be]::run_test::{closure#1}, ()>
[INFO] [stdout]   17:     0x567f2e0708a2 - <std[70759c8f55707aa4]::thread::lifecycle::spawn_unchecked<test[9d35eded1c95d3be]::run_test::{closure#1}, ()>::{closure#1} as core[df12db4294e9bfd3]::ops::function::FnOnce<()>>::call_once::{shim:vtable#0}
[INFO] [stdout]   18:     0x567f2e0e5279 - <std[70759c8f55707aa4]::sys::thread::unix::Thread>::new::thread_start
[INFO] [stdout]   19:     0x76796f78bdfa - <unknown>
[INFO] [stdout]   20:     0x76796f81f3d4 - clone
[INFO] [stdout]   21:                0x0 - <unknown>
[INFO] [stdout] 
[INFO] [stdout] ---- tests::should_parse_default_config stdout ----
[INFO] [stdout] Error: Io(Os { code: 2, kind: NotFound, message: "No such file or directory" })
[INFO] [stdout] 
[INFO] [stdout] 
[INFO] [stdout] failures:
[INFO] [stdout]     tests::should_parse_config
[INFO] [stdout]     tests::should_parse_default_config
[INFO] [stdout] 
[INFO] [stdout] test result: FAILED. 163 passed; 2 failed; 0 ignored; 0 measured; 0 filtered out; finished in 0.06s
[INFO] [stdout] 
[INFO] [stderr] error: test failed, to rerun pass `--lib`
[INFO] running `Command { std: "docker" "inspect" "561f556d3d4e9b51f30fafd4c70031e1021f04edc985d4f8046c8f2b30c0c037", kill_on_drop: false }`
[INFO] running `Command { std: "docker" "rm" "-f" "561f556d3d4e9b51f30fafd4c70031e1021f04edc985d4f8046c8f2b30c0c037", kill_on_drop: false }`
[INFO] [stdout] 561f556d3d4e9b51f30fafd4c70031e1021f04edc985d4f8046c8f2b30c0c037
