[INFO] fetching crate ssh-to-age 0.2.0...
[INFO] testing ssh-to-age-0.2.0 against 1.99.0-beta.8+cargoflags=--release for beta-release-1.100-2
[INFO] extracting crate ssh-to-age 0.2.0 into /workspace/builds/worker-5-tc1/source
[INFO] started tweaking crates.io crate ssh-to-age 0.2.0
[INFO] finished tweaking crates.io crate ssh-to-age 0.2.0
[INFO] tweaked toml for crates.io crate ssh-to-age 0.2.0 written to /workspace/builds/worker-5-tc1/source/Cargo.toml
[INFO] validating manifest of crates.io crate ssh-to-age 0.2.0 on toolchain 1.99.0-beta.8
[INFO] running `Command { std: CARGO_HOME="/workspace/cargo-home" RUSTUP_HOME="/workspace/rustup-home" "/workspace/cargo-home/bin/cargo" "+1.99.0-beta.8" "metadata" "--manifest-path" "Cargo.toml" "--no-deps", kill_on_drop: false }`
[INFO] crate crates.io crate ssh-to-age 0.2.0 already has a lockfile, it will not be regenerated
[INFO] running `Command { std: CARGO_HOME="/workspace/cargo-home" RUSTUP_HOME="/workspace/rustup-home" "/workspace/cargo-home/bin/cargo" "+1.99.0-beta.8" "fetch" "--manifest-path" "Cargo.toml", kill_on_drop: false }`
[INFO] [stderr]     Blocking waiting for file lock on package cache
[INFO] running `Command { std: "docker" "create" "-v" "/var/lib/crater-agent-workspace/builds/worker-5-tc1/source:/opt/rustwide/workdir:ro,Z" "-v" "/var/lib/crater-agent-workspace/builds/worker-5-tc1/target:/opt/rustwide/target:rw,Z" "-v" "/var/lib/crater-agent-workspace/cargo-home:/opt/rustwide/cargo-home:ro,Z" "-v" "/var/lib/crater-agent-workspace/rustup-home:/opt/rustwide/rustup-home:ro,Z" "-m" "1610612736" "--network" "none" "ghcr.io/rust-lang/crates-build-env/linux@sha256:77db811e55d90add9212f6832c23229e3de5f1c1f9905e8cb07319ea15df73ac" "sleep" "infinity", kill_on_drop: false }`
[INFO] [stdout] e23900f37e4dade53c9cc9442db00ffaa4ceb6cf8d28dd2ee401bfdaccd92bbc
[INFO] running `Command { std: "docker" "start" "e23900f37e4dade53c9cc9442db00ffaa4ceb6cf8d28dd2ee401bfdaccd92bbc", kill_on_drop: false }`
[INFO] running `Command { std: "docker" "inspect" "e23900f37e4dade53c9cc9442db00ffaa4ceb6cf8d28dd2ee401bfdaccd92bbc", kill_on_drop: false }`
[INFO] running `Command { std: "docker" "exec" "-e" "SOURCE_DIR=/opt/rustwide/workdir" "-e" "CARGO_HOME=/opt/rustwide/cargo-home" "-e" "RUSTUP_HOME=/opt/rustwide/rustup-home" "-e" "CARGO_TARGET_DIR=/opt/rustwide/target" "-w" "/opt/rustwide/workdir" "--user" "0:0" "e23900f37e4dade53c9cc9442db00ffaa4ceb6cf8d28dd2ee401bfdaccd92bbc" "/opt/rustwide/cargo-home/bin/cargo" "+1.99.0-beta.8" "metadata" "--no-deps" "--format-version=1", kill_on_drop: false }`
[INFO] running `Command { std: "docker" "inspect" "e23900f37e4dade53c9cc9442db00ffaa4ceb6cf8d28dd2ee401bfdaccd92bbc", kill_on_drop: false }`
[INFO] running `Command { std: "docker" "exec" "-e" "SOURCE_DIR=/opt/rustwide/workdir" "-e" "CARGO_HOME=/opt/rustwide/cargo-home" "-e" "RUSTUP_HOME=/opt/rustwide/rustup-home" "-e" "CARGO_TARGET_DIR=/opt/rustwide/target" "-e" "CARGO_INCREMENTAL=0" "-e" "RUST_BACKTRACE=full" "-e" "RUSTFLAGS=--cap-lints=warn" "-e" "RUSTDOCFLAGS=--cap-lints=warn" "-w" "/opt/rustwide/workdir" "--user" "0:0" "e23900f37e4dade53c9cc9442db00ffaa4ceb6cf8d28dd2ee401bfdaccd92bbc" "/opt/rustwide/cargo-home/bin/cargo" "+1.99.0-beta.8" "build" "--frozen" "--message-format=json" "--release", kill_on_drop: false }`
[INFO] [stderr]    Compiling semver v1.0.26
[INFO] [stderr]    Compiling base64ct v1.7.3
[INFO] [stderr]    Compiling inout v0.1.4
[INFO] [stderr]    Compiling zeroize v1.8.1
[INFO] [stderr]    Compiling anyhow v1.0.98
[INFO] [stderr]    Compiling base16ct v0.2.0
[INFO] [stderr]    Compiling bech32 v0.11.0
[INFO] [stderr]    Compiling curve25519-dalek-derive v0.1.1
[INFO] [stderr]    Compiling sec1 v0.7.3
[INFO] [stderr]    Compiling cipher v0.4.4
[INFO] [stderr]    Compiling rustc_version v0.4.1
[INFO] [stderr]    Compiling pem-rfc7468 v0.7.0
[INFO] [stderr]    Compiling curve25519-dalek v4.1.3
[INFO] [stderr]    Compiling ssh-encoding v0.2.0
[INFO] [stderr]    Compiling ssh-cipher v0.2.0
[INFO] [stderr]    Compiling ed25519-dalek v2.1.1
[INFO] [stderr]    Compiling ssh-key v0.6.7
[INFO] [stderr]    Compiling ssh-to-age v0.2.0 (/opt/rustwide/workdir)
[INFO] [stderr]     Finished `release` profile [optimized] target(s) in 8.25s
[INFO] running `Command { std: "docker" "inspect" "e23900f37e4dade53c9cc9442db00ffaa4ceb6cf8d28dd2ee401bfdaccd92bbc", kill_on_drop: false }`
[INFO] running `Command { std: "docker" "exec" "-e" "SOURCE_DIR=/opt/rustwide/workdir" "-e" "CARGO_HOME=/opt/rustwide/cargo-home" "-e" "RUSTUP_HOME=/opt/rustwide/rustup-home" "-e" "CARGO_TARGET_DIR=/opt/rustwide/target" "-e" "CARGO_INCREMENTAL=0" "-e" "RUST_BACKTRACE=full" "-e" "RUSTFLAGS=--cap-lints=warn" "-e" "RUSTDOCFLAGS=--cap-lints=warn" "-w" "/opt/rustwide/workdir" "--user" "0:0" "e23900f37e4dade53c9cc9442db00ffaa4ceb6cf8d28dd2ee401bfdaccd92bbc" "/opt/rustwide/cargo-home/bin/cargo" "+1.99.0-beta.8" "test" "--frozen" "--no-run" "--message-format=json" "--release", kill_on_drop: false }`
[INFO] [stderr]    Compiling ssh-to-age v0.2.0 (/opt/rustwide/workdir)
[INFO] [stderr]     Finished `release` profile [optimized] target(s) in 1.03s
[INFO] running `Command { std: "docker" "inspect" "e23900f37e4dade53c9cc9442db00ffaa4ceb6cf8d28dd2ee401bfdaccd92bbc", kill_on_drop: false }`
[INFO] running `Command { std: "docker" "exec" "-e" "SOURCE_DIR=/opt/rustwide/workdir" "-e" "CARGO_HOME=/opt/rustwide/cargo-home" "-e" "RUSTUP_HOME=/opt/rustwide/rustup-home" "-e" "CARGO_TARGET_DIR=/opt/rustwide/target" "-e" "CARGO_INCREMENTAL=0" "-e" "RUST_BACKTRACE=full" "-e" "RUSTFLAGS=--cap-lints=warn" "-e" "RUSTDOCFLAGS=--cap-lints=warn" "-w" "/opt/rustwide/workdir" "--user" "0:0" "e23900f37e4dade53c9cc9442db00ffaa4ceb6cf8d28dd2ee401bfdaccd92bbc" "/opt/rustwide/cargo-home/bin/cargo" "+1.99.0-beta.8" "test" "--frozen" "--release", kill_on_drop: false }`
[INFO] [stderr]     Finished `release` profile [optimized] target(s) in 0.10s
[INFO] [stderr]      Running unittests src/lib.rs (/opt/rustwide/target/release/deps/ssh_to_age-5ebb0303c859b50a)
[INFO] [stdout] 
[INFO] [stdout] running 9 tests
[INFO] [stdout] test convert::tests::test_encode_public_key ... ok
[INFO] [stdout] test tests::test_ssh_private_key_to_age_invalid_key ... ok
[INFO] [stdout] test convert::tests::test_ed25519_public_key_identity_fails ... ok
[INFO] [stdout] test convert::tests::test_private_key_clamping ... ok
[INFO] [stdout] test tests::test_ssh_public_key_to_age_invalid_key ... ok
[INFO] [stdout] test convert::tests::test_ed25519_public_key_to_curve25519 ... ok
[INFO] [stdout] test convert::tests::test_encode_private_key ... ok
[INFO] [stdout] test tests::test_ssh_pk_to_age ... FAILED
[INFO] [stdout] test tests::test_ssh_sk_to_age ... FAILED
[INFO] [stdout] 
[INFO] [stdout] failures:
[INFO] [stdout] 
[INFO] [stdout] ---- tests::test_ssh_pk_to_age stdout ----
[INFO] [stdout] 
[INFO] [stdout] thread 'tests::test_ssh_pk_to_age' (471) panicked at src/lib.rs:14:9:
[INFO] [stdout] assertion `left == right` failed
[INFO] [stdout]   left: "age1wy42r2p2c67ckywgq8xj7ejf6eykqfu623wktxeh729rtagu4fkqkvsudc"
[INFO] [stdout]  right: "age1wy42r2p2c67ckywgq8xj7ejf6eykqfu623wktxeh729rtagu4fkqrsqsg6"
[INFO] [stdout] stack backtrace:
[INFO] [stdout]    0:     0x5ce4b2fbd081 - <<std[70759c8f55707aa4]::sys::backtrace::BacktraceLock>::print::DisplayBacktrace as core[df12db4294e9bfd3]::fmt::Display>::fmt
[INFO] [stdout]    1:     0x5ce4b2fd207a - core[df12db4294e9bfd3]::fmt::write
[INFO] [stdout]    2:     0x5ce4b2fc1a1c - <alloc[2182bb758b4b3781]::vec::Vec<u8> as core[df12db4294e9bfd3]::io::write::Write>::write_fmt
[INFO] [stdout]    3:     0x5ce4b2f990f6 - std[70759c8f55707aa4]::panicking::default_hook::{closure#0}
[INFO] [stdout]    4:     0x5ce4b2fb57c9 - std[70759c8f55707aa4]::panicking::default_hook
[INFO] [stdout]    5:     0x5ce4b2f3a090 - test[9d35eded1c95d3be]::test_main_inner::<test[9d35eded1c95d3be]::test_main_static::{closure#0}>::{closure#0}
[INFO] [stdout]    6:     0x5ce4b2fb5982 - std[70759c8f55707aa4]::panicking::panic_with_hook
[INFO] [stdout]    7:     0x5ce4b2f991a2 - std[70759c8f55707aa4]::panicking::panic_handler::{closure#0}
[INFO] [stdout]    8:     0x5ce4b2f91999 - std[70759c8f55707aa4]::sys::backtrace::__rust_end_short_backtrace::<std[70759c8f55707aa4]::panicking::panic_handler::{closure#0}, !>
[INFO] [stdout]    9:     0x5ce4b2f99ead - __rustc[8fa7c3cbc660c2b3]::rust_begin_unwind
[INFO] [stdout]   10:     0x5ce4b2fd27ac - core[df12db4294e9bfd3]::panicking::panic_fmt
[INFO] [stdout]   11:     0x5ce4b2fd26c3 - core[df12db4294e9bfd3]::panicking::assert_failed_inner
[INFO] [stdout]   12:     0x5ce4b2f2126a - core[df12db4294e9bfd3]::panicking::assert_failed::<alloc[2182bb758b4b3781]::string::String, &str>
[INFO] [stdout]   13:     0x5ce4b2f2c5c4 - ssh_to_age[14dbb06f1a13f9b5]::tests::test_ssh_pk_to_age
[INFO] [stdout]   14:     0x5ce4b2f23129 - <ssh_to_age[14dbb06f1a13f9b5]::tests::test_ssh_pk_to_age::{closure#0} as core[df12db4294e9bfd3]::ops::function::FnOnce<()>>::call_once
[INFO] [stdout]   15:     0x5ce4b2f2d37b - test[9d35eded1c95d3be]::__rust_begin_short_backtrace::<core[df12db4294e9bfd3]::result::Result<(), alloc[2182bb758b4b3781]::string::String>, fn() -> core[df12db4294e9bfd3]::result::Result<(), alloc[2182bb758b4b3781]::string::String>>
[INFO] [stdout]   16:     0x5ce4b2f3a9e5 - test[9d35eded1c95d3be]::run_test::{closure#0}
[INFO] [stdout]   17:     0x5ce4b2f342a4 - std[70759c8f55707aa4]::sys::backtrace::__rust_begin_short_backtrace::<test[9d35eded1c95d3be]::run_test::{closure#1}, ()>
[INFO] [stdout]   18:     0x5ce4b2f3db42 - <std[70759c8f55707aa4]::thread::lifecycle::spawn_unchecked<test[9d35eded1c95d3be]::run_test::{closure#1}, ()>::{closure#1} as core[df12db4294e9bfd3]::ops::function::FnOnce<()>>::call_once::{shim:vtable#0}
[INFO] [stdout]   19:     0x5ce4b2fbc959 - <std[70759c8f55707aa4]::sys::thread::unix::Thread>::new::thread_start
[INFO] [stdout]   20:     0x7c0c1ae91dfa - <unknown>
[INFO] [stdout]   21:     0x7c0c1af253d4 - clone
[INFO] [stdout]   22:                0x0 - <unknown>
[INFO] [stdout] 
[INFO] [stdout] ---- tests::test_ssh_sk_to_age stdout ----
[INFO] [stdout] 
[INFO] [stdout] thread 'tests::test_ssh_sk_to_age' (474) panicked at src/lib.rs:33:9:
[INFO] [stdout] assertion `left == right` failed
[INFO] [stdout]   left: "age1wy42r2p2c67ckywgq8xj7ejf6eykqfu623wktxeh729rtagu4fkqkvsudc"
[INFO] [stdout]  right: "age1wy42r2p2c67ckywgq8xj7ejf6eykqfu623wktxeh729rtagu4fkqrsqsg6"
[INFO] [stdout] stack backtrace:
[INFO] [stdout]    0:     0x5ce4b2fbd081 - <<std[70759c8f55707aa4]::sys::backtrace::BacktraceLock>::print::DisplayBacktrace as core[df12db4294e9bfd3]::fmt::Display>::fmt
[INFO] [stdout]    1:     0x5ce4b2fd207a - core[df12db4294e9bfd3]::fmt::write
[INFO] [stdout]    2:     0x5ce4b2fc1a1c - <alloc[2182bb758b4b3781]::vec::Vec<u8> as core[df12db4294e9bfd3]::io::write::Write>::write_fmt
[INFO] [stdout]    3:     0x5ce4b2f990f6 - std[70759c8f55707aa4]::panicking::default_hook::{closure#0}
[INFO] [stdout]    4:     0x5ce4b2fb57c9 - std[70759c8f55707aa4]::panicking::default_hook
[INFO] [stdout]    5:     0x5ce4b2f3a090 - test[9d35eded1c95d3be]::test_main_inner::<test[9d35eded1c95d3be]::test_main_static::{closure#0}>::{closure#0}
[INFO] [stdout]    6:     0x5ce4b2fb5982 - std[70759c8f55707aa4]::panicking::panic_with_hook
[INFO] [stdout]    7:     0x5ce4b2f991a2 - std[70759c8f55707aa4]::panicking::panic_handler::{closure#0}
[INFO] [stdout]    8:     0x5ce4b2f91999 - std[70759c8f55707aa4]::sys::backtrace::__rust_end_short_backtrace::<std[70759c8f55707aa4]::panicking::panic_handler::{closure#0}, !>
[INFO] [stdout]    9:     0x5ce4b2f99ead - __rustc[8fa7c3cbc660c2b3]::rust_begin_unwind
[INFO] [stdout]   10:     0x5ce4b2fd27ac - core[df12db4294e9bfd3]::panicking::panic_fmt
[INFO] [stdout]   11:     0x5ce4b2fd26c3 - core[df12db4294e9bfd3]::panicking::assert_failed_inner
[INFO] [stdout]   12:     0x5ce4b2f2126a - core[df12db4294e9bfd3]::panicking::assert_failed::<alloc[2182bb758b4b3781]::string::String, &str>
[INFO] [stdout]   13:     0x5ce4b2f2c744 - ssh_to_age[14dbb06f1a13f9b5]::tests::test_ssh_sk_to_age
[INFO] [stdout]   14:     0x5ce4b2f23149 - <ssh_to_age[14dbb06f1a13f9b5]::tests::test_ssh_sk_to_age::{closure#0} as core[df12db4294e9bfd3]::ops::function::FnOnce<()>>::call_once
[INFO] [stdout]   15:     0x5ce4b2f2d37b - test[9d35eded1c95d3be]::__rust_begin_short_backtrace::<core[df12db4294e9bfd3]::result::Result<(), alloc[2182bb758b4b3781]::string::String>, fn() -> core[df12db4294e9bfd3]::result::Result<(), alloc[2182bb758b4b3781]::string::String>>
[INFO] [stdout]   16:     0x5ce4b2f3a9e5 - test[9d35eded1c95d3be]::run_test::{closure#0}
[INFO] [stdout]   17:     0x5ce4b2f342a4 - std[70759c8f55707aa4]::sys::backtrace::__rust_begin_short_backtrace::<test[9d35eded1c95d3be]::run_test::{closure#1}, ()>
[INFO] [stdout]   18:     0x5ce4b2f3db42 - <std[70759c8f55707aa4]::thread::lifecycle::spawn_unchecked<test[9d35eded1c95d3be]::run_test::{closure#1}, ()>::{closure#1} as core[df12db4294e9bfd3]::ops::function::FnOnce<()>>::call_once::{shim:vtable#0}
[INFO] [stdout]   19:     0x5ce4b2fbc959 - <std[70759c8f55707aa4]::sys::thread::unix::Thread>::new::thread_start
[INFO] [stdout]   20:     0x7c0c1ae91dfa - <unknown>
[INFO] [stdout]   21:     0x7c0c1af253d4 - clone
[INFO] [stdout]   22:                0x0 - <unknown>
[INFO] [stdout] 
[INFO] [stdout] 
[INFO] [stdout] failures:
[INFO] [stdout]     tests::test_ssh_pk_to_age
[INFO] [stdout]     tests::test_ssh_sk_to_age
[INFO] [stdout] 
[INFO] [stdout] test result: FAILED. 7 passed; 2 failed; 0 ignored; 0 measured; 0 filtered out; finished in 0.01s
[INFO] [stdout] 
[INFO] [stderr] error: test failed, to rerun pass `--lib`
[INFO] running `Command { std: "docker" "inspect" "e23900f37e4dade53c9cc9442db00ffaa4ceb6cf8d28dd2ee401bfdaccd92bbc", kill_on_drop: false }`
[INFO] running `Command { std: "docker" "rm" "-f" "e23900f37e4dade53c9cc9442db00ffaa4ceb6cf8d28dd2ee401bfdaccd92bbc", kill_on_drop: false }`
[INFO] [stdout] e23900f37e4dade53c9cc9442db00ffaa4ceb6cf8d28dd2ee401bfdaccd92bbc
