[INFO] fetching crate ssh-key 0.7.0-rc.11...
[INFO] testing ssh-key-0.7.0-rc.11 against 1.100.0-beta.1+cargoflags=--release for beta-release-1.100-2
[INFO] extracting crate ssh-key 0.7.0-rc.11 into /workspace/builds/worker-6-tc2/source
[INFO] started tweaking crates.io crate ssh-key 0.7.0-rc.11
[INFO] removed 0 missing tests
[INFO] finished tweaking crates.io crate ssh-key 0.7.0-rc.11
[INFO] tweaked toml for crates.io crate ssh-key 0.7.0-rc.11 written to /workspace/builds/worker-6-tc2/source/Cargo.toml
[INFO] validating manifest of crates.io crate ssh-key 0.7.0-rc.11 on toolchain 1.100.0-beta.1
[INFO] running `Command { std: CARGO_HOME="/workspace/cargo-home" RUSTUP_HOME="/workspace/rustup-home" "/workspace/cargo-home/bin/cargo" "+1.100.0-beta.1" "metadata" "--manifest-path" "Cargo.toml" "--no-deps", kill_on_drop: false }`
[INFO] crate crates.io crate ssh-key 0.7.0-rc.11 already has a lockfile, it will not be regenerated
[INFO] running `Command { std: CARGO_HOME="/workspace/cargo-home" RUSTUP_HOME="/workspace/rustup-home" "/workspace/cargo-home/bin/cargo" "+1.100.0-beta.1" "fetch" "--manifest-path" "Cargo.toml", kill_on_drop: false }`
[INFO] running `Command { std: "docker" "create" "-v" "/var/lib/crater-agent-workspace/builds/worker-6-tc2/source:/opt/rustwide/workdir:ro,Z" "-v" "/var/lib/crater-agent-workspace/builds/worker-6-tc2/target:/opt/rustwide/target:rw,Z" "-v" "/var/lib/crater-agent-workspace/cargo-home:/opt/rustwide/cargo-home:ro,Z" "-v" "/var/lib/crater-agent-workspace/rustup-home:/opt/rustwide/rustup-home:ro,Z" "-m" "1610612736" "--network" "none" "ghcr.io/rust-lang/crates-build-env/linux@sha256:77db811e55d90add9212f6832c23229e3de5f1c1f9905e8cb07319ea15df73ac" "sleep" "infinity", kill_on_drop: false }`
[INFO] [stdout] 3dd766ed362571be466ef3a06ca1df1914d8e5f5cbe15d9e4fcf1d732d8d8f70
[INFO] running `Command { std: "docker" "start" "3dd766ed362571be466ef3a06ca1df1914d8e5f5cbe15d9e4fcf1d732d8d8f70", kill_on_drop: false }`
[INFO] running `Command { std: "docker" "inspect" "3dd766ed362571be466ef3a06ca1df1914d8e5f5cbe15d9e4fcf1d732d8d8f70", kill_on_drop: false }`
[INFO] running `Command { std: "docker" "exec" "-e" "SOURCE_DIR=/opt/rustwide/workdir" "-e" "CARGO_HOME=/opt/rustwide/cargo-home" "-e" "RUSTUP_HOME=/opt/rustwide/rustup-home" "-e" "CARGO_TARGET_DIR=/opt/rustwide/target" "-w" "/opt/rustwide/workdir" "--user" "0:0" "3dd766ed362571be466ef3a06ca1df1914d8e5f5cbe15d9e4fcf1d732d8d8f70" "/opt/rustwide/cargo-home/bin/cargo" "+1.100.0-beta.1" "metadata" "--no-deps" "--format-version=1", kill_on_drop: false }`
[INFO] running `Command { std: "docker" "inspect" "3dd766ed362571be466ef3a06ca1df1914d8e5f5cbe15d9e4fcf1d732d8d8f70", kill_on_drop: false }`
[INFO] running `Command { std: "docker" "exec" "-e" "SOURCE_DIR=/opt/rustwide/workdir" "-e" "CARGO_HOME=/opt/rustwide/cargo-home" "-e" "RUSTUP_HOME=/opt/rustwide/rustup-home" "-e" "CARGO_TARGET_DIR=/opt/rustwide/target" "-e" "CARGO_INCREMENTAL=0" "-e" "RUST_BACKTRACE=full" "-e" "RUSTFLAGS=--cap-lints=warn" "-e" "RUSTDOCFLAGS=--cap-lints=warn" "-w" "/opt/rustwide/workdir" "--user" "0:0" "3dd766ed362571be466ef3a06ca1df1914d8e5f5cbe15d9e4fcf1d732d8d8f70" "/opt/rustwide/cargo-home/bin/cargo" "+1.100.0-beta.1" "build" "--frozen" "--message-format=json" "--release", kill_on_drop: false }`
[INFO] [stderr]    Compiling typenum v1.20.1
[INFO] [stderr]    Compiling cmov v0.5.4
[INFO] [stderr]    Compiling zeroize v1.9.0
[INFO] [stderr]    Compiling base16ct v1.0.0
[INFO] [stderr]    Compiling signature v3.0.0
[INFO] [stderr]    Compiling pem-rfc7468 v1.0.0
[INFO] [stderr]    Compiling ctutils v0.4.2
[INFO] [stderr]    Compiling hybrid-array v0.4.13
[INFO] [stderr]    Compiling crypto-common v0.2.2
[INFO] [stderr]    Compiling block-buffer v0.12.0
[INFO] [stderr]    Compiling inout v0.2.2
[INFO] [stderr]    Compiling sec1 v0.8.1
[INFO] [stderr]    Compiling digest v0.11.3
[INFO] [stderr]    Compiling cipher v0.5.2
[INFO] [stderr]    Compiling ssh-encoding v0.3.0
[INFO] [stderr]    Compiling sha2 v0.11.0
[INFO] [stderr]    Compiling ssh-cipher v0.3.0
[INFO] [stderr]    Compiling ssh-key v0.7.0-rc.11 (/opt/rustwide/workdir)
[INFO] [stderr]     Finished `release` profile [optimized] target(s) in 8.83s
[INFO] running `Command { std: "docker" "inspect" "3dd766ed362571be466ef3a06ca1df1914d8e5f5cbe15d9e4fcf1d732d8d8f70", kill_on_drop: false }`
[INFO] running `Command { std: "docker" "exec" "-e" "SOURCE_DIR=/opt/rustwide/workdir" "-e" "CARGO_HOME=/opt/rustwide/cargo-home" "-e" "RUSTUP_HOME=/opt/rustwide/rustup-home" "-e" "CARGO_TARGET_DIR=/opt/rustwide/target" "-e" "CARGO_INCREMENTAL=0" "-e" "RUST_BACKTRACE=full" "-e" "RUSTFLAGS=--cap-lints=warn" "-e" "RUSTDOCFLAGS=--cap-lints=warn" "-w" "/opt/rustwide/workdir" "--user" "0:0" "3dd766ed362571be466ef3a06ca1df1914d8e5f5cbe15d9e4fcf1d732d8d8f70" "/opt/rustwide/cargo-home/bin/cargo" "+1.100.0-beta.1" "test" "--frozen" "--no-run" "--message-format=json" "--release", kill_on_drop: false }`
[INFO] [stderr]    Compiling cipher v0.5.2
[INFO] [stderr]    Compiling getrandom v0.4.3
[INFO] [stderr]    Compiling hex-literal v1.1.0
[INFO] [stderr]    Compiling ssh-cipher v0.3.0
[INFO] [stderr]    Compiling chacha20 v0.10.0
[INFO] [stderr]    Compiling ssh-key v0.7.0-rc.11 (/opt/rustwide/workdir)
[INFO] [stderr]     Finished `release` profile [optimized] target(s) in 10.30s
[INFO] running `Command { std: "docker" "inspect" "3dd766ed362571be466ef3a06ca1df1914d8e5f5cbe15d9e4fcf1d732d8d8f70", kill_on_drop: false }`
[INFO] running `Command { std: "docker" "exec" "-e" "SOURCE_DIR=/opt/rustwide/workdir" "-e" "CARGO_HOME=/opt/rustwide/cargo-home" "-e" "RUSTUP_HOME=/opt/rustwide/rustup-home" "-e" "CARGO_TARGET_DIR=/opt/rustwide/target" "-e" "CARGO_INCREMENTAL=0" "-e" "RUST_BACKTRACE=full" "-e" "RUSTFLAGS=--cap-lints=warn" "-e" "RUSTDOCFLAGS=--cap-lints=warn" "-w" "/opt/rustwide/workdir" "--user" "0:0" "3dd766ed362571be466ef3a06ca1df1914d8e5f5cbe15d9e4fcf1d732d8d8f70" "/opt/rustwide/cargo-home/bin/cargo" "+1.100.0-beta.1" "test" "--frozen" "--release", kill_on_drop: false }`
[INFO] [stderr]     Finished `release` profile [optimized] target(s) in 0.06s
[INFO] [stderr]      Running unittests src/lib.rs (/opt/rustwide/target/release/build/ssh-key/1ccf7f0e2b4f2807/out/ssh_key-1ccf7f0e2b4f2807)
[INFO] [stdout] 
[INFO] [stdout] running 32 tests
[INFO] [stdout] test authorized_keys::tests::options_comma_delimited ... ok
[INFO] [stdout] test certificate::unix_time::tests::forever_secs_greater_than_any_normal_timestamp ... ok
[INFO] [stdout] test certificate::unix_time::tests::forever_secs_preserves_raw_value ... ok
[INFO] [stdout] test authorized_keys::tests::options_comma_delimited_quoted ... ok
[INFO] [stdout] test authorized_keys::tests::options_invalid_character ... ok
[INFO] [stdout] test known_hosts::tests::full_line_hashed ... ok
[INFO] [stdout] test known_hosts::tests::simple_markers ... ok
[INFO] [stdout] test certificate::unix_time::tests::new_with_max_secs ... ok
[INFO] [stdout] test known_hosts::tests::single_hashed_host ... ok
[INFO] [stdout] test fingerprint::randomart::tests::generation ... ok
[INFO] [stdout] test known_hosts::tests::single_host_pattern ... ok
[INFO] [stdout] test known_hosts::tests::multiple_host_patterns ... ok
[INFO] [stdout] test known_hosts::tests::empty_host_patterns ... ok
[INFO] [stdout] test signature::tests::decode_dsa ... ok
[INFO] [stdout] test certificate::unix_time::tests::new_over_max_secs_returns_error ... ok
[INFO] [stdout] test authorized_keys::tests::options_no_comma ... ok
[INFO] [stdout] test public::ssh_format::tests::decode ... ok
[INFO] [stdout] test certificate::unix_time::tests::new_with_forever_secs_is_ok ... ok
[INFO] [stdout] test signature::tests::decode_rsa ... ok
[INFO] [stdout] test signature::tests::decode_ed25519 ... ok
[INFO] [stdout] test comment::tests::as_str_lossy_ignores_non_utf8_data ... ok
[INFO] [stdout] test signature::tests::decode_sk_ecdsa_sha2_p256 ... ok
[INFO] [stdout] test signature::tests::decode_sk_ed25519 ... ok
[INFO] [stdout] test signature::tests::encode_dsa ... ok
[INFO] [stdout] test signature::tests::encode_ecdsa_sha2_p256 ... ok
[INFO] [stdout] test signature::tests::encode_ed25519 ... ok
[INFO] [stdout] test signature::tests::decode_ecdsa_sha2_p256 ... ok
[INFO] [stdout] test signature::tests::encode_sk_ed25519 ... ok
[INFO] [stdout] test signature::tests::encode_sk_ecdsa_sha2_p256 ... ok
[INFO] [stdout] test signature::tests::placeholder ... ok
[INFO] [stdout] test authorized_keys::tests::options_empty ... ok
[INFO] [stdout] test authorized_keys::tests::options_no_comma_quoted ... ok
[INFO] [stdout] 
[INFO] [stdout] test result: ok. 32 passed; 0 failed; 0 ignored; 0 measured; 0 filtered out; finished in 0.01s
[INFO] [stdout] 
[INFO] [stderr]      Running tests/algorithm_name.rs (/opt/rustwide/target/release/build/ssh-key/53af40c618d7ba51/out/algorithm_name-53af40c618d7ba51)
[INFO] [stdout] 
[INFO] [stdout] running 2 tests
[INFO] [stdout] test invalid_algorithm_name ... ok
[INFO] [stdout] test additional_algorithm_name ... ok
[INFO] [stdout] 
[INFO] [stdout] test result: ok. 2 passed; 0 failed; 0 ignored; 0 measured; 0 filtered out; finished in 0.02s
[INFO] [stdout] 
[INFO] [stderr]      Running tests/authorized_keys.rs (/opt/rustwide/target/release/build/ssh-key/ec85b7e73bd418c6/out/authorized_keys-ec85b7e73bd418c6)
[INFO] [stdout] 
[INFO] [stdout] running 1 test
[INFO] [stdout] test read_example_file ... ok
[INFO] [stderr]      Running tests/certificate.rs (/opt/rustwide/target/release/build/ssh-key/7a36f6201322dc95/out/certificate-7a36f6201322dc95)
[INFO] [stdout] 
[INFO] [stdout] test result: ok. 1 passed; 0 failed; 0 ignored; 0 measured; 0 filtered out; finished in 0.00s
[INFO] [stdout] 
[INFO] [stdout] 
[INFO] [stdout] running 15 tests
[INFO] [stdout] test decode_dsa_openssh ... ok
[INFO] [stdout] test decode_ecdsa_p256_openssh ... ok
[INFO] [stdout] test encode_dsa_openssh ... ok
[INFO] [stdout] test decode_ecdsa_keydata ... ok
[INFO] [stdout] test decode_ed25519_openssh ... ok
[INFO] [stdout] test encode_ecdsa_keydata ... ok
[INFO] [stdout] test encode_rsa_4096_openssh ... ok
[INFO] [stdout] test encode_ecdsa_p256_openssh ... ok
[INFO] [stdout] test decode_sk_ed25519_openssh ... ok
[INFO] [stdout] test decode_sk_ecdsa_p256_openssh ... ok
[INFO] [stdout] test decode_rsa_4096_keydata ... ok
[INFO] [stdout] test decode_rsa_4096_openssh ... ok
[INFO] [stdout] test encode_ed25519_openssh ... ok
[INFO] [stderr]      Running tests/certificate_builder.rs (/opt/rustwide/target/release/build/ssh-key/871f8d4ccd555e1c/out/certificate_builder-871f8d4ccd555e1c)
[INFO] [stdout] test encode_rsa_4096_keydata ... ok
[INFO] [stdout] test decode_ed25519_openssh_with_crit_options ... ok
[INFO] [stdout] 
[INFO] [stdout] test result: ok. 15 passed; 0 failed; 0 ignored; 0 measured; 0 filtered out; finished in 0.01s
[INFO] [stdout] 
[INFO] [stdout] 
[INFO] [stderr]      Running tests/dot_ssh.rs (/opt/rustwide/target/release/build/ssh-key/5b9d3dff67d82759/out/dot_ssh-5b9d3dff67d82759)
[INFO] [stdout] running 0 tests
[INFO] [stdout] 
[INFO] [stdout] test result: ok. 0 passed; 0 failed; 0 ignored; 0 measured; 0 filtered out; finished in 0.00s
[INFO] [stdout] 
[INFO] [stdout] 
[INFO] [stdout] running 5 tests
[INFO] [stderr]      Running tests/encrypted_private_key.rs (/opt/rustwide/target/release/build/ssh-key/746d002a6613df76/out/encrypted_private_key-746d002a6613df76)
[INFO] [stdout] test public_key_with_fingerprint ... ok
[INFO] [stdout] test public_keys ... ok
[INFO] [stdout] test private_keys ... ok
[INFO] [stdout] test path_round_trip ... ok
[INFO] [stdout] test private_key_with_fingerprint ... ok
[INFO] [stdout] 
[INFO] [stdout] test result: ok. 5 passed; 0 failed; 0 ignored; 0 measured; 0 filtered out; finished in 0.06s
[INFO] [stdout] 
[INFO] [stdout] 
[INFO] [stdout] running 6 tests
[INFO] [stdout] test decode_openssh_aes256_ctr ... ok
[INFO] [stdout] test encode_openssh_aes256_ctr ... ok
[INFO] [stdout] test decode_openssh_aes256_gcm ... ok
[INFO] [stdout] test decode_openssh_chacha20_poly1305 ... ok
[INFO] [stdout] test decode_openssh_3des_cbc ... ok
[INFO] [stderr]      Running tests/known_hosts.rs (/opt/rustwide/target/release/build/ssh-key/62069057b35023fc/out/known_hosts-62069057b35023fc)
[INFO] [stdout] test encode_openssh_aes256_gcm ... ok
[INFO] [stdout] 
[INFO] [stdout] test result: ok. 6 passed; 0 failed; 0 ignored; 0 measured; 0 filtered out; finished in 0.11s
[INFO] [stdout] 
[INFO] [stdout] 
[INFO] [stdout] running 1 test
[INFO] [stdout] test read_example_file ... ok
[INFO] [stderr]      Running tests/private_key.rs (/opt/rustwide/target/release/build/ssh-key/a03fa327e9cfccb6/out/private_key-a03fa327e9cfccb6)
[INFO] [stdout] 
[INFO] [stdout] test result: ok. 1 passed; 0 failed; 0 ignored; 0 measured; 0 filtered out; finished in 0.00s
[INFO] [stdout] 
[INFO] [stdout] 
[INFO] [stdout] running 11 tests
[INFO] [stdout] test decode_rsa_4096_openssh ... ok
[INFO] [stdout] test decode_custom_algorithm_openssh ... ok
[INFO] [stdout] test decode_ed25519_openssh_64cols ... ok
[INFO] [stdout] test encode_custom_algorithm_openssh ... ok
[INFO] [stdout] test encode_dsa_openssh ... ok
[INFO] [stdout] test encode_ed25519_openssh ... FAILED
[INFO] [stdout] test encode_rsa_4096_openssh ... FAILED
[INFO] [stdout] test round_trip_non_utf8_comment_openssh ... ok
[INFO] [stdout] test decode_dsa_openssh ... ok
[INFO] [stdout] test encode_rsa_3072_openssh ... FAILED
[INFO] [stdout] test decode_ed25519_openssh ... ok
[INFO] [stdout] 
[INFO] [stdout] failures:
[INFO] [stdout] 
[INFO] [stdout] ---- encode_ed25519_openssh stdout ----
[INFO] [stdout] 
[INFO] [stderr] error: test failed, to rerun pass `--test private_key`
[INFO] [stdout] thread 'encode_ed25519_openssh' (856) panicked at tests/private_key.rs:701:10:
[INFO] [stdout] called `Result::unwrap()` on an `Err` value: Io(ReadOnlyFilesystem)
[INFO] [stdout] stack backtrace:
[INFO] [stdout]    0:     0x6492696880d1 - <<std[617be2ca0a6fd877]::sys::backtrace::BacktraceLock>::print::DisplayBacktrace as core[a373ad73a504971]::fmt::Display>::fmt
[INFO] [stdout]    1:     0x64926969ccaa - core[a373ad73a504971]::fmt::write
[INFO] [stdout]    2:     0x64926968c2ec - <alloc[2e1b2a31b91974c5]::vec::Vec<u8> as core[a373ad73a504971]::io::write::Write>::write_fmt
[INFO] [stdout]    3:     0x649269664436 - std[617be2ca0a6fd877]::panicking::default_hook::{closure#0}
[INFO] [stdout]    4:     0x649269680769 - std[617be2ca0a6fd877]::panicking::default_hook
[INFO] [stdout]    5:     0x6492695f3d60 - test[aada8e7e76ba119b]::test_main_inner::{closure#0}
[INFO] [stdout]    6:     0x649269680922 - std[617be2ca0a6fd877]::panicking::panic_with_hook
[INFO] [stdout]    7:     0x6492696644e2 - std[617be2ca0a6fd877]::panicking::panic_handler::{closure#0}
[INFO] [stdout]    8:     0x64926965d1f9 - std[617be2ca0a6fd877]::sys::backtrace::__rust_end_short_backtrace::<std[617be2ca0a6fd877]::panicking::panic_handler::{closure#0}, !>
[INFO] [stdout]    9:     0x6492696650ed - __rustc[ea4f61d10b84890b]::rust_begin_unwind
[INFO] [stdout]   10:     0x64926969d3dc - core[a373ad73a504971]::panicking::panic_fmt
[INFO] [stdout]   11:     0x64926969d1b2 - core[a373ad73a504971]::result::unwrap_failed
[INFO] [stdout]   12:     0x6492695df8b2 - private_key[8cb8857756a602be]::encoding_test
[INFO] [stdout]   13:     0x6492695e0f85 - <private_key[8cb8857756a602be]::encode_ed25519_openssh::{closure#0} as core[a373ad73a504971]::ops::function::FnOnce<()>>::call_once
[INFO] [stdout]   14:     0x6492695e71ab - test[aada8e7e76ba119b]::__rust_begin_short_backtrace::<core[a373ad73a504971]::result::Result<(), alloc[2e1b2a31b91974c5]::string::String>, fn() -> core[a373ad73a504971]::result::Result<(), alloc[2e1b2a31b91974c5]::string::String>>
[INFO] [stdout]   15:     0x6492695f4385 - test[aada8e7e76ba119b]::run_test::{closure#0}
[INFO] [stdout]   16:     0x6492695edc74 - std[617be2ca0a6fd877]::sys::backtrace::__rust_begin_short_backtrace::<test[aada8e7e76ba119b]::run_test::{closure#1}, ()>
[INFO] [stdout]   17:     0x6492695f7412 - <std[617be2ca0a6fd877]::thread::lifecycle::spawn_unchecked<test[aada8e7e76ba119b]::run_test::{closure#1}, ()>::{closure#1} as core[a373ad73a504971]::ops::function::FnOnce<()>>::call_once::{shim:vtable#0}
[INFO] [stdout]   18:     0x64926968792f - <std[617be2ca0a6fd877]::sys::thread::unix::Thread>::new::thread_start
[INFO] [stdout]   19:     0x7cd18c005dfa - <unknown>
[INFO] [stdout]   20:     0x7cd18c0993d4 - clone
[INFO] [stdout]   21:                0x0 - <unknown>
[INFO] [stdout] 
[INFO] [stdout] ---- encode_rsa_4096_openssh stdout ----
[INFO] [stdout] 
[INFO] [stdout] thread 'encode_rsa_4096_openssh' (858) panicked at tests/private_key.rs:701:10:
[INFO] [stdout] called `Result::unwrap()` on an `Err` value: Io(ReadOnlyFilesystem)
[INFO] [stdout] stack backtrace:
[INFO] [stdout]    0:     0x6492696880d1 - <<std[617be2ca0a6fd877]::sys::backtrace::BacktraceLock>::print::DisplayBacktrace as core[a373ad73a504971]::fmt::Display>::fmt
[INFO] [stdout]    1:     0x64926969ccaa - core[a373ad73a504971]::fmt::write
[INFO] [stdout]    2:     0x64926968c2ec - <alloc[2e1b2a31b91974c5]::vec::Vec<u8> as core[a373ad73a504971]::io::write::Write>::write_fmt
[INFO] [stdout]    3:     0x649269664436 - std[617be2ca0a6fd877]::panicking::default_hook::{closure#0}
[INFO] [stdout]    4:     0x649269680769 - std[617be2ca0a6fd877]::panicking::default_hook
[INFO] [stdout]    5:     0x6492695f3d60 - test[aada8e7e76ba119b]::test_main_inner::{closure#0}
[INFO] [stdout]    6:     0x649269680922 - std[617be2ca0a6fd877]::panicking::panic_with_hook
[INFO] [stdout]    7:     0x6492696644e2 - std[617be2ca0a6fd877]::panicking::panic_handler::{closure#0}
[INFO] [stdout]    8:     0x64926965d1f9 - std[617be2ca0a6fd877]::sys::backtrace::__rust_end_short_backtrace::<std[617be2ca0a6fd877]::panicking::panic_handler::{closure#0}, !>
[INFO] [stdout]    9:     0x6492696650ed - __rustc[ea4f61d10b84890b]::rust_begin_unwind
[INFO] [stdout]   10:     0x64926969d3dc - core[a373ad73a504971]::panicking::panic_fmt
[INFO] [stdout]   11:     0x64926969d1b2 - core[a373ad73a504971]::result::unwrap_failed
[INFO] [stdout]   12:     0x6492695df8b2 - private_key[8cb8857756a602be]::encoding_test
[INFO] [stdout]   13:     0x6492695e1475 - <private_key[8cb8857756a602be]::encode_rsa_4096_openssh::{closure#0} as core[a373ad73a504971]::ops::function::FnOnce<()>>::call_once
[INFO] [stdout]   14:     0x6492695e71ab - test[aada8e7e76ba119b]::__rust_begin_short_backtrace::<core[a373ad73a504971]::result::Result<(), alloc[2e1b2a31b91974c5]::string::String>, fn() -> core[a373ad73a504971]::result::Result<(), alloc[2e1b2a31b91974c5]::string::String>>
[INFO] [stdout]   15:     0x6492695f4385 - test[aada8e7e76ba119b]::run_test::{closure#0}
[INFO] [stdout]   16:     0x6492695edc74 - std[617be2ca0a6fd877]::sys::backtrace::__rust_begin_short_backtrace::<test[aada8e7e76ba119b]::run_test::{closure#1}, ()>
[INFO] [stdout]   17:     0x6492695f7412 - <std[617be2ca0a6fd877]::thread::lifecycle::spawn_unchecked<test[aada8e7e76ba119b]::run_test::{closure#1}, ()>::{closure#1} as core[a373ad73a504971]::ops::function::FnOnce<()>>::call_once::{shim:vtable#0}
[INFO] [stdout]   18:     0x64926968792f - <std[617be2ca0a6fd877]::sys::thread::unix::Thread>::new::thread_start
[INFO] [stdout]   19:     0x7cd18c005dfa - <unknown>
[INFO] [stdout]   20:     0x7cd18c0993d4 - clone
[INFO] [stdout]   21:                0x0 - <unknown>
[INFO] [stdout] 
[INFO] [stdout] ---- encode_rsa_3072_openssh stdout ----
[INFO] [stdout] 
[INFO] [stdout] thread 'encode_rsa_3072_openssh' (857) panicked at tests/private_key.rs:701:10:
[INFO] [stdout] called `Result::unwrap()` on an `Err` value: Io(ReadOnlyFilesystem)
[INFO] [stdout] stack backtrace:
[INFO] [stdout]    0:     0x6492696880d1 - <<std[617be2ca0a6fd877]::sys::backtrace::BacktraceLock>::print::DisplayBacktrace as core[a373ad73a504971]::fmt::Display>::fmt
[INFO] [stdout]    1:     0x64926969ccaa - core[a373ad73a504971]::fmt::write
[INFO] [stdout]    2:     0x64926968c2ec - <alloc[2e1b2a31b91974c5]::vec::Vec<u8> as core[a373ad73a504971]::io::write::Write>::write_fmt
[INFO] [stdout]    3:     0x649269664436 - std[617be2ca0a6fd877]::panicking::default_hook::{closure#0}
[INFO] [stdout]    4:     0x649269680769 - std[617be2ca0a6fd877]::panicking::default_hook
[INFO] [stdout]    5:     0x6492695f3d60 - test[aada8e7e76ba119b]::test_main_inner::{closure#0}
[INFO] [stdout]    6:     0x649269680922 - std[617be2ca0a6fd877]::panicking::panic_with_hook
[INFO] [stdout]    7:     0x6492696644e2 - std[617be2ca0a6fd877]::panicking::panic_handler::{closure#0}
[INFO] [stdout]    8:     0x64926965d1f9 - std[617be2ca0a6fd877]::sys::backtrace::__rust_end_short_backtrace::<std[617be2ca0a6fd877]::panicking::panic_handler::{closure#0}, !>
[INFO] [stdout]    9:     0x6492696650ed - __rustc[ea4f61d10b84890b]::rust_begin_unwind
[INFO] [stdout]   10:     0x64926969d3dc - core[a373ad73a504971]::panicking::panic_fmt
[INFO] [stdout]   11:     0x64926969d1b2 - core[a373ad73a504971]::result::unwrap_failed
[INFO] [stdout]   12:     0x6492695df8b2 - private_key[8cb8857756a602be]::encoding_test
[INFO] [stdout]   13:     0x6492695e1445 - <private_key[8cb8857756a602be]::encode_rsa_3072_openssh::{closure#0} as core[a373ad73a504971]::ops::function::FnOnce<()>>::call_once
[INFO] [stdout]   14:     0x6492695e71ab - test[aada8e7e76ba119b]::__rust_begin_short_backtrace::<core[a373ad73a504971]::result::Result<(), alloc[2e1b2a31b91974c5]::string::String>, fn() -> core[a373ad73a504971]::result::Result<(), alloc[2e1b2a31b91974c5]::string::String>>
[INFO] [stdout]   15:     0x6492695f4385 - test[aada8e7e76ba119b]::run_test::{closure#0}
[INFO] [stdout]   16:     0x6492695edc74 - std[617be2ca0a6fd877]::sys::backtrace::__rust_begin_short_backtrace::<test[aada8e7e76ba119b]::run_test::{closure#1}, ()>
[INFO] [stdout]   17:     0x6492695f7412 - <std[617be2ca0a6fd877]::thread::lifecycle::spawn_unchecked<test[aada8e7e76ba119b]::run_test::{closure#1}, ()>::{closure#1} as core[a373ad73a504971]::ops::function::FnOnce<()>>::call_once::{shim:vtable#0}
[INFO] [stdout]   18:     0x64926968792f - <std[617be2ca0a6fd877]::sys::thread::unix::Thread>::new::thread_start
[INFO] [stdout]   19:     0x7cd18c005dfa - <unknown>
[INFO] [stdout]   20:     0x7cd18c0993d4 - clone
[INFO] [stdout]   21:                0x0 - <unknown>
[INFO] [stdout] 
[INFO] [stdout] 
[INFO] [stdout] failures:
[INFO] [stdout]     encode_ed25519_openssh
[INFO] [stdout]     encode_rsa_3072_openssh
[INFO] [stdout]     encode_rsa_4096_openssh
[INFO] [stdout] 
[INFO] [stdout] test result: FAILED. 8 passed; 3 failed; 0 ignored; 0 measured; 0 filtered out; finished in 0.01s
[INFO] [stdout] 
[INFO] running `Command { std: "docker" "inspect" "3dd766ed362571be466ef3a06ca1df1914d8e5f5cbe15d9e4fcf1d732d8d8f70", kill_on_drop: false }`
[INFO] running `Command { std: "docker" "rm" "-f" "3dd766ed362571be466ef3a06ca1df1914d8e5f5cbe15d9e4fcf1d732d8d8f70", kill_on_drop: false }`
[INFO] [stdout] 3dd766ed362571be466ef3a06ca1df1914d8e5f5cbe15d9e4fcf1d732d8d8f70
