[INFO] fetching crate ssh-key-fork-arti 0.6.7...
[INFO] testing ssh-key-fork-arti-0.6.7 against 1.99.0-beta.8+cargoflags=--release for beta-release-1.100-2
[INFO] extracting crate ssh-key-fork-arti 0.6.7 into /workspace/builds/worker-5-tc1/source
[INFO] started tweaking crates.io crate ssh-key-fork-arti 0.6.7
[INFO] removed 0 missing tests
[INFO] finished tweaking crates.io crate ssh-key-fork-arti 0.6.7
[INFO] tweaked toml for crates.io crate ssh-key-fork-arti 0.6.7 written to /workspace/builds/worker-5-tc1/source/Cargo.toml
[INFO] validating manifest of crates.io crate ssh-key-fork-arti 0.6.7 on toolchain 1.99.0-beta.8
[INFO] running `Command { std: CARGO_HOME="/workspace/cargo-home" RUSTUP_HOME="/workspace/rustup-home" "/workspace/cargo-home/bin/cargo" "+1.99.0-beta.8" "metadata" "--manifest-path" "Cargo.toml" "--no-deps", kill_on_drop: false }`
[INFO] crate crates.io crate ssh-key-fork-arti 0.6.7 already has a lockfile, it will not be regenerated
[INFO] running `Command { std: CARGO_HOME="/workspace/cargo-home" RUSTUP_HOME="/workspace/rustup-home" "/workspace/cargo-home/bin/cargo" "+1.99.0-beta.8" "fetch" "--manifest-path" "Cargo.toml", kill_on_drop: false }`
[INFO] [stderr]     Updating crates.io index
[INFO] [stderr]  Downloading crates ...
[INFO] [stderr]   Downloaded ssh-cipher-fork-arti v0.2.0
[INFO] [stderr]   Downloaded ssh-encoding-fork-arti v0.2.0
[INFO] [stderr]   Downloaded rsa v0.9.6
[INFO] [stderr]   Downloaded curve25519-dalek v4.1.1
[INFO] [stderr]   Downloaded platforms v3.2.0
[INFO] running `Command { std: "docker" "create" "-v" "/var/lib/crater-agent-workspace/builds/worker-5-tc1/source:/opt/rustwide/workdir:ro,Z" "-v" "/var/lib/crater-agent-workspace/builds/worker-5-tc1/target:/opt/rustwide/target:rw,Z" "-v" "/var/lib/crater-agent-workspace/cargo-home:/opt/rustwide/cargo-home:ro,Z" "-v" "/var/lib/crater-agent-workspace/rustup-home:/opt/rustwide/rustup-home:ro,Z" "-m" "1610612736" "--network" "none" "ghcr.io/rust-lang/crates-build-env/linux@sha256:77db811e55d90add9212f6832c23229e3de5f1c1f9905e8cb07319ea15df73ac" "sleep" "infinity", kill_on_drop: false }`
[INFO] [stdout] 34daf99e22dc9c713e69137b2fb4908812a7366fe15257d374b3f52140fd9529
[INFO] running `Command { std: "docker" "start" "34daf99e22dc9c713e69137b2fb4908812a7366fe15257d374b3f52140fd9529", kill_on_drop: false }`
[INFO] running `Command { std: "docker" "inspect" "34daf99e22dc9c713e69137b2fb4908812a7366fe15257d374b3f52140fd9529", kill_on_drop: false }`
[INFO] running `Command { std: "docker" "exec" "-e" "SOURCE_DIR=/opt/rustwide/workdir" "-e" "CARGO_HOME=/opt/rustwide/cargo-home" "-e" "RUSTUP_HOME=/opt/rustwide/rustup-home" "-e" "CARGO_TARGET_DIR=/opt/rustwide/target" "-w" "/opt/rustwide/workdir" "--user" "0:0" "34daf99e22dc9c713e69137b2fb4908812a7366fe15257d374b3f52140fd9529" "/opt/rustwide/cargo-home/bin/cargo" "+1.99.0-beta.8" "metadata" "--no-deps" "--format-version=1", kill_on_drop: false }`
[INFO] running `Command { std: "docker" "inspect" "34daf99e22dc9c713e69137b2fb4908812a7366fe15257d374b3f52140fd9529", kill_on_drop: false }`
[INFO] running `Command { std: "docker" "exec" "-e" "SOURCE_DIR=/opt/rustwide/workdir" "-e" "CARGO_HOME=/opt/rustwide/cargo-home" "-e" "RUSTUP_HOME=/opt/rustwide/rustup-home" "-e" "CARGO_TARGET_DIR=/opt/rustwide/target" "-e" "CARGO_INCREMENTAL=0" "-e" "RUST_BACKTRACE=full" "-e" "RUSTFLAGS=--cap-lints=warn" "-e" "RUSTDOCFLAGS=--cap-lints=warn" "-w" "/opt/rustwide/workdir" "--user" "0:0" "34daf99e22dc9c713e69137b2fb4908812a7366fe15257d374b3f52140fd9529" "/opt/rustwide/cargo-home/bin/cargo" "+1.99.0-beta.8" "build" "--frozen" "--message-format=json" "--release", kill_on_drop: false }`
[INFO] [stderr]    Compiling version_check v0.9.4
[INFO] [stderr]    Compiling cpufeatures v0.2.11
[INFO] [stderr]    Compiling base64ct v1.6.0
[INFO] [stderr]    Compiling base16ct v0.2.0
[INFO] [stderr]    Compiling subtle v2.5.0
[INFO] [stderr]    Compiling zeroize v1.7.0
[INFO] [stderr]    Compiling rand_core v0.6.4
[INFO] [stderr]    Compiling signature v2.2.0
[INFO] [stderr]    Compiling generic-array v0.14.7
[INFO] [stderr]    Compiling pem-rfc7468 v0.7.0
[INFO] [stderr]    Compiling crypto-common v0.1.6
[INFO] [stderr]    Compiling block-buffer v0.10.4
[INFO] [stderr]    Compiling inout v0.1.3
[INFO] [stderr]    Compiling sec1 v0.7.3
[INFO] [stderr]    Compiling digest v0.10.7
[INFO] [stderr]    Compiling cipher v0.4.4
[INFO] [stderr]    Compiling sha2 v0.10.8
[INFO] [stderr]    Compiling ssh-encoding-fork-arti v0.2.0
[INFO] [stderr]    Compiling ssh-cipher-fork-arti v0.2.0
[INFO] [stderr]    Compiling ssh-key-fork-arti v0.6.7 (/opt/rustwide/workdir)
[INFO] [stderr]     Finished `release` profile [optimized] target(s) in 7.72s
[INFO] running `Command { std: "docker" "inspect" "34daf99e22dc9c713e69137b2fb4908812a7366fe15257d374b3f52140fd9529", kill_on_drop: false }`
[INFO] running `Command { std: "docker" "exec" "-e" "SOURCE_DIR=/opt/rustwide/workdir" "-e" "CARGO_HOME=/opt/rustwide/cargo-home" "-e" "RUSTUP_HOME=/opt/rustwide/rustup-home" "-e" "CARGO_TARGET_DIR=/opt/rustwide/target" "-e" "CARGO_INCREMENTAL=0" "-e" "RUST_BACKTRACE=full" "-e" "RUSTFLAGS=--cap-lints=warn" "-e" "RUSTDOCFLAGS=--cap-lints=warn" "-w" "/opt/rustwide/workdir" "--user" "0:0" "34daf99e22dc9c713e69137b2fb4908812a7366fe15257d374b3f52140fd9529" "/opt/rustwide/cargo-home/bin/cargo" "+1.99.0-beta.8" "test" "--frozen" "--no-run" "--message-format=json" "--release", kill_on_drop: false }`
[INFO] [stderr]    Compiling ppv-lite86 v0.2.17
[INFO] [stderr]    Compiling hex-literal v0.4.1
[INFO] [stderr]    Compiling rand_chacha v0.3.1
[INFO] [stderr]    Compiling ssh-key-fork-arti v0.6.7 (/opt/rustwide/workdir)
[INFO] [stderr]     Finished `release` profile [optimized] target(s) in 5.95s
[INFO] running `Command { std: "docker" "inspect" "34daf99e22dc9c713e69137b2fb4908812a7366fe15257d374b3f52140fd9529", kill_on_drop: false }`
[INFO] running `Command { std: "docker" "exec" "-e" "SOURCE_DIR=/opt/rustwide/workdir" "-e" "CARGO_HOME=/opt/rustwide/cargo-home" "-e" "RUSTUP_HOME=/opt/rustwide/rustup-home" "-e" "CARGO_TARGET_DIR=/opt/rustwide/target" "-e" "CARGO_INCREMENTAL=0" "-e" "RUST_BACKTRACE=full" "-e" "RUSTFLAGS=--cap-lints=warn" "-e" "RUSTDOCFLAGS=--cap-lints=warn" "-w" "/opt/rustwide/workdir" "--user" "0:0" "34daf99e22dc9c713e69137b2fb4908812a7366fe15257d374b3f52140fd9529" "/opt/rustwide/cargo-home/bin/cargo" "+1.99.0-beta.8" "test" "--frozen" "--release", kill_on_drop: false }`
[INFO] [stderr]     Finished `release` profile [optimized] target(s) in 0.10s
[INFO] [stderr]      Running unittests src/lib.rs (/opt/rustwide/target/release/deps/ssh_key_fork_arti-7d761d9541115955)
[INFO] [stdout] 
[INFO] [stdout] running 33 tests
[INFO] [stdout] test authorized_keys::tests::options_comma_delimited_quoted ... ok
[INFO] [stdout] test authorized_keys::tests::options_invalid_character ... ok
[INFO] [stdout] test authorized_keys::tests::options_no_comma ... ok
[INFO] [stdout] test authorized_keys::tests::options_no_comma_quoted ... ok
[INFO] [stdout] test known_hosts::tests::full_line_hashed ... ok
[INFO] [stdout] test known_hosts::tests::single_hashed_host ... ok
[INFO] [stdout] test certificate::unix_time::tests::new_over_max_secs_returns_error ... ok
[INFO] [stdout] test fingerprint::randomart::tests::generation ... ok
[INFO] [stdout] test mpint::tests::from_positive_bytes_strips_leading_zeroes ... ok
[INFO] [stdout] test mpint::tests::decode_9a378f9b2e332a7 ... ok
[INFO] [stdout] test known_hosts::tests::simple_markers ... ok
[INFO] [stdout] test authorized_keys::tests::options_empty ... ok
[INFO] [stdout] test certificate::unix_time::tests::new_with_max_secs ... ok
[INFO] [stdout] test known_hosts::tests::single_host_pattern ... ok
[INFO] [stdout] test known_hosts::tests::empty_host_patterns ... ok
[INFO] [stdout] test mpint::tests::decode_80 ... ok
[INFO] [stdout] test known_hosts::tests::multiple_host_patterns ... ok
[INFO] [stdout] test mpint::tests::decode_neg_1234 ... ok
[INFO] [stdout] test mpint::tests::decode_neg_deadbeef ... ok
[INFO] [stdout] test mpint::tests::decode_0 ... ok
[INFO] [stdout] test authorized_keys::tests::options_comma_delimited ... ok
[INFO] [stdout] test public::ssh_format::tests::decode ... ok
[INFO] [stdout] test signature::tests::encode_dsa ... ok
[INFO] [stdout] test signature::tests::encode_ed25519 ... ok
[INFO] [stdout] test signature::tests::decode_ecdsa_sha2_p256 ... ok
[INFO] [stdout] test mpint::tests::reject_extra_leading_zeroes ... ok
[INFO] [stdout] test signature::tests::decode_rsa ... ok
[INFO] [stdout] test signature::tests::decode_sk_ed25519 ... ok
[INFO] [stdout] test signature::tests::placeholder ... ok
[INFO] [stdout] test signature::tests::decode_ed25519 ... ok
[INFO] [stdout] test signature::tests::encode_sk_ed25519 ... ok
[INFO] [stdout] test signature::tests::decode_dsa ... ok
[INFO] [stdout] test signature::tests::encode_ecdsa_sha2_p256 ... ok
[INFO] [stdout] 
[INFO] [stdout] test result: ok. 33 passed; 0 failed; 0 ignored; 0 measured; 0 filtered out; finished in 0.25s
[INFO] [stdout] 
[INFO] [stderr]      Running tests/algorithm_name.rs (/opt/rustwide/target/release/deps/algorithm_name-6c8fccb4c2a3b34a)
[INFO] [stdout] 
[INFO] [stdout] running 2 tests
[INFO] [stdout] test additional_algorithm_name ... ok
[INFO] [stdout] test invalid_algorithm_name ... ok
[INFO] [stderr]      Running tests/authorized_keys.rs (/opt/rustwide/target/release/deps/authorized_keys-5bbce8f3521e09f5)
[INFO] [stdout] 
[INFO] [stdout] test result: ok. 2 passed; 0 failed; 0 ignored; 0 measured; 0 filtered out; finished in 0.09s
[INFO] [stdout] 
[INFO] [stdout] 
[INFO] [stdout] running 1 test
[INFO] [stdout] test read_example_file ... ok
[INFO] [stdout] 
[INFO] [stdout] test result: ok. 1 passed; 0 failed; 0 ignored; 0 measured; 0 filtered out; finished in 0.00s
[INFO] [stdout] 
[INFO] [stderr]      Running tests/certificate.rs (/opt/rustwide/target/release/deps/certificate-4900bd0a1da02b5d)
[INFO] [stdout] 
[INFO] [stdout] running 11 tests
[INFO] [stdout] test decode_ed25519_openssh_with_crit_options ... ok
[INFO] [stdout] test decode_rsa_4096_openssh ... ok
[INFO] [stdout] test decode_sk_ecdsa_p256_openssh ... ok
[INFO] [stdout] test decode_sk_ed25519_openssh ... ok
[INFO] [stdout] test encode_ecdsa_p256_openssh ... ok
[INFO] [stdout] test encode_ed25519_openssh ... ok
[INFO] [stdout] test encode_dsa_openssh ... ok
[INFO] [stderr]      Running tests/certificate_builder.rs (/opt/rustwide/target/release/deps/certificate_builder-2172d9056047dcc9)
[INFO] [stdout] test encode_rsa_4096_openssh ... ok
[INFO] [stdout] test decode_ed25519_openssh ... ok
[INFO] [stdout] test decode_ecdsa_p256_openssh ... ok
[INFO] [stdout] test decode_dsa_openssh ... ok
[INFO] [stdout] 
[INFO] [stdout] test result: ok. 11 passed; 0 failed; 0 ignored; 0 measured; 0 filtered out; finished in 0.00s
[INFO] [stdout] 
[INFO] [stdout] 
[INFO] [stdout] running 0 tests
[INFO] [stdout] 
[INFO] [stdout] test result: ok. 0 passed; 0 failed; 0 ignored; 0 measured; 0 filtered out; finished in 0.00s
[INFO] [stdout] 
[INFO] [stderr]      Running tests/encrypted_private_key.rs (/opt/rustwide/target/release/deps/encrypted_private_key-d0b4680d41ac8d62)
[INFO] [stdout] 
[INFO] [stdout] running 6 tests
[INFO] [stdout] test decode_openssh_aes256_ctr ... ok
[INFO] [stdout] test decode_openssh_aes256_gcm ... ok
[INFO] [stdout] test decode_openssh_chacha20_poly1305 ... ok
[INFO] [stdout] test encode_openssh_aes256_ctr ... ok
[INFO] [stdout] test decode_openssh_3des_cbc ... ok
[INFO] [stdout] test encode_openssh_aes256_gcm ... ok
[INFO] [stdout] 
[INFO] [stdout] test result: ok. 6 passed; 0 failed; 0 ignored; 0 measured; 0 filtered out; finished in 0.00s
[INFO] [stdout] 
[INFO] [stderr]      Running tests/known_hosts.rs (/opt/rustwide/target/release/deps/known_hosts-859bbfdc0a1885dd)
[INFO] [stdout] 
[INFO] [stdout] running 1 test
[INFO] [stdout] test read_example_file ... ok
[INFO] [stderr]      Running tests/private_key.rs (/opt/rustwide/target/release/deps/private_key-ab1ae829924404cb)
[INFO] [stdout] 
[INFO] [stdout] test result: ok. 1 passed; 0 failed; 0 ignored; 0 measured; 0 filtered out; finished in 0.00s
[INFO] [stdout] 
[INFO] [stdout] 
[INFO] [stdout] running 16 tests
[INFO] [stdout] test decode_ecdsa_p521_openssh ... ok
[INFO] [stdout] test decode_rsa_4096_openssh ... ok
[INFO] [stdout] test decode_rsa_3072_openssh ... ok
[INFO] [stdout] test encode_custom_algorithm_openssh ... ok
[INFO] [stdout] test encode_dsa_openssh ... ok
[INFO] [stdout] test decode_ecdsa_p384_openssh ... ok
[INFO] [stdout] test encode_ecdsa_p521_openssh ... FAILED
[INFO] [stdout] test encode_rsa_4096_openssh ... FAILED
[INFO] [stdout] test encode_ecdsa_p256_openssh ... FAILED
[INFO] [stdout] test encode_ed25519_openssh ... FAILED
[INFO] [stdout] test decode_custom_algorithm_openssh ... ok
[INFO] [stdout] test decode_ed25519_openssh ... ok
[INFO] [stdout] test encode_ecdsa_p384_openssh ... FAILED
[INFO] [stdout] test encode_rsa_3072_openssh ... FAILED
[INFO] [stdout] test decode_dsa_openssh ... ok
[INFO] [stdout] test decode_ecdsa_p256_openssh ... ok
[INFO] [stdout] 
[INFO] [stdout] failures:
[INFO] [stdout] 
[INFO] [stdout] ---- encode_ecdsa_p521_openssh stdout ----
[INFO] [stdout] 
[INFO] [stdout] thread 'encode_ecdsa_p521_openssh' (759) panicked at tests/private_key.rs:489:10:
[INFO] [stdout] called `Result::unwrap()` on an `Err` value: Io(ReadOnlyFilesystem)
[INFO] [stdout] stack backtrace:
[INFO] [stdout]    0:     0x64ef5ac78ad1 - <<std[70759c8f55707aa4]::sys::backtrace::BacktraceLock>::print::DisplayBacktrace as core[df12db4294e9bfd3]::fmt::Display>::fmt
[INFO] [stdout]    1:     0x64ef5ac8cf9a - core[df12db4294e9bfd3]::fmt::write
[INFO] [stdout]    2:     0x64ef5ac7cf6c - <alloc[2182bb758b4b3781]::vec::Vec<u8> as core[df12db4294e9bfd3]::io::write::Write>::write_fmt
[INFO] [stdout]    3:     0x64ef5ac54fc6 - std[70759c8f55707aa4]::panicking::default_hook::{closure#0}
[INFO] [stdout]    4:     0x64ef5ac71239 - std[70759c8f55707aa4]::panicking::default_hook
[INFO] [stdout]    5:     0x64ef5abee330 - test[9d35eded1c95d3be]::test_main_inner::<test[9d35eded1c95d3be]::test_main_static::{closure#0}>::{closure#0}
[INFO] [stdout]    6:     0x64ef5ac713f2 - std[70759c8f55707aa4]::panicking::panic_with_hook
[INFO] [stdout]    7:     0x64ef5ac55072 - std[70759c8f55707aa4]::panicking::panic_handler::{closure#0}
[INFO] [stdout]    8:     0x64ef5ac4ddf9 - std[70759c8f55707aa4]::sys::backtrace::__rust_end_short_backtrace::<std[70759c8f55707aa4]::panicking::panic_handler::{closure#0}, !>
[INFO] [stdout]    9:     0x64ef5ac55c6d - __rustc[8fa7c3cbc660c2b3]::rust_begin_unwind
[INFO] [stdout]   10:     0x64ef5ac8d6cc - core[df12db4294e9bfd3]::panicking::panic_fmt
[INFO] [stdout]   11:     0x64ef5ac8d4a2 - core[df12db4294e9bfd3]::result::unwrap_failed
[INFO] [stdout]   12:     0x64ef5abd298b - private_key[f1e7a3d64f407e58]::encoding_test
[INFO] [stdout]   13:     0x64ef5abd5035 - <private_key[f1e7a3d64f407e58]::encode_ecdsa_p521_openssh::{closure#0} as core[df12db4294e9bfd3]::ops::function::FnOnce<()>>::call_once
[INFO] [stdout]   14:     0x64ef5abe161b - test[9d35eded1c95d3be]::__rust_begin_short_backtrace::<core[df12db4294e9bfd3]::result::Result<(), alloc[2182bb758b4b3781]::string::String>, fn() -> core[df12db4294e9bfd3]::result::Result<(), alloc[2182bb758b4b3781]::string::String>>
[INFO] [stdout]   15:     0x64ef5abeec85 - test[9d35eded1c95d3be]::run_test::{closure#0}
[INFO] [stdout]   16:     0x64ef5abe8544 - std[70759c8f55707aa4]::sys::backtrace::__rust_begin_short_backtrace::<test[9d35eded1c95d3be]::run_test::{closure#1}, ()>
[INFO] [stdout]   17:     0x64ef5abf1de2 - <std[70759c8f55707aa4]::thread::lifecycle::spawn_unchecked<test[9d35eded1c95d3be]::run_test::{closure#1}, ()>::{closure#1} as core[df12db4294e9bfd3]::ops::function::FnOnce<()>>::call_once::{shim:vtable#0}
[INFO] [stdout]   18:     0x64ef5ac783a9 - <std[70759c8f55707aa4]::sys::thread::unix::Thread>::new::thread_start
[INFO] [stdout]   19:     0x77275ab42dfa - <unknown>
[INFO] [stdout]   20:     0x77275abd63d4 - clone
[INFO] [stdout]   21:                0x0 - <unknown>
[INFO] [stdout] 
[INFO] [stdout] ---- encode_rsa_4096_openssh stdout ----
[INFO] [stdout] 
[INFO] [stdout] thread 'encode_rsa_4096_openssh' (762) panicked at tests/private_key.rs:489:10:
[INFO] [stdout] called `Result::unwrap()` on an `Err` value: Io(ReadOnlyFilesystem)
[INFO] [stdout] stack backtrace:
[INFO] [stdout]    0:     0x64ef5ac78ad1 - <<std[70759c8f55707aa4]::sys::backtrace::BacktraceLock>::print::DisplayBacktrace as core[df12db4294e9bfd3]::fmt::Display>::fmt
[INFO] [stdout]    1:     0x64ef5ac8cf9a - core[df12db4294e9bfd3]::fmt::write
[INFO] [stdout]    2:     0x64ef5ac7cf6c - <alloc[2182bb758b4b3781]::vec::Vec<u8> as core[df12db4294e9bfd3]::io::write::Write>::write_fmt
[INFO] [stdout]    3:     0x64ef5ac54fc6 - std[70759c8f55707aa4]::panicking::default_hook::{closure#0}
[INFO] [stdout]    4:     0x64ef5ac71239 - std[70759c8f55707aa4]::panicking::default_hook
[INFO] [stdout]    5:     0x64ef5abee330 - test[9d35eded1c95d3be]::test_main_inner::<test[9d35eded1c95d3be]::test_main_static::{closure#0}>::{closure#0}
[INFO] [stdout]    6:     0x64ef5ac713f2 - std[70759c8f55707aa4]::panicking::panic_with_hook
[INFO] [stdout]    7:     0x64ef5ac55072 - std[70759c8f55707aa4]::panicking::panic_handler::{closure#0}
[INFO] [stdout]    8:     0x64ef5ac4ddf9 - std[70759c8f55707aa4]::sys::backtrace::__rust_end_short_backtrace::<std[70759c8f55707aa4]::panicking::panic_handler::{closure#0}, !>
[INFO] [stdout]    9:     0x64ef5ac55c6d - __rustc[8fa7c3cbc660c2b3]::rust_begin_unwind
[INFO] [stdout]   10:     0x64ef5ac8d6cc - core[df12db4294e9bfd3]::panicking::panic_fmt
[INFO] [stdout]   11:     0x64ef5ac8d4a2 - core[df12db4294e9bfd3]::result::unwrap_failed
[INFO] [stdout]   12:     0x64ef5abd298b - private_key[f1e7a3d64f407e58]::encoding_test
[INFO] [stdout]   13:     0x64ef5abd4515 - <private_key[f1e7a3d64f407e58]::encode_rsa_4096_openssh::{closure#0} as core[df12db4294e9bfd3]::ops::function::FnOnce<()>>::call_once
[INFO] [stdout]   14:     0x64ef5abe161b - test[9d35eded1c95d3be]::__rust_begin_short_backtrace::<core[df12db4294e9bfd3]::result::Result<(), alloc[2182bb758b4b3781]::string::String>, fn() -> core[df12db4294e9bfd3]::result::Result<(), alloc[2182bb758b4b3781]::string::String>>
[INFO] [stdout]   15:     0x64ef5abeec85 - test[9d35eded1c95d3be]::run_test::{closure#0}
[INFO] [stdout]   16:     0x64ef5abe8544 - std[70759c8f55707aa4]::sys::backtrace::__rust_begin_short_backtrace::<test[9d35eded1c95d3be]::run_test::{closure#1}, ()>
[INFO] [stdout]   17:     0x64ef5abf1de2 - <std[70759c8f55707aa4]::thread::lifecycle::spawn_unchecked<test[9d35eded1c95d3be]::run_test::{closure#1}, ()>::{closure#1} as core[df12db4294e9bfd3]::ops::function::FnOnce<()>>::call_once::{shim:vtable#0}
[INFO] [stdout]   18:     0x64ef5ac783a9 - <std[70759c8f55707aa4]::sys::thread::unix::Thread>::new::thread_start
[INFO] [stdout]   19:     0x77275ab42dfa - <unknown>
[INFO] [stdout]   20:     0x77275abd63d4 - clone
[INFO] [stdout]   21:                0x0 - <unknown>
[INFO] [stdout] 
[INFO] [stdout] ---- encode_ecdsa_p256_openssh stdout ----
[INFO] [stdout] 
[INFO] [stdout] thread 'encode_ecdsa_p256_openssh' (757) panicked at tests/private_key.rs:489:10:
[INFO] [stdout] called `Result::unwrap()` on an `Err` value: Io(ReadOnlyFilesystem)
[INFO] [stdout] stack backtrace:
[INFO] [stdout]    0:     0x64ef5ac78ad1 - <<std[70759c8f55707aa4]::sys::backtrace::BacktraceLock>::print::DisplayBacktrace as core[df12db4294e9bfd3]::fmt::Display>::fmt
[INFO] [stdout]    1:     0x64ef5ac8cf9a - core[df12db4294e9bfd3]::fmt::write
[INFO] [stdout]    2:     0x64ef5ac7cf6c - <alloc[2182bb758b4b3781]::vec::Vec<u8> as core[df12db4294e9bfd3]::io::write::Write>::write_fmt
[INFO] [stdout]    3:     0x64ef5ac54fc6 - std[70759c8f55707aa4]::panicking::default_hook::{closure#0}
[INFO] [stdout]    4:     0x64ef5ac71239 - std[70759c8f55707aa4]::panicking::default_hook
[INFO] [stdout]    5:     0x64ef5abee330 - test[9d35eded1c95d3be]::test_main_inner::<test[9d35eded1c95d3be]::test_main_static::{closure#0}>::{closure#0}
[INFO] [stdout]    6:     0x64ef5ac713f2 - std[70759c8f55707aa4]::panicking::panic_with_hook
[INFO] [stdout]    7:     0x64ef5ac55072 - std[70759c8f55707aa4]::panicking::panic_handler::{closure#0}
[INFO] [stdout]    8:     0x64ef5ac4ddf9 - std[70759c8f55707aa4]::sys::backtrace::__rust_end_short_backtrace::<std[70759c8f55707aa4]::panicking::panic_handler::{closure#0}, !>
[INFO] [stdout]    9:     0x64ef5ac55c6d - __rustc[8fa7c3cbc660c2b3]::rust_begin_unwind
[INFO] [stdout]   10:     0x64ef5ac8d6cc - core[df12db4294e9bfd3]::panicking::panic_fmt
[INFO] [stdout]   11:     0x64ef5ac8d4a2 - core[df12db4294e9bfd3]::result::unwrap_failed
[INFO] [stdout]   12:     0x64ef5abd298b - private_key[f1e7a3d64f407e58]::encoding_test
[INFO] [stdout]   13:     0x64ef5abd4fd5 - <private_key[f1e7a3d64f407e58]::encode_ecdsa_p256_openssh::{closure#0} as core[df12db4294e9bfd3]::ops::function::FnOnce<()>>::call_once
[INFO] [stdout]   14:     0x64ef5abe161b - test[9d35eded1c95d3be]::__rust_begin_short_backtrace::<core[df12db4294e9bfd3]::result::Result<(), alloc[2182bb758b4b3781]::string::String>, fn() -> core[df12db4294e9bfd3]::result::Result<(), alloc[2182bb758b4b3781]::string::String>>
[INFO] [stdout]   15:     0x64ef5abeec85 - test[9d35eded1c95d3be]::run_test::{closure#0}
[INFO] [stdout]   16:     0x64ef5abe8544 - std[70759c8f55707aa4]::sys::backtrace::__rust_begin_short_backtrace::<test[9d35eded1c95d3be]::run_test::{closure#1}, ()>
[INFO] [stdout]   17:     0x64ef5abf1de2 - <std[70759c8f55707aa4]::thread::lifecycle::spawn_unchecked<test[9d35eded1c95d3be]::run_test::{closure#1}, ()>::{closure#1} as core[df12db4294e9bfd3]::ops::function::FnOnce<()>>::call_once::{shim:vtable#0}
[INFO] [stdout]   18:     0x64ef5ac783a9 - <std[70759c8f55707aa4]::sys::thread::unix::Thread>::new::thread_start
[INFO] [stdout]   19:     0x77275ab42dfa - <unknown>
[INFO] [stdout]   20:     0x77275abd63d4 - clone
[INFO] [stdout]   21:                0x0 - <unknown>
[INFO] [stdout] 
[INFO] [stdout] ---- encode_ed25519_openssh stdout ----
[INFO] [stdout] 
[INFO] [stdout] thread 'encode_ed25519_openssh' (760) panicked at tests/private_key.rs:489:10:
[INFO] [stdout] called `Result::unwrap()` on an `Err` value: Io(ReadOnlyFilesystem)
[INFO] [stdout] stack backtrace:
[INFO] [stdout]    0:     0x64ef5ac78ad1 - <<std[70759c8f55707aa4]::sys::backtrace::BacktraceLock>::print::DisplayBacktrace as core[df12db4294e9bfd3]::fmt::Display>::fmt
[INFO] [stdout]    1:     0x64ef5ac8cf9a - core[df12db4294e9bfd3]::fmt::write
[INFO] [stdout]    2:     0x64ef5ac7cf6c - <alloc[2182bb758b4b3781]::vec::Vec<u8> as core[df12db4294e9bfd3]::io::write::Write>::write_fmt
[INFO] [stdout]    3:     0x64ef5ac54fc6 - std[70759c8f55707aa4]::panicking::default_hook::{closure#0}
[INFO] [stdout]    4:     0x64ef5ac71239 - std[70759c8f55707aa4]::panicking::default_hook
[INFO] [stdout]    5:     0x64ef5abee330 - test[9d35eded1c95d3be]::test_main_inner::<test[9d35eded1c95d3be]::test_main_static::{closure#0}>::{closure#0}
[INFO] [stdout]    6:     0x64ef5ac713f2 - std[70759c8f55707aa4]::panicking::panic_with_hook
[INFO] [stdout]    7:     0x64ef5ac55072 - std[70759c8f55707aa4]::panicking::panic_handler::{closure#0}
[INFO] [stdout]    8:     0x64ef5ac4ddf9 - std[70759c8f55707aa4]::sys::backtrace::__rust_end_short_backtrace::<std[70759c8f55707aa4]::panicking::panic_handler::{closure#0}, !>
[INFO] [stdout]    9:     0x64ef5ac55c6d - __rustc[8fa7c3cbc660c2b3]::rust_begin_unwind
[INFO] [stdout]   10:     0x64ef5ac8d6cc - core[df12db4294e9bfd3]::panicking::panic_fmt
[INFO] [stdout]   11:     0x64ef5ac8d4a2 - core[df12db4294e9bfd3]::result::unwrap_failed
[INFO] [stdout]   12:     0x64ef5abd298b - private_key[f1e7a3d64f407e58]::encoding_test
[INFO] [stdout]   13:     0x64ef5abd3b95 - <private_key[f1e7a3d64f407e58]::encode_ed25519_openssh::{closure#0} as core[df12db4294e9bfd3]::ops::function::FnOnce<()>>::call_once
[INFO] [stdout]   14:     0x64ef5abe161b - test[9d35eded1c95d3be]::__rust_begin_short_backtrace::<core[df12db4294e9bfd3]::result::Result<(), alloc[2182bb758b4b3781]::string::String>, fn() -> core[df12db4294e9bfd3]::result::Result<(), alloc[2182bb758b4b3781]::string::String>>
[INFO] [stdout]   15:     0x64ef5abeec85 - test[9d35eded1c95d3be]::run_test::{closure#0}
[INFO] [stdout]   16:     0x64ef5abe8544 - std[70759c8f55707aa4]::sys::backtrace::__rust_begin_short_backtrace::<test[9d35eded1c95d3be]::run_test::{closure#1}, ()>
[INFO] [stdout]   17:     0x64ef5abf1de2 - <std[70759c8f55707aa4]::thread::lifecycle::spawn_unchecked<test[9d35eded1c95d3be]::run_test::{closure#1}, ()>::{closure#1} as core[df12db4294e9bfd3]::ops::function::FnOnce<()>>::call_once::{shim:vtable#0}
[INFO] [stdout]   18:     0x64ef5ac783a9 - <std[70759c8f55707aa4]::sys::thread::unix::Thread>::new::thread_start
[INFO] [stdout]   19:     0x77275ab42dfa - <unknown>
[INFO] [stdout]   20:     0x77275abd63d4 - clone
[INFO] [stdout]   21:                0x0 - <unknown>
[INFO] [stdout] 
[INFO] [stdout] ---- encode_ecdsa_p384_openssh stdout ----
[INFO] [stdout] 
[INFO] [stdout] thread 'encode_ecdsa_p384_openssh' (758) panicked at tests/private_key.rs:489:10:
[INFO] [stdout] called `Result::unwrap()` on an `Err` value: Io(ReadOnlyFilesystem)
[INFO] [stdout] stack backtrace:
[INFO] [stdout]    0:     0x64ef5ac78ad1 - <<std[70759c8f55707aa4]::sys::backtrace::BacktraceLock>::print::DisplayBacktrace as core[df12db4294e9bfd3]::fmt::Display>::fmt
[INFO] [stdout]    1:     0x64ef5ac8cf9a - core[df12db4294e9bfd3]::fmt::write
[INFO] [stdout]    2:     0x64ef5ac7cf6c - <alloc[2182bb758b4b3781]::vec::Vec<u8> as core[df12db4294e9bfd3]::io::write::Write>::write_fmt
[INFO] [stdout]    3:     0x64ef5ac54fc6 - std[70759c8f55707aa4]::panicking::default_hook::{closure#0}
[INFO] [stdout]    4:     0x64ef5ac71239 - std[70759c8f55707aa4]::panicking::default_hook
[INFO] [stdout]    5:     0x64ef5abee330 - test[9d35eded1c95d3be]::test_main_inner::<test[9d35eded1c95d3be]::test_main_static::{closure#0}>::{closure#0}
[INFO] [stdout]    6:     0x64ef5ac713f2 - std[70759c8f55707aa4]::panicking::panic_with_hook
[INFO] [stdout]    7:     0x64ef5ac55072 - std[70759c8f55707aa4]::panicking::panic_handler::{closure#0}
[INFO] [stdout]    8:     0x64ef5ac4ddf9 - std[70759c8f55707aa4]::sys::backtrace::__rust_end_short_backtrace::<std[70759c8f55707aa4]::panicking::panic_handler::{closure#0}, !>
[INFO] [stdout]    9:     0x64ef5ac55c6d - __rustc[8fa7c3cbc660c2b3]::rust_begin_unwind
[INFO] [stdout]   10:     0x64ef5ac8d6cc - core[df12db4294e9bfd3]::panicking::panic_fmt
[INFO] [stdout]   11:     0x64ef5ac8d4a2 - core[df12db4294e9bfd3]::result::unwrap_failed
[INFO] [stdout]   12:     0x64ef5abd298b - private_key[f1e7a3d64f407e58]::encoding_test
[INFO] [stdout]   13:     0x64ef5abd5005 - <private_key[f1e7a3d64f407e58]::encode_ecdsa_p384_openssh::{closure#0} as core[df12db4294e9bfd3]::ops::function::FnOnce<()>>::call_once
[INFO] [stdout]   14:     0x64ef5abe161b - test[9d35eded1c95d3be]::__rust_begin_short_backtrace::<core[df12db4294e9bfd3]::result::Result<(), alloc[2182bb758b4b3781]::string::String>, fn() -> core[df12db4294e9bfd3]::result::Result<(), alloc[2182bb758b4b3781]::string::String>>
[INFO] [stdout]   15:     0x64ef5abeec85 - test[9d35eded1c95d3be]::run_test::{closure#0}
[INFO] [stdout]   16:     0x64ef5abe8544 - std[70759c8f55707aa4]::sys::backtrace::__rust_begin_short_backtrace::<test[9d35eded1c95d3be]::run_test::{closure#1}, ()>
[INFO] [stdout]   17:     0x64ef5abf1de2 - <std[70759c8f55707aa4]::thread::lifecycle::spawn_unchecked<test[9d35eded1c95d3be]::run_test::{closure#1}, ()>::{closure#1} as core[df12db4294e9bfd3]::ops::function::FnOnce<()>>::call_once::{shim:vtable#0}
[INFO] [stdout]   18:     0x64ef5ac783a9 - <std[70759c8f55707aa4]::sys::thread::unix::Thread>::new::thread_start
[INFO] [stdout]   19:     0x77275ab42dfa - <unknown>
[INFO] [stdout]   20:     0x77275abd63d4 - clone
[INFO] [stdout]   21:                0x0 - <unknown>
[INFO] [stdout] 
[INFO] [stdout] ---- encode_rsa_3072_openssh stdout ----
[INFO] [stdout] 
[INFO] [stdout] thread 'encode_rsa_3072_openssh' (761) panicked at tests/private_key.rs:489:10:
[INFO] [stdout] called `Result::unwrap()` on an `Err` value: Io(ReadOnlyFilesystem)
[INFO] [stdout] stack backtrace:
[INFO] [stdout]    0:     0x64ef5ac78ad1 - <<std[70759c8f55707aa4]::sys::backtrace::BacktraceLock>::print::DisplayBacktrace as core[df12db4294e9bfd3]::fmt::Display>::fmt
[INFO] [stdout]    1:     0x64ef5ac8cf9a - core[df12db4294e9bfd3]::fmt::write
[INFO] [stdout]    2:     0x64ef5ac7cf6c - <alloc[2182bb758b4b3781]::vec::Vec<u8> as core[df12db4294e9bfd3]::io::write::Write>::write_fmt
[INFO] [stdout]    3:     0x64ef5ac54fc6 - std[70759c8f55707aa4]::panicking::default_hook::{closure#0}
[INFO] [stdout]    4:     0x64ef5ac71239 - std[70759c8f55707aa4]::panicking::default_hook
[INFO] [stdout]    5:     0x64ef5abee330 - test[9d35eded1c95d3be]::test_main_inner::<test[9d35eded1c95d3be]::test_main_static::{closure#0}>::{closure#0}
[INFO] [stdout]    6:     0x64ef5ac713f2 - std[70759c8f55707aa4]::panicking::panic_with_hook
[INFO] [stdout]    7:     0x64ef5ac55072 - std[70759c8f55707aa4]::panicking::panic_handler::{closure#0}
[INFO] [stdout]    8:     0x64ef5ac4ddf9 - std[70759c8f55707aa4]::sys::backtrace::__rust_end_short_backtrace::<std[70759c8f55707aa4]::panicking::panic_handler::{closure#0}, !>
[INFO] [stdout]    9:     0x64ef5ac55c6d - __rustc[8fa7c3cbc660c2b3]::rust_begin_unwind
[INFO] [stdout]   10:     0x64ef5ac8d6cc - core[df12db4294e9bfd3]::panicking::panic_fmt
[INFO] [stdout]   11:     0x64ef5ac8d4a2 - core[df12db4294e9bfd3]::result::unwrap_failed
[INFO] [stdout]   12:     0x64ef5abd298b - private_key[f1e7a3d64f407e58]::encoding_test
[INFO] [stdout]   13:     0x64ef5abd44e5 - <private_key[f1e7a3d64f407e58]::encode_rsa_3072_openssh::{closure#0} as core[df12db4294e9bfd3]::ops::function::FnOnce<()>>::call_once
[INFO] [stdout]   14:     0x64ef5abe161b - test[9d35eded1c95d3be]::__rust_begin_short_backtrace::<core[df12db4294e9bfd3]::result::Result<(), alloc[2182bb758b4b3781]::string::String>, fn() -> core[df12db4294e9bfd3]::result::Result<(), alloc[2182bb758b4b3781]::string::String>>
[INFO] [stdout]   15:     0x64ef5abeec85 - test[9d35eded1c95d3be]::run_test::{closure#0}
[INFO] [stdout]   16:     0x64ef5abe8544 - std[70759c8f55707aa4]::sys::backtrace::__rust_begin_short_backtrace::<test[9d35eded1c95d3be]::run_test::{closure#1}, ()>
[INFO] [stdout]   17:     0x64ef5abf1de2 - <std[70759c8f55707aa4]::thread::lifecycle::spawn_unchecked<test[9d35eded1c95d3be]::run_test::{closure#1}, ()>::{closure#1} as core[df12db4294e9bfd3]::ops::function::FnOnce<()>>::call_once::{shim:vtable#0}
[INFO] [stdout]   18:     0x64ef5ac783a9 - <std[70759c8f55707aa4]::sys::thread::unix::Thread>::new::thread_start
[INFO] [stdout]   19:     0x77275ab42dfa - <unknown>
[INFO] [stdout]   20:     0x77275abd63d4 - clone
[INFO] [stdout]   21:                0x0 - <unknown>
[INFO] [stdout] 
[INFO] [stdout] 
[INFO] [stdout] failures:
[INFO] [stdout]     encode_ecdsa_p256_openssh
[INFO] [stdout]     encode_ecdsa_p384_openssh
[INFO] [stdout]     encode_ecdsa_p521_openssh
[INFO] [stdout]     encode_ed25519_openssh
[INFO] [stdout]     encode_rsa_3072_openssh
[INFO] [stdout]     encode_rsa_4096_openssh
[INFO] [stdout] 
[INFO] [stdout] test result: FAILED. 10 passed; 6 failed; 0 ignored; 0 measured; 0 filtered out; finished in 0.01s
[INFO] [stdout] 
[INFO] [stderr] error: test failed, to rerun pass `--test private_key`
[INFO] running `Command { std: "docker" "inspect" "34daf99e22dc9c713e69137b2fb4908812a7366fe15257d374b3f52140fd9529", kill_on_drop: false }`
[INFO] running `Command { std: "docker" "rm" "-f" "34daf99e22dc9c713e69137b2fb4908812a7366fe15257d374b3f52140fd9529", kill_on_drop: false }`
[INFO] [stdout] 34daf99e22dc9c713e69137b2fb4908812a7366fe15257d374b3f52140fd9529
