[INFO] fetching crate ssh-key-dir 0.1.5...
[INFO] testing ssh-key-dir-0.1.5 against 1.100.0-beta.1+cargoflags=--release for beta-release-1.100-2
[INFO] extracting crate ssh-key-dir 0.1.5 into /workspace/builds/worker-1-tc2/source
[INFO] started tweaking crates.io crate ssh-key-dir 0.1.5
[INFO] finished tweaking crates.io crate ssh-key-dir 0.1.5
[INFO] tweaked toml for crates.io crate ssh-key-dir 0.1.5 written to /workspace/builds/worker-1-tc2/source/Cargo.toml
[INFO] validating manifest of crates.io crate ssh-key-dir 0.1.5 on toolchain 1.100.0-beta.1
[INFO] running `Command { std: CARGO_HOME="/workspace/cargo-home" RUSTUP_HOME="/workspace/rustup-home" "/workspace/cargo-home/bin/cargo" "+1.100.0-beta.1" "metadata" "--manifest-path" "Cargo.toml" "--no-deps", kill_on_drop: false }`
[INFO] crate crates.io crate ssh-key-dir 0.1.5 already has a lockfile, it will not be regenerated
[INFO] running `Command { std: CARGO_HOME="/workspace/cargo-home" RUSTUP_HOME="/workspace/rustup-home" "/workspace/cargo-home/bin/cargo" "+1.100.0-beta.1" "fetch" "--manifest-path" "Cargo.toml", kill_on_drop: false }`
[INFO] running `Command { std: "docker" "create" "-v" "/var/lib/crater-agent-workspace/builds/worker-1-tc2/source:/opt/rustwide/workdir:ro,Z" "-v" "/var/lib/crater-agent-workspace/builds/worker-1-tc2/target:/opt/rustwide/target:rw,Z" "-v" "/var/lib/crater-agent-workspace/cargo-home:/opt/rustwide/cargo-home:ro,Z" "-v" "/var/lib/crater-agent-workspace/rustup-home:/opt/rustwide/rustup-home:ro,Z" "-m" "1610612736" "--network" "none" "ghcr.io/rust-lang/crates-build-env/linux@sha256:77db811e55d90add9212f6832c23229e3de5f1c1f9905e8cb07319ea15df73ac" "sleep" "infinity", kill_on_drop: false }`
[INFO] [stdout] 7fe19963a7764b696e7d536dd37bd59775dd6f68e98fca6e751ac46e5da9b283
[INFO] running `Command { std: "docker" "start" "7fe19963a7764b696e7d536dd37bd59775dd6f68e98fca6e751ac46e5da9b283", kill_on_drop: false }`
[INFO] running `Command { std: "docker" "inspect" "7fe19963a7764b696e7d536dd37bd59775dd6f68e98fca6e751ac46e5da9b283", kill_on_drop: false }`
[INFO] running `Command { std: "docker" "exec" "-e" "SOURCE_DIR=/opt/rustwide/workdir" "-e" "CARGO_HOME=/opt/rustwide/cargo-home" "-e" "RUSTUP_HOME=/opt/rustwide/rustup-home" "-e" "CARGO_TARGET_DIR=/opt/rustwide/target" "-w" "/opt/rustwide/workdir" "--user" "0:0" "7fe19963a7764b696e7d536dd37bd59775dd6f68e98fca6e751ac46e5da9b283" "/opt/rustwide/cargo-home/bin/cargo" "+1.100.0-beta.1" "metadata" "--no-deps" "--format-version=1", kill_on_drop: false }`
[INFO] running `Command { std: "docker" "inspect" "7fe19963a7764b696e7d536dd37bd59775dd6f68e98fca6e751ac46e5da9b283", kill_on_drop: false }`
[INFO] running `Command { std: "docker" "exec" "-e" "SOURCE_DIR=/opt/rustwide/workdir" "-e" "CARGO_HOME=/opt/rustwide/cargo-home" "-e" "RUSTUP_HOME=/opt/rustwide/rustup-home" "-e" "CARGO_TARGET_DIR=/opt/rustwide/target" "-e" "CARGO_INCREMENTAL=0" "-e" "RUST_BACKTRACE=full" "-e" "RUSTFLAGS=--cap-lints=warn" "-e" "RUSTDOCFLAGS=--cap-lints=warn" "-w" "/opt/rustwide/workdir" "--user" "0:0" "7fe19963a7764b696e7d536dd37bd59775dd6f68e98fca6e751ac46e5da9b283" "/opt/rustwide/cargo-home/bin/cargo" "+1.100.0-beta.1" "build" "--frozen" "--message-format=json" "--release", kill_on_drop: false }`
[INFO] [stderr]    Compiling libc v0.2.162
[INFO] [stderr]    Compiling clap_lex v0.7.2
[INFO] [stderr]    Compiling anyhow v1.0.93
[INFO] [stderr]    Compiling log v0.4.22
[INFO] [stderr]    Compiling clap_builder v4.5.20
[INFO] [stderr]    Compiling uzers v0.11.3
[INFO] [stderr]    Compiling clap v4.5.20
[INFO] [stderr]    Compiling ssh-key-dir v0.1.5 (/opt/rustwide/workdir)
[INFO] [stderr]     Finished `release` profile [optimized] target(s) in 11.22s
[INFO] running `Command { std: "docker" "inspect" "7fe19963a7764b696e7d536dd37bd59775dd6f68e98fca6e751ac46e5da9b283", kill_on_drop: false }`
[INFO] running `Command { std: "docker" "exec" "-e" "SOURCE_DIR=/opt/rustwide/workdir" "-e" "CARGO_HOME=/opt/rustwide/cargo-home" "-e" "RUSTUP_HOME=/opt/rustwide/rustup-home" "-e" "CARGO_TARGET_DIR=/opt/rustwide/target" "-e" "CARGO_INCREMENTAL=0" "-e" "RUST_BACKTRACE=full" "-e" "RUSTFLAGS=--cap-lints=warn" "-e" "RUSTDOCFLAGS=--cap-lints=warn" "-w" "/opt/rustwide/workdir" "--user" "0:0" "7fe19963a7764b696e7d536dd37bd59775dd6f68e98fca6e751ac46e5da9b283" "/opt/rustwide/cargo-home/bin/cargo" "+1.100.0-beta.1" "test" "--frozen" "--no-run" "--message-format=json" "--release", kill_on_drop: false }`
[INFO] [stderr]    Compiling libc v0.2.162
[INFO] [stderr]    Compiling autocfg v1.4.0
[INFO] [stderr]    Compiling rustix v0.38.40
[INFO] [stderr]    Compiling bitflags v2.6.0
[INFO] [stderr]    Compiling linux-raw-sys v0.4.14
[INFO] [stderr]    Compiling fastrand v2.2.0
[INFO] [stderr]    Compiling once_cell v1.20.2
[INFO] [stderr]    Compiling memoffset v0.7.1
[INFO] [stderr]    Compiling uzers v0.11.3
[INFO] [stderr]    Compiling nix v0.26.4
[INFO] [stderr]    Compiling tempfile v3.14.0
[INFO] [stderr]    Compiling ssh-key-dir v0.1.5 (/opt/rustwide/workdir)
[INFO] [stderr]     Finished `release` profile [optimized] target(s) in 10.18s
[INFO] running `Command { std: "docker" "inspect" "7fe19963a7764b696e7d536dd37bd59775dd6f68e98fca6e751ac46e5da9b283", kill_on_drop: false }`
[INFO] running `Command { std: "docker" "exec" "-e" "SOURCE_DIR=/opt/rustwide/workdir" "-e" "CARGO_HOME=/opt/rustwide/cargo-home" "-e" "RUSTUP_HOME=/opt/rustwide/rustup-home" "-e" "CARGO_TARGET_DIR=/opt/rustwide/target" "-e" "CARGO_INCREMENTAL=0" "-e" "RUST_BACKTRACE=full" "-e" "RUSTFLAGS=--cap-lints=warn" "-e" "RUSTDOCFLAGS=--cap-lints=warn" "-w" "/opt/rustwide/workdir" "--user" "0:0" "7fe19963a7764b696e7d536dd37bd59775dd6f68e98fca6e751ac46e5da9b283" "/opt/rustwide/cargo-home/bin/cargo" "+1.100.0-beta.1" "test" "--frozen" "--release", kill_on_drop: false }`
[INFO] [stderr]     Finished `release` profile [optimized] target(s) in 0.07s
[INFO] [stderr]      Running unittests src/main.rs (/opt/rustwide/target/release/build/ssh-key-dir/645bd032643e02a4/out/ssh_key_dir-645bd032643e02a4)
[INFO] [stdout] 
[INFO] [stdout] running 5 tests
[INFO] [stdout] test keys::tests::test_perms ... FAILED
[INFO] [stderr] error: test failed, to rerun pass `--bin ssh-key-dir`
[INFO] [stdout] test keys::tests::test_read_keys ... FAILED
[INFO] [stdout] test tests::clap_tests ... ok
[INFO] [stdout] test tests::test_switch_user ... FAILED
[INFO] [stdout] test keys::tests::test_empty_dir ... ok
[INFO] [stdout] 
[INFO] [stdout] failures:
[INFO] [stdout] 
[INFO] [stdout] ---- keys::tests::test_perms stdout ----
[INFO] [stdout] 
[INFO] [stdout] thread 'keys::tests::test_perms' (594) panicked at src/keys.rs:294:41:
[INFO] [stdout] called `Result::unwrap_err()` on an `Ok` value: ()
[INFO] [stdout] stack backtrace:
[INFO] [stdout]    0:     0x5abdf06f88a1 - <<std[617be2ca0a6fd877]::sys::backtrace::BacktraceLock>::print::DisplayBacktrace as core[a373ad73a504971]::fmt::Display>::fmt
[INFO] [stdout]    1:     0x5abdf070d22a - core[a373ad73a504971]::fmt::write
[INFO] [stdout]    2:     0x5abdf06fd2ac - <alloc[2e1b2a31b91974c5]::vec::Vec<u8> as core[a373ad73a504971]::io::write::Write>::write_fmt
[INFO] [stdout]    3:     0x5abdf06d2a16 - std[617be2ca0a6fd877]::panicking::default_hook::{closure#0}
[INFO] [stdout]    4:     0x5abdf06f0349 - std[617be2ca0a6fd877]::panicking::default_hook
[INFO] [stdout]    5:     0x5abdf06679a0 - test[aada8e7e76ba119b]::test_main_inner::{closure#0}
[INFO] [stdout]    6:     0x5abdf06f0502 - std[617be2ca0a6fd877]::panicking::panic_with_hook
[INFO] [stdout]    7:     0x5abdf06d2ac2 - std[617be2ca0a6fd877]::panicking::panic_handler::{closure#0}
[INFO] [stdout]    8:     0x5abdf06cb029 - std[617be2ca0a6fd877]::sys::backtrace::__rust_end_short_backtrace::<std[617be2ca0a6fd877]::panicking::panic_handler::{closure#0}, !>
[INFO] [stdout]    9:     0x5abdf06d398d - __rustc[ea4f61d10b84890b]::rust_begin_unwind
[INFO] [stdout]   10:     0x5abdf070d95c - core[a373ad73a504971]::panicking::panic_fmt
[INFO] [stdout]   11:     0x5abdf070d732 - core[a373ad73a504971]::result::unwrap_failed
[INFO] [stdout]   12:     0x5abdf064eefb - ssh_key_dir[2659d487d946c90a]::keys::tests::test_perms
[INFO] [stdout]   13:     0x5abdf0650159 - <ssh_key_dir[2659d487d946c90a]::keys::tests::test_perms::{closure#0} as core[a373ad73a504971]::ops::function::FnOnce<()>>::call_once
[INFO] [stdout]   14:     0x5abdf065adeb - test[aada8e7e76ba119b]::__rust_begin_short_backtrace::<core[a373ad73a504971]::result::Result<(), alloc[2e1b2a31b91974c5]::string::String>, fn() -> core[a373ad73a504971]::result::Result<(), alloc[2e1b2a31b91974c5]::string::String>>
[INFO] [stdout]   15:     0x5abdf0667fc5 - test[aada8e7e76ba119b]::run_test::{closure#0}
[INFO] [stdout]   16:     0x5abdf06618b4 - std[617be2ca0a6fd877]::sys::backtrace::__rust_begin_short_backtrace::<test[aada8e7e76ba119b]::run_test::{closure#1}, ()>
[INFO] [stdout]   17:     0x5abdf066b052 - <std[617be2ca0a6fd877]::thread::lifecycle::spawn_unchecked<test[aada8e7e76ba119b]::run_test::{closure#1}, ()>::{closure#1} as core[a373ad73a504971]::ops::function::FnOnce<()>>::call_once::{shim:vtable#0}
[INFO] [stdout]   18:     0x5abdf06f80ff - <std[617be2ca0a6fd877]::sys::thread::unix::Thread>::new::thread_start
[INFO] [stdout]   19:     0x7cdafdf10dfa - <unknown>
[INFO] [stdout]   20:     0x7cdafdfa43d4 - clone
[INFO] [stdout]   21:                0x0 - <unknown>
[INFO] [stdout] 
[INFO] [stdout] ---- keys::tests::test_read_keys stdout ----
[INFO] [stdout] 
[INFO] [stdout] thread 'keys::tests::test_read_keys' (595) panicked at src/keys.rs:219:13:
[INFO] [stdout] can't run tests as root
[INFO] [stdout] stack backtrace:
[INFO] [stdout]    0:     0x5abdf06f88a1 - <<std[617be2ca0a6fd877]::sys::backtrace::BacktraceLock>::print::DisplayBacktrace as core[a373ad73a504971]::fmt::Display>::fmt
[INFO] [stdout]    1:     0x5abdf070d22a - core[a373ad73a504971]::fmt::write
[INFO] [stdout]    2:     0x5abdf06fd2ac - <alloc[2e1b2a31b91974c5]::vec::Vec<u8> as core[a373ad73a504971]::io::write::Write>::write_fmt
[INFO] [stdout]    3:     0x5abdf06d2a16 - std[617be2ca0a6fd877]::panicking::default_hook::{closure#0}
[INFO] [stdout]    4:     0x5abdf06f0349 - std[617be2ca0a6fd877]::panicking::default_hook
[INFO] [stdout]    5:     0x5abdf06679a0 - test[aada8e7e76ba119b]::test_main_inner::{closure#0}
[INFO] [stdout]    6:     0x5abdf06f0502 - std[617be2ca0a6fd877]::panicking::panic_with_hook
[INFO] [stdout]    7:     0x5abdf06d2af4 - std[617be2ca0a6fd877]::panicking::panic_handler::{closure#0}
[INFO] [stdout]    8:     0x5abdf06cb029 - std[617be2ca0a6fd877]::sys::backtrace::__rust_end_short_backtrace::<std[617be2ca0a6fd877]::panicking::panic_handler::{closure#0}, !>
[INFO] [stdout]    9:     0x5abdf06d398d - __rustc[ea4f61d10b84890b]::rust_begin_unwind
[INFO] [stdout]   10:     0x5abdf070d95c - core[a373ad73a504971]::panicking::panic_fmt
[INFO] [stdout]   11:     0x5abdf0650f0b - <ssh_key_dir[2659d487d946c90a]::keys::tests::test_read_keys::{closure#0} as core[a373ad73a504971]::ops::function::FnOnce<()>>::call_once
[INFO] [stdout]   12:     0x5abdf065adeb - test[aada8e7e76ba119b]::__rust_begin_short_backtrace::<core[a373ad73a504971]::result::Result<(), alloc[2e1b2a31b91974c5]::string::String>, fn() -> core[a373ad73a504971]::result::Result<(), alloc[2e1b2a31b91974c5]::string::String>>
[INFO] [stdout]   13:     0x5abdf0667fc5 - test[aada8e7e76ba119b]::run_test::{closure#0}
[INFO] [stdout]   14:     0x5abdf06618b4 - std[617be2ca0a6fd877]::sys::backtrace::__rust_begin_short_backtrace::<test[aada8e7e76ba119b]::run_test::{closure#1}, ()>
[INFO] [stdout]   15:     0x5abdf066b052 - <std[617be2ca0a6fd877]::thread::lifecycle::spawn_unchecked<test[aada8e7e76ba119b]::run_test::{closure#1}, ()>::{closure#1} as core[a373ad73a504971]::ops::function::FnOnce<()>>::call_once::{shim:vtable#0}
[INFO] [stdout]   16:     0x5abdf06f80ff - <std[617be2ca0a6fd877]::sys::thread::unix::Thread>::new::thread_start
[INFO] [stdout]   17:     0x7cdafdf10dfa - <unknown>
[INFO] [stdout]   18:     0x7cdafdfa43d4 - clone
[INFO] [stdout]   19:                0x0 - <unknown>
[INFO] [stdout] 
[INFO] [stdout] ---- tests::test_switch_user stdout ----
[INFO] [stdout] 
[INFO] [stdout] thread 'tests::test_switch_user' (597) panicked at src/main.rs:99:13:
[INFO] [stdout] can't run tests as root
[INFO] [stdout] stack backtrace:
[INFO] [stdout]    0:     0x5abdf06f88a1 - <<std[617be2ca0a6fd877]::sys::backtrace::BacktraceLock>::print::DisplayBacktrace as core[a373ad73a504971]::fmt::Display>::fmt
[INFO] [stdout]    1:     0x5abdf070d22a - core[a373ad73a504971]::fmt::write
[INFO] [stdout]    2:     0x5abdf06fd2ac - <alloc[2e1b2a31b91974c5]::vec::Vec<u8> as core[a373ad73a504971]::io::write::Write>::write_fmt
[INFO] [stdout]    3:     0x5abdf06d2a16 - std[617be2ca0a6fd877]::panicking::default_hook::{closure#0}
[INFO] [stdout]    4:     0x5abdf06f0349 - std[617be2ca0a6fd877]::panicking::default_hook
[INFO] [stdout]    5:     0x5abdf06679a0 - test[aada8e7e76ba119b]::test_main_inner::{closure#0}
[INFO] [stdout]    6:     0x5abdf06f0502 - std[617be2ca0a6fd877]::panicking::panic_with_hook
[INFO] [stdout]    7:     0x5abdf06d2af4 - std[617be2ca0a6fd877]::panicking::panic_handler::{closure#0}
[INFO] [stdout]    8:     0x5abdf06cb029 - std[617be2ca0a6fd877]::sys::backtrace::__rust_end_short_backtrace::<std[617be2ca0a6fd877]::panicking::panic_handler::{closure#0}, !>
[INFO] [stdout]    9:     0x5abdf06d398d - __rustc[ea4f61d10b84890b]::rust_begin_unwind
[INFO] [stdout]   10:     0x5abdf070d95c - core[a373ad73a504971]::panicking::panic_fmt
[INFO] [stdout]   11:     0x5abdf0653365 - <ssh_key_dir[2659d487d946c90a]::tests::test_switch_user::{closure#0} as core[a373ad73a504971]::ops::function::FnOnce<()>>::call_once
[INFO] [stdout]   12:     0x5abdf065adeb - test[aada8e7e76ba119b]::__rust_begin_short_backtrace::<core[a373ad73a504971]::result::Result<(), alloc[2e1b2a31b91974c5]::string::String>, fn() -> core[a373ad73a504971]::result::Result<(), alloc[2e1b2a31b91974c5]::string::String>>
[INFO] [stdout]   13:     0x5abdf0667fc5 - test[aada8e7e76ba119b]::run_test::{closure#0}
[INFO] [stdout]   14:     0x5abdf06618b4 - std[617be2ca0a6fd877]::sys::backtrace::__rust_begin_short_backtrace::<test[aada8e7e76ba119b]::run_test::{closure#1}, ()>
[INFO] [stdout]   15:     0x5abdf066b052 - <std[617be2ca0a6fd877]::thread::lifecycle::spawn_unchecked<test[aada8e7e76ba119b]::run_test::{closure#1}, ()>::{closure#1} as core[a373ad73a504971]::ops::function::FnOnce<()>>::call_once::{shim:vtable#0}
[INFO] [stdout]   16:     0x5abdf06f80ff - <std[617be2ca0a6fd877]::sys::thread::unix::Thread>::new::thread_start
[INFO] [stdout]   17:     0x7cdafdf10dfa - <unknown>
[INFO] [stdout]   18:     0x7cdafdfa43d4 - clone
[INFO] [stdout]   19:                0x0 - <unknown>
[INFO] [stdout] 
[INFO] [stdout] 
[INFO] [stdout] failures:
[INFO] [stdout]     keys::tests::test_perms
[INFO] [stdout]     keys::tests::test_read_keys
[INFO] [stdout]     tests::test_switch_user
[INFO] [stdout] 
[INFO] [stdout] test result: FAILED. 2 passed; 3 failed; 0 ignored; 0 measured; 0 filtered out; finished in 0.00s
[INFO] [stdout] 
[INFO] running `Command { std: "docker" "inspect" "7fe19963a7764b696e7d536dd37bd59775dd6f68e98fca6e751ac46e5da9b283", kill_on_drop: false }`
[INFO] running `Command { std: "docker" "rm" "-f" "7fe19963a7764b696e7d536dd37bd59775dd6f68e98fca6e751ac46e5da9b283", kill_on_drop: false }`
[INFO] [stdout] 7fe19963a7764b696e7d536dd37bd59775dd6f68e98fca6e751ac46e5da9b283
