[INFO] fetching crate ssd1677-driver 0.1.0...
[INFO] testing ssd1677-driver-0.1.0 against 1.100.0-beta.1+cargoflags=--release for beta-release-1.100-2
[INFO] extracting crate ssd1677-driver 0.1.0 into /workspace/builds/worker-6-tc2/source
[INFO] started tweaking crates.io crate ssd1677-driver 0.1.0
[INFO] finished tweaking crates.io crate ssd1677-driver 0.1.0
[INFO] tweaked toml for crates.io crate ssd1677-driver 0.1.0 written to /workspace/builds/worker-6-tc2/source/Cargo.toml
[INFO] validating manifest of crates.io crate ssd1677-driver 0.1.0 on toolchain 1.100.0-beta.1
[INFO] running `Command { std: CARGO_HOME="/workspace/cargo-home" RUSTUP_HOME="/workspace/rustup-home" "/workspace/cargo-home/bin/cargo" "+1.100.0-beta.1" "metadata" "--manifest-path" "Cargo.toml" "--no-deps", kill_on_drop: false }`
[INFO] crate crates.io crate ssd1677-driver 0.1.0 already has a lockfile, it will not be regenerated
[INFO] running `Command { std: CARGO_HOME="/workspace/cargo-home" RUSTUP_HOME="/workspace/rustup-home" "/workspace/cargo-home/bin/cargo" "+1.100.0-beta.1" "fetch" "--manifest-path" "Cargo.toml", kill_on_drop: false }`
[INFO] [stderr] warning: `package.homepage` is redundant with `package.repository`
[INFO] [stderr]   --> Cargo.toml:32:12
[INFO] [stderr]    |
[INFO] [stderr] 32 | homepage = "https://codeberg.org/sebgab/SSD1677-driver"
[INFO] [stderr]    |            ^^^^^^^^^^^^^^^^^^^^^^^^^^^^^^^^^^^^^^^^^^^^
[INFO] [stderr] ...
[INFO] [stderr] 37 | repository = "https://codeberg.org/sebgab/SSD1677-driver"
[INFO] [stderr]    |              --------------------------------------------
[INFO] [stderr]    |
[INFO] [stderr]    = note: `cargo::redundant_homepage` is set to `warn` by default
[INFO] [stderr] help: consider removing `package.homepage`
[INFO] [stderr] warning: `ssd1677-driver` (manifest) generated 1 warning
[INFO] running `Command { std: "docker" "create" "-v" "/var/lib/crater-agent-workspace/builds/worker-6-tc2/source:/opt/rustwide/workdir:ro,Z" "-v" "/var/lib/crater-agent-workspace/builds/worker-6-tc2/target:/opt/rustwide/target:rw,Z" "-v" "/var/lib/crater-agent-workspace/cargo-home:/opt/rustwide/cargo-home:ro,Z" "-v" "/var/lib/crater-agent-workspace/rustup-home:/opt/rustwide/rustup-home:ro,Z" "-m" "1610612736" "--network" "none" "ghcr.io/rust-lang/crates-build-env/linux@sha256:77db811e55d90add9212f6832c23229e3de5f1c1f9905e8cb07319ea15df73ac" "sleep" "infinity", kill_on_drop: false }`
[INFO] [stdout] f968d07cb9ba1ff3cac6206623012d03a9d365a1f703d1c134eb5bd63da48ec1
[INFO] running `Command { std: "docker" "start" "f968d07cb9ba1ff3cac6206623012d03a9d365a1f703d1c134eb5bd63da48ec1", kill_on_drop: false }`
[INFO] running `Command { std: "docker" "inspect" "f968d07cb9ba1ff3cac6206623012d03a9d365a1f703d1c134eb5bd63da48ec1", kill_on_drop: false }`
[INFO] running `Command { std: "docker" "exec" "-e" "SOURCE_DIR=/opt/rustwide/workdir" "-e" "CARGO_HOME=/opt/rustwide/cargo-home" "-e" "RUSTUP_HOME=/opt/rustwide/rustup-home" "-e" "CARGO_TARGET_DIR=/opt/rustwide/target" "-w" "/opt/rustwide/workdir" "--user" "0:0" "f968d07cb9ba1ff3cac6206623012d03a9d365a1f703d1c134eb5bd63da48ec1" "/opt/rustwide/cargo-home/bin/cargo" "+1.100.0-beta.1" "metadata" "--no-deps" "--format-version=1", kill_on_drop: false }`
[INFO] running `Command { std: "docker" "inspect" "f968d07cb9ba1ff3cac6206623012d03a9d365a1f703d1c134eb5bd63da48ec1", kill_on_drop: false }`
[INFO] running `Command { std: "docker" "exec" "-e" "SOURCE_DIR=/opt/rustwide/workdir" "-e" "CARGO_HOME=/opt/rustwide/cargo-home" "-e" "RUSTUP_HOME=/opt/rustwide/rustup-home" "-e" "CARGO_TARGET_DIR=/opt/rustwide/target" "-e" "CARGO_INCREMENTAL=0" "-e" "RUST_BACKTRACE=full" "-e" "RUSTFLAGS=--cap-lints=warn" "-e" "RUSTDOCFLAGS=--cap-lints=warn" "-w" "/opt/rustwide/workdir" "--user" "0:0" "f968d07cb9ba1ff3cac6206623012d03a9d365a1f703d1c134eb5bd63da48ec1" "/opt/rustwide/cargo-home/bin/cargo" "+1.100.0-beta.1" "build" "--frozen" "--message-format=json" "--release", kill_on_drop: false }`
[INFO] [stderr] warning: `package.homepage` is redundant with `package.repository`
[INFO] [stderr]   --> Cargo.toml:32:12
[INFO] [stderr]    |
[INFO] [stderr] 32 | homepage = "https://codeberg.org/sebgab/SSD1677-driver"
[INFO] [stderr]    |            ^^^^^^^^^^^^^^^^^^^^^^^^^^^^^^^^^^^^^^^^^^^^
[INFO] [stderr] ...
[INFO] [stderr] 37 | repository = "https://codeberg.org/sebgab/SSD1677-driver"
[INFO] [stderr]    |              --------------------------------------------
[INFO] [stderr]    |
[INFO] [stderr]    = note: `cargo::redundant_homepage` is set to `warn` by default
[INFO] [stderr] help: consider removing `package.homepage`
[INFO] [stderr] warning: `ssd1677-driver` (manifest) generated 1 warning
[INFO] [stderr]    Compiling syn v2.0.117
[INFO] [stderr]    Compiling proc-macro-error-attr2 v2.0.0
[INFO] [stderr]    Compiling defmt-macros v1.0.1
[INFO] [stderr]    Compiling defmt v1.0.1
[INFO] [stderr]    Compiling az v1.2.1
[INFO] [stderr]    Compiling embedded-hal v1.0.0
[INFO] [stderr]    Compiling proc-macro-error2 v2.0.1
[INFO] [stderr]    Compiling thiserror-impl v2.0.18
[INFO] [stderr]    Compiling thiserror v2.0.18
[INFO] [stderr]    Compiling defmt-parser v1.0.0
[INFO] [stderr]    Compiling defmt v0.3.100
[INFO] [stderr]    Compiling embedded-graphics-core v0.4.1
[INFO] [stderr]    Compiling ssd1677-driver v0.1.0 (/opt/rustwide/workdir)
[INFO] [stdout] warning: use of deprecated module `core::usize`: all constants in this module replaced by associated constants on the type
[INFO] [stdout]   --> src/display.rs:20:11
[INFO] [stdout]    |
[INFO] [stdout] 20 | use core::usize;
[INFO] [stdout]    |           ^^^^^
[INFO] [stdout]    |
[INFO] [stdout]    = note: `#[warn(deprecated)]` on by default
[INFO] [stdout] 
[INFO] [stdout] 
[INFO] [stdout] warning: unused variable: `vsh1_voltage`
[INFO] [stdout]    --> src/command.rs:367:9
[INFO] [stdout]     |
[INFO] [stdout] 367 |         vsh1_voltage: f32,
[INFO] [stdout]     |         ^^^^^^^^^^^^ help: if this is intentional, prefix it with an underscore: `_vsh1_voltage`
[INFO] [stdout]     |
[INFO] [stdout]     = note: `#[warn(unused_variables)]` (part of `#[warn(unused)]`) on by default
[INFO] [stdout] 
[INFO] [stdout] 
[INFO] [stdout] warning: unused variable: `vsh2_voltage`
[INFO] [stdout]    --> src/command.rs:368:9
[INFO] [stdout]     |
[INFO] [stdout] 368 |         vsh2_voltage: f32,
[INFO] [stdout]     |         ^^^^^^^^^^^^ help: if this is intentional, prefix it with an underscore: `_vsh2_voltage`
[INFO] [stdout] 
[INFO] [stdout] 
[INFO] [stdout] warning: unused variable: `vsl_voltage`
[INFO] [stdout]    --> src/command.rs:369:9
[INFO] [stdout]     |
[INFO] [stdout] 369 |         vsl_voltage: f32,
[INFO] [stdout]     |         ^^^^^^^^^^^ help: if this is intentional, prefix it with an underscore: `_vsl_voltage`
[INFO] [stdout] 
[INFO] [stdout] 
[INFO] [stderr]     Finished `release` profile [optimized] target(s) in 8.74s
[INFO] [stderr] warning: the following packages contain code that will be rejected by a future version of Rust: proc-macro-error2 v2.0.1
[INFO] [stderr] note: to see what the problems were, use the option `--future-incompat-report`, or run `cargo report future-incompatibilities --id 7`
[INFO] running `Command { std: "docker" "inspect" "f968d07cb9ba1ff3cac6206623012d03a9d365a1f703d1c134eb5bd63da48ec1", kill_on_drop: false }`
[INFO] running `Command { std: "docker" "exec" "-e" "SOURCE_DIR=/opt/rustwide/workdir" "-e" "CARGO_HOME=/opt/rustwide/cargo-home" "-e" "RUSTUP_HOME=/opt/rustwide/rustup-home" "-e" "CARGO_TARGET_DIR=/opt/rustwide/target" "-e" "CARGO_INCREMENTAL=0" "-e" "RUST_BACKTRACE=full" "-e" "RUSTFLAGS=--cap-lints=warn" "-e" "RUSTDOCFLAGS=--cap-lints=warn" "-w" "/opt/rustwide/workdir" "--user" "0:0" "f968d07cb9ba1ff3cac6206623012d03a9d365a1f703d1c134eb5bd63da48ec1" "/opt/rustwide/cargo-home/bin/cargo" "+1.100.0-beta.1" "test" "--frozen" "--no-run" "--message-format=json" "--release", kill_on_drop: false }`
[INFO] [stderr] warning: `package.homepage` is redundant with `package.repository`
[INFO] [stderr]   --> Cargo.toml:32:12
[INFO] [stderr]    |
[INFO] [stderr] 32 | homepage = "https://codeberg.org/sebgab/SSD1677-driver"
[INFO] [stderr]    |            ^^^^^^^^^^^^^^^^^^^^^^^^^^^^^^^^^^^^^^^^^^^^
[INFO] [stderr] ...
[INFO] [stderr] 37 | repository = "https://codeberg.org/sebgab/SSD1677-driver"
[INFO] [stderr]    |              --------------------------------------------
[INFO] [stderr]    |
[INFO] [stderr]    = note: `cargo::redundant_homepage` is set to `warn` by default
[INFO] [stderr] help: consider removing `package.homepage`
[INFO] [stderr] warning: `ssd1677-driver` (manifest) generated 1 warning
[INFO] [stderr]    Compiling ssd1677-driver v0.1.0 (/opt/rustwide/workdir)
[INFO] [stdout] warning: use of deprecated module `core::usize`: all constants in this module replaced by associated constants on the type
[INFO] [stdout]   --> src/display.rs:20:11
[INFO] [stdout]    |
[INFO] [stdout] 20 | use core::usize;
[INFO] [stdout]    |           ^^^^^
[INFO] [stdout]    |
[INFO] [stdout]    = note: `#[warn(deprecated)]` on by default
[INFO] [stdout] 
[INFO] [stdout] 
[INFO] [stdout] warning: unused variable: `vsh1_voltage`
[INFO] [stdout]    --> src/command.rs:367:9
[INFO] [stdout]     |
[INFO] [stdout] 367 |         vsh1_voltage: f32,
[INFO] [stdout]     |         ^^^^^^^^^^^^ help: if this is intentional, prefix it with an underscore: `_vsh1_voltage`
[INFO] [stdout]     |
[INFO] [stdout]     = note: `#[warn(unused_variables)]` (part of `#[warn(unused)]`) on by default
[INFO] [stdout] 
[INFO] [stdout] 
[INFO] [stdout] warning: unused variable: `vsh2_voltage`
[INFO] [stdout]    --> src/command.rs:368:9
[INFO] [stdout]     |
[INFO] [stdout] 368 |         vsh2_voltage: f32,
[INFO] [stdout]     |         ^^^^^^^^^^^^ help: if this is intentional, prefix it with an underscore: `_vsh2_voltage`
[INFO] [stdout] 
[INFO] [stdout] 
[INFO] [stdout] warning: unused variable: `vsl_voltage`
[INFO] [stdout]    --> src/command.rs:369:9
[INFO] [stdout]     |
[INFO] [stdout] 369 |         vsl_voltage: f32,
[INFO] [stdout]     |         ^^^^^^^^^^^ help: if this is intentional, prefix it with an underscore: `_vsl_voltage`
[INFO] [stdout] 
[INFO] [stdout] 
[INFO] [stdout] warning: use of deprecated module `core::usize`: all constants in this module replaced by associated constants on the type
[INFO] [stdout]   --> src/display.rs:20:11
[INFO] [stdout]    |
[INFO] [stdout] 20 | use core::usize;
[INFO] [stdout]    |           ^^^^^
[INFO] [stdout]    |
[INFO] [stdout]    = note: `#[warn(deprecated)]` on by default
[INFO] [stdout] 
[INFO] [stdout] 
[INFO] [stdout] warning: unused variable: `vsh1_voltage`
[INFO] [stdout]    --> src/command.rs:367:9
[INFO] [stdout]     |
[INFO] [stdout] 367 |         vsh1_voltage: f32,
[INFO] [stdout]     |         ^^^^^^^^^^^^ help: if this is intentional, prefix it with an underscore: `_vsh1_voltage`
[INFO] [stdout]     |
[INFO] [stdout]     = note: `#[warn(unused_variables)]` (part of `#[warn(unused)]`) on by default
[INFO] [stdout] 
[INFO] [stdout] 
[INFO] [stdout] warning: unused variable: `vsh2_voltage`
[INFO] [stdout]    --> src/command.rs:368:9
[INFO] [stdout]     |
[INFO] [stdout] 368 |         vsh2_voltage: f32,
[INFO] [stdout]     |         ^^^^^^^^^^^^ help: if this is intentional, prefix it with an underscore: `_vsh2_voltage`
[INFO] [stdout] 
[INFO] [stdout] 
[INFO] [stdout] warning: unused variable: `vsl_voltage`
[INFO] [stdout]    --> src/command.rs:369:9
[INFO] [stdout]     |
[INFO] [stdout] 369 |         vsl_voltage: f32,
[INFO] [stdout]     |         ^^^^^^^^^^^ help: if this is intentional, prefix it with an underscore: `_vsl_voltage`
[INFO] [stdout] 
[INFO] [stdout] 
[INFO] [stderr]     Finished `release` profile [optimized] target(s) in 0.32s
[INFO] [stderr] warning: the following packages contain code that will be rejected by a future version of Rust: proc-macro-error2 v2.0.1
[INFO] [stderr] note: to see what the problems were, use the option `--future-incompat-report`, or run `cargo report future-incompatibilities --id 7`
[INFO] running `Command { std: "docker" "inspect" "f968d07cb9ba1ff3cac6206623012d03a9d365a1f703d1c134eb5bd63da48ec1", kill_on_drop: false }`
[INFO] running `Command { std: "docker" "exec" "-e" "SOURCE_DIR=/opt/rustwide/workdir" "-e" "CARGO_HOME=/opt/rustwide/cargo-home" "-e" "RUSTUP_HOME=/opt/rustwide/rustup-home" "-e" "CARGO_TARGET_DIR=/opt/rustwide/target" "-e" "CARGO_INCREMENTAL=0" "-e" "RUST_BACKTRACE=full" "-e" "RUSTFLAGS=--cap-lints=warn" "-e" "RUSTDOCFLAGS=--cap-lints=warn" "-w" "/opt/rustwide/workdir" "--user" "0:0" "f968d07cb9ba1ff3cac6206623012d03a9d365a1f703d1c134eb5bd63da48ec1" "/opt/rustwide/cargo-home/bin/cargo" "+1.100.0-beta.1" "test" "--frozen" "--release", kill_on_drop: false }`
[INFO] [stderr] warning: `package.homepage` is redundant with `package.repository`
[INFO] [stderr]   --> Cargo.toml:32:12
[INFO] [stderr]    |
[INFO] [stderr] 32 | homepage = "https://codeberg.org/sebgab/SSD1677-driver"
[INFO] [stderr]    |            ^^^^^^^^^^^^^^^^^^^^^^^^^^^^^^^^^^^^^^^^^^^^
[INFO] [stderr] ...
[INFO] [stderr] 37 | repository = "https://codeberg.org/sebgab/SSD1677-driver"
[INFO] [stderr]    |              --------------------------------------------
[INFO] [stderr]    |
[INFO] [stderr]    = note: `cargo::redundant_homepage` is set to `warn` by default
[INFO] [stderr] help: consider removing `package.homepage`
[INFO] [stderr] warning: `ssd1677-driver` (manifest) generated 1 warning
[INFO] [stderr] warning: use of deprecated module `core::usize`: all constants in this module replaced by associated constants on the type
[INFO] [stderr]   --> src/display.rs:20:11
[INFO] [stderr]    |
[INFO] [stderr] 20 | use core::usize;
[INFO] [stderr]    |           ^^^^^
[INFO] [stderr]    |
[INFO] [stderr]    = note: `#[warn(deprecated)]` on by default
[INFO] [stderr] 
[INFO] [stderr] warning: unused variable: `vsh1_voltage`
[INFO] [stderr]    --> src/command.rs:367:9
[INFO] [stderr]     |
[INFO] [stderr] 367 |         vsh1_voltage: f32,
[INFO] [stderr]     |         ^^^^^^^^^^^^ help: if this is intentional, prefix it with an underscore: `_vsh1_voltage`
[INFO] [stderr]     |
[INFO] [stderr]     = note: `#[warn(unused_variables)]` (part of `#[warn(unused)]`) on by default
[INFO] [stderr] 
[INFO] [stderr] warning: unused variable: `vsh2_voltage`
[INFO] [stderr]    --> src/command.rs:368:9
[INFO] [stderr]     |
[INFO] [stderr] 368 |         vsh2_voltage: f32,
[INFO] [stderr]     |         ^^^^^^^^^^^^ help: if this is intentional, prefix it with an underscore: `_vsh2_voltage`
[INFO] [stderr] 
[INFO] [stderr] warning: unused variable: `vsl_voltage`
[INFO] [stderr]    --> src/command.rs:369:9
[INFO] [stderr]     |
[INFO] [stderr] 369 |         vsl_voltage: f32,
[INFO] [stderr]     |         ^^^^^^^^^^^ help: if this is intentional, prefix it with an underscore: `_vsl_voltage`
[INFO] [stderr] 
[INFO] [stderr] warning: `ssd1677-driver` (lib) generated 4 warnings (run `cargo fix --lib -p ssd1677-driver` to apply 3 suggestions)
[INFO] [stderr] warning: `ssd1677-driver` (lib test) generated 4 warnings (4 duplicates)
[INFO] [stderr]     Finished `release` profile [optimized] target(s) in 0.06s
[INFO] [stderr] warning: the following packages contain code that will be rejected by a future version of Rust: proc-macro-error2 v2.0.1
[INFO] [stderr] note: to see what the problems were, use the option `--future-incompat-report`, or run `cargo report future-incompatibilities --id 7`
[INFO] [stderr]      Running unittests src/lib.rs (/opt/rustwide/target/release/build/ssd1677-driver/76416682a20e21de/out/ssd1677_driver-76416682a20e21de)
[INFO] [stderr]    Doc-tests ssd1677_driver
[INFO] [stdout] 
[INFO] [stdout] running 0 tests
[INFO] [stdout] 
[INFO] [stdout] test result: ok. 0 passed; 0 failed; 0 ignored; 0 measured; 0 filtered out; finished in 0.00s
[INFO] [stdout] 
[INFO] [stdout] 
[INFO] [stdout] running 1 test
[INFO] [stdout] test src/lib.rs - (line 39) ... FAILED
[INFO] [stdout] 
[INFO] [stdout] failures:
[INFO] [stdout] 
[INFO] [stdout] ---- src/lib.rs - (line 39) stdout ----
[INFO] [stdout] error[E0432]: unresolved import `ssd1677`
[INFO] [stdout]   --> src/lib.rs:40:5
[INFO] [stdout]    |
[INFO] [stdout] 40 | use ssd1677::{self, interface::Interface4Pin};
[INFO] [stdout]    |     ^^^^^^^ use of unresolved module or unlinked crate `ssd1677`
[INFO] [stdout]    |
[INFO] [stdout]    = help: if you wanted to use a crate named `ssd1677`, use `cargo add ssd1677` to add it to your `Cargo.toml`
[INFO] [stdout] 
[INFO] [stdout] error[E0433]: cannot find module or crate `gpio` in this scope
[INFO] [stdout]   --> src/lib.rs:44:34
[INFO] [stdout]    |
[INFO] [stdout] 44 |     let dc = Output::new(dc_pin, gpio::Level::Low, gpio::Speed::Medium);
[INFO] [stdout]    |                                  ^^^^ use of unresolved module or unlinked crate `gpio`
[INFO] [stdout]    |
[INFO] [stdout]    = help: if you wanted to use a crate named `gpio`, use `cargo add gpio` to add it to your `Cargo.toml`
[INFO] [stdout] 
[INFO] [stdout] error[E0433]: cannot find module or crate `gpio` in this scope
[INFO] [stdout]   --> src/lib.rs:44:52
[INFO] [stdout]    |
[INFO] [stdout] 44 |     let dc = Output::new(dc_pin, gpio::Level::Low, gpio::Speed::Medium);
[INFO] [stdout]    |                                                    ^^^^ use of unresolved module or unlinked crate `gpio`
[INFO] [stdout]    |
[INFO] [stdout]    = help: if you wanted to use a crate named `gpio`, use `cargo add gpio` to add it to your `Cargo.toml`
[INFO] [stdout] 
[INFO] [stdout] error[E0433]: cannot find module or crate `gpio` in this scope
[INFO] [stdout]   --> src/lib.rs:45:40
[INFO] [stdout]    |
[INFO] [stdout] 45 |     let reset = Output::new(reset_pin, gpio::Level::High, gpio::Speed::Medium);
[INFO] [stdout]    |                                        ^^^^ use of unresolved module or unlinked crate `gpio`
[INFO] [stdout]    |
[INFO] [stdout]    = help: if you wanted to use a crate named `gpio`, use `cargo add gpio` to add it to your `Cargo.toml`
[INFO] [stdout] 
[INFO] [stdout] error[E0433]: cannot find module or crate `gpio` in this scope
[INFO] [stdout]   --> src/lib.rs:45:59
[INFO] [stdout]    |
[INFO] [stdout] 45 |     let reset = Output::new(reset_pin, gpio::Level::High, gpio::Speed::Medium);
[INFO] [stdout]    |                                                           ^^^^ use of unresolved module or unlinked crate `gpio`
[INFO] [stdout]    |
[INFO] [stdout]    = help: if you wanted to use a crate named `gpio`, use `cargo add gpio` to add it to your `Cargo.toml`
[INFO] [stdout] 
[INFO] [stdout] error[E0433]: cannot find module or crate `gpio` in this scope
[INFO] [stdout]   --> src/lib.rs:46:37
[INFO] [stdout]    |
[INFO] [stdout] 46 |     let busy = Input::new(busy_pin, gpio::Pull::None);
[INFO] [stdout]    |                                     ^^^^ use of unresolved module or unlinked crate `gpio`
[INFO] [stdout]    |
[INFO] [stdout]    = help: if you wanted to use a crate named `gpio`, use `cargo add gpio` to add it to your `Cargo.toml`
[INFO] [stdout] 
[INFO] [stdout] error[E0433]: cannot find type `Output` in this scope
[INFO] [stdout]   --> src/lib.rs:44:14
[INFO] [stdout]    |
[INFO] [stdout] 44 |     let dc = Output::new(dc_pin, gpio::Level::Low, gpio::Speed::Medium);
[INFO] [stdout]    |              ^^^^^^ use of undeclared type `Output`
[INFO] [stdout]    |
[INFO] [stdout] help: consider importing this struct
[INFO] [stdout]    |
[INFO] [stdout] 40 + use std::process::Output;
[INFO] [stdout]    |
[INFO] [stdout] 
[INFO] [stdout] error[E0425]: cannot find value `dc_pin` in this scope
[INFO] [stdout]   --> src/lib.rs:44:26
[INFO] [stdout]    |
[INFO] [stdout] 44 |     let dc = Output::new(dc_pin, gpio::Level::Low, gpio::Speed::Medium);
[INFO] [stdout]    |                          ^^^^^^ not found in this scope
[INFO] [stdout] 
[INFO] [stdout] error[E0433]: cannot find type `Output` in this scope
[INFO] [stdout]   --> src/lib.rs:45:17
[INFO] [stdout]    |
[INFO] [stdout] 45 |     let reset = Output::new(reset_pin, gpio::Level::High, gpio::Speed::Medium);
[INFO] [stdout]    |                 ^^^^^^ use of undeclared type `Output`
[INFO] [stdout]    |
[INFO] [stdout] help: consider importing this struct
[INFO] [stdout]    |
[INFO] [stdout] 40 + use std::process::Output;
[INFO] [stdout]    |
[INFO] [stdout] 
[INFO] [stdout] error[E0425]: cannot find value `reset_pin` in this scope
[INFO] [stdout]   --> src/lib.rs:45:29
[INFO] [stdout]    |
[INFO] [stdout] 45 |     let reset = Output::new(reset_pin, gpio::Level::High, gpio::Speed::Medium);
[INFO] [stdout]    |                             ^^^^^^^^^ not found in this scope
[INFO] [stdout] 
[INFO] [stdout] error[E0425]: cannot find value `busy_pin` in this scope
[INFO] [stdout]   --> src/lib.rs:46:27
[INFO] [stdout]    |
[INFO] [stdout] 46 |     let busy = Input::new(busy_pin, gpio::Pull::None);
[INFO] [stdout]    |                           ^^^^^^^^ not found in this scope
[INFO] [stdout] 
[INFO] [stdout] error[E0425]: cannot find value `display_spi_device` in this scope
[INFO] [stdout]   --> src/lib.rs:60:40
[INFO] [stdout]    |
[INFO] [stdout] 60 |     let interface = Interface4Pin::new(display_spi_device, dc, reset, busy);
[INFO] [stdout]    |                                        ^^^^^^^^^^^^^^^^^^ not found in this scope
[INFO] [stdout] 
[INFO] [stdout] error[E0425]: cannot find value `Delay` in this scope
[INFO] [stdout]   --> src/lib.rs:71:24
[INFO] [stdout]    |
[INFO] [stdout] 71 |     display.reset(&mut Delay).expect("Failed to reset display");
[INFO] [stdout]    |                        ^^^^^ not found in this scope
[INFO] [stdout] 
[INFO] [stdout] error[E0433]: cannot find type `Input` in this scope
[INFO] [stdout]   --> src/lib.rs:46:16
[INFO] [stdout]    |
[INFO] [stdout] 46 |     let busy = Input::new(busy_pin, gpio::Pull::None);
[INFO] [stdout]    |                ^^^^^ use of undeclared type `Input`
[INFO] [stdout] 
[INFO] [stdout] error[E0308]: mismatched types
[INFO] [stdout]   --> src/lib.rs:42:14
[INFO] [stdout]    |
[INFO] [stdout] 42 | fn main() -> ! {
[INFO] [stdout]    |    ----      ^ expected `!`, found `()`
[INFO] [stdout]    |    |
[INFO] [stdout]    |    implicitly returns `()` as its body has no tail or `return` expression
[INFO] [stdout]    |
[INFO] [stdout]    = note:   expected type `!`
[INFO] [stdout]            found unit type `()`
[INFO] [stdout] 
[INFO] [stdout] error: aborting due to 15 previous errors
[INFO] [stdout] 
[INFO] [stdout] Some errors have detailed explanations: E0308, E0425, E0432, E0433.
[INFO] [stdout] For more information about an error, try `rustc --explain E0308`.
[INFO] [stdout] Couldn't compile the test.
[INFO] [stdout] 
[INFO] [stdout] failures:
[INFO] [stdout]     src/lib.rs - (line 39)
[INFO] [stdout] 
[INFO] [stdout] test result: FAILED. 0 passed; 1 failed; 0 ignored; 0 measured; 0 filtered out; finished in 0.14s
[INFO] [stdout] 
[INFO] [stderr] error: doctest failed, to rerun pass `--doc`
[INFO] running `Command { std: "docker" "inspect" "f968d07cb9ba1ff3cac6206623012d03a9d365a1f703d1c134eb5bd63da48ec1", kill_on_drop: false }`
[INFO] running `Command { std: "docker" "rm" "-f" "f968d07cb9ba1ff3cac6206623012d03a9d365a1f703d1c134eb5bd63da48ec1", kill_on_drop: false }`
[INFO] [stdout] f968d07cb9ba1ff3cac6206623012d03a9d365a1f703d1c134eb5bd63da48ec1
