[INFO] fetching crate ssb_renderer 0.0.0...
[INFO] testing ssb_renderer-0.0.0 against 1.99.0-beta.8+cargoflags=--release for beta-release-1.100-2
[INFO] extracting crate ssb_renderer 0.0.0 into /workspace/builds/worker-4-tc1/source
[INFO] started tweaking crates.io crate ssb_renderer 0.0.0
[INFO] finished tweaking crates.io crate ssb_renderer 0.0.0
[INFO] tweaked toml for crates.io crate ssb_renderer 0.0.0 written to /workspace/builds/worker-4-tc1/source/Cargo.toml
[INFO] validating manifest of crates.io crate ssb_renderer 0.0.0 on toolchain 1.99.0-beta.8
[INFO] running `Command { std: CARGO_HOME="/workspace/cargo-home" RUSTUP_HOME="/workspace/rustup-home" "/workspace/cargo-home/bin/cargo" "+1.99.0-beta.8" "metadata" "--manifest-path" "Cargo.toml" "--no-deps", kill_on_drop: false }`
[INFO] running `Command { std: CARGO_HOME="/workspace/cargo-home" RUSTUP_HOME="/workspace/rustup-home" "/workspace/cargo-home/bin/cargo" "+1.99.0-beta.8" "generate-lockfile" "--manifest-path" "Cargo.toml", kill_on_drop: false }`
[INFO] [stderr]     Updating crates.io index
[INFO] [stderr]      Locking 187 packages to highest compatible versions
[INFO] [stderr]       Adding cgmath v0.17.0 (available: v0.18.0)
[INFO] [stderr]       Adding font-loader v0.8.0 (available: v0.11.0)
[INFO] [stderr]       Adding gl32 v0.1.1 (available: v0.2.0)
[INFO] [stderr]       Adding glutin v0.19.0 (available: v0.32.3)
[INFO] [stderr]       Adding glyph_brush v0.4.3 (available: v0.7.12)
[INFO] [stderr]       Adding image v0.21.3 (available: v0.25.10)
[INFO] [stderr]       Adding lyon v0.13.5 (available: v1.0.19)
[INFO] [stderr]       Adding pest v2.1.3 (available: v2.9.4)
[INFO] [stderr]       Adding pest_derive v2.1.0 (available: v2.9.4)
[INFO] [stderr]       Adding pest_generator v2.1.3 (available: v2.9.4)
[INFO] [stderr]       Adding pest_meta v2.1.3 (available: v2.9.4)
[INFO] [stderr]       Adding rusttype v0.7.9 (available: v0.9.3)
[INFO] [stderr]       Adding ssb_parser v0.0.0 (available: v0.4.0)
[INFO] running `Command { std: CARGO_HOME="/workspace/cargo-home" RUSTUP_HOME="/workspace/rustup-home" "/workspace/cargo-home/bin/cargo" "+1.99.0-beta.8" "fetch" "--manifest-path" "Cargo.toml", kill_on_drop: false }`
[INFO] [stderr]  Downloading crates ...
[INFO] [stderr]   Downloaded ssb_parser v0.0.0
[INFO] [stderr]   Downloaded pest_generator v2.1.3
[INFO] [stderr]   Downloaded pest v2.1.3
[INFO] [stderr]   Downloaded pest_derive v2.1.0
[INFO] [stderr]   Downloaded pest_meta v2.1.3
[INFO] [stderr]   Downloaded wayland-commons v0.21.13
[INFO] [stderr]   Downloaded sid v0.5.2
[INFO] [stderr]   Downloaded lyon_path v0.13.2
[INFO] [stderr]   Downloaded glyph_brush v0.4.3
[INFO] [stderr]   Downloaded dlib v0.4.2
[INFO] [stderr]   Downloaded wayland-scanner v0.21.13
[INFO] [stderr]   Downloaded euclid_macros v0.1.0
[INFO] [stderr]   Downloaded lyon v0.13.5
[INFO] [stderr]   Downloaded glyph_brush_layout v0.1.9
[INFO] [stderr]   Downloaded wayland-sys v0.21.13
[INFO] [stderr]   Downloaded line_drawing v0.7.0
[INFO] [stderr]   Downloaded osmesa-sys v0.1.2
[INFO] [stderr]   Downloaded lyon_algorithms v0.13.4
[INFO] [stderr]   Downloaded android_glue v0.2.3
[INFO] [stderr]   Downloaded png v0.14.1
[INFO] [stderr]   Downloaded lyon_geom v0.12.7
[INFO] [stderr]   Downloaded owning_ref v0.4.1
[INFO] [stderr]   Downloaded font-loader v0.8.0
[INFO] [stderr]   Downloaded gl32 v0.1.1
[INFO] [stderr]   Downloaded andrew v0.2.1
[INFO] [stderr]   Downloaded parking_lot v0.7.1
[INFO] [stderr]   Downloaded parking_lot_core v0.4.0
[INFO] [stderr]   Downloaded cgl v0.2.3
[INFO] [stderr]   Downloaded core-text v10.0.0
[INFO] [stderr]   Downloaded servo-fontconfig v0.4.0
[INFO] [stderr]   Downloaded rusttype v0.8.3
[INFO] [stderr]   Downloaded stb_truetype v0.3.1
[INFO] [stderr]   Downloaded lock_api v0.1.5
[INFO] [stderr]   Downloaded core-graphics v0.17.3
[INFO] [stderr]   Downloaded rusttype v0.7.9
[INFO] [stderr]   Downloaded crossbeam-deque v0.7.4
[INFO] [stderr]   Downloaded gl_generator v0.10.0
[INFO] [stderr]   Downloaded gl_generator v0.13.1
[INFO] [stderr]   Downloaded core-graphics v0.14.0
[INFO] [stderr]   Downloaded gleam v0.6.19
[INFO] [stderr]   Downloaded glutin v0.19.0
[INFO] [stderr]   Downloaded cocoa v0.18.5
[INFO] [stderr]   Downloaded wayland-client v0.21.13
[INFO] [stderr]   Downloaded euclid v0.19.9
[INFO] [stderr]   Downloaded xi-unicode v0.2.1
[INFO] [stderr]   Downloaded hashbrown v0.3.1
[INFO] [stderr]   Downloaded wayland-protocols v0.21.13
[INFO] [stderr]   Downloaded cgmath v0.17.0
[INFO] [stderr]   Downloaded smithay-client-toolkit v0.4.6
[INFO] [stderr]   Downloaded image v0.21.3
[INFO] [stderr]   Downloaded lyon_tessellation v0.13.5
[INFO] [stderr]   Downloaded winit v0.18.1
[INFO] [stderr]   Downloaded nix v0.14.1
[INFO] [stderr]   Downloaded expat-sys v2.1.6
[INFO] [stderr]   Downloaded tiff v0.2.2
[INFO] [stderr]   Downloaded servo-fontconfig-sys v4.0.9
[INFO] [stderr]   Downloaded servo-freetype-sys v4.0.5
[INFO] running `Command { std: "docker" "create" "-v" "/var/lib/crater-agent-workspace/builds/worker-4-tc1/source:/opt/rustwide/workdir:ro,Z" "-v" "/var/lib/crater-agent-workspace/builds/worker-4-tc1/target:/opt/rustwide/target:rw,Z" "-v" "/var/lib/crater-agent-workspace/cargo-home:/opt/rustwide/cargo-home:ro,Z" "-v" "/var/lib/crater-agent-workspace/rustup-home:/opt/rustwide/rustup-home:ro,Z" "-m" "1610612736" "--network" "none" "ghcr.io/rust-lang/crates-build-env/linux@sha256:77db811e55d90add9212f6832c23229e3de5f1c1f9905e8cb07319ea15df73ac" "sleep" "infinity", kill_on_drop: false }`
[INFO] [stdout] ead487ea54f3e0dfff1c2fe77e83320d27182f6793c7aaa494c210fac1c6ff28
[INFO] running `Command { std: "docker" "start" "ead487ea54f3e0dfff1c2fe77e83320d27182f6793c7aaa494c210fac1c6ff28", kill_on_drop: false }`
[INFO] running `Command { std: "docker" "inspect" "ead487ea54f3e0dfff1c2fe77e83320d27182f6793c7aaa494c210fac1c6ff28", kill_on_drop: false }`
[INFO] running `Command { std: "docker" "exec" "-e" "SOURCE_DIR=/opt/rustwide/workdir" "-e" "CARGO_HOME=/opt/rustwide/cargo-home" "-e" "RUSTUP_HOME=/opt/rustwide/rustup-home" "-e" "CARGO_TARGET_DIR=/opt/rustwide/target" "-w" "/opt/rustwide/workdir" "--user" "0:0" "ead487ea54f3e0dfff1c2fe77e83320d27182f6793c7aaa494c210fac1c6ff28" "/opt/rustwide/cargo-home/bin/cargo" "+1.99.0-beta.8" "metadata" "--no-deps" "--format-version=1", kill_on_drop: false }`
[INFO] running `Command { std: "docker" "inspect" "ead487ea54f3e0dfff1c2fe77e83320d27182f6793c7aaa494c210fac1c6ff28", kill_on_drop: false }`
[INFO] running `Command { std: "docker" "exec" "-e" "SOURCE_DIR=/opt/rustwide/workdir" "-e" "CARGO_HOME=/opt/rustwide/cargo-home" "-e" "RUSTUP_HOME=/opt/rustwide/rustup-home" "-e" "CARGO_TARGET_DIR=/opt/rustwide/target" "-e" "CARGO_INCREMENTAL=0" "-e" "RUST_BACKTRACE=full" "-e" "RUSTFLAGS=--cap-lints=warn" "-e" "RUSTDOCFLAGS=--cap-lints=warn" "-w" "/opt/rustwide/workdir" "--user" "0:0" "ead487ea54f3e0dfff1c2fe77e83320d27182f6793c7aaa494c210fac1c6ff28" "/opt/rustwide/cargo-home/bin/cargo" "+1.99.0-beta.8" "build" "--frozen" "--message-format=json" "--release", kill_on_drop: false }`
[INFO] [stderr]    Compiling xml-rs v0.8.29
[INFO] [stderr]    Compiling maybe-uninit v2.0.0
[INFO] [stderr]    Compiling memoffset v0.5.6
[INFO] [stderr]    Compiling crossbeam-utils v0.7.2
[INFO] [stderr]    Compiling syn v0.15.44
[INFO] [stderr]    Compiling crossbeam-epoch v0.8.2
[INFO] [stderr]    Compiling approx v0.3.2
[INFO] [stderr]    Compiling khronos_api v3.1.0
[INFO] [stderr]    Compiling stb_truetype v0.3.1
[INFO] [stderr]    Compiling libloading v0.6.7
[INFO] [stderr]    Compiling ordered-float v1.1.1
[INFO] [stderr]    Compiling cmake v0.1.58
[INFO] [stderr]    Compiling nix v0.14.1
[INFO] [stderr]    Compiling linked-hash-map v0.5.6
[INFO] [stderr]    Compiling semver-parser v0.7.0
[INFO] [stderr]    Compiling rand v0.6.5
[INFO] [stderr]    Compiling semver v0.9.0
[INFO] [stderr]    Compiling arrayvec v0.4.12
[INFO] [stderr]    Compiling dlib v0.4.2
[INFO] [stderr]    Compiling nodrop v0.1.14
[INFO] [stderr]    Compiling wayland-sys v0.21.13
[INFO] [stderr]    Compiling ucd-trie v0.1.7
[INFO] [stderr]    Compiling owning_ref v0.4.1
[INFO] [stderr]    Compiling smallvec v0.6.14
[INFO] [stderr]    Compiling servo-fontconfig-sys v4.0.9
[INFO] [stderr]    Compiling x11-dl v2.21.0
[INFO] [stderr]    Compiling pest v2.1.3
[INFO] [stderr]    Compiling line_drawing v0.7.0
[INFO] [stderr]    Compiling expat-sys v2.1.6
[INFO] [stderr]    Compiling servo-freetype-sys v4.0.5
[INFO] [stderr]    Compiling rustc_version v0.2.3
[INFO] [stderr]    Compiling num-traits v0.1.43
[INFO] [stderr]    Compiling xdg v2.5.2
[INFO] [stderr]    Compiling maplit v1.0.2
[INFO] [stderr]    Compiling scopeguard v0.3.3
[INFO] [stderr]    Compiling adler32 v1.2.0
[INFO] [stderr]    Compiling lock_api v0.1.5
[INFO] [stderr]    Compiling sid v0.5.2
[INFO] [stderr]    Compiling parking_lot_core v0.4.0
[INFO] [stderr]    Compiling syn v1.0.109
[INFO] [stderr]    Compiling memmap v0.7.0
[INFO] [stderr]    Compiling num-rational v0.2.4
[INFO] [stderr]    Compiling lzw v0.10.0
[INFO] [stderr]    Compiling deflate v0.7.20
[INFO] [stderr]    Compiling inflate v0.4.5
[INFO] [stderr]    Compiling crossbeam-deque v0.7.4
[INFO] [stderr]    Compiling num-iter v0.1.46
[INFO] [stderr]    Compiling shared_library v0.1.9
[INFO] [stderr]    Compiling percent-encoding v1.0.1
[INFO] [stderr]    Compiling rusttype v0.8.3
[INFO] [stderr]    Compiling cgmath v0.17.0
[INFO] [stderr]    Compiling xi-unicode v0.2.1
[INFO] [stderr]    Compiling pest_meta v2.1.3
[INFO] [stderr]    Compiling gif v0.10.3
[INFO] [stderr]    Compiling twox-hash v1.6.3
[INFO] [stderr]    Compiling osmesa-sys v0.1.2
[INFO] [stderr]    Compiling wayland-scanner v0.21.13
[INFO] [stderr]    Compiling gl_generator v0.10.0
[INFO] [stderr]    Compiling parking_lot v0.7.1
[INFO] [stderr]    Compiling rusttype v0.7.9
[INFO] [stderr]    Compiling andrew v0.2.1
[INFO] [stderr]    Compiling glyph_brush_layout v0.1.9
[INFO] [stderr]    Compiling png v0.14.1
[INFO] [stderr]    Compiling servo-fontconfig v0.4.0
[INFO] [stderr]    Compiling jpeg-decoder v0.1.22
[INFO] [stderr]    Compiling scoped_threadpool v0.1.9
[INFO] [stderr]    Compiling glutin v0.19.0
[INFO] [stderr]    Compiling gl32 v0.1.1
[INFO] [stderr]    Compiling hashbrown v0.3.1
[INFO] [stderr]    Compiling wayland-client v0.21.13
[INFO] [stderr]    Compiling wayland-protocols v0.21.13
[INFO] [stderr]    Compiling font-loader v0.8.0
[INFO] [stderr]    Compiling glyph_brush v0.4.3
[INFO] [stderr]    Compiling pest_generator v2.1.3
[INFO] [stderr]    Compiling euclid_macros v0.1.0
[INFO] [stderr]    Compiling num-derive v0.2.5
[INFO] [stderr]    Compiling euclid v0.19.9
[INFO] [stderr]    Compiling pest_derive v2.1.0
[INFO] [stderr]    Compiling wayland-commons v0.21.13
[INFO] [stderr]    Compiling ssb_parser v0.0.0
[INFO] [stderr]    Compiling tiff v0.2.2
[INFO] [stderr]    Compiling lyon_geom v0.12.7
[INFO] [stderr]    Compiling image v0.21.3
[INFO] [stderr]    Compiling lyon_path v0.13.2
[INFO] [stderr]    Compiling lyon_algorithms v0.13.4
[INFO] [stderr]    Compiling lyon_tessellation v0.13.5
[INFO] [stderr]    Compiling lyon v0.13.5
[INFO] [stderr]    Compiling smithay-client-toolkit v0.4.6
[INFO] [stderr]    Compiling winit v0.18.1
[INFO] [stderr]    Compiling ssb_renderer v0.0.0 (/opt/rustwide/workdir)
[INFO] [stdout] warning: trait objects without an explicit `dyn` are deprecated
[INFO] [stdout]   --> src/gl_utils/error.rs:11:24
[INFO] [stdout]    |
[INFO] [stdout] 11 |     source: Option<Box<Error>>
[INFO] [stdout]    |                        ^^^^^
[INFO] [stdout]    |
[INFO] [stdout]    = warning: this is accepted in the current edition (Rust 2018) but is a hard error in Rust 2021!
[INFO] [stdout]    = note: for more information, see <https://doc.rust-lang.org/edition-guide/rust-2021/warnings-promoted-to-error.html>
[INFO] [stdout]    = note: `#[warn(bare_trait_objects)]` (part of `#[warn(rust_2021_compatibility)]`) on by default
[INFO] [stdout] help: if this is a dyn-compatible trait, use `dyn`
[INFO] [stdout]    |
[INFO] [stdout] 11 |     source: Option<Box<dyn Error>>
[INFO] [stdout]    |                        +++
[INFO] [stdout] 
[INFO] [stdout] 
[INFO] [stdout] warning: trait objects without an explicit `dyn` are deprecated
[INFO] [stdout]   --> src/gl_utils/error.rs:19:55
[INFO] [stdout]    |
[INFO] [stdout] 19 |     pub fn new_with_source(message: &str, source: Box<Error>) -> Self {
[INFO] [stdout]    |                                                       ^^^^^
[INFO] [stdout]    |
[INFO] [stdout]    = warning: this is accepted in the current edition (Rust 2018) but is a hard error in Rust 2021!
[INFO] [stdout]    = note: for more information, see <https://doc.rust-lang.org/edition-guide/rust-2021/warnings-promoted-to-error.html>
[INFO] [stdout] help: if this is a dyn-compatible trait, use `dyn`
[INFO] [stdout]    |
[INFO] [stdout] 19 |     pub fn new_with_source(message: &str, source: Box<dyn Error>) -> Self {
[INFO] [stdout]    |                                                       +++
[INFO] [stdout] 
[INFO] [stdout] 
[INFO] [stderr]     Finished `release` profile [optimized] target(s) in 1m 30s
[INFO] [stderr] warning: the following packages contain code that will be rejected by a future version of Rust: glutin v0.19.0, winit v0.18.1
[INFO] [stderr] note: to see what the problems were, use the option `--future-incompat-report`, or run `cargo report future-incompatibilities --id 2`
[INFO] running `Command { std: "docker" "inspect" "ead487ea54f3e0dfff1c2fe77e83320d27182f6793c7aaa494c210fac1c6ff28", kill_on_drop: false }`
[INFO] running `Command { std: "docker" "exec" "-e" "SOURCE_DIR=/opt/rustwide/workdir" "-e" "CARGO_HOME=/opt/rustwide/cargo-home" "-e" "RUSTUP_HOME=/opt/rustwide/rustup-home" "-e" "CARGO_TARGET_DIR=/opt/rustwide/target" "-e" "CARGO_INCREMENTAL=0" "-e" "RUST_BACKTRACE=full" "-e" "RUSTFLAGS=--cap-lints=warn" "-e" "RUSTDOCFLAGS=--cap-lints=warn" "-w" "/opt/rustwide/workdir" "--user" "0:0" "ead487ea54f3e0dfff1c2fe77e83320d27182f6793c7aaa494c210fac1c6ff28" "/opt/rustwide/cargo-home/bin/cargo" "+1.99.0-beta.8" "test" "--frozen" "--no-run" "--message-format=json" "--release", kill_on_drop: false }`
[INFO] [stderr]    Compiling ssb_renderer v0.0.0 (/opt/rustwide/workdir)
[INFO] [stdout] warning: trait objects without an explicit `dyn` are deprecated
[INFO] [stdout]   --> src/gl_utils/error.rs:11:24
[INFO] [stdout]    |
[INFO] [stdout] 11 |     source: Option<Box<Error>>
[INFO] [stdout]    |                        ^^^^^
[INFO] [stdout]    |
[INFO] [stdout]    = warning: this is accepted in the current edition (Rust 2018) but is a hard error in Rust 2021!
[INFO] [stdout]    = note: for more information, see <https://doc.rust-lang.org/edition-guide/rust-2021/warnings-promoted-to-error.html>
[INFO] [stdout]    = note: `#[warn(bare_trait_objects)]` (part of `#[warn(rust_2021_compatibility)]`) on by default
[INFO] [stdout] help: if this is a dyn-compatible trait, use `dyn`
[INFO] [stdout]    |
[INFO] [stdout] 11 |     source: Option<Box<dyn Error>>
[INFO] [stdout]    |                        +++
[INFO] [stdout] 
[INFO] [stdout] 
[INFO] [stdout] warning: trait objects without an explicit `dyn` are deprecated
[INFO] [stdout]   --> src/gl_utils/error.rs:19:55
[INFO] [stdout]    |
[INFO] [stdout] 19 |     pub fn new_with_source(message: &str, source: Box<Error>) -> Self {
[INFO] [stdout]    |                                                       ^^^^^
[INFO] [stdout]    |
[INFO] [stdout]    = warning: this is accepted in the current edition (Rust 2018) but is a hard error in Rust 2021!
[INFO] [stdout]    = note: for more information, see <https://doc.rust-lang.org/edition-guide/rust-2021/warnings-promoted-to-error.html>
[INFO] [stdout] help: if this is a dyn-compatible trait, use `dyn`
[INFO] [stdout]    |
[INFO] [stdout] 19 |     pub fn new_with_source(message: &str, source: Box<dyn Error>) -> Self {
[INFO] [stdout]    |                                                       +++
[INFO] [stdout] 
[INFO] [stdout] 
[INFO] [stdout] warning: trait objects without an explicit `dyn` are deprecated
[INFO] [stdout]   --> src/gl_utils/error.rs:11:24
[INFO] [stdout]    |
[INFO] [stdout] 11 |     source: Option<Box<Error>>
[INFO] [stdout]    |                        ^^^^^
[INFO] [stdout]    |
[INFO] [stdout]    = warning: this is accepted in the current edition (Rust 2018) but is a hard error in Rust 2021!
[INFO] [stdout]    = note: for more information, see <https://doc.rust-lang.org/edition-guide/rust-2021/warnings-promoted-to-error.html>
[INFO] [stdout]    = note: `#[warn(bare_trait_objects)]` (part of `#[warn(rust_2021_compatibility)]`) on by default
[INFO] [stdout] help: if this is a dyn-compatible trait, use `dyn`
[INFO] [stdout]    |
[INFO] [stdout] 11 |     source: Option<Box<dyn Error>>
[INFO] [stdout]    |                        +++
[INFO] [stdout] 
[INFO] [stdout] 
[INFO] [stdout] warning: trait objects without an explicit `dyn` are deprecated
[INFO] [stdout]   --> src/gl_utils/error.rs:19:55
[INFO] [stdout]    |
[INFO] [stdout] 19 |     pub fn new_with_source(message: &str, source: Box<Error>) -> Self {
[INFO] [stdout]    |                                                       ^^^^^
[INFO] [stdout]    |
[INFO] [stdout]    = warning: this is accepted in the current edition (Rust 2018) but is a hard error in Rust 2021!
[INFO] [stdout]    = note: for more information, see <https://doc.rust-lang.org/edition-guide/rust-2021/warnings-promoted-to-error.html>
[INFO] [stdout] help: if this is a dyn-compatible trait, use `dyn`
[INFO] [stdout]    |
[INFO] [stdout] 19 |     pub fn new_with_source(message: &str, source: Box<dyn Error>) -> Self {
[INFO] [stdout]    |                                                       +++
[INFO] [stdout] 
[INFO] [stdout] 
[INFO] [stderr]     Finished `release` profile [optimized] target(s) in 5.17s
[INFO] [stderr] warning: the following packages contain code that will be rejected by a future version of Rust: glutin v0.19.0, winit v0.18.1
[INFO] [stderr] note: to see what the problems were, use the option `--future-incompat-report`, or run `cargo report future-incompatibilities --id 2`
[INFO] running `Command { std: "docker" "inspect" "ead487ea54f3e0dfff1c2fe77e83320d27182f6793c7aaa494c210fac1c6ff28", kill_on_drop: false }`
[INFO] running `Command { std: "docker" "exec" "-e" "SOURCE_DIR=/opt/rustwide/workdir" "-e" "CARGO_HOME=/opt/rustwide/cargo-home" "-e" "RUSTUP_HOME=/opt/rustwide/rustup-home" "-e" "CARGO_TARGET_DIR=/opt/rustwide/target" "-e" "CARGO_INCREMENTAL=0" "-e" "RUST_BACKTRACE=full" "-e" "RUSTFLAGS=--cap-lints=warn" "-e" "RUSTDOCFLAGS=--cap-lints=warn" "-w" "/opt/rustwide/workdir" "--user" "0:0" "ead487ea54f3e0dfff1c2fe77e83320d27182f6793c7aaa494c210fac1c6ff28" "/opt/rustwide/cargo-home/bin/cargo" "+1.99.0-beta.8" "test" "--frozen" "--release", kill_on_drop: false }`
[INFO] [stderr] warning: trait objects without an explicit `dyn` are deprecated
[INFO] [stderr]   --> src/gl_utils/error.rs:11:24
[INFO] [stderr]    |
[INFO] [stderr] 11 |     source: Option<Box<Error>>
[INFO] [stderr]    |                        ^^^^^
[INFO] [stderr]    |
[INFO] [stderr]    = warning: this is accepted in the current edition (Rust 2018) but is a hard error in Rust 2021!
[INFO] [stderr]    = note: for more information, see <https://doc.rust-lang.org/edition-guide/rust-2021/warnings-promoted-to-error.html>
[INFO] [stderr]    = note: `#[warn(bare_trait_objects)]` (part of `#[warn(rust_2021_compatibility)]`) on by default
[INFO] [stderr] help: if this is a dyn-compatible trait, use `dyn`
[INFO] [stderr]    |
[INFO] [stderr] 11 |     source: Option<Box<dyn Error>>
[INFO] [stderr]    |                        +++
[INFO] [stderr] 
[INFO] [stderr] warning: trait objects without an explicit `dyn` are deprecated
[INFO] [stderr]   --> src/gl_utils/error.rs:19:55
[INFO] [stderr]    |
[INFO] [stderr] 19 |     pub fn new_with_source(message: &str, source: Box<Error>) -> Self {
[INFO] [stderr]    |                                                       ^^^^^
[INFO] [stderr]    |
[INFO] [stderr]    = warning: this is accepted in the current edition (Rust 2018) but is a hard error in Rust 2021!
[INFO] [stderr]    = note: for more information, see <https://doc.rust-lang.org/edition-guide/rust-2021/warnings-promoted-to-error.html>
[INFO] [stderr] help: if this is a dyn-compatible trait, use `dyn`
[INFO] [stderr]    |
[INFO] [stderr] 19 |     pub fn new_with_source(message: &str, source: Box<dyn Error>) -> Self {
[INFO] [stderr]    |                                                       +++
[INFO] [stderr] 
[INFO] [stderr] warning: `ssb_renderer` (lib) generated 2 warnings (run `cargo fix --lib -p ssb_renderer` to apply 2 suggestions)
[INFO] [stderr] warning: `ssb_renderer` (lib test) generated 2 warnings (2 duplicates)
[INFO] [stderr]     Finished `release` profile [optimized] target(s) in 0.14s
[INFO] [stderr] warning: the following packages contain code that will be rejected by a future version of Rust: glutin v0.19.0, winit v0.18.1
[INFO] [stderr] note: to see what the problems were, use the option `--future-incompat-report`, or run `cargo report future-incompatibilities --id 2`
[INFO] [stderr]      Running unittests src/lib.rs (/opt/rustwide/target/release/deps/ssb_renderer-6313ad9bb9bc7b5c)
[INFO] [stdout] 
[INFO] [stdout] running 0 tests
[INFO] [stdout] 
[INFO] [stdout] test result: ok. 0 passed; 0 failed; 0 ignored; 0 measured; 0 filtered out; finished in 0.00s
[INFO] [stdout] 
[INFO] [stderr]      Running tests/font_tests.rs (/opt/rustwide/target/release/deps/font_tests-31cd1f0f1ea68ee0)
[INFO] [stdout] 
[INFO] [stdout] running 1 test
[INFO] [stdout] test font_tests::test_has_system_fonts ... ok
[INFO] [stdout] 
[INFO] [stdout] test result: ok. 1 passed; 0 failed; 0 ignored; 0 measured; 0 filtered out; finished in 0.29s
[INFO] [stdout] 
[INFO] [stderr]      Running tests/gl_utils_tests.rs (/opt/rustwide/target/release/deps/gl_utils_tests-6d175a340475e6f3)
[INFO] [stdout] 
[INFO] [stdout] running 1 test
[INFO] [stderr] 
[INFO] [stderr] thread 'gl_utils_tests::test_gl_environment' (12766) panicked at /rustc/dfb0accb7f508ae8be965d8629557221c889dd98/library/core/src/panicking.rs:233:5:
[INFO] [stderr] panic in a destructor during cleanup
[INFO] [stderr] thread caused non-unwinding panic. aborting.
[INFO] [stdout] 
[INFO] [stdout] thread '<unnamed>' (12767) panicked at /opt/rustwide/cargo-home/registry/src/index.crates.io-1949cf8c6b5b557f/winit-0.18.1/src/platform/linux/mod.rs:450:9:
[INFO] [stdout] Failed to initialize any backend! Wayland status: XdgRuntimeDirNotSet X11 status: XOpenDisplayFailed
[INFO] [stdout] stack backtrace:
[INFO] [stdout]    0:     0x61e9770598b1 - <<std[70759c8f55707aa4]::sys::backtrace::BacktraceLock>::print::DisplayBacktrace as core[df12db4294e9bfd3]::fmt::Display>::fmt
[INFO] [stdout]    1:     0x61e97706e9fa - core[df12db4294e9bfd3]::fmt::write
[INFO] [stdout]    2:     0x61e97705de8c - <alloc[2182bb758b4b3781]::vec::Vec<u8> as core[df12db4294e9bfd3]::io::write::Write>::write_fmt
[INFO] [stdout]    3:     0x61e9770355e6 - std[70759c8f55707aa4]::panicking::default_hook::{closure#0}
[INFO] [stdout]    4:     0x61e977051c19 - std[70759c8f55707aa4]::panicking::default_hook
[INFO] [stdout]    5:     0x61e976f68c10 - test[9d35eded1c95d3be]::test_main_inner::<test[9d35eded1c95d3be]::test_main_static::{closure#0}>::{closure#0}
[INFO] [stdout]    6:     0x61e977051dd2 - std[70759c8f55707aa4]::panicking::panic_with_hook
[INFO] [stdout]    7:     0x61e976fbb96d - std[70759c8f55707aa4]::panicking::begin_panic::<alloc[2182bb758b4b3781]::string::String>::{closure#0}
[INFO] [stdout]    8:     0x61e976fb9b8e - std[70759c8f55707aa4]::sys::backtrace::__rust_end_short_backtrace::<std[70759c8f55707aa4]::panicking::begin_panic<alloc[2182bb758b4b3781]::string::String>::{closure#0}, !>
[INFO] [stdout]    9:     0x61e976fb5083 - std[70759c8f55707aa4]::panicking::begin_panic::<alloc[2182bb758b4b3781]::string::String>
[INFO] [stdout]   10:     0x61e976fd3cfa - <winit[dc872aaaa0b878b6]::platform::platform::EventsLoop>::new
[INFO] [stdout]   11:     0x61e976f4d54d - std[70759c8f55707aa4]::sys::backtrace::__rust_begin_short_backtrace::<<ssb_renderer[5c13567a1d5b5e52]::gl_utils::environment::GlEnvironment<u8, u8>>::new<gl_utils_tests[f33ccf0ba7446408]::gl_utils_tests::do_gl_things>::{closure#0}, ()>
[INFO] [stdout]   12:     0x61e976f5bca0 - <std[70759c8f55707aa4]::thread::lifecycle::spawn_unchecked<<ssb_renderer[5c13567a1d5b5e52]::gl_utils::environment::GlEnvironment<u8, u8>>::new<gl_utils_tests[f33ccf0ba7446408]::gl_utils_tests::do_gl_things>::{closure#0}, ()>::{closure#1} as core[df12db4294e9bfd3]::ops::function::FnOnce<()>>::call_once::{shim:vtable#0}
[INFO] [stdout]   13:     0x61e977059159 - <std[70759c8f55707aa4]::sys::thread::unix::Thread>::new::thread_start
[INFO] [stdout]   14:     0x71e22ccdcdfa - <unknown>
[INFO] [stdout]   15:     0x71e22cd703d4 - clone
[INFO] [stdout]   16:                0x0 - <unknown>
[INFO] [stdout] 
[INFO] [stdout] thread 'gl_utils_tests::test_gl_environment' (12766) panicked at tests/gl_utils_tests.rs:18:36:
[INFO] [stdout] Simple process didn't work!: GlError { message: "Send error!", source: Some(SendError { .. }) }
[INFO] [stdout] stack backtrace:
[INFO] [stdout]    0:     0x61e9770598b1 - <<std[70759c8f55707aa4]::sys::backtrace::BacktraceLock>::print::DisplayBacktrace as core[df12db4294e9bfd3]::fmt::Display>::fmt
[INFO] [stdout]    1:     0x61e97706e9fa - core[df12db4294e9bfd3]::fmt::write
[INFO] [stdout]    2:     0x61e97705de8c - <alloc[2182bb758b4b3781]::vec::Vec<u8> as core[df12db4294e9bfd3]::io::write::Write>::write_fmt
[INFO] [stdout]    3:     0x61e9770355e6 - std[70759c8f55707aa4]::panicking::default_hook::{closure#0}
[INFO] [stdout]    4:     0x61e977051c19 - std[70759c8f55707aa4]::panicking::default_hook
[INFO] [stdout]    5:     0x61e976f68c10 - test[9d35eded1c95d3be]::test_main_inner::<test[9d35eded1c95d3be]::test_main_static::{closure#0}>::{closure#0}
[INFO] [stdout]    6:     0x61e977051dd2 - std[70759c8f55707aa4]::panicking::panic_with_hook
[INFO] [stdout]    7:     0x61e977035692 - std[70759c8f55707aa4]::panicking::panic_handler::{closure#0}
[INFO] [stdout]    8:     0x61e97702e3e9 - std[70759c8f55707aa4]::sys::backtrace::__rust_end_short_backtrace::<std[70759c8f55707aa4]::panicking::panic_handler::{closure#0}, !>
[INFO] [stdout]    9:     0x61e97703628d - __rustc[8fa7c3cbc660c2b3]::rust_begin_unwind
[INFO] [stdout]   10:     0x61e97706f12c - core[df12db4294e9bfd3]::panicking::panic_fmt
[INFO] [stdout]   11:     0x61e97706ef02 - core[df12db4294e9bfd3]::result::unwrap_failed
[INFO] [stdout]   12:     0x61e976f4dfdd - gl_utils_tests[f33ccf0ba7446408]::gl_utils_tests::test_gl_environment
[INFO] [stdout]   13:     0x61e976f58fb9 - <gl_utils_tests[f33ccf0ba7446408]::gl_utils_tests::test_gl_environment::{closure#0} as core[df12db4294e9bfd3]::ops::function::FnOnce<()>>::call_once
[INFO] [stdout]   14:     0x61e976f5befb - test[9d35eded1c95d3be]::__rust_begin_short_backtrace::<core[df12db4294e9bfd3]::result::Result<(), alloc[2182bb758b4b3781]::string::String>, fn() -> core[df12db4294e9bfd3]::result::Result<(), alloc[2182bb758b4b3781]::string::String>>
[INFO] [stdout]   15:     0x61e976f69565 - test[9d35eded1c95d3be]::run_test::{closure#0}
[INFO] [stdout]   16:     0x61e976f62e24 - std[70759c8f55707aa4]::sys::backtrace::__rust_begin_short_backtrace::<test[9d35eded1c95d3be]::run_test::{closure#1}, ()>
[INFO] [stdout]   17:     0x61e976f6c6c2 - <std[70759c8f55707aa4]::thread::lifecycle::spawn_unchecked<test[9d35eded1c95d3be]::run_test::{closure#1}, ()>::{closure#1} as core[df12db4294e9bfd3]::ops::function::FnOnce<()>>::call_once::{shim:vtable#0}
[INFO] [stdout]   18:     0x61e977059159 - <std[70759c8f55707aa4]::sys::thread::unix::Thread>::new::thread_start
[INFO] [stdout]   19:     0x71e22ccdcdfa - <unknown>
[INFO] [stdout]   20:     0x71e22cd703d4 - clone
[INFO] [stdout]   21:                0x0 - <unknown>
[INFO] [stdout] 
[INFO] [stdout] thread 'gl_utils_tests::test_gl_environment' (12766) panicked at src/gl_utils/environment.rs:80:21:
[INFO] [stdout] Thread join failed, unexpected termination!: Any { .. }
[INFO] [stdout] stack backtrace:
[INFO] [stdout]    0:     0x61e9770598b1 - <<std[70759c8f55707aa4]::sys::backtrace::BacktraceLock>::print::DisplayBacktrace as core[df12db4294e9bfd3]::fmt::Display>::fmt
[INFO] [stdout]    1:     0x61e97706e9fa - core[df12db4294e9bfd3]::fmt::write
[INFO] [stdout]    2:     0x61e97705de8c - <alloc[2182bb758b4b3781]::vec::Vec<u8> as core[df12db4294e9bfd3]::io::write::Write>::write_fmt
[INFO] [stdout]    3:     0x61e9770355e6 - std[70759c8f55707aa4]::panicking::default_hook::{closure#0}
[INFO] [stdout]    4:     0x61e977051c19 - std[70759c8f55707aa4]::panicking::default_hook
[INFO] [stdout]    5:     0x61e976f68c10 - test[9d35eded1c95d3be]::test_main_inner::<test[9d35eded1c95d3be]::test_main_static::{closure#0}>::{closure#0}
[INFO] [stdout]    6:     0x61e977051dd2 - std[70759c8f55707aa4]::panicking::panic_with_hook
[INFO] [stdout]    7:     0x61e977035692 - std[70759c8f55707aa4]::panicking::panic_handler::{closure#0}
[INFO] [stdout]    8:     0x61e97702e3e9 - std[70759c8f55707aa4]::sys::backtrace::__rust_end_short_backtrace::<std[70759c8f55707aa4]::panicking::panic_handler::{closure#0}, !>
[INFO] [stdout]    9:     0x61e97703628d - __rustc[8fa7c3cbc660c2b3]::rust_begin_unwind
[INFO] [stdout]   10:     0x61e97706f12c - core[df12db4294e9bfd3]::panicking::panic_fmt
[INFO] [stdout]   11:     0x61e97706ef02 - core[df12db4294e9bfd3]::result::unwrap_failed
[INFO] [stdout]   12:     0x61e976f4c0ad - core[df12db4294e9bfd3]::ptr::drop_glue::<ssb_renderer[5c13567a1d5b5e52]::gl_utils::environment::GlEnvironment<u8, u8>>
[INFO] [stdout]   13:     0x61e976f4e10c - gl_utils_tests[f33ccf0ba7446408]::gl_utils_tests::test_gl_environment
[INFO] [stdout]   14:     0x61e976f58fb9 - <gl_utils_tests[f33ccf0ba7446408]::gl_utils_tests::test_gl_environment::{closure#0} as core[df12db4294e9bfd3]::ops::function::FnOnce<()>>::call_once
[INFO] [stdout]   15:     0x61e976f5befb - test[9d35eded1c95d3be]::__rust_begin_short_backtrace::<core[df12db4294e9bfd3]::result::Result<(), alloc[2182bb758b4b3781]::string::String>, fn() -> core[df12db4294e9bfd3]::result::Result<(), alloc[2182bb758b4b3781]::string::String>>
[INFO] [stdout]   16:     0x61e976f69565 - test[9d35eded1c95d3be]::run_test::{closure#0}
[INFO] [stdout]   17:     0x61e976f62e24 - std[70759c8f55707aa4]::sys::backtrace::__rust_begin_short_backtrace::<test[9d35eded1c95d3be]::run_test::{closure#1}, ()>
[INFO] [stdout]   18:     0x61e976f6c6c2 - <std[70759c8f55707aa4]::thread::lifecycle::spawn_unchecked<test[9d35eded1c95d3be]::run_test::{closure#1}, ()>::{closure#1} as core[df12db4294e9bfd3]::ops::function::FnOnce<()>>::call_once::{shim:vtable#0}
[INFO] [stdout]   19:     0x61e977059159 - <std[70759c8f55707aa4]::sys::thread::unix::Thread>::new::thread_start
[INFO] [stdout]   20:     0x71e22ccdcdfa - <unknown>
[INFO] [stdout]   21:     0x71e22cd703d4 - clone
[INFO] [stdout]   22:                0x0 - <unknown>
[INFO] [stderr] error: test failed, to rerun pass `--test gl_utils_tests`
[INFO] [stderr] 
[INFO] [stderr] Caused by:
[INFO] [stderr]   process didn't exit successfully: `/opt/rustwide/target/release/deps/gl_utils_tests-6d175a340475e6f3` (signal: 6, SIGABRT: process abort signal)
[INFO] running `Command { std: "docker" "inspect" "ead487ea54f3e0dfff1c2fe77e83320d27182f6793c7aaa494c210fac1c6ff28", kill_on_drop: false }`
[INFO] running `Command { std: "docker" "rm" "-f" "ead487ea54f3e0dfff1c2fe77e83320d27182f6793c7aaa494c210fac1c6ff28", kill_on_drop: false }`
[INFO] [stdout] ead487ea54f3e0dfff1c2fe77e83320d27182f6793c7aaa494c210fac1c6ff28
