[INFO] fetching crate ss-tools 1.1.0...
[INFO] testing ss-tools-1.1.0 against 1.100.0-beta.1+cargoflags=--release for beta-release-1.100-2
[INFO] extracting crate ss-tools 1.1.0 into /workspace/builds/worker-0-tc2/source
[INFO] started tweaking crates.io crate ss-tools 1.1.0
[INFO] removed 0 missing tests
[INFO] finished tweaking crates.io crate ss-tools 1.1.0
[INFO] tweaked toml for crates.io crate ss-tools 1.1.0 written to /workspace/builds/worker-0-tc2/source/Cargo.toml
[INFO] validating manifest of crates.io crate ss-tools 1.1.0 on toolchain 1.100.0-beta.1
[INFO] running `Command { std: CARGO_HOME="/workspace/cargo-home" RUSTUP_HOME="/workspace/rustup-home" "/workspace/cargo-home/bin/cargo" "+1.100.0-beta.1" "metadata" "--manifest-path" "Cargo.toml" "--no-deps", kill_on_drop: false }`
[INFO] crate crates.io crate ss-tools 1.1.0 already has a lockfile, it will not be regenerated
[INFO] running `Command { std: CARGO_HOME="/workspace/cargo-home" RUSTUP_HOME="/workspace/rustup-home" "/workspace/cargo-home/bin/cargo" "+1.100.0-beta.1" "fetch" "--manifest-path" "Cargo.toml", kill_on_drop: false }`
[INFO] running `Command { std: "docker" "create" "-v" "/var/lib/crater-agent-workspace/builds/worker-0-tc2/source:/opt/rustwide/workdir:ro,Z" "-v" "/var/lib/crater-agent-workspace/builds/worker-0-tc2/target:/opt/rustwide/target:rw,Z" "-v" "/var/lib/crater-agent-workspace/cargo-home:/opt/rustwide/cargo-home:ro,Z" "-v" "/var/lib/crater-agent-workspace/rustup-home:/opt/rustwide/rustup-home:ro,Z" "-m" "1610612736" "--network" "none" "ghcr.io/rust-lang/crates-build-env/linux@sha256:77db811e55d90add9212f6832c23229e3de5f1c1f9905e8cb07319ea15df73ac" "sleep" "infinity", kill_on_drop: false }`
[INFO] [stdout] e4fba61b5169dea4a12ad38986e7247e81d2620d86780cc7cd8a2d52bd19e792
[INFO] running `Command { std: "docker" "start" "e4fba61b5169dea4a12ad38986e7247e81d2620d86780cc7cd8a2d52bd19e792", kill_on_drop: false }`
[INFO] running `Command { std: "docker" "inspect" "e4fba61b5169dea4a12ad38986e7247e81d2620d86780cc7cd8a2d52bd19e792", kill_on_drop: false }`
[INFO] running `Command { std: "docker" "exec" "-e" "SOURCE_DIR=/opt/rustwide/workdir" "-e" "CARGO_HOME=/opt/rustwide/cargo-home" "-e" "RUSTUP_HOME=/opt/rustwide/rustup-home" "-e" "CARGO_TARGET_DIR=/opt/rustwide/target" "-w" "/opt/rustwide/workdir" "--user" "0:0" "e4fba61b5169dea4a12ad38986e7247e81d2620d86780cc7cd8a2d52bd19e792" "/opt/rustwide/cargo-home/bin/cargo" "+1.100.0-beta.1" "metadata" "--no-deps" "--format-version=1", kill_on_drop: false }`
[INFO] running `Command { std: "docker" "inspect" "e4fba61b5169dea4a12ad38986e7247e81d2620d86780cc7cd8a2d52bd19e792", kill_on_drop: false }`
[INFO] running `Command { std: "docker" "exec" "-e" "SOURCE_DIR=/opt/rustwide/workdir" "-e" "CARGO_HOME=/opt/rustwide/cargo-home" "-e" "RUSTUP_HOME=/opt/rustwide/rustup-home" "-e" "CARGO_TARGET_DIR=/opt/rustwide/target" "-e" "CARGO_INCREMENTAL=0" "-e" "RUST_BACKTRACE=full" "-e" "RUSTFLAGS=--cap-lints=warn" "-e" "RUSTDOCFLAGS=--cap-lints=warn" "-w" "/opt/rustwide/workdir" "--user" "0:0" "e4fba61b5169dea4a12ad38986e7247e81d2620d86780cc7cd8a2d52bd19e792" "/opt/rustwide/cargo-home/bin/cargo" "+1.100.0-beta.1" "build" "--frozen" "--message-format=json" "--release", kill_on_drop: false }`
[INFO] [stderr]    Compiling syn v2.0.113
[INFO] [stderr]    Compiling libc v0.2.179
[INFO] [stderr]    Compiling http v1.4.0
[INFO] [stderr]    Compiling openssl-sys v0.9.111
[INFO] [stderr]    Compiling futures-task v0.3.31
[INFO] [stderr]    Compiling openssl v0.10.75
[INFO] [stderr]    Compiling bitflags v2.10.0
[INFO] [stderr]    Compiling zmij v1.0.10
[INFO] [stderr]    Compiling serde_json v1.0.148
[INFO] [stderr]    Compiling portable-atomic v1.13.0
[INFO] [stderr]    Compiling futures-util v0.3.31
[INFO] [stderr]    Compiling memchr v2.7.6
[INFO] [stderr]    Compiling ryu v1.0.22
[INFO] [stderr]    Compiling rustls-pki-types v1.13.2
[INFO] [stderr]    Compiling native-tls v0.2.14
[INFO] [stderr]    Compiling number_prefix v0.4.0
[INFO] [stderr]    Compiling parking_lot_core v0.9.12
[INFO] [stderr]    Compiling errno v0.3.14
[INFO] [stderr]    Compiling parking_lot v0.12.5
[INFO] [stderr]    Compiling mio v1.1.1
[INFO] [stderr]    Compiling signal-hook-registry v1.4.8
[INFO] [stderr]    Compiling socket2 v0.6.1
[INFO] [stderr]    Compiling http-body v1.0.1
[INFO] [stderr]    Compiling http-body-util v0.1.3
[INFO] [stderr]    Compiling console v0.15.11
[INFO] [stderr]    Compiling fxhash v0.2.1
[INFO] [stderr]    Compiling dotenvy v0.15.7
[INFO] [stderr]    Compiling indicatif v0.17.11
[INFO] [stderr]    Compiling synstructure v0.13.2
[INFO] [stderr]    Compiling zerofrom-derive v0.1.6
[INFO] [stderr]    Compiling yoke-derive v0.8.1
[INFO] [stderr]    Compiling zerovec-derive v0.11.2
[INFO] [stderr]    Compiling displaydoc v0.2.5
[INFO] [stderr]    Compiling tokio-macros v2.6.0
[INFO] [stderr]    Compiling tracing-attributes v0.1.31
[INFO] [stderr]    Compiling serde_derive v1.0.228
[INFO] [stderr]    Compiling openssl-macros v0.1.1
[INFO] [stderr]    Compiling tokio v1.49.0
[INFO] [stderr]    Compiling zerofrom v0.1.6
[INFO] [stderr]    Compiling yoke v0.8.1
[INFO] [stderr]    Compiling zerotrie v0.2.3
[INFO] [stderr]    Compiling zerovec v0.11.5
[INFO] [stderr]    Compiling tracing v0.1.44
[INFO] [stderr]    Compiling tinystr v0.8.2
[INFO] [stderr]    Compiling potential_utf v0.1.4
[INFO] [stderr]    Compiling icu_collections v2.1.1
[INFO] [stderr]    Compiling icu_locale_core v2.1.1
[INFO] [stderr]    Compiling icu_provider v2.1.1
[INFO] [stderr]    Compiling serde v1.0.228
[INFO] [stderr]    Compiling icu_properties v2.1.2
[INFO] [stderr]    Compiling icu_normalizer v2.1.1
[INFO] [stderr]    Compiling tracing-serde v0.2.0
[INFO] [stderr]    Compiling serde_urlencoded v0.7.1
[INFO] [stderr]    Compiling tracing-subscriber v0.3.22
[INFO] [stderr]    Compiling idna_adapter v1.2.1
[INFO] [stderr]    Compiling idna v1.1.0
[INFO] [stderr]    Compiling url v2.5.7
[INFO] [stderr]    Compiling tokio-util v0.7.18
[INFO] [stderr]    Compiling tower v0.5.2
[INFO] [stderr]    Compiling tokio-native-tls v0.3.1
[INFO] [stderr]    Compiling tower-http v0.6.8
[INFO] [stderr]    Compiling h2 v0.4.12
[INFO] [stderr]    Compiling hyper v1.8.1
[INFO] [stderr]    Compiling hyper-util v0.1.19
[INFO] [stderr]    Compiling hyper-tls v0.6.0
[INFO] [stderr]    Compiling reqwest v0.12.28
[INFO] [stderr]    Compiling ss-tools v1.1.0 (/opt/rustwide/workdir)
[INFO] [stderr] warning: unused dependency `tracing-subscriber`
[INFO] [stderr]   --> Cargo.toml:34:15
[INFO] [stderr]    |
[INFO] [stderr] 34 | [dependencies.tracing-subscriber]
[INFO] [stderr]    |               ^^^^^^^^^^^^^^^^^^^
[INFO] [stderr]    |
[INFO] [stderr]    = note: `cargo::unused_dependencies` is set to `warn` by default
[INFO] [stderr] help: consider removing the dependency on `tracing-subscriber`
[INFO] [stderr] warning: `ss-tools` (manifest) generated 1 warning
[INFO] [stderr]     Finished `release` profile [optimized] target(s) in 1m 57s
[INFO] running `Command { std: "docker" "inspect" "e4fba61b5169dea4a12ad38986e7247e81d2620d86780cc7cd8a2d52bd19e792", kill_on_drop: false }`
[INFO] running `Command { std: "docker" "exec" "-e" "SOURCE_DIR=/opt/rustwide/workdir" "-e" "CARGO_HOME=/opt/rustwide/cargo-home" "-e" "RUSTUP_HOME=/opt/rustwide/rustup-home" "-e" "CARGO_TARGET_DIR=/opt/rustwide/target" "-e" "CARGO_INCREMENTAL=0" "-e" "RUST_BACKTRACE=full" "-e" "RUSTFLAGS=--cap-lints=warn" "-e" "RUSTDOCFLAGS=--cap-lints=warn" "-w" "/opt/rustwide/workdir" "--user" "0:0" "e4fba61b5169dea4a12ad38986e7247e81d2620d86780cc7cd8a2d52bd19e792" "/opt/rustwide/cargo-home/bin/cargo" "+1.100.0-beta.1" "test" "--frozen" "--no-run" "--message-format=json" "--release", kill_on_drop: false }`
[INFO] [stderr]    Compiling futures-util v0.3.31
[INFO] [stderr]    Compiling hyper v1.8.1
[INFO] [stderr]    Compiling serde_json v1.0.148
[INFO] [stderr]    Compiling sdd v3.0.10
[INFO] [stderr]    Compiling serial_test_derive v3.2.0
[INFO] [stderr]    Compiling scc v2.4.0
[INFO] [stderr]    Compiling tracing-subscriber v0.3.22
[INFO] [stderr]    Compiling tower v0.5.2
[INFO] [stderr]    Compiling hyper-util v0.1.19
[INFO] [stderr]    Compiling futures-executor v0.3.31
[INFO] [stderr]    Compiling futures v0.3.31
[INFO] [stderr]    Compiling serial_test v3.2.0
[INFO] [stderr]    Compiling tower-http v0.6.8
[INFO] [stderr]    Compiling hyper-tls v0.6.0
[INFO] [stderr]    Compiling reqwest v0.12.28
[INFO] [stderr]    Compiling ss-tools v1.1.0 (/opt/rustwide/workdir)
[INFO] [stderr] warning: unused dependency `tracing-subscriber`
[INFO] [stderr]   --> Cargo.toml:34:15
[INFO] [stderr]    |
[INFO] [stderr] 34 | [dependencies.tracing-subscriber]
[INFO] [stderr]    |               ^^^^^^^^^^^^^^^^^^^
[INFO] [stderr]    |
[INFO] [stderr]    = note: `cargo::unused_dependencies` is set to `warn` by default
[INFO] [stderr] help: consider removing the dependency on `tracing-subscriber`
[INFO] [stderr] warning: `ss-tools` (manifest) generated 1 warning
[INFO] [stderr]     Finished `release` profile [optimized] target(s) in 1m 00s
[INFO] running `Command { std: "docker" "inspect" "e4fba61b5169dea4a12ad38986e7247e81d2620d86780cc7cd8a2d52bd19e792", kill_on_drop: false }`
[INFO] running `Command { std: "docker" "exec" "-e" "SOURCE_DIR=/opt/rustwide/workdir" "-e" "CARGO_HOME=/opt/rustwide/cargo-home" "-e" "RUSTUP_HOME=/opt/rustwide/rustup-home" "-e" "CARGO_TARGET_DIR=/opt/rustwide/target" "-e" "CARGO_INCREMENTAL=0" "-e" "RUST_BACKTRACE=full" "-e" "RUSTFLAGS=--cap-lints=warn" "-e" "RUSTDOCFLAGS=--cap-lints=warn" "-w" "/opt/rustwide/workdir" "--user" "0:0" "e4fba61b5169dea4a12ad38986e7247e81d2620d86780cc7cd8a2d52bd19e792" "/opt/rustwide/cargo-home/bin/cargo" "+1.100.0-beta.1" "test" "--frozen" "--release", kill_on_drop: false }`
[INFO] [stderr] warning: unused dependency `tracing-subscriber`
[INFO] [stderr]   --> Cargo.toml:34:15
[INFO] [stderr]    |
[INFO] [stderr] 34 | [dependencies.tracing-subscriber]
[INFO] [stderr]    |               ^^^^^^^^^^^^^^^^^^^
[INFO] [stderr]    |
[INFO] [stderr]    = note: `cargo::unused_dependencies` is set to `warn` by default
[INFO] [stderr] help: consider removing the dependency on `tracing-subscriber`
[INFO] [stderr] warning: `ss-tools` (manifest) generated 1 warning
[INFO] [stderr]     Finished `release` profile [optimized] target(s) in 0.23s
[INFO] [stderr]      Running unittests src/lib.rs (/opt/rustwide/target/release/build/ss-tools/3be1f444f8f78fbc/out/ss_tools-3be1f444f8f78fbc)
[INFO] [stdout] 
[INFO] [stdout] running 48 tests
[INFO] [stdout] test tests::test_author_papers_response_deserialization_empty ... ok
[INFO] [stdout] test tests::test_author_search_response_deserialization_empty ... ok
[INFO] [stdout] test tests::test_author_field_to_string ... ok
[INFO] [stdout] test tests::test_author_search_response_deserialization ... ok
[INFO] [stdout] test tests::test_author_deserialization ... ok
[INFO] [stdout] test tests::test_external_ids_deserialization ... ok
[INFO] [stdout] test tests::test_author_papers_response_deserialization ... ok
[INFO] [stdout] test tests::test_author_deserialization_null_id ... ok
[INFO] [stdout] test tests::test_external_ids_deserialization_empty ... ok
[INFO] [stdout] test tests::test_external_ids_deserialization_null_values ... ok
[INFO] [stdout] test tests::test_fields_of_study_to_string ... ok
[INFO] [stdout] test tests::test_citation_styles_deserialization ... ok
[INFO] [stdout] test tests::test_open_access_pdf_deserialization ... ok
[INFO] [stdout] test tests::test_paper_authors_response_deserialization ... ok
[INFO] [stdout] test tests::test_paper_authors_response_deserialization_empty ... ok
[INFO] [stdout] test tests::test_paper_context_deserialization ... ok
[INFO] [stdout] test tests::test_paper_deserialization ... ok
[INFO] [stdout] test tests::test_paper_deserialization_empty ... ok
[INFO] [stdout] test tests::test_paper_deserialization_minimal ... ok
[INFO] [stdout] test tests::test_paper_deserialization_with_external_ids ... ok
[INFO] [stdout] test tests::test_paper_field_to_string_authors ... ok
[INFO] [stdout] test tests::test_paper_field_to_string_basic ... ok
[INFO] [stdout] test tests::test_paper_field_to_string_citations ... ok
[INFO] [stdout] test tests::test_query_params_author_fields_builder ... ok
[INFO] [stdout] test tests::test_journal_deserialization ... ok
[INFO] [stdout] test tests::test_query_params_build_empty ... ok
[INFO] [stdout] test tests::test_query_params_build_multiple ... ok
[INFO] [stdout] test tests::test_paper_field_to_string_references ... ok
[INFO] [stdout] test tests::test_paper_ids_deserialization ... ok
[INFO] [stdout] test tests::test_publication_types_to_string ... ok
[INFO] [stdout] test tests::test_query_params_build_with_fields_of_study ... ok
[INFO] [stdout] test tests::test_query_params_build_with_offset_limit ... ok
[INFO] [stdout] test tests::test_query_params_build_with_open_access_pdf ... ok
[INFO] [stdout] test tests::test_query_params_build_with_publication_date ... ok
[INFO] [stdout] test tests::test_query_params_build_with_publication_types ... ok
[INFO] [stdout] test tests::test_query_params_build_with_sort ... ok
[INFO] [stdout] test tests::test_query_params_build_query_text ... ok
[INFO] [stdout] test tests::test_query_params_build_with_fields ... ok
[INFO] [stdout] test tests::test_query_params_build_with_author_fields ... ok
[INFO] [stdout] test tests::test_query_params_build_with_external_ids_field ... ok
[INFO] [stdout] test tests::test_query_params_build_with_token ... ok
[INFO] [stdout] test tests::test_query_params_build_with_venue ... ok
[INFO] [stdout] test tests::test_query_params_builder_chain ... ok
[INFO] [stdout] test tests::test_query_params_build_with_year ... ok
[INFO] [stdout] test tests::test_response_papers_deserialization ... ok
[INFO] [stdout] test tests::test_s2_fields_of_study_deserialization ... ok
[INFO] [stdout] test tests::test_embedding_deserialization ... ok
[INFO] [stdout] test tests::test_query_params_build_with_min_citation_count ... ok
[INFO] [stdout] 
[INFO] [stdout] test result: ok. 48 passed; 0 failed; 0 ignored; 0 measured; 0 filtered out; finished in 0.02s
[INFO] [stdout] 
[INFO] [stderr]      Running tests/api_tests.rs (/opt/rustwide/target/release/build/ss-tools/f8c7c65077187c89/out/api_tests-f8c7c65077187c89)
[INFO] [stdout] 
[INFO] [stdout] running 16 tests
[INFO] [stdout] test test_a_query_paper_2 ... FAILED
[INFO] [stdout] test test_a_query_paper_3 ... FAILED
[INFO] [stdout] test test_query_paper_details ... FAILED
[INFO] [stdout] test test_query_author_papers ... FAILED
[INFO] [stdout] test test_bulk_query_by_ids_without_fields ... FAILED
[INFO] [stdout] test test_query_papers_2 ... FAILED
[INFO] [stdout] test test_a_query_paper_1 ... FAILED
[INFO] [stdout] test test_bulk_query_by_ids_with_fields has been running for over 60 seconds
[INFO] [stdout] test test_query_author_details has been running for over 60 seconds
[INFO] [stdout] test test_query_paper_authors has been running for over 60 seconds
[INFO] [stdout] test test_query_paper_citations has been running for over 60 seconds
[INFO] [stdout] test test_query_paper_references has been running for over 60 seconds
[INFO] [stdout] test test_query_paper_authors ... FAILED
[INFO] [stdout] test test_query_papers_1 has been running for over 60 seconds
[INFO] [stdout] test test_query_papers_3 has been running for over 60 seconds
[INFO] [stdout] test test_query_papers_4 has been running for over 60 seconds
[INFO] [stdout] test test_query_paper_citations ... FAILED
[INFO] [stdout] test test_bulk_query_by_ids_with_fields ... FAILED
[INFO] [stdout] test test_search_authors has been running for over 60 seconds
[INFO] [stdout] test test_query_paper_references ... FAILED
[INFO] [stdout] test test_query_papers_1 ... FAILED
[INFO] [stdout] test test_query_author_details ... FAILED
[INFO] [stdout] test test_query_papers_3 ... FAILED
[INFO] [stdout] test test_query_papers_4 ... FAILED
[INFO] [stdout] test test_search_authors ... FAILED
[INFO] [stdout] 
[INFO] [stdout] failures:
[INFO] [stdout] 
[INFO] [stdout] ---- test_a_query_paper_2 stdout ----
[INFO] [stdout] 
[INFO] [stdout] thread 'test_a_query_paper_2' (1698) panicked at tests/api_tests.rs:257:10:
[INFO] [stdout] called `Result::unwrap()` on an `Err` value: error sending request for url (https://api.semanticscholar.org/graph/v1/paper/search/match?query=Measuring%20Machine%20Intelligence%20Through%20Visual%20Question%20Answering&fields=paperId,title,abstract,authors%2EauthorId%2Cauthors%2Ename%2Cauthors%2Eurl%2Cauthors%2Eaffiliations,venue,paperId,url,referenceCount,citationCount,influentialCitationCount,publicationDate,citations%2EpaperId%2Ccitations%2Etitle%2Ccitations%2Eabstract%2Ccitations%2EpublicationDate,references%2EpaperId%2Creferences%2Etitle%2Creferences%2Eabstract%2Creferences%2EpublicationDate)
[INFO] [stdout] 
[INFO] [stdout] Caused by:
[INFO] [stdout]     0: client error (Connect)
[INFO] [stdout]     1: dns error
[INFO] [stdout]     2: failed to lookup address information: Temporary failure in name resolution
[INFO] [stdout] 
[INFO] [stdout] Stack backtrace:
[INFO] [stdout]    0: <anyhow::Error as core::convert::From<reqwest::error::Error>>::from
[INFO] [stdout]    1: <ss_tools::SemanticScholar>::query_a_paper_by_title::{closure#0}
[INFO] [stdout]    2: api_tests::test_a_query_paper_2::{closure#0}::{closure#0}
[INFO] [stdout]    3: <tokio::runtime::scheduler::current_thread::Context>::enter::<core::task::poll::Poll<()>, <tokio::runtime::scheduler::current_thread::CoreGuard>::block_on<core::pin::Pin<&mut core::pin::Pin<&mut dyn core::future::future::Future<Output = ()>>>>::{closure#0}::{closure#0}>
[INFO] [stdout]    4: <tokio::runtime::context::scoped::Scoped<tokio::runtime::scheduler::Context>>::set::<<tokio::runtime::scheduler::current_thread::CoreGuard>::enter<<tokio::runtime::scheduler::current_thread::CoreGuard>::block_on<core::pin::Pin<&mut core::pin::Pin<&mut dyn core::future::future::Future<Output = ()>>>>::{closure#0}, core::option::Option<()>>::{closure#0}, (alloc::boxed::Box<tokio::runtime::scheduler::current_thread::Core>, core::option::Option<()>)>
[INFO] [stdout]    5: <tokio::runtime::scheduler::current_thread::CoreGuard>::block_on::<core::pin::Pin<&mut core::pin::Pin<&mut dyn core::future::future::Future<Output = ()>>>>
[INFO] [stdout]    6: tokio::runtime::context::runtime::enter_runtime::<<tokio::runtime::scheduler::current_thread::CurrentThread>::block_on<core::pin::Pin<&mut dyn core::future::future::Future<Output = ()>>>::{closure#0}, ()>
[INFO] [stdout]    7: <tokio::runtime::runtime::Runtime>::block_on::<core::pin::Pin<&mut dyn core::future::future::Future<Output = ()>>>
[INFO] [stdout]    8: <api_tests::test_a_query_paper_2::{closure#0} as core::ops::function::FnOnce<()>>::call_once
[INFO] [stdout]    9: serial_test::serial_code_lock::local_serial_core
[INFO] [stdout]   10: <api_tests::test_a_query_paper_2::{closure#0} as core::ops::function::FnOnce<()>>::call_once
[INFO] [stdout]   11: test::__rust_begin_short_backtrace::<core::result::Result<(), alloc::string::String>, fn() -> core::result::Result<(), alloc::string::String>>
[INFO] [stdout]   12: test::run_test::{closure#0}
[INFO] [stdout]   13: std::sys::backtrace::__rust_begin_short_backtrace::<test::run_test::{closure#1}, ()>
[INFO] [stdout]   14: <std::thread::lifecycle::spawn_unchecked<test::run_test::{closure#1}, ()>::{closure#1} as core::ops::function::FnOnce<()>>::call_once::{shim:vtable#0}
[INFO] [stdout]   15: <std::sys::thread::unix::Thread>::new::thread_start
[INFO] [stdout]   16: <unknown>
[INFO] [stdout]   17: clone
[INFO] [stdout] stack backtrace:
[INFO] [stdout]    0:     0x63e47468a8b1 - <<std[617be2ca0a6fd877]::sys::backtrace::BacktraceLock>::print::DisplayBacktrace as core[a373ad73a504971]::fmt::Display>::fmt
[INFO] [stdout]    1:     0x63e4746a2bea - core[a373ad73a504971]::fmt::write
[INFO] [stdout]    2:     0x63e47468fc3c - <alloc[2e1b2a31b91974c5]::vec::Vec<u8> as core[a373ad73a504971]::io::write::Write>::write_fmt
[INFO] [stdout]    3:     0x63e474664f66 - std[617be2ca0a6fd877]::panicking::default_hook::{closure#0}
[INFO] [stdout]    4:     0x63e4746825c9 - std[617be2ca0a6fd877]::panicking::default_hook
[INFO] [stdout]    5:     0x63e47447c230 - test[aada8e7e76ba119b]::test_main_inner::{closure#0}
[INFO] [stdout]    6:     0x63e4746828f2 - std[617be2ca0a6fd877]::panicking::panic_with_hook
[INFO] [stdout]    7:     0x63e474665012 - std[617be2ca0a6fd877]::panicking::panic_handler::{closure#0}
[INFO] [stdout]    8:     0x63e47465d479 - std[617be2ca0a6fd877]::sys::backtrace::__rust_end_short_backtrace::<std[617be2ca0a6fd877]::panicking::panic_handler::{closure#0}, !>
[INFO] [stdout]    9:     0x63e474665fbd - __rustc[ea4f61d10b84890b]::rust_begin_unwind
[INFO] [stdout]   10:     0x63e4746a334c - core[a373ad73a504971]::panicking::panic_fmt
[INFO] [stdout]   11:     0x63e4746a3122 - core[a373ad73a504971]::result::unwrap_failed
[INFO] [stdout]   12:     0x63e474442b35 - api_tests[9bcaf77f5fcecb09]::test_a_query_paper_2::{closure#0}::{closure#0}
[INFO] [stdout]   13:     0x63e4744673a3 - <tokio[ee8640928c6ddc25]::runtime::scheduler::current_thread::Context>::enter::<core[a373ad73a504971]::task::poll::Poll<()>, <tokio[ee8640928c6ddc25]::runtime::scheduler::current_thread::CoreGuard>::block_on<core[a373ad73a504971]::pin::Pin<&mut core[a373ad73a504971]::pin::Pin<&mut dyn core[a373ad73a504971]::future::future::Future<Output = ()>>>>::{closure#0}::{closure#0}>
[INFO] [stdout]   14:     0x63e474463e5c - <tokio[ee8640928c6ddc25]::runtime::context::scoped::Scoped<tokio[ee8640928c6ddc25]::runtime::scheduler::Context>>::set::<<tokio[ee8640928c6ddc25]::runtime::scheduler::current_thread::CoreGuard>::enter<<tokio[ee8640928c6ddc25]::runtime::scheduler::current_thread::CoreGuard>::block_on<core[a373ad73a504971]::pin::Pin<&mut core[a373ad73a504971]::pin::Pin<&mut dyn core[a373ad73a504971]::future::future::Future<Output = ()>>>>::{closure#0}, core[a373ad73a504971]::option::Option<()>>::{closure#0}, (alloc[2e1b2a31b91974c5]::boxed::Box<tokio[ee8640928c6ddc25]::runtime::scheduler::current_thread::Core>, core[a373ad73a504971]::option::Option<()>)>
[INFO] [stdout]   15:     0x63e4744676f7 - <tokio[ee8640928c6ddc25]::runtime::scheduler::current_thread::CoreGuard>::block_on::<core[a373ad73a504971]::pin::Pin<&mut core[a373ad73a504971]::pin::Pin<&mut dyn core[a373ad73a504971]::future::future::Future<Output = ()>>>>
[INFO] [stdout]   16:     0x63e47446286d - tokio[ee8640928c6ddc25]::runtime::context::runtime::enter_runtime::<<tokio[ee8640928c6ddc25]::runtime::scheduler::current_thread::CurrentThread>::block_on<core[a373ad73a504971]::pin::Pin<&mut dyn core[a373ad73a504971]::future::future::Future<Output = ()>>>::{closure#0}, ()>
[INFO] [stdout]   17:     0x63e474468e35 - <tokio[ee8640928c6ddc25]::runtime::runtime::Runtime>::block_on::<core[a373ad73a504971]::pin::Pin<&mut dyn core[a373ad73a504971]::future::future::Future<Output = ()>>>
[INFO] [stdout]   18:     0x63e47445432b - <api_tests[9bcaf77f5fcecb09]::test_a_query_paper_2::{closure#0} as core[a373ad73a504971]::ops::function::FnOnce<()>>::call_once
[INFO] [stdout]   19:     0x63e47463c257 - serial_test[79080402b12f8693]::serial_code_lock::local_serial_core
[INFO] [stdout]   20:     0x63e4744533dd - <api_tests[9bcaf77f5fcecb09]::test_a_query_paper_2::{closure#0} as core[a373ad73a504971]::ops::function::FnOnce<()>>::call_once
[INFO] [stdout]   21:     0x63e47446f67b - test[aada8e7e76ba119b]::__rust_begin_short_backtrace::<core[a373ad73a504971]::result::Result<(), alloc[2e1b2a31b91974c5]::string::String>, fn() -> core[a373ad73a504971]::result::Result<(), alloc[2e1b2a31b91974c5]::string::String>>
[INFO] [stdout]   22:     0x63e47447c855 - test[aada8e7e76ba119b]::run_test::{closure#0}
[INFO] [stdout]   23:     0x63e474476144 - std[617be2ca0a6fd877]::sys::backtrace::__rust_begin_short_backtrace::<test[aada8e7e76ba119b]::run_test::{closure#1}, ()>
[INFO] [stdout]   24:     0x63e47447f8e2 - <std[617be2ca0a6fd877]::thread::lifecycle::spawn_unchecked<test[aada8e7e76ba119b]::run_test::{closure#1}, ()>::{closure#1} as core[a373ad73a504971]::ops::function::FnOnce<()>>::call_once::{shim:vtable#0}
[INFO] [stdout]   25:     0x63e474689d5f - <std[617be2ca0a6fd877]::sys::thread::unix::Thread>::new::thread_start
[INFO] [stdout]   26:     0x72950ef29dfa - <unknown>
[INFO] [stdout]   27:     0x72950efbd3d4 - clone
[INFO] [stdout]   28:                0x0 - <unknown>
[INFO] [stdout] 
[INFO] [stdout] ---- test_a_query_paper_3 stdout ----
[INFO] [stdout] 
[INFO] [stdout] thread 'test_a_query_paper_3' (1699) panicked at tests/api_tests.rs:316:10:
[INFO] [stdout] called `Result::unwrap()` on an `Err` value: error sending request for url (https://api.semanticscholar.org/graph/v1/paper/search/match?query=Learning%20to%20generalize%20to%20new%20compositions%20in%20image%20understanding&fields=paperId,title,abstract,authors%2EauthorId%2Cauthors%2Ename%2Cauthors%2Eurl%2Cauthors%2Eaffiliations,venue,paperId,url,referenceCount,citationCount,influentialCitationCount,publicationDate,citations%2EpaperId%2Ccitations%2Etitle%2Ccitations%2Eabstract%2Ccitations%2EpublicationDate,references%2EpaperId%2Creferences%2Etitle%2Creferences%2Eabstract%2Creferences%2EpublicationDate)
[INFO] [stdout] 
[INFO] [stdout] Caused by:
[INFO] [stdout]     0: client error (Connect)
[INFO] [stdout]     1: dns error
[INFO] [stdout]     2: failed to lookup address information: Temporary failure in name resolution
[INFO] [stdout] 
[INFO] [stdout] Stack backtrace:
[INFO] [stdout]    0: <anyhow::Error as core::convert::From<reqwest::error::Error>>::from
[INFO] [stdout]    1: <ss_tools::SemanticScholar>::query_a_paper_by_title::{closure#0}
[INFO] [stdout]    2: api_tests::test_a_query_paper_3::{closure#0}::{closure#0}
[INFO] [stdout]    3: <tokio::runtime::scheduler::current_thread::Context>::enter::<core::task::poll::Poll<()>, <tokio::runtime::scheduler::current_thread::CoreGuard>::block_on<core::pin::Pin<&mut core::pin::Pin<&mut dyn core::future::future::Future<Output = ()>>>>::{closure#0}::{closure#0}>
[INFO] [stdout]    4: <tokio::runtime::context::scoped::Scoped<tokio::runtime::scheduler::Context>>::set::<<tokio::runtime::scheduler::current_thread::CoreGuard>::enter<<tokio::runtime::scheduler::current_thread::CoreGuard>::block_on<core::pin::Pin<&mut core::pin::Pin<&mut dyn core::future::future::Future<Output = ()>>>>::{closure#0}, core::option::Option<()>>::{closure#0}, (alloc::boxed::Box<tokio::runtime::scheduler::current_thread::Core>, core::option::Option<()>)>
[INFO] [stdout]    5: <tokio::runtime::scheduler::current_thread::CoreGuard>::block_on::<core::pin::Pin<&mut core::pin::Pin<&mut dyn core::future::future::Future<Output = ()>>>>
[INFO] [stdout]    6: tokio::runtime::context::runtime::enter_runtime::<<tokio::runtime::scheduler::current_thread::CurrentThread>::block_on<core::pin::Pin<&mut dyn core::future::future::Future<Output = ()>>>::{closure#0}, ()>
[INFO] [stdout]    7: <tokio::runtime::runtime::Runtime>::block_on::<core::pin::Pin<&mut dyn core::future::future::Future<Output = ()>>>
[INFO] [stdout]    8: <api_tests::test_a_query_paper_3::{closure#0} as core::ops::function::FnOnce<()>>::call_once
[INFO] [stdout]    9: serial_test::serial_code_lock::local_serial_core
[INFO] [stdout]   10: <api_tests::test_a_query_paper_3::{closure#0} as core::ops::function::FnOnce<()>>::call_once
[INFO] [stdout]   11: test::__rust_begin_short_backtrace::<core::result::Result<(), alloc::string::String>, fn() -> core::result::Result<(), alloc::string::String>>
[INFO] [stdout]   12: test::run_test::{closure#0}
[INFO] [stdout]   13: std::sys::backtrace::__rust_begin_short_backtrace::<test::run_test::{closure#1}, ()>
[INFO] [stdout]   14: <std::thread::lifecycle::spawn_unchecked<test::run_test::{closure#1}, ()>::{closure#1} as core::ops::function::FnOnce<()>>::call_once::{shim:vtable#0}
[INFO] [stdout]   15: <std::sys::thread::unix::Thread>::new::thread_start
[INFO] [stdout]   16: <unknown>
[INFO] [stdout]   17: clone
[INFO] [stdout] stack backtrace:
[INFO] [stdout]    0:     0x63e47468a8b1 - <<std[617be2ca0a6fd877]::sys::backtrace::BacktraceLock>::print::DisplayBacktrace as core[a373ad73a504971]::fmt::Display>::fmt
[INFO] [stdout]    1:     0x63e4746a2bea - core[a373ad73a504971]::fmt::write
[INFO] [stdout]    2:     0x63e47468fc3c - <alloc[2e1b2a31b91974c5]::vec::Vec<u8> as core[a373ad73a504971]::io::write::Write>::write_fmt
[INFO] [stdout]    3:     0x63e474664f66 - std[617be2ca0a6fd877]::panicking::default_hook::{closure#0}
[INFO] [stdout]    4:     0x63e4746825c9 - std[617be2ca0a6fd877]::panicking::default_hook
[INFO] [stdout]    5:     0x63e47447c230 - test[aada8e7e76ba119b]::test_main_inner::{closure#0}
[INFO] [stdout]    6:     0x63e4746828f2 - std[617be2ca0a6fd877]::panicking::panic_with_hook
[INFO] [stdout]    7:     0x63e474665012 - std[617be2ca0a6fd877]::panicking::panic_handler::{closure#0}
[INFO] [stdout]    8:     0x63e47465d479 - std[617be2ca0a6fd877]::sys::backtrace::__rust_end_short_backtrace::<std[617be2ca0a6fd877]::panicking::panic_handler::{closure#0}, !>
[INFO] [stdout]    9:     0x63e474665fbd - __rustc[ea4f61d10b84890b]::rust_begin_unwind
[INFO] [stdout]   10:     0x63e4746a334c - core[a373ad73a504971]::panicking::panic_fmt
[INFO] [stdout]   11:     0x63e4746a3122 - core[a373ad73a504971]::result::unwrap_failed
[INFO] [stdout]   12:     0x63e474443549 - api_tests[9bcaf77f5fcecb09]::test_a_query_paper_3::{closure#0}::{closure#0}
[INFO] [stdout]   13:     0x63e4744673a3 - <tokio[ee8640928c6ddc25]::runtime::scheduler::current_thread::Context>::enter::<core[a373ad73a504971]::task::poll::Poll<()>, <tokio[ee8640928c6ddc25]::runtime::scheduler::current_thread::CoreGuard>::block_on<core[a373ad73a504971]::pin::Pin<&mut core[a373ad73a504971]::pin::Pin<&mut dyn core[a373ad73a504971]::future::future::Future<Output = ()>>>>::{closure#0}::{closure#0}>
[INFO] [stdout]   14:     0x63e474463e5c - <tokio[ee8640928c6ddc25]::runtime::context::scoped::Scoped<tokio[ee8640928c6ddc25]::runtime::scheduler::Context>>::set::<<tokio[ee8640928c6ddc25]::runtime::scheduler::current_thread::CoreGuard>::enter<<tokio[ee8640928c6ddc25]::runtime::scheduler::current_thread::CoreGuard>::block_on<core[a373ad73a504971]::pin::Pin<&mut core[a373ad73a504971]::pin::Pin<&mut dyn core[a373ad73a504971]::future::future::Future<Output = ()>>>>::{closure#0}, core[a373ad73a504971]::option::Option<()>>::{closure#0}, (alloc[2e1b2a31b91974c5]::boxed::Box<tokio[ee8640928c6ddc25]::runtime::scheduler::current_thread::Core>, core[a373ad73a504971]::option::Option<()>)>
[INFO] [stdout]   15:     0x63e4744676f7 - <tokio[ee8640928c6ddc25]::runtime::scheduler::current_thread::CoreGuard>::block_on::<core[a373ad73a504971]::pin::Pin<&mut core[a373ad73a504971]::pin::Pin<&mut dyn core[a373ad73a504971]::future::future::Future<Output = ()>>>>
[INFO] [stdout]   16:     0x63e47446286d - tokio[ee8640928c6ddc25]::runtime::context::runtime::enter_runtime::<<tokio[ee8640928c6ddc25]::runtime::scheduler::current_thread::CurrentThread>::block_on<core[a373ad73a504971]::pin::Pin<&mut dyn core[a373ad73a504971]::future::future::Future<Output = ()>>>::{closure#0}, ()>
[INFO] [stdout]   17:     0x63e474468e35 - <tokio[ee8640928c6ddc25]::runtime::runtime::Runtime>::block_on::<core[a373ad73a504971]::pin::Pin<&mut dyn core[a373ad73a504971]::future::future::Future<Output = ()>>>
[INFO] [stdout]   18:     0x63e4744544db - <api_tests[9bcaf77f5fcecb09]::test_a_query_paper_3::{closure#0} as core[a373ad73a504971]::ops::function::FnOnce<()>>::call_once
[INFO] [stdout]   19:     0x63e47463c257 - serial_test[79080402b12f8693]::serial_code_lock::local_serial_core
[INFO] [stdout]   20:     0x63e47445345d - <api_tests[9bcaf77f5fcecb09]::test_a_query_paper_3::{closure#0} as core[a373ad73a504971]::ops::function::FnOnce<()>>::call_once
[INFO] [stdout]   21:     0x63e47446f67b - test[aada8e7e76ba119b]::__rust_begin_short_backtrace::<core[a373ad73a504971]::result::Result<(), alloc[2e1b2a31b91974c5]::string::String>, fn() -> core[a373ad73a504971]::result::Result<(), alloc[2e1b2a31b91974c5]::string::String>>
[INFO] [stdout]   22:     0x63e47447c855 - test[aada8e7e76ba119b]::run_test::{closure#0}
[INFO] [stdout]   23:     0x63e474476144 - std[617be2ca0a6fd877]::sys::backtrace::__rust_begin_short_backtrace::<test[aada8e7e76ba119b]::run_test::{closure#1}, ()>
[INFO] [stdout]   24:     0x63e47447f8e2 - <std[617be2ca0a6fd877]::thread::lifecycle::spawn_unchecked<test[aada8e7e76ba119b]::run_test::{closure#1}, ()>::{closure#1} as core[a373ad73a504971]::ops::function::FnOnce<()>>::call_once::{shim:vtable#0}
[INFO] [stdout]   25:     0x63e474689d5f - <std[617be2ca0a6fd877]::sys::thread::unix::Thread>::new::thread_start
[INFO] [stdout]   26:     0x72950ef29dfa - <unknown>
[INFO] [stdout]   27:     0x72950efbd3d4 - clone
[INFO] [stdout]   28:                0x0 - <unknown>
[INFO] [stdout] 
[INFO] [stdout] ---- test_query_paper_details stdout ----
[INFO] [stdout] 
[INFO] [stdout] thread 'test_query_paper_details' (1708) panicked at tests/api_tests.rs:374:75:
[INFO] [stdout] called `Result::unwrap()` on an `Err` value: error sending request for url (https://api.semanticscholar.org/graph/v1/paper/204e3073870fae3d05bcbc2f6a8e263d9b72e776?fields=title,abstract,authors%2EauthorId%2Cauthors%2Ename%2Cauthors%2Eaffiliations%2Cauthors%2EhIndex,citationCount,referenceCount,year,isOpenAccess,publicationDate,venue,fieldsOfStudy,citations%2Etitle%2Ccitations%2Eyear%2Ccitations%2EcitationCount,references%2Etitle%2Creferences%2Eyear%2Creferences%2EcitationCount,journal,publicationVenue,openAccessPdf,s2FieldsOfStudy,publicationTypes,citationStyles,embedding%2Especter%5Fv2,paperId)
[INFO] [stdout] 
[INFO] [stdout] Caused by:
[INFO] [stdout]     0: client error (Connect)
[INFO] [stdout]     1: dns error
[INFO] [stdout]     2: failed to lookup address information: Temporary failure in name resolution
[INFO] [stdout] 
[INFO] [stdout] Stack backtrace:
[INFO] [stdout]    0: <anyhow::Error as core::convert::From<reqwest::error::Error>>::from
[INFO] [stdout]    1: api_tests::test_query_paper_details::{closure#0}::{closure#0}
[INFO] [stdout]    2: <tokio::runtime::scheduler::current_thread::Context>::enter::<core::task::poll::Poll<()>, <tokio::runtime::scheduler::current_thread::CoreGuard>::block_on<core::pin::Pin<&mut core::pin::Pin<&mut dyn core::future::future::Future<Output = ()>>>>::{closure#0}::{closure#0}>
[INFO] [stdout]    3: <tokio::runtime::context::scoped::Scoped<tokio::runtime::scheduler::Context>>::set::<<tokio::runtime::scheduler::current_thread::CoreGuard>::enter<<tokio::runtime::scheduler::current_thread::CoreGuard>::block_on<core::pin::Pin<&mut core::pin::Pin<&mut dyn core::future::future::Future<Output = ()>>>>::{closure#0}, core::option::Option<()>>::{closure#0}, (alloc::boxed::Box<tokio::runtime::scheduler::current_thread::Core>, core::option::Option<()>)>
[INFO] [stdout]    4: <tokio::runtime::scheduler::current_thread::CoreGuard>::block_on::<core::pin::Pin<&mut core::pin::Pin<&mut dyn core::future::future::Future<Output = ()>>>>
[INFO] [stdout]    5: tokio::runtime::context::runtime::enter_runtime::<<tokio::runtime::scheduler::current_thread::CurrentThread>::block_on<core::pin::Pin<&mut dyn core::future::future::Future<Output = ()>>>::{closure#0}, ()>
[INFO] [stdout]    6: <tokio::runtime::runtime::Runtime>::block_on::<core::pin::Pin<&mut dyn core::future::future::Future<Output = ()>>>
[INFO] [stdout]    7: <api_tests::test_query_paper_details::{closure#0} as core::ops::function::FnOnce<()>>::call_once
[INFO] [stdout]    8: serial_test::serial_code_lock::local_serial_core
[INFO] [stdout]    9: <api_tests::test_query_paper_details::{closure#0} as core::ops::function::FnOnce<()>>::call_once
[INFO] [stdout]   10: test::__rust_begin_short_backtrace::<core::result::Result<(), alloc::string::String>, fn() -> core::result::Result<(), alloc::string::String>>
[INFO] [stdout]   11: test::run_test::{closure#0}
[INFO] [stdout]   12: std::sys::backtrace::__rust_begin_short_backtrace::<test::run_test::{closure#1}, ()>
[INFO] [stdout]   13: <std::thread::lifecycle::spawn_unchecked<test::run_test::{closure#1}, ()>::{closure#1} as core::ops::function::FnOnce<()>>::call_once::{shim:vtable#0}
[INFO] [stdout]   14: <std::sys::thread::unix::Thread>::new::thread_start
[INFO] [stdout]   15: <unknown>
[INFO] [stdout]   16: clone
[INFO] [stdout] stack backtrace:
[INFO] [stdout]    0:     0x63e47468a8b1 - <<std[617be2ca0a6fd877]::sys::backtrace::BacktraceLock>::print::DisplayBacktrace as core[a373ad73a504971]::fmt::Display>::fmt
[INFO] [stdout]    1:     0x63e4746a2bea - core[a373ad73a504971]::fmt::write
[INFO] [stdout]    2:     0x63e47468fc3c - <alloc[2e1b2a31b91974c5]::vec::Vec<u8> as core[a373ad73a504971]::io::write::Write>::write_fmt
[INFO] [stdout]    3:     0x63e474664f66 - std[617be2ca0a6fd877]::panicking::default_hook::{closure#0}
[INFO] [stdout]    4:     0x63e4746825c9 - std[617be2ca0a6fd877]::panicking::default_hook
[INFO] [stdout]    5:     0x63e47447c230 - test[aada8e7e76ba119b]::test_main_inner::{closure#0}
[INFO] [stdout]    6:     0x63e4746828f2 - std[617be2ca0a6fd877]::panicking::panic_with_hook
[INFO] [stdout]    7:     0x63e474665012 - std[617be2ca0a6fd877]::panicking::panic_handler::{closure#0}
[INFO] [stdout]    8:     0x63e47465d479 - std[617be2ca0a6fd877]::sys::backtrace::__rust_end_short_backtrace::<std[617be2ca0a6fd877]::panicking::panic_handler::{closure#0}, !>
[INFO] [stdout]    9:     0x63e474665fbd - __rustc[ea4f61d10b84890b]::rust_begin_unwind
[INFO] [stdout]   10:     0x63e4746a334c - core[a373ad73a504971]::panicking::panic_fmt
[INFO] [stdout]   11:     0x63e4746a3122 - core[a373ad73a504971]::result::unwrap_failed
[INFO] [stdout]   12:     0x63e474447c39 - api_tests[9bcaf77f5fcecb09]::test_query_paper_details::{closure#0}::{closure#0}
[INFO] [stdout]   13:     0x63e4744673a3 - <tokio[ee8640928c6ddc25]::runtime::scheduler::current_thread::Context>::enter::<core[a373ad73a504971]::task::poll::Poll<()>, <tokio[ee8640928c6ddc25]::runtime::scheduler::current_thread::CoreGuard>::block_on<core[a373ad73a504971]::pin::Pin<&mut core[a373ad73a504971]::pin::Pin<&mut dyn core[a373ad73a504971]::future::future::Future<Output = ()>>>>::{closure#0}::{closure#0}>
[INFO] [stdout]   14:     0x63e474463e5c - <tokio[ee8640928c6ddc25]::runtime::context::scoped::Scoped<tokio[ee8640928c6ddc25]::runtime::scheduler::Context>>::set::<<tokio[ee8640928c6ddc25]::runtime::scheduler::current_thread::CoreGuard>::enter<<tokio[ee8640928c6ddc25]::runtime::scheduler::current_thread::CoreGuard>::block_on<core[a373ad73a504971]::pin::Pin<&mut core[a373ad73a504971]::pin::Pin<&mut dyn core[a373ad73a504971]::future::future::Future<Output = ()>>>>::{closure#0}, core[a373ad73a504971]::option::Option<()>>::{closure#0}, (alloc[2e1b2a31b91974c5]::boxed::Box<tokio[ee8640928c6ddc25]::runtime::scheduler::current_thread::Core>, core[a373ad73a504971]::option::Option<()>)>
[INFO] [stdout]   15:     0x63e4744676f7 - <tokio[ee8640928c6ddc25]::runtime::scheduler::current_thread::CoreGuard>::block_on::<core[a373ad73a504971]::pin::Pin<&mut core[a373ad73a504971]::pin::Pin<&mut dyn core[a373ad73a504971]::future::future::Future<Output = ()>>>>
[INFO] [stdout]   16:     0x63e47446286d - tokio[ee8640928c6ddc25]::runtime::context::runtime::enter_runtime::<<tokio[ee8640928c6ddc25]::runtime::scheduler::current_thread::CurrentThread>::block_on<core[a373ad73a504971]::pin::Pin<&mut dyn core[a373ad73a504971]::future::future::Future<Output = ()>>>::{closure#0}, ()>
[INFO] [stdout]   17:     0x63e474468e35 - <tokio[ee8640928c6ddc25]::runtime::runtime::Runtime>::block_on::<core[a373ad73a504971]::pin::Pin<&mut dyn core[a373ad73a504971]::future::future::Future<Output = ()>>>
[INFO] [stdout]   18:     0x63e4744549eb - <api_tests[9bcaf77f5fcecb09]::test_query_paper_details::{closure#0} as core[a373ad73a504971]::ops::function::FnOnce<()>>::call_once
[INFO] [stdout]   19:     0x63e47463c257 - serial_test[79080402b12f8693]::serial_code_lock::local_serial_core
[INFO] [stdout]   20:     0x63e4744535dd - <api_tests[9bcaf77f5fcecb09]::test_query_paper_details::{closure#0} as core[a373ad73a504971]::ops::function::FnOnce<()>>::call_once
[INFO] [stdout]   21:     0x63e47446f67b - test[aada8e7e76ba119b]::__rust_begin_short_backtrace::<core[a373ad73a504971]::result::Result<(), alloc[2e1b2a31b91974c5]::string::String>, fn() -> core[a373ad73a504971]::result::Result<(), alloc[2e1b2a31b91974c5]::string::String>>
[INFO] [stdout]   22:     0x63e47447c855 - test[aada8e7e76ba119b]::run_test::{closure#0}
[INFO] [stdout]   23:     0x63e474476144 - std[617be2ca0a6fd877]::sys::backtrace::__rust_begin_short_backtrace::<test[aada8e7e76ba119b]::run_test::{closure#1}, ()>
[INFO] [stdout]   24:     0x63e47447f8e2 - <std[617be2ca0a6fd877]::thread::lifecycle::spawn_unchecked<test[aada8e7e76ba119b]::run_test::{closure#1}, ()>::{closure#1} as core[a373ad73a504971]::ops::function::FnOnce<()>>::call_once::{shim:vtable#0}
[INFO] [stdout]   25:     0x63e474689d5f - <std[617be2ca0a6fd877]::sys::thread::unix::Thread>::new::thread_start
[INFO] [stdout]   26:     0x72950ef29dfa - <unknown>
[INFO] [stdout]   27:     0x72950efbd3d4 - clone
[INFO] [stdout]   28:                0x0 - <unknown>
[INFO] [stdout] 
[INFO] [stdout] ---- test_query_author_papers stdout ----
[INFO] [stdout] 
[INFO] [stdout] thread 'test_query_author_papers' (1703) panicked at tests/api_tests.rs:505:70:
[INFO] [stdout] called `Result::unwrap()` on an `Err` value: Failed to get author papers: 1741101
[INFO] [stdout] 
[INFO] [stdout] Stack backtrace:
[INFO] [stdout]    0: <anyhow::Error>::msg::<alloc::string::String>
[INFO] [stdout]    1: api_tests::test_query_author_papers::{closure#0}::{closure#0}
[INFO] [stdout]    2: <tokio::runtime::scheduler::current_thread::Context>::enter::<core::task::poll::Poll<()>, <tokio::runtime::scheduler::current_thread::CoreGuard>::block_on<core::pin::Pin<&mut core::pin::Pin<&mut dyn core::future::future::Future<Output = ()>>>>::{closure#0}::{closure#0}>
[INFO] [stdout]    3: <tokio::runtime::context::scoped::Scoped<tokio::runtime::scheduler::Context>>::set::<<tokio::runtime::scheduler::current_thread::CoreGuard>::enter<<tokio::runtime::scheduler::current_thread::CoreGuard>::block_on<core::pin::Pin<&mut core::pin::Pin<&mut dyn core::future::future::Future<Output = ()>>>>::{closure#0}, core::option::Option<()>>::{closure#0}, (alloc::boxed::Box<tokio::runtime::scheduler::current_thread::Core>, core::option::Option<()>)>
[INFO] [stdout]    4: <tokio::runtime::scheduler::current_thread::CoreGuard>::block_on::<core::pin::Pin<&mut core::pin::Pin<&mut dyn core::future::future::Future<Output = ()>>>>
[INFO] [stdout]    5: tokio::runtime::context::runtime::enter_runtime::<<tokio::runtime::scheduler::current_thread::CurrentThread>::block_on<core::pin::Pin<&mut dyn core::future::future::Future<Output = ()>>>::{closure#0}, ()>
[INFO] [stdout]    6: <tokio::runtime::runtime::Runtime>::block_on::<core::pin::Pin<&mut dyn core::future::future::Future<Output = ()>>>
[INFO] [stdout]    7: <api_tests::test_query_author_papers::{closure#0} as core::ops::function::FnOnce<()>>::call_once
[INFO] [stdout]    8: serial_test::serial_code_lock::local_serial_core
[INFO] [stdout]    9: <api_tests::test_query_author_papers::{closure#0} as core::ops::function::FnOnce<()>>::call_once
[INFO] [stdout]   10: test::__rust_begin_short_backtrace::<core::result::Result<(), alloc::string::String>, fn() -> core::result::Result<(), alloc::string::String>>
[INFO] [stdout]   11: test::run_test::{closure#0}
[INFO] [stdout]   12: std::sys::backtrace::__rust_begin_short_backtrace::<test::run_test::{closure#1}, ()>
[INFO] [stdout]   13: <std::thread::lifecycle::spawn_unchecked<test::run_test::{closure#1}, ()>::{closure#1} as core::ops::function::FnOnce<()>>::call_once::{shim:vtable#0}
[INFO] [stdout]   14: <std::sys::thread::unix::Thread>::new::thread_start
[INFO] [stdout]   15: <unknown>
[INFO] [stdout]   16: clone
[INFO] [stdout] stack backtrace:
[INFO] [stdout]    0:     0x63e47468a8b1 - <<std[617be2ca0a6fd877]::sys::backtrace::BacktraceLock>::print::DisplayBacktrace as core[a373ad73a504971]::fmt::Display>::fmt
[INFO] [stdout]    1:     0x63e4746a2bea - core[a373ad73a504971]::fmt::write
[INFO] [stdout]    2:     0x63e47468fc3c - <alloc[2e1b2a31b91974c5]::vec::Vec<u8> as core[a373ad73a504971]::io::write::Write>::write_fmt
[INFO] [stdout]    3:     0x63e474664f66 - std[617be2ca0a6fd877]::panicking::default_hook::{closure#0}
[INFO] [stdout]    4:     0x63e4746825c9 - std[617be2ca0a6fd877]::panicking::default_hook
[INFO] [stdout]    5:     0x63e47447c230 - test[aada8e7e76ba119b]::test_main_inner::{closure#0}
[INFO] [stdout]    6:     0x63e4746828f2 - std[617be2ca0a6fd877]::panicking::panic_with_hook
[INFO] [stdout]    7:     0x63e474665012 - std[617be2ca0a6fd877]::panicking::panic_handler::{closure#0}
[INFO] [stdout]    8:     0x63e47465d479 - std[617be2ca0a6fd877]::sys::backtrace::__rust_end_short_backtrace::<std[617be2ca0a6fd877]::panicking::panic_handler::{closure#0}, !>
[INFO] [stdout]    9:     0x63e474665fbd - __rustc[ea4f61d10b84890b]::rust_begin_unwind
[INFO] [stdout]   10:     0x63e4746a334c - core[a373ad73a504971]::panicking::panic_fmt
[INFO] [stdout]   11:     0x63e4746a3122 - core[a373ad73a504971]::result::unwrap_failed
[INFO] [stdout]   12:     0x63e474444c06 - api_tests[9bcaf77f5fcecb09]::test_query_author_papers::{closure#0}::{closure#0}
[INFO] [stdout]   13:     0x63e4744673a3 - <tokio[ee8640928c6ddc25]::runtime::scheduler::current_thread::Context>::enter::<core[a373ad73a504971]::task::poll::Poll<()>, <tokio[ee8640928c6ddc25]::runtime::scheduler::current_thread::CoreGuard>::block_on<core[a373ad73a504971]::pin::Pin<&mut core[a373ad73a504971]::pin::Pin<&mut dyn core[a373ad73a504971]::future::future::Future<Output = ()>>>>::{closure#0}::{closure#0}>
[INFO] [stdout]   14:     0x63e474463e5c - <tokio[ee8640928c6ddc25]::runtime::context::scoped::Scoped<tokio[ee8640928c6ddc25]::runtime::scheduler::Context>>::set::<<tokio[ee8640928c6ddc25]::runtime::scheduler::current_thread::CoreGuard>::enter<<tokio[ee8640928c6ddc25]::runtime::scheduler::current_thread::CoreGuard>::block_on<core[a373ad73a504971]::pin::Pin<&mut core[a373ad73a504971]::pin::Pin<&mut dyn core[a373ad73a504971]::future::future::Future<Output = ()>>>>::{closure#0}, core[a373ad73a504971]::option::Option<()>>::{closure#0}, (alloc[2e1b2a31b91974c5]::boxed::Box<tokio[ee8640928c6ddc25]::runtime::scheduler::current_thread::Core>, core[a373ad73a504971]::option::Option<()>)>
[INFO] [stdout]   15:     0x63e4744676f7 - <tokio[ee8640928c6ddc25]::runtime::scheduler::current_thread::CoreGuard>::block_on::<core[a373ad73a504971]::pin::Pin<&mut core[a373ad73a504971]::pin::Pin<&mut dyn core[a373ad73a504971]::future::future::Future<Output = ()>>>>
[INFO] [stdout]   16:     0x63e47446286d - tokio[ee8640928c6ddc25]::runtime::context::runtime::enter_runtime::<<tokio[ee8640928c6ddc25]::runtime::scheduler::current_thread::CurrentThread>::block_on<core[a373ad73a504971]::pin::Pin<&mut dyn core[a373ad73a504971]::future::future::Future<Output = ()>>>::{closure#0}, ()>
[INFO] [stdout]   17:     0x63e474468e35 - <tokio[ee8640928c6ddc25]::runtime::runtime::Runtime>::block_on::<core[a373ad73a504971]::pin::Pin<&mut dyn core[a373ad73a504971]::future::future::Future<Output = ()>>>
[INFO] [stdout]   18:     0x63e47445468b - <api_tests[9bcaf77f5fcecb09]::test_query_author_papers::{closure#0} as core[a373ad73a504971]::ops::function::FnOnce<()>>::call_once
[INFO] [stdout]   19:     0x63e47463c257 - serial_test[79080402b12f8693]::serial_code_lock::local_serial_core
[INFO] [stdout]   20:     0x63e4744534dd - <api_tests[9bcaf77f5fcecb09]::test_query_author_papers::{closure#0} as core[a373ad73a504971]::ops::function::FnOnce<()>>::call_once
[INFO] [stdout]   21:     0x63e47446f67b - test[aada8e7e76ba119b]::__rust_begin_short_backtrace::<core[a373ad73a504971]::result::Result<(), alloc[2e1b2a31b91974c5]::string::String>, fn() -> core[a373ad73a504971]::result::Result<(), alloc[2e1b2a31b91974c5]::string::String>>
[INFO] [stdout]   22:     0x63e47447c855 - test[aada8e7e76ba119b]::run_test::{closure#0}
[INFO] [stdout]   23:     0x63e474476144 - std[617be2ca0a6fd877]::sys::backtrace::__rust_begin_short_backtrace::<test[aada8e7e76ba119b]::run_test::{closure#1}, ()>
[INFO] [stdout]   24:     0x63e47447f8e2 - <std[617be2ca0a6fd877]::thread::lifecycle::spawn_unchecked<test[aada8e7e76ba119b]::run_test::{closure#1}, ()>::{closure#1} as core[a373ad73a504971]::ops::function::FnOnce<()>>::call_once::{shim:vtable#0}
[INFO] [stdout]   25:     0x63e474689d5f - <std[617be2ca0a6fd877]::sys::thread::unix::Thread>::new::thread_start
[INFO] [stdout]   26:     0x72950ef29dfa - <unknown>
[INFO] [stdout]   27:     0x72950efbd3d4 - clone
[INFO] [stdout]   28:                0x0 - <unknown>
[INFO] [stdout] 
[INFO] [stdout] ---- test_bulk_query_by_ids_without_fields stdout ----
[INFO] [stdout] 
[INFO] [stdout] thread 'test_bulk_query_by_ids_without_fields' (1701) panicked at tests/api_tests.rs:25:13:
[INFO] [stdout] Error: error sending request for url (https://api.semanticscholar.org/graph/v1/paper/batch?fields=)
[INFO] [stdout] stack backtrace:
[INFO] [stdout]    0:     0x63e47468a8b1 - <<std[617be2ca0a6fd877]::sys::backtrace::BacktraceLock>::print::DisplayBacktrace as core[a373ad73a504971]::fmt::Display>::fmt
[INFO] [stdout]    1:     0x63e4746a2bea - core[a373ad73a504971]::fmt::write
[INFO] [stdout]    2:     0x63e47468fc3c - <alloc[2e1b2a31b91974c5]::vec::Vec<u8> as core[a373ad73a504971]::io::write::Write>::write_fmt
[INFO] [stdout]    3:     0x63e474664f66 - std[617be2ca0a6fd877]::panicking::default_hook::{closure#0}
[INFO] [stdout]    4:     0x63e4746825c9 - std[617be2ca0a6fd877]::panicking::default_hook
[INFO] [stdout]    5:     0x63e47447c230 - test[aada8e7e76ba119b]::test_main_inner::{closure#0}
[INFO] [stdout]    6:     0x63e4746828f2 - std[617be2ca0a6fd877]::panicking::panic_with_hook
[INFO] [stdout]    7:     0x63e474665012 - std[617be2ca0a6fd877]::panicking::panic_handler::{closure#0}
[INFO] [stdout]    8:     0x63e47465d479 - std[617be2ca0a6fd877]::sys::backtrace::__rust_end_short_backtrace::<std[617be2ca0a6fd877]::panicking::panic_handler::{closure#0}, !>
[INFO] [stdout]    9:     0x63e474665fbd - __rustc[ea4f61d10b84890b]::rust_begin_unwind
[INFO] [stdout]   10:     0x63e4746a334c - core[a373ad73a504971]::panicking::panic_fmt
[INFO] [stdout]   11:     0x63e47444cbd1 - api_tests[9bcaf77f5fcecb09]::test_bulk_query_by_ids_without_fields::{closure#0}::{closure#0}
[INFO] [stdout]   12:     0x63e4744673a3 - <tokio[ee8640928c6ddc25]::runtime::scheduler::current_thread::Context>::enter::<core[a373ad73a504971]::task::poll::Poll<()>, <tokio[ee8640928c6ddc25]::runtime::scheduler::current_thread::CoreGuard>::block_on<core[a373ad73a504971]::pin::Pin<&mut core[a373ad73a504971]::pin::Pin<&mut dyn core[a373ad73a504971]::future::future::Future<Output = ()>>>>::{closure#0}::{closure#0}>
[INFO] [stdout]   13:     0x63e474463e5c - <tokio[ee8640928c6ddc25]::runtime::context::scoped::Scoped<tokio[ee8640928c6ddc25]::runtime::scheduler::Context>>::set::<<tokio[ee8640928c6ddc25]::runtime::scheduler::current_thread::CoreGuard>::enter<<tokio[ee8640928c6ddc25]::runtime::scheduler::current_thread::CoreGuard>::block_on<core[a373ad73a504971]::pin::Pin<&mut core[a373ad73a504971]::pin::Pin<&mut dyn core[a373ad73a504971]::future::future::Future<Output = ()>>>>::{closure#0}, core[a373ad73a504971]::option::Option<()>>::{closure#0}, (alloc[2e1b2a31b91974c5]::boxed::Box<tokio[ee8640928c6ddc25]::runtime::scheduler::current_thread::Core>, core[a373ad73a504971]::option::Option<()>)>
[INFO] [stdout]   14:     0x63e4744676f7 - <tokio[ee8640928c6ddc25]::runtime::scheduler::current_thread::CoreGuard>::block_on::<core[a373ad73a504971]::pin::Pin<&mut core[a373ad73a504971]::pin::Pin<&mut dyn core[a373ad73a504971]::future::future::Future<Output = ()>>>>
[INFO] [stdout]   15:     0x63e47446286d - tokio[ee8640928c6ddc25]::runtime::context::runtime::enter_runtime::<<tokio[ee8640928c6ddc25]::runtime::scheduler::current_thread::CurrentThread>::block_on<core[a373ad73a504971]::pin::Pin<&mut dyn core[a373ad73a504971]::future::future::Future<Output = ()>>>::{closure#0}, ()>
[INFO] [stdout]   16:     0x63e474468e35 - <tokio[ee8640928c6ddc25]::runtime::runtime::Runtime>::block_on::<core[a373ad73a504971]::pin::Pin<&mut dyn core[a373ad73a504971]::future::future::Future<Output = ()>>>
[INFO] [stdout]   17:     0x63e47445524b - <api_tests[9bcaf77f5fcecb09]::test_bulk_query_by_ids_without_fields::{closure#0} as core[a373ad73a504971]::ops::function::FnOnce<()>>::call_once
[INFO] [stdout]   18:     0x63e47463c257 - serial_test[79080402b12f8693]::serial_code_lock::local_serial_core
[INFO] [stdout]   19:     0x63e47445385d - <api_tests[9bcaf77f5fcecb09]::test_bulk_query_by_ids_without_fields::{closure#0} as core[a373ad73a504971]::ops::function::FnOnce<()>>::call_once
[INFO] [stdout]   20:     0x63e47446f67b - test[aada8e7e76ba119b]::__rust_begin_short_backtrace::<core[a373ad73a504971]::result::Result<(), alloc[2e1b2a31b91974c5]::string::String>, fn() -> core[a373ad73a504971]::result::Result<(), alloc[2e1b2a31b91974c5]::string::String>>
[INFO] [stdout]   21:     0x63e47447c855 - test[aada8e7e76ba119b]::run_test::{closure#0}
[INFO] [stdout]   22:     0x63e474476144 - std[617be2ca0a6fd877]::sys::backtrace::__rust_begin_short_backtrace::<test[aada8e7e76ba119b]::run_test::{closure#1}, ()>
[INFO] [stdout]   23:     0x63e47447f8e2 - <std[617be2ca0a6fd877]::thread::lifecycle::spawn_unchecked<test[aada8e7e76ba119b]::run_test::{closure#1}, ()>::{closure#1} as core[a373ad73a504971]::ops::function::FnOnce<()>>::call_once::{shim:vtable#0}
[INFO] [stdout]   24:     0x63e474689d5f - <std[617be2ca0a6fd877]::sys::thread::unix::Thread>::new::thread_start
[INFO] [stdout]   25:     0x72950ef29dfa - <unknown>
[INFO] [stdout]   26:     0x72950efbd3d4 - clone
[INFO] [stdout]   27:                0x0 - <unknown>
[INFO] [stdout] 
[INFO] [stdout] ---- test_query_papers_2 stdout ----
[INFO] [stdout] 
[INFO] [stdout] thread 'test_query_papers_2' (1718) panicked at tests/api_tests.rs:93:67:
[INFO] [stdout] called `Result::unwrap()` on an `Err` value: error sending request for url (https://api.semanticscholar.org/graph/v1/paper/search?query=truth%20or%20mirage%3F)
[INFO] [stdout] 
[INFO] [stdout] Caused by:
[INFO] [stdout]     0: client error (Connect)
[INFO] [stdout]     1: dns error
[INFO] [stdout]     2: failed to lookup address information: Temporary failure in name resolution
[INFO] [stdout] 
[INFO] [stdout] Stack backtrace:
[INFO] [stdout]    0: <anyhow::Error as core::convert::From<reqwest::error::Error>>::from
[INFO] [stdout]    1: <ss_tools::SemanticScholar>::query_papers_by_title::{closure#0}
[INFO] [stdout]    2: api_tests::test_query_papers_2::{closure#0}::{closure#0}
[INFO] [stdout]    3: <tokio::runtime::scheduler::current_thread::Context>::enter::<core::task::poll::Poll<()>, <tokio::runtime::scheduler::current_thread::CoreGuard>::block_on<core::pin::Pin<&mut core::pin::Pin<&mut dyn core::future::future::Future<Output = ()>>>>::{closure#0}::{closure#0}>
[INFO] [stdout]    4: <tokio::runtime::context::scoped::Scoped<tokio::runtime::scheduler::Context>>::set::<<tokio::runtime::scheduler::current_thread::CoreGuard>::enter<<tokio::runtime::scheduler::current_thread::CoreGuard>::block_on<core::pin::Pin<&mut core::pin::Pin<&mut dyn core::future::future::Future<Output = ()>>>>::{closure#0}, core::option::Option<()>>::{closure#0}, (alloc::boxed::Box<tokio::runtime::scheduler::current_thread::Core>, core::option::Option<()>)>
[INFO] [stdout]    5: <tokio::runtime::scheduler::current_thread::CoreGuard>::block_on::<core::pin::Pin<&mut core::pin::Pin<&mut dyn core::future::future::Future<Output = ()>>>>
[INFO] [stdout]    6: tokio::runtime::context::runtime::enter_runtime::<<tokio::runtime::scheduler::current_thread::CurrentThread>::block_on<core::pin::Pin<&mut dyn core::future::future::Future<Output = ()>>>::{closure#0}, ()>
[INFO] [stdout]    7: <tokio::runtime::runtime::Runtime>::block_on::<core::pin::Pin<&mut dyn core::future::future::Future<Output = ()>>>
[INFO] [stdout]    8: <api_tests::test_query_papers_2::{closure#0} as core::ops::function::FnOnce<()>>::call_once
[INFO] [stdout]    9: serial_test::serial_code_lock::local_serial_core
[INFO] [stdout]   10: <api_tests::test_query_papers_2::{closure#0} as core::ops::function::FnOnce<()>>::call_once
[INFO] [stdout]   11: test::__rust_begin_short_backtrace::<core::result::Result<(), alloc::string::String>, fn() -> core::result::Result<(), alloc::string::String>>
[INFO] [stdout]   12: test::run_test::{closure#0}
[INFO] [stdout]   13: std::sys::backtrace::__rust_begin_short_backtrace::<test::run_test::{closure#1}, ()>
[INFO] [stdout]   14: <std::thread::lifecycle::spawn_unchecked<test::run_test::{closure#1}, ()>::{closure#1} as core::ops::function::FnOnce<()>>::call_once::{shim:vtable#0}
[INFO] [stdout]   15: <std::sys::thread::unix::Thread>::new::thread_start
[INFO] [stdout]   16: <unknown>
[INFO] [stdout]   17: clone
[INFO] [stdout] stack backtrace:
[INFO] [stdout]    0:     0x63e47468a8b1 - <<std[617be2ca0a6fd877]::sys::backtrace::BacktraceLock>::print::DisplayBacktrace as core[a373ad73a504971]::fmt::Display>::fmt
[INFO] [stdout]    1:     0x63e4746a2bea - core[a373ad73a504971]::fmt::write
[INFO] [stdout]    2:     0x63e47468fc3c - <alloc[2e1b2a31b91974c5]::vec::Vec<u8> as core[a373ad73a504971]::io::write::Write>::write_fmt
[INFO] [stdout]    3:     0x63e474664f66 - std[617be2ca0a6fd877]::panicking::default_hook::{closure#0}
[INFO] [stdout]    4:     0x63e4746825c9 - std[617be2ca0a6fd877]::panicking::default_hook
[INFO] [stdout]    5:     0x63e47447c230 - test[aada8e7e76ba119b]::test_main_inner::{closure#0}
[INFO] [stdout]    6:     0x63e4746828f2 - std[617be2ca0a6fd877]::panicking::panic_with_hook
[INFO] [stdout]    7:     0x63e474665012 - std[617be2ca0a6fd877]::panicking::panic_handler::{closure#0}
[INFO] [stdout]    8:     0x63e47465d479 - std[617be2ca0a6fd877]::sys::backtrace::__rust_end_short_backtrace::<std[617be2ca0a6fd877]::panicking::panic_handler::{closure#0}, !>
[INFO] [stdout]    9:     0x63e474665fbd - __rustc[ea4f61d10b84890b]::rust_begin_unwind
[INFO] [stdout]   10:     0x63e4746a334c - core[a373ad73a504971]::panicking::panic_fmt
[INFO] [stdout]   11:     0x63e4746a3122 - core[a373ad73a504971]::result::unwrap_failed
[INFO] [stdout]   12:     0x63e47443fa5f - api_tests[9bcaf77f5fcecb09]::test_query_papers_2::{closure#0}::{closure#0}
[INFO] [stdout]   13:     0x63e4744673a3 - <tokio[ee8640928c6ddc25]::runtime::scheduler::current_thread::Context>::enter::<core[a373ad73a504971]::task::poll::Poll<()>, <tokio[ee8640928c6ddc25]::runtime::scheduler::current_thread::CoreGuard>::block_on<core[a373ad73a504971]::pin::Pin<&mut core[a373ad73a504971]::pin::Pin<&mut dyn core[a373ad73a504971]::future::future::Future<Output = ()>>>>::{closure#0}::{closure#0}>
[INFO] [stdout]   14:     0x63e474463e5c - <tokio[ee8640928c6ddc25]::runtime::context::scoped::Scoped<tokio[ee8640928c6ddc25]::runtime::scheduler::Context>>::set::<<tokio[ee8640928c6ddc25]::runtime::scheduler::current_thread::CoreGuard>::enter<<tokio[ee8640928c6ddc25]::runtime::scheduler::current_thread::CoreGuard>::block_on<core[a373ad73a504971]::pin::Pin<&mut core[a373ad73a504971]::pin::Pin<&mut dyn core[a373ad73a504971]::future::future::Future<Output = ()>>>>::{closure#0}, core[a373ad73a504971]::option::Option<()>>::{closure#0}, (alloc[2e1b2a31b91974c5]::boxed::Box<tokio[ee8640928c6ddc25]::runtime::scheduler::current_thread::Core>, core[a373ad73a504971]::option::Option<()>)>
[INFO] [stdout]   15:     0x63e4744676f7 - <tokio[ee8640928c6ddc25]::runtime::scheduler::current_thread::CoreGuard>::block_on::<core[a373ad73a504971]::pin::Pin<&mut core[a373ad73a504971]::pin::Pin<&mut dyn core[a373ad73a504971]::future::future::Future<Output = ()>>>>
[INFO] [stdout]   16:     0x63e47446286d - tokio[ee8640928c6ddc25]::runtime::context::runtime::enter_runtime::<<tokio[ee8640928c6ddc25]::runtime::scheduler::current_thread::CurrentThread>::block_on<core[a373ad73a504971]::pin::Pin<&mut dyn core[a373ad73a504971]::future::future::Future<Output = ()>>>::{closure#0}, ()>
[INFO] [stdout]   17:     0x63e474468e35 - <tokio[ee8640928c6ddc25]::runtime::runtime::Runtime>::block_on::<core[a373ad73a504971]::pin::Pin<&mut dyn core[a373ad73a504971]::future::future::Future<Output = ()>>>
[INFO] [stdout]   18:     0x63e474453acb - <api_tests[9bcaf77f5fcecb09]::test_query_papers_2::{closure#0} as core[a373ad73a504971]::ops::function::FnOnce<()>>::call_once
[INFO] [stdout]   19:     0x63e47463c257 - serial_test[79080402b12f8693]::serial_code_lock::local_serial_core
[INFO] [stdout]   20:     0x63e47445315d - <api_tests[9bcaf77f5fcecb09]::test_query_papers_2::{closure#0} as core[a373ad73a504971]::ops::function::FnOnce<()>>::call_once
[INFO] [stdout]   21:     0x63e47446f67b - test[aada8e7e76ba119b]::__rust_begin_short_backtrace::<core[a373ad73a504971]::result::Result<(), alloc[2e1b2a31b91974c5]::string::String>, fn() -> core[a373ad73a504971]::result::Result<(), alloc[2e1b2a31b91974c5]::string::String>>
[INFO] [stdout]   22:     0x63e47447c855 - test[aada8e7e76ba119b]::run_test::{closure#0}
[INFO] [stdout]   23:     0x63e474476144 - std[617be2ca0a6fd877]::sys::backtrace::__rust_begin_short_backtrace::<test[aada8e7e76ba119b]::run_test::{closure#1}, ()>
[INFO] [stdout]   24:     0x63e47447f8e2 - <std[617be2ca0a6fd877]::thread::lifecycle::spawn_unchecked<test[aada8e7e76ba119b]::run_test::{closure#1}, ()>::{closure#1} as core[a373ad73a504971]::ops::function::FnOnce<()>>::call_once::{shim:vtable#0}
[INFO] [stdout]   25:     0x63e474689d5f - <std[617be2ca0a6fd877]::sys::thread::unix::Thread>::new::thread_start
[INFO] [stdout]   26:     0x72950ef29dfa - <unknown>
[INFO] [stdout]   27:     0x72950efbd3d4 - clone
[INFO] [stdout]   28:                0x0 - <unknown>
[INFO] [stdout] 
[INFO] [stdout] ---- test_a_query_paper_1 stdout ----
[INFO] [stdout] 
[INFO] [stdout] thread 'test_a_query_paper_1' (1697) panicked at tests/api_tests.rs:201:10:
[INFO] [stdout] called `Result::unwrap()` on an `Err` value: error sending request for url (https://api.semanticscholar.org/graph/v1/paper/search/match?query=attention%20is%20all%20you%20need)
[INFO] [stdout] 
[INFO] [stdout] Caused by:
[INFO] [stdout]     0: client error (Connect)
[INFO] [stdout]     1: dns error
[INFO] [stdout]     2: failed to lookup address information: Temporary failure in name resolution
[INFO] [stdout] 
[INFO] [stdout] Stack backtrace:
[INFO] [stdout]    0: <anyhow::Error as core::convert::From<reqwest::error::Error>>::from
[INFO] [stdout]    1: <ss_tools::SemanticScholar>::query_a_paper_by_title::{closure#0}
[INFO] [stdout]    2: api_tests::test_a_query_paper_1::{closure#0}::{closure#0}
[INFO] [stdout]    3: <tokio::runtime::scheduler::current_thread::Context>::enter::<core::task::poll::Poll<()>, <tokio::runtime::scheduler::current_thread::CoreGuard>::block_on<core::pin::Pin<&mut core::pin::Pin<&mut dyn core::future::future::Future<Output = ()>>>>::{closure#0}::{closure#0}>
[INFO] [stdout]    4: <tokio::runtime::context::scoped::Scoped<tokio::runtime::scheduler::Context>>::set::<<tokio::runtime::scheduler::current_thread::CoreGuard>::enter<<tokio::runtime::scheduler::current_thread::CoreGuard>::block_on<core::pin::Pin<&mut core::pin::Pin<&mut dyn core::future::future::Future<Output = ()>>>>::{closure#0}, core::option::Option<()>>::{closure#0}, (alloc::boxed::Box<tokio::runtime::scheduler::current_thread::Core>, core::option::Option<()>)>
[INFO] [stdout]    5: <tokio::runtime::scheduler::current_thread::CoreGuard>::block_on::<core::pin::Pin<&mut core::pin::Pin<&mut dyn core::future::future::Future<Output = ()>>>>
[INFO] [stdout]    6: tokio::runtime::context::runtime::enter_runtime::<<tokio::runtime::scheduler::current_thread::CurrentThread>::block_on<core::pin::Pin<&mut dyn core::future::future::Future<Output = ()>>>::{closure#0}, ()>
[INFO] [stdout]    7: <tokio::runtime::runtime::Runtime>::block_on::<core::pin::Pin<&mut dyn core::future::future::Future<Output = ()>>>
[INFO] [stdout]    8: <api_tests::test_a_query_paper_1::{closure#0} as core::ops::function::FnOnce<()>>::call_once
[INFO] [stdout]    9: serial_test::serial_code_lock::local_serial_core
[INFO] [stdout]   10: <api_tests::test_a_query_paper_1::{closure#0} as core::ops::function::FnOnce<()>>::call_once
[INFO] [stdout]   11: test::__rust_begin_short_backtrace::<core::result::Result<(), alloc::string::String>, fn() -> core::result::Result<(), alloc::string::String>>
[INFO] [stdout]   12: test::run_test::{closure#0}
[INFO] [stdout]   13: std::sys::backtrace::__rust_begin_short_backtrace::<test::run_test::{closure#1}, ()>
[INFO] [stdout]   14: <std::thread::lifecycle::spawn_unchecked<test::run_test::{closure#1}, ()>::{closure#1} as core::ops::function::FnOnce<()>>::call_once::{shim:vtable#0}
[INFO] [stdout]   15: <std::sys::thread::unix::Thread>::new::thread_start
[INFO] [stdout]   16: <unknown>
[INFO] [stdout]   17: clone
[INFO] [stdout] stack backtrace:
[INFO] [stdout]    0:     0x63e47468a8b1 - <<std[617be2ca0a6fd877]::sys::backtrace::BacktraceLock>::print::DisplayBacktrace as core[a373ad73a504971]::fmt::Display>::fmt
[INFO] [stdout]    1:     0x63e4746a2bea - core[a373ad73a504971]::fmt::write
[INFO] [stdout]    2:     0x63e47468fc3c - <alloc[2e1b2a31b91974c5]::vec::Vec<u8> as core[a373ad73a504971]::io::write::Write>::write_fmt
[INFO] [stdout]    3:     0x63e474664f66 - std[617be2ca0a6fd877]::panicking::default_hook::{closure#0}
[INFO] [stdout]    4:     0x63e4746825c9 - std[617be2ca0a6fd877]::panicking::default_hook
[INFO] [stdout]    5:     0x63e47447c230 - test[aada8e7e76ba119b]::test_main_inner::{closure#0}
[INFO] [stdout]    6:     0x63e4746828f2 - std[617be2ca0a6fd877]::panicking::panic_with_hook
[INFO] [stdout]    7:     0x63e474665012 - std[617be2ca0a6fd877]::panicking::panic_handler::{closure#0}
[INFO] [stdout]    8:     0x63e47465d479 - std[617be2ca0a6fd877]::sys::backtrace::__rust_end_short_backtrace::<std[617be2ca0a6fd877]::panicking::panic_handler::{closure#0}, !>
[INFO] [stdout]    9:     0x63e474665fbd - __rustc[ea4f61d10b84890b]::rust_begin_unwind
[INFO] [stdout]   10:     0x63e4746a334c - core[a373ad73a504971]::panicking::panic_fmt
[INFO] [stdout]   11:     0x63e4746a3122 - core[a373ad73a504971]::result::unwrap_failed
[INFO] [stdout]   12:     0x63e47444224a - api_tests[9bcaf77f5fcecb09]::test_a_query_paper_1::{closure#0}::{closure#0}
[INFO] [stdout]   13:     0x63e4744673a3 - <tokio[ee8640928c6ddc25]::runtime::scheduler::current_thread::Context>::enter::<core[a373ad73a504971]::task::poll::Poll<()>, <tokio[ee8640928c6ddc25]::runtime::scheduler::current_thread::CoreGuard>::block_on<core[a373ad73a504971]::pin::Pin<&mut core[a373ad73a504971]::pin::Pin<&mut dyn core[a373ad73a504971]::future::future::Future<Output = ()>>>>::{closure#0}::{closure#0}>
[INFO] [stdout]   14:     0x63e474463e5c - <tokio[ee8640928c6ddc25]::runtime::context::scoped::Scoped<tokio[ee8640928c6ddc25]::runtime::scheduler::Context>>::set::<<tokio[ee8640928c6ddc25]::runtime::scheduler::current_thread::CoreGuard>::enter<<tokio[ee8640928c6ddc25]::runtime::scheduler::current_thread::CoreGuard>::block_on<core[a373ad73a504971]::pin::Pin<&mut core[a373ad73a504971]::pin::Pin<&mut dyn core[a373ad73a504971]::future::future::Future<Output = ()>>>>::{closure#0}, core[a373ad73a504971]::option::Option<()>>::{closure#0}, (alloc[2e1b2a31b91974c5]::boxed::Box<tokio[ee8640928c6ddc25]::runtime::scheduler::current_thread::Core>, core[a373ad73a504971]::option::Option<()>)>
[INFO] [stdout]   15:     0x63e4744676f7 - <tokio[ee8640928c6ddc25]::runtime::scheduler::current_thread::CoreGuard>::block_on::<core[a373ad73a504971]::pin::Pin<&mut core[a373ad73a504971]::pin::Pin<&mut dyn core[a373ad73a504971]::future::future::Future<Output = ()>>>>
[INFO] [stdout]   16:     0x63e47446286d - tokio[ee8640928c6ddc25]::runtime::context::runtime::enter_runtime::<<tokio[ee8640928c6ddc25]::runtime::scheduler::current_thread::CurrentThread>::block_on<core[a373ad73a504971]::pin::Pin<&mut dyn core[a373ad73a504971]::future::future::Future<Output = ()>>>::{closure#0}, ()>
[INFO] [stdout]   17:     0x63e474468e35 - <tokio[ee8640928c6ddc25]::runtime::runtime::Runtime>::block_on::<core[a373ad73a504971]::pin::Pin<&mut dyn core[a373ad73a504971]::future::future::Future<Output = ()>>>
[INFO] [stdout]   18:     0x63e47445417b - <api_tests[9bcaf77f5fcecb09]::test_a_query_paper_1::{closure#0} as core[a373ad73a504971]::ops::function::FnOnce<()>>::call_once
[INFO] [stdout]   19:     0x63e47463c257 - serial_test[79080402b12f8693]::serial_code_lock::local_serial_core
[INFO] [stdout]   20:     0x63e47445335d - <api_tests[9bcaf77f5fcecb09]::test_a_query_paper_1::{closure#0} as core[a373ad73a504971]::ops::function::FnOnce<()>>::call_once
[INFO] [stdout]   21:     0x63e47446f67b - test[aada8e7e76ba119b]::__rust_begin_short_backtrace::<core[a373ad73a504971]::result::Result<(), alloc[2e1b2a31b91974c5]::string::String>, fn() -> core[a373ad73a504971]::result::Result<(), alloc[2e1b2a31b91974c5]::string::String>>
[INFO] [stdout]   22:     0x63e47447c855 - test[aada8e7e76ba119b]::run_test::{closure#0}
[INFO] [stdout]   23:     0x63e474476144 - std[617be2ca0a6fd877]::sys::backtrace::__rust_begin_short_backtrace::<test[aada8e7e76ba119b]::run_test::{closure#1}, ()>
[INFO] [stdout]   24:     0x63e47447f8e2 - <std[617be2ca0a6fd877]::thread::lifecycle::spawn_unchecked<test[aada8e7e76ba119b]::run_test::{closure#1}, ()>::{closure#1} as core[a373ad73a504971]::ops::function::FnOnce<()>>::call_once::{shim:vtable#0}
[INFO] [stdout]   25:     0x63e474689d5f - <std[617be2ca0a6fd877]::sys::thread::unix::Thread>::new::thread_start
[INFO] [stdout]   26:     0x72950ef29dfa - <unknown>
[INFO] [stdout]   27:     0x72950efbd3d4 - clone
[INFO] [stdout]   28:                0x0 - <unknown>
[INFO] [stdout] 
[INFO] [stdout] ---- test_query_paper_authors stdout ----
[INFO] [stdout] 
[INFO] [stdout] thread 'test_query_paper_authors' (1704) panicked at tests/api_tests.rs:530:70:
[INFO] [stdout] called `Result::unwrap()` on an `Err` value: Failed to get paper authors: 204e3073870fae3d05bcbc2f6a8e263d9b72e776
[INFO] [stdout] 
[INFO] [stdout] Stack backtrace:
[INFO] [stdout]    0: <anyhow::Error>::msg::<alloc::string::String>
[INFO] [stdout]    1: api_tests::test_query_paper_authors::{closure#0}::{closure#0}
[INFO] [stdout]    2: <tokio::runtime::scheduler::current_thread::Context>::enter::<core::task::poll::Poll<()>, <tokio::runtime::scheduler::current_thread::CoreGuard>::block_on<core::pin::Pin<&mut core::pin::Pin<&mut dyn core::future::future::Future<Output = ()>>>>::{closure#0}::{closure#0}>
[INFO] [stdout]    3: <tokio::runtime::context::scoped::Scoped<tokio::runtime::scheduler::Context>>::set::<<tokio::runtime::scheduler::current_thread::CoreGuard>::enter<<tokio::runtime::scheduler::current_thread::CoreGuard>::block_on<core::pin::Pin<&mut core::pin::Pin<&mut dyn core::future::future::Future<Output = ()>>>>::{closure#0}, core::option::Option<()>>::{closure#0}, (alloc::boxed::Box<tokio::runtime::scheduler::current_thread::Core>, core::option::Option<()>)>
[INFO] [stdout]    4: <tokio::runtime::scheduler::current_thread::CoreGuard>::block_on::<core::pin::Pin<&mut core::pin::Pin<&mut dyn core::future::future::Future<Output = ()>>>>
[INFO] [stdout]    5: tokio::runtime::context::runtime::enter_runtime::<<tokio::runtime::scheduler::current_thread::CurrentThread>::block_on<core::pin::Pin<&mut dyn core::future::future::Future<Output = ()>>>::{closure#0}, ()>
[INFO] [stdout]    6: <tokio::runtime::runtime::Runtime>::block_on::<core::pin::Pin<&mut dyn core::future::future::Future<Output = ()>>>
[INFO] [stdout]    7: <api_tests::test_query_paper_authors::{closure#0} as core::ops::function::FnOnce<()>>::call_once
[INFO] [stdout]    8: serial_test::serial_code_lock::local_serial_core
[INFO] [stdout]    9: <api_tests::test_query_paper_authors::{closure#0} as core::ops::function::FnOnce<()>>::call_once
[INFO] [stdout]   10: test::__rust_begin_short_backtrace::<core::result::Result<(), alloc::string::String>, fn() -> core::result::Result<(), alloc::string::String>>
[INFO] [stdout]   11: test::run_test::{closure#0}
[INFO] [stdout]   12: std::sys::backtrace::__rust_begin_short_backtrace::<test::run_test::{closure#1}, ()>
[INFO] [stdout]   13: <std::thread::lifecycle::spawn_unchecked<test::run_test::{closure#1}, ()>::{closure#1} as core::ops::function::FnOnce<()>>::call_once::{shim:vtable#0}
[INFO] [stdout]   14: <std::sys::thread::unix::Thread>::new::thread_start
[INFO] [stdout]   15: <unknown>
[INFO] [stdout]   16: clone
[INFO] [stdout] stack backtrace:
[INFO] [stdout]    0:     0x63e47468a8b1 - <<std[617be2ca0a6fd877]::sys::backtrace::BacktraceLock>::print::DisplayBacktrace as core[a373ad73a504971]::fmt::Display>::fmt
[INFO] [stdout]    1:     0x63e4746a2bea - core[a373ad73a504971]::fmt::write
[INFO] [stdout]    2:     0x63e47468fc3c - <alloc[2e1b2a31b91974c5]::vec::Vec<u8> as core[a373ad73a504971]::io::write::Write>::write_fmt
[INFO] [stdout]    3:     0x63e474664f66 - std[617be2ca0a6fd877]::panicking::default_hook::{closure#0}
[INFO] [stdout]    4:     0x63e4746825c9 - std[617be2ca0a6fd877]::panicking::default_hook
[INFO] [stdout]    5:     0x63e47447c230 - test[aada8e7e76ba119b]::test_main_inner::{closure#0}
[INFO] [stdout]    6:     0x63e4746828f2 - std[617be2ca0a6fd877]::panicking::panic_with_hook
[INFO] [stdout]    7:     0x63e474665012 - std[617be2ca0a6fd877]::panicking::panic_handler::{closure#0}
[INFO] [stdout]    8:     0x63e47465d479 - std[617be2ca0a6fd877]::sys::backtrace::__rust_end_short_backtrace::<std[617be2ca0a6fd877]::panicking::panic_handler::{closure#0}, !>
[INFO] [stdout]    9:     0x63e474665fbd - __rustc[ea4f61d10b84890b]::rust_begin_unwind
[INFO] [stdout]   10:     0x63e4746a334c - core[a373ad73a504971]::panicking::panic_fmt
[INFO] [stdout]   11:     0x63e4746a3122 - core[a373ad73a504971]::result::unwrap_failed
[INFO] [stdout]   12:     0x63e474446130 - api_tests[9bcaf77f5fcecb09]::test_query_paper_authors::{closure#0}::{closure#0}
[INFO] [stdout]   13:     0x63e4744673a3 - <tokio[ee8640928c6ddc25]::runtime::scheduler::current_thread::Context>::enter::<core[a373ad73a504971]::task::poll::Poll<()>, <tokio[ee8640928c6ddc25]::runtime::scheduler::current_thread::CoreGuard>::block_on<core[a373ad73a504971]::pin::Pin<&mut core[a373ad73a504971]::pin::Pin<&mut dyn core[a373ad73a504971]::future::future::Future<Output = ()>>>>::{closure#0}::{closure#0}>
[INFO] [stdout]   14:     0x63e474463e5c - <tokio[ee8640928c6ddc25]::runtime::context::scoped::Scoped<tokio[ee8640928c6ddc25]::runtime::scheduler::Context>>::set::<<tokio[ee8640928c6ddc25]::runtime::scheduler::current_thread::CoreGuard>::enter<<tokio[ee8640928c6ddc25]::runtime::scheduler::current_thread::CoreGuard>::block_on<core[a373ad73a504971]::pin::Pin<&mut core[a373ad73a504971]::pin::Pin<&mut dyn core[a373ad73a504971]::future::future::Future<Output = ()>>>>::{closure#0}, core[a373ad73a504971]::option::Option<()>>::{closure#0}, (alloc[2e1b2a31b91974c5]::boxed::Box<tokio[ee8640928c6ddc25]::runtime::scheduler::current_thread::Core>, core[a373ad73a504971]::option::Option<()>)>
[INFO] [stdout]   15:     0x63e4744676f7 - <tokio[ee8640928c6ddc25]::runtime::scheduler::current_thread::CoreGuard>::block_on::<core[a373ad73a504971]::pin::Pin<&mut core[a373ad73a504971]::pin::Pin<&mut dyn core[a373ad73a504971]::future::future::Future<Output = ()>>>>
[INFO] [stdout]   16:     0x63e47446286d - tokio[ee8640928c6ddc25]::runtime::context::runtime::enter_runtime::<<tokio[ee8640928c6ddc25]::runtime::scheduler::current_thread::CurrentThread>::block_on<core[a373ad73a504971]::pin::Pin<&mut dyn core[a373ad73a504971]::future::future::Future<Output = ()>>>::{closure#0}, ()>
[INFO] [stdout]   17:     0x63e474468e35 - <tokio[ee8640928c6ddc25]::runtime::runtime::Runtime>::block_on::<core[a373ad73a504971]::pin::Pin<&mut dyn core[a373ad73a504971]::future::future::Future<Output = ()>>>
[INFO] [stdout]   18:     0x63e47445483b - <api_tests[9bcaf77f5fcecb09]::test_query_paper_authors::{closure#0} as core[a373ad73a504971]::ops::function::FnOnce<()>>::call_once
[INFO] [stdout]   19:     0x63e47463c257 - serial_test[79080402b12f8693]::serial_code_lock::local_serial_core
[INFO] [stdout]   20:     0x63e47445355d - <api_tests[9bcaf77f5fcecb09]::test_query_paper_authors::{closure#0} as core[a373ad73a504971]::ops::function::FnOnce<()>>::call_once
[INFO] [stdout]   21:     0x63e47446f67b - test[aada8e7e76ba119b]::__rust_begin_short_backtrace::<core[a373ad73a504971]::result::Result<(), alloc[2e1b2a31b91974c5]::string::String>, fn() -> core[a373ad73a504971]::result::Result<(), alloc[2e1b2a31b91974c5]::string::String>>
[INFO] [stdout]   22:     0x63e47447c855 - test[aada8e7e76ba119b]::run_test::{closure#0}
[INFO] [stdout]   23:     0x63e474476144 - std[617be2ca0a6fd877]::sys::backtrace::__rust_begin_short_backtrace::<test[aada8e7e76ba119b]::run_test::{closure#1}, ()>
[INFO] [stdout]   24:     0x63e47447f8e2 - <std[617be2ca0a6fd877]::thread::lifecycle::spawn_unchecked<test[aada8e7e76ba119b]::run_test::{closure#1}, ()>::{closure#1} as core[a373ad73a504971]::ops::function::FnOnce<()>>::call_once::{shim:vtable#0}
[INFO] [stdout]   25:     0x63e474689d5f - <std[617be2ca0a6fd877]::sys::thread::unix::Thread>::new::thread_start
[INFO] [stdout]   26:     0x72950ef29dfa - <unknown>
[INFO] [stdout]   27:     0x72950efbd3d4 - clone
[INFO] [stdout]   28:                0x0 - <unknown>
[INFO] [stdout] 
[INFO] [stdout] ---- test_query_paper_citations stdout ----
[INFO] [stdout] 
[INFO] [stdout] thread 'test_query_paper_citations' (1706) panicked at tests/api_tests.rs:406:79:
[INFO] [stdout] called `Result::unwrap()` on an `Err` value: Failed to get paper citations: 204e3073870fae3d05bcbc2f6a8e263d9b72e776
[INFO] [stdout] 
[INFO] [stdout] Stack backtrace:
[INFO] [stdout]    0: <anyhow::Error>::msg::<alloc::string::String>
[INFO] [stdout]    1: api_tests::test_query_paper_citations::{closure#0}::{closure#0}
[INFO] [stdout]    2: <tokio::runtime::scheduler::current_thread::Context>::enter::<core::task::poll::Poll<()>, <tokio::runtime::scheduler::current_thread::CoreGuard>::block_on<core::pin::Pin<&mut core::pin::Pin<&mut dyn core::future::future::Future<Output = ()>>>>::{closure#0}::{closure#0}>
[INFO] [stdout]    3: <tokio::runtime::context::scoped::Scoped<tokio::runtime::scheduler::Context>>::set::<<tokio::runtime::scheduler::current_thread::CoreGuard>::enter<<tokio::runtime::scheduler::current_thread::CoreGuard>::block_on<core::pin::Pin<&mut core::pin::Pin<&mut dyn core::future::future::Future<Output = ()>>>>::{closure#0}, core::option::Option<()>>::{closure#0}, (alloc::boxed::Box<tokio::runtime::scheduler::current_thread::Core>, core::option::Option<()>)>
[INFO] [stdout]    4: <tokio::runtime::scheduler::current_thread::CoreGuard>::block_on::<core::pin::Pin<&mut core::pin::Pin<&mut dyn core::future::future::Future<Output = ()>>>>
[INFO] [stdout]    5: tokio::runtime::context::runtime::enter_runtime::<<tokio::runtime::scheduler::current_thread::CurrentThread>::block_on<core::pin::Pin<&mut dyn core::future::future::Future<Output = ()>>>::{closure#0}, ()>
[INFO] [stdout]    6: <tokio::runtime::runtime::Runtime>::block_on::<core::pin::Pin<&mut dyn core::future::future::Future<Output = ()>>>
[INFO] [stdout]    7: <api_tests::test_query_paper_citations::{closure#0} as core::ops::function::FnOnce<()>>::call_once
[INFO] [stdout]    8: serial_test::serial_code_lock::local_serial_core
[INFO] [stdout]    9: <api_tests::test_query_paper_citations::{closure#0} as core::ops::function::FnOnce<()>>::call_once
[INFO] [stdout]   10: test::__rust_begin_short_backtrace::<core::result::Result<(), alloc::string::String>, fn() -> core::result::Result<(), alloc::string::String>>
[INFO] [stdout]   11: test::run_test::{closure#0}
[INFO] [stdout]   12: std::sys::backtrace::__rust_begin_short_backtrace::<test::run_test::{closure#1}, ()>
[INFO] [stdout]   13: <std::thread::lifecycle::spawn_unchecked<test::run_test::{closure#1}, ()>::{closure#1} as core::ops::function::FnOnce<()>>::call_once::{shim:vtable#0}
[INFO] [stdout]   14: <std::sys::thread::unix::Thread>::new::thread_start
[INFO] [stdout]   15: <unknown>
[INFO] [stdout]   16: clone
[INFO] [stdout] stack backtrace:
[INFO] [stdout]    0:     0x63e47468a8b1 - <<std[617be2ca0a6fd877]::sys::backtrace::BacktraceLock>::print::DisplayBacktrace as core[a373ad73a504971]::fmt::Display>::fmt
[INFO] [stdout]    1:     0x63e4746a2bea - core[a373ad73a504971]::fmt::write
[INFO] [stdout]    2:     0x63e47468fc3c - <alloc[2e1b2a31b91974c5]::vec::Vec<u8> as core[a373ad73a504971]::io::write::Write>::write_fmt
[INFO] [stdout]    3:     0x63e474664f66 - std[617be2ca0a6fd877]::panicking::default_hook::{closure#0}
[INFO] [stdout]    4:     0x63e4746825c9 - std[617be2ca0a6fd877]::panicking::default_hook
[INFO] [stdout]    5:     0x63e47447c230 - test[aada8e7e76ba119b]::test_main_inner::{closure#0}
[INFO] [stdout]    6:     0x63e4746828f2 - std[617be2ca0a6fd877]::panicking::panic_with_hook
[INFO] [stdout]    7:     0x63e474665012 - std[617be2ca0a6fd877]::panicking::panic_handler::{closure#0}
[INFO] [stdout]    8:     0x63e47465d479 - std[617be2ca0a6fd877]::sys::backtrace::__rust_end_short_backtrace::<std[617be2ca0a6fd877]::panicking::panic_handler::{closure#0}, !>
[INFO] [stdout]    9:     0x63e474665fbd - __rustc[ea4f61d10b84890b]::rust_begin_unwind
[INFO] [stdout]   10:     0x63e4746a334c - core[a373ad73a504971]::panicking::panic_fmt
[INFO] [stdout]   11:     0x63e4746a3122 - core[a373ad73a504971]::result::unwrap_failed
[INFO] [stdout]   12:     0x63e47444a786 - api_tests[9bcaf77f5fcecb09]::test_query_paper_citations::{closure#0}::{closure#0}
[INFO] [stdout]   13:     0x63e4744673a3 - <tokio[ee8640928c6ddc25]::runtime::scheduler::current_thread::Context>::enter::<core[a373ad73a504971]::task::poll::Poll<()>, <tokio[ee8640928c6ddc25]::runtime::scheduler::current_thread::CoreGuard>::block_on<core[a373ad73a504971]::pin::Pin<&mut core[a373ad73a504971]::pin::Pin<&mut dyn core[a373ad73a504971]::future::future::Future<Output = ()>>>>::{closure#0}::{closure#0}>
[INFO] [stdout]   14:     0x63e474463e5c - <tokio[ee8640928c6ddc25]::runtime::context::scoped::Scoped<tokio[ee8640928c6ddc25]::runtime::scheduler::Context>>::set::<<tokio[ee8640928c6ddc25]::runtime::scheduler::current_thread::CoreGuard>::enter<<tokio[ee8640928c6ddc25]::runtime::scheduler::current_thread::CoreGuard>::block_on<core[a373ad73a504971]::pin::Pin<&mut core[a373ad73a504971]::pin::Pin<&mut dyn core[a373ad73a504971]::future::future::Future<Output = ()>>>>::{closure#0}, core[a373ad73a504971]::option::Option<()>>::{closure#0}, (alloc[2e1b2a31b91974c5]::boxed::Box<tokio[ee8640928c6ddc25]::runtime::scheduler::current_thread::Core>, core[a373ad73a504971]::option::Option<()>)>
[INFO] [stdout]   15:     0x63e4744676f7 - <tokio[ee8640928c6ddc25]::runtime::scheduler::current_thread::CoreGuard>::block_on::<core[a373ad73a504971]::pin::Pin<&mut core[a373ad73a504971]::pin::Pin<&mut dyn core[a373ad73a504971]::future::future::Future<Output = ()>>>>
[INFO] [stdout]   16:     0x63e47446286d - tokio[ee8640928c6ddc25]::runtime::context::runtime::enter_runtime::<<tokio[ee8640928c6ddc25]::runtime::scheduler::current_thread::CurrentThread>::block_on<core[a373ad73a504971]::pin::Pin<&mut dyn core[a373ad73a504971]::future::future::Future<Output = ()>>>::{closure#0}, ()>
[INFO] [stdout]   17:     0x63e474468e35 - <tokio[ee8640928c6ddc25]::runtime::runtime::Runtime>::block_on::<core[a373ad73a504971]::pin::Pin<&mut dyn core[a373ad73a504971]::future::future::Future<Output = ()>>>
[INFO] [stdout]   18:     0x63e474454d4b - <api_tests[9bcaf77f5fcecb09]::test_query_paper_citations::{closure#0} as core[a373ad73a504971]::ops::function::FnOnce<()>>::call_once
[INFO] [stdout]   19:     0x63e47463c257 - serial_test[79080402b12f8693]::serial_code_lock::local_serial_core
[INFO] [stdout]   20:     0x63e4744536dd - <api_tests[9bcaf77f5fcecb09]::test_query_paper_citations::{closure#0} as core[a373ad73a504971]::ops::function::FnOnce<()>>::call_once
[INFO] [stdout]   21:     0x63e47446f67b - test[aada8e7e76ba119b]::__rust_begin_short_backtrace::<core[a373ad73a504971]::result::Result<(), alloc[2e1b2a31b91974c5]::string::String>, fn() -> core[a373ad73a504971]::result::Result<(), alloc[2e1b2a31b91974c5]::string::String>>
[INFO] [stdout]   22:     0x63e47447c855 - test[aada8e7e76ba119b]::run_test::{closure#0}
[INFO] [stdout]   23:     0x63e474476144 - std[617be2ca0a6fd877]::sys::backtrace::__rust_begin_short_backtrace::<test[aada8e7e76ba119b]::run_test::{closure#1}, ()>
[INFO] [stdout]   24:     0x63e47447f8e2 - <std[617be2ca0a6fd877]::thread::lifecycle::spawn_unchecked<test[aada8e7e76ba119b]::run_test::{closure#1}, ()>::{closure#1} as core[a373ad73a504971]::ops::function::FnOnce<()>>::call_once::{shim:vtable#0}
[INFO] [stdout]   25:     0x63e474689d5f - <std[617be2ca0a6fd877]::sys::thread::unix::Thread>::new::thread_start
[INFO] [stdout]   26:     0x72950ef29dfa - <unknown>
[INFO] [stdout]   27:     0x72950efbd3d4 - clone
[INFO] [stdout]   28:                0x0 - <unknown>
[INFO] [stdout] 
[INFO] [stdout] ---- test_bulk_query_by_ids_with_fields stdout ----
[INFO] [stdout] 
[INFO] [stdout] thread 'test_bulk_query_by_ids_with_fields' (1700) panicked at tests/api_tests.rs:55:13:
[INFO] [stdout] Error: error sending request for url (https://api.semanticscholar.org/graph/v1/paper/batch?fields=title,citationCount,referenceCount,influentialCitationCount)
[INFO] [stdout] stack backtrace:
[INFO] [stdout]    0:     0x63e47468a8b1 - <<std[617be2ca0a6fd877]::sys::backtrace::BacktraceLock>::print::DisplayBacktrace as core[a373ad73a504971]::fmt::Display>::fmt
[INFO] [stdout]    1:     0x63e4746a2bea - core[a373ad73a504971]::fmt::write
[INFO] [stdout]    2:     0x63e47468fc3c - <alloc[2e1b2a31b91974c5]::vec::Vec<u8> as core[a373ad73a504971]::io::write::Write>::write_fmt
[INFO] [stdout]    3:     0x63e474664f66 - std[617be2ca0a6fd877]::panicking::default_hook::{closure#0}
[INFO] [stdout]    4:     0x63e4746825c9 - std[617be2ca0a6fd877]::panicking::default_hook
[INFO] [stdout]    5:     0x63e47447c230 - test[aada8e7e76ba119b]::test_main_inner::{closure#0}
[INFO] [stdout]    6:     0x63e4746828f2 - std[617be2ca0a6fd877]::panicking::panic_with_hook
[INFO] [stdout]    7:     0x63e474665012 - std[617be2ca0a6fd877]::panicking::panic_handler::{closure#0}
[INFO] [stdout]    8:     0x63e47465d479 - std[617be2ca0a6fd877]::sys::backtrace::__rust_end_short_backtrace::<std[617be2ca0a6fd877]::panicking::panic_handler::{closure#0}, !>
[INFO] [stdout]    9:     0x63e474665fbd - __rustc[ea4f61d10b84890b]::rust_begin_unwind
[INFO] [stdout]   10:     0x63e4746a334c - core[a373ad73a504971]::panicking::panic_fmt
[INFO] [stdout]   11:     0x63e47444c684 - api_tests[9bcaf77f5fcecb09]::test_bulk_query_by_ids_with_fields::{closure#0}::{closure#0}
[INFO] [stderr] error: test failed, to rerun pass `--test api_tests`
[INFO] [stdout]   12:     0x63e4744673a3 - <tokio[ee8640928c6ddc25]::runtime::scheduler::current_thread::Context>::enter::<core[a373ad73a504971]::task::poll::Poll<()>, <tokio[ee8640928c6ddc25]::runtime::scheduler::current_thread::CoreGuard>::block_on<core[a373ad73a504971]::pin::Pin<&mut core[a373ad73a504971]::pin::Pin<&mut dyn core[a373ad73a504971]::future::future::Future<Output = ()>>>>::{closure#0}::{closure#0}>
[INFO] [stdout]   13:     0x63e474463e5c - <tokio[ee8640928c6ddc25]::runtime::context::scoped::Scoped<tokio[ee8640928c6ddc25]::runtime::scheduler::Context>>::set::<<tokio[ee8640928c6ddc25]::runtime::scheduler::current_thread::CoreGuard>::enter<<tokio[ee8640928c6ddc25]::runtime::scheduler::current_thread::CoreGuard>::block_on<core[a373ad73a504971]::pin::Pin<&mut core[a373ad73a504971]::pin::Pin<&mut dyn core[a373ad73a504971]::future::future::Future<Output = ()>>>>::{closure#0}, core[a373ad73a504971]::option::Option<()>>::{closure#0}, (alloc[2e1b2a31b91974c5]::boxed::Box<tokio[ee8640928c6ddc25]::runtime::scheduler::current_thread::Core>, core[a373ad73a504971]::option::Option<()>)>
[INFO] [stdout]   14:     0x63e4744676f7 - <tokio[ee8640928c6ddc25]::runtime::scheduler::current_thread::CoreGuard>::block_on::<core[a373ad73a504971]::pin::Pin<&mut core[a373ad73a504971]::pin::Pin<&mut dyn core[a373ad73a504971]::future::future::Future<Output = ()>>>>
[INFO] [stdout]   15:     0x63e47446286d - tokio[ee8640928c6ddc25]::runtime::context::runtime::enter_runtime::<<tokio[ee8640928c6ddc25]::runtime::scheduler::current_thread::CurrentThread>::block_on<core[a373ad73a504971]::pin::Pin<&mut dyn core[a373ad73a504971]::future::future::Future<Output = ()>>>::{closure#0}, ()>
[INFO] [stdout]   16:     0x63e474468e35 - <tokio[ee8640928c6ddc25]::runtime::runtime::Runtime>::block_on::<core[a373ad73a504971]::pin::Pin<&mut dyn core[a373ad73a504971]::future::future::Future<Output = ()>>>
[INFO] [stdout]   17:     0x63e4744550ab - <api_tests[9bcaf77f5fcecb09]::test_bulk_query_by_ids_with_fields::{closure#0} as core[a373ad73a504971]::ops::function::FnOnce<()>>::call_once
[INFO] [stdout]   18:     0x63e47463c257 - serial_test[79080402b12f8693]::serial_code_lock::local_serial_core
[INFO] [stdout]   19:     0x63e4744537dd - <api_tests[9bcaf77f5fcecb09]::test_bulk_query_by_ids_with_fields::{closure#0} as core[a373ad73a504971]::ops::function::FnOnce<()>>::call_once
[INFO] [stdout]   20:     0x63e47446f67b - test[aada8e7e76ba119b]::__rust_begin_short_backtrace::<core[a373ad73a504971]::result::Result<(), alloc[2e1b2a31b91974c5]::string::String>, fn() -> core[a373ad73a504971]::result::Result<(), alloc[2e1b2a31b91974c5]::string::String>>
[INFO] [stdout]   21:     0x63e47447c855 - test[aada8e7e76ba119b]::run_test::{closure#0}
[INFO] [stdout]   22:     0x63e474476144 - std[617be2ca0a6fd877]::sys::backtrace::__rust_begin_short_backtrace::<test[aada8e7e76ba119b]::run_test::{closure#1}, ()>
[INFO] [stdout]   23:     0x63e47447f8e2 - <std[617be2ca0a6fd877]::thread::lifecycle::spawn_unchecked<test[aada8e7e76ba119b]::run_test::{closure#1}, ()>::{closure#1} as core[a373ad73a504971]::ops::function::FnOnce<()>>::call_once::{shim:vtable#0}
[INFO] [stdout]   24:     0x63e474689d5f - <std[617be2ca0a6fd877]::sys::thread::unix::Thread>::new::thread_start
[INFO] [stdout]   25:     0x72950ef29dfa - <unknown>
[INFO] [stdout]   26:     0x72950efbd3d4 - clone
[INFO] [stdout]   27:                0x0 - <unknown>
[INFO] [stdout] 
[INFO] [stdout] ---- test_query_paper_references stdout ----
[INFO] [stdout] 
[INFO] [stdout] thread 'test_query_paper_references' (1710) panicked at tests/api_tests.rs:428:81:
[INFO] [stdout] called `Result::unwrap()` on an `Err` value: Failed to get paper references: 204e3073870fae3d05bcbc2f6a8e263d9b72e776
[INFO] [stdout] 
[INFO] [stdout] Stack backtrace:
[INFO] [stdout]    0: <anyhow::Error>::msg::<alloc::string::String>
[INFO] [stdout]    1: api_tests::test_query_paper_references::{closure#0}::{closure#0}
[INFO] [stdout]    2: <tokio::runtime::scheduler::current_thread::Context>::enter::<core::task::poll::Poll<()>, <tokio::runtime::scheduler::current_thread::CoreGuard>::block_on<core::pin::Pin<&mut core::pin::Pin<&mut dyn core::future::future::Future<Output = ()>>>>::{closure#0}::{closure#0}>
[INFO] [stdout]    3: <tokio::runtime::context::scoped::Scoped<tokio::runtime::scheduler::Context>>::set::<<tokio::runtime::scheduler::current_thread::CoreGuard>::enter<<tokio::runtime::scheduler::current_thread::CoreGuard>::block_on<core::pin::Pin<&mut core::pin::Pin<&mut dyn core::future::future::Future<Output = ()>>>>::{closure#0}, core::option::Option<()>>::{closure#0}, (alloc::boxed::Box<tokio::runtime::scheduler::current_thread::Core>, core::option::Option<()>)>
[INFO] [stdout]    4: <tokio::runtime::scheduler::current_thread::CoreGuard>::block_on::<core::pin::Pin<&mut core::pin::Pin<&mut dyn core::future::future::Future<Output = ()>>>>
[INFO] [stdout]    5: tokio::runtime::context::runtime::enter_runtime::<<tokio::runtime::scheduler::current_thread::CurrentThread>::block_on<core::pin::Pin<&mut dyn core::future::future::Future<Output = ()>>>::{closure#0}, ()>
[INFO] [stdout]    6: <tokio::runtime::runtime::Runtime>::block_on::<core::pin::Pin<&mut dyn core::future::future::Future<Output = ()>>>
[INFO] [stdout]    7: <api_tests::test_query_paper_references::{closure#0} as core::ops::function::FnOnce<()>>::call_once
[INFO] [stdout]    8: serial_test::serial_code_lock::local_serial_core
[INFO] [stdout]    9: <api_tests::test_query_paper_references::{closure#0} as core::ops::function::FnOnce<()>>::call_once
[INFO] [stdout]   10: test::__rust_begin_short_backtrace::<core::result::Result<(), alloc::string::String>, fn() -> core::result::Result<(), alloc::string::String>>
[INFO] [stdout]   11: test::run_test::{closure#0}
[INFO] [stdout]   12: std::sys::backtrace::__rust_begin_short_backtrace::<test::run_test::{closure#1}, ()>
[INFO] [stdout]   13: <std::thread::lifecycle::spawn_unchecked<test::run_test::{closure#1}, ()>::{closure#1} as core::ops::function::FnOnce<()>>::call_once::{shim:vtable#0}
[INFO] [stdout]   14: <std::sys::thread::unix::Thread>::new::thread_start
[INFO] [stdout]   15: <unknown>
[INFO] [stdout]   16: clone
[INFO] [stdout] stack backtrace:
[INFO] [stdout]    0:     0x63e47468a8b1 - <<std[617be2ca0a6fd877]::sys::backtrace::BacktraceLock>::print::DisplayBacktrace as core[a373ad73a504971]::fmt::Display>::fmt
[INFO] [stdout]    1:     0x63e4746a2bea - core[a373ad73a504971]::fmt::write
[INFO] [stdout]    2:     0x63e47468fc3c - <alloc[2e1b2a31b91974c5]::vec::Vec<u8> as core[a373ad73a504971]::io::write::Write>::write_fmt
[INFO] [stdout]    3:     0x63e474664f66 - std[617be2ca0a6fd877]::panicking::default_hook::{closure#0}
[INFO] [stdout]    4:     0x63e4746825c9 - std[617be2ca0a6fd877]::panicking::default_hook
[INFO] [stdout]    5:     0x63e47447c230 - test[aada8e7e76ba119b]::test_main_inner::{closure#0}
[INFO] [stdout]    6:     0x63e4746828f2 - std[617be2ca0a6fd877]::panicking::panic_with_hook
[INFO] [stdout]    7:     0x63e474665012 - std[617be2ca0a6fd877]::panicking::panic_handler::{closure#0}
[INFO] [stdout]    8:     0x63e47465d479 - std[617be2ca0a6fd877]::sys::backtrace::__rust_end_short_backtrace::<std[617be2ca0a6fd877]::panicking::panic_handler::{closure#0}, !>
[INFO] [stdout]    9:     0x63e474665fbd - __rustc[ea4f61d10b84890b]::rust_begin_unwind
[INFO] [stdout]   10:     0x63e4746a334c - core[a373ad73a504971]::panicking::panic_fmt
[INFO] [stdout]   11:     0x63e4746a3122 - core[a373ad73a504971]::result::unwrap_failed
[INFO] [stdout]   12:     0x63e47444bea6 - api_tests[9bcaf77f5fcecb09]::test_query_paper_references::{closure#0}::{closure#0}
[INFO] [stdout]   13:     0x63e4744673a3 - <tokio[ee8640928c6ddc25]::runtime::scheduler::current_thread::Context>::enter::<core[a373ad73a504971]::task::poll::Poll<()>, <tokio[ee8640928c6ddc25]::runtime::scheduler::current_thread::CoreGuard>::block_on<core[a373ad73a504971]::pin::Pin<&mut core[a373ad73a504971]::pin::Pin<&mut dyn core[a373ad73a504971]::future::future::Future<Output = ()>>>>::{closure#0}::{closure#0}>
[INFO] [stdout]   14:     0x63e474463e5c - <tokio[ee8640928c6ddc25]::runtime::context::scoped::Scoped<tokio[ee8640928c6ddc25]::runtime::scheduler::Context>>::set::<<tokio[ee8640928c6ddc25]::runtime::scheduler::current_thread::CoreGuard>::enter<<tokio[ee8640928c6ddc25]::runtime::scheduler::current_thread::CoreGuard>::block_on<core[a373ad73a504971]::pin::Pin<&mut core[a373ad73a504971]::pin::Pin<&mut dyn core[a373ad73a504971]::future::future::Future<Output = ()>>>>::{closure#0}, core[a373ad73a504971]::option::Option<()>>::{closure#0}, (alloc[2e1b2a31b91974c5]::boxed::Box<tokio[ee8640928c6ddc25]::runtime::scheduler::current_thread::Core>, core[a373ad73a504971]::option::Option<()>)>
[INFO] [stdout]   15:     0x63e4744676f7 - <tokio[ee8640928c6ddc25]::runtime::scheduler::current_thread::CoreGuard>::block_on::<core[a373ad73a504971]::pin::Pin<&mut core[a373ad73a504971]::pin::Pin<&mut dyn core[a373ad73a504971]::future::future::Future<Output = ()>>>>
[INFO] [stdout]   16:     0x63e47446286d - tokio[ee8640928c6ddc25]::runtime::context::runtime::enter_runtime::<<tokio[ee8640928c6ddc25]::runtime::scheduler::current_thread::CurrentThread>::block_on<core[a373ad73a504971]::pin::Pin<&mut dyn core[a373ad73a504971]::future::future::Future<Output = ()>>>::{closure#0}, ()>
[INFO] [stdout]   17:     0x63e474468e35 - <tokio[ee8640928c6ddc25]::runtime::runtime::Runtime>::block_on::<core[a373ad73a504971]::pin::Pin<&mut dyn core[a373ad73a504971]::future::future::Future<Output = ()>>>
[INFO] [stdout]   18:     0x63e474454efb - <api_tests[9bcaf77f5fcecb09]::test_query_paper_references::{closure#0} as core[a373ad73a504971]::ops::function::FnOnce<()>>::call_once
[INFO] [stdout]   19:     0x63e47463c257 - serial_test[79080402b12f8693]::serial_code_lock::local_serial_core
[INFO] [stdout]   20:     0x63e47445375d - <api_tests[9bcaf77f5fcecb09]::test_query_paper_references::{closure#0} as core[a373ad73a504971]::ops::function::FnOnce<()>>::call_once
[INFO] [stdout]   21:     0x63e47446f67b - test[aada8e7e76ba119b]::__rust_begin_short_backtrace::<core[a373ad73a504971]::result::Result<(), alloc[2e1b2a31b91974c5]::string::String>, fn() -> core[a373ad73a504971]::result::Result<(), alloc[2e1b2a31b91974c5]::string::String>>
[INFO] [stdout]   22:     0x63e47447c855 - test[aada8e7e76ba119b]::run_test::{closure#0}
[INFO] [stdout]   23:     0x63e474476144 - std[617be2ca0a6fd877]::sys::backtrace::__rust_begin_short_backtrace::<test[aada8e7e76ba119b]::run_test::{closure#1}, ()>
[INFO] [stdout]   24:     0x63e47447f8e2 - <std[617be2ca0a6fd877]::thread::lifecycle::spawn_unchecked<test[aada8e7e76ba119b]::run_test::{closure#1}, ()>::{closure#1} as core[a373ad73a504971]::ops::function::FnOnce<()>>::call_once::{shim:vtable#0}
[INFO] [stdout]   25:     0x63e474689d5f - <std[617be2ca0a6fd877]::sys::thread::unix::Thread>::new::thread_start
[INFO] [stdout]   26:     0x72950ef29dfa - <unknown>
[INFO] [stdout]   27:     0x72950efbd3d4 - clone
[INFO] [stdout]   28:                0x0 - <unknown>
[INFO] [stdout] 
[INFO] [stdout] ---- test_query_papers_1 stdout ----
[INFO] [stdout] 
[INFO] [stdout] thread 'test_query_papers_1' (1716) panicked at tests/api_tests.rs:69:67:
[INFO] [stdout] called `Result::unwrap()` on an `Err` value: error sending request for url (https://api.semanticscholar.org/graph/v1/paper/search?query=attention%20is%20all%20you%20need)
[INFO] [stdout] 
[INFO] [stdout] Caused by:
[INFO] [stdout]     0: client error (Connect)
[INFO] [stdout]     1: dns error
[INFO] [stdout]     2: failed to lookup address information: Temporary failure in name resolution
[INFO] [stdout] 
[INFO] [stdout] Stack backtrace:
[INFO] [stdout]    0: <anyhow::Error as core::convert::From<reqwest::error::Error>>::from
[INFO] [stdout]    1: <ss_tools::SemanticScholar>::query_papers_by_title::{closure#0}
[INFO] [stdout]    2: api_tests::test_query_papers_1::{closure#0}::{closure#0}
[INFO] [stdout]    3: <tokio::runtime::scheduler::current_thread::Context>::enter::<core::task::poll::Poll<()>, <tokio::runtime::scheduler::current_thread::CoreGuard>::block_on<core::pin::Pin<&mut core::pin::Pin<&mut dyn core::future::future::Future<Output = ()>>>>::{closure#0}::{closure#0}>
[INFO] [stdout]    4: <tokio::runtime::context::scoped::Scoped<tokio::runtime::scheduler::Context>>::set::<<tokio::runtime::scheduler::current_thread::CoreGuard>::enter<<tokio::runtime::scheduler::current_thread::CoreGuard>::block_on<core::pin::Pin<&mut core::pin::Pin<&mut dyn core::future::future::Future<Output = ()>>>>::{closure#0}, core::option::Option<()>>::{closure#0}, (alloc::boxed::Box<tokio::runtime::scheduler::current_thread::Core>, core::option::Option<()>)>
[INFO] [stdout]    5: <tokio::runtime::scheduler::current_thread::CoreGuard>::block_on::<core::pin::Pin<&mut core::pin::Pin<&mut dyn core::future::future::Future<Output = ()>>>>
[INFO] [stdout]    6: tokio::runtime::context::runtime::enter_runtime::<<tokio::runtime::scheduler::current_thread::CurrentThread>::block_on<core::pin::Pin<&mut dyn core::future::future::Future<Output = ()>>>::{closure#0}, ()>
[INFO] [stdout]    7: <tokio::runtime::runtime::Runtime>::block_on::<core::pin::Pin<&mut dyn core::future::future::Future<Output = ()>>>
[INFO] [stdout]    8: <api_tests::test_query_papers_1::{closure#0} as core::ops::function::FnOnce<()>>::call_once
[INFO] [stdout]    9: serial_test::serial_code_lock::local_serial_core
[INFO] [stdout]   10: <api_tests::test_query_papers_1::{closure#0} as core::ops::function::FnOnce<()>>::call_once
[INFO] [stdout]   11: test::__rust_begin_short_backtrace::<core::result::Result<(), alloc::string::String>, fn() -> core::result::Result<(), alloc::string::String>>
[INFO] [stdout]   12: test::run_test::{closure#0}
[INFO] [stdout]   13: std::sys::backtrace::__rust_begin_short_backtrace::<test::run_test::{closure#1}, ()>
[INFO] [stdout]   14: <std::thread::lifecycle::spawn_unchecked<test::run_test::{closure#1}, ()>::{closure#1} as core::ops::function::FnOnce<()>>::call_once::{shim:vtable#0}
[INFO] [stdout]   15: <std::sys::thread::unix::Thread>::new::thread_start
[INFO] [stdout]   16: <unknown>
[INFO] [stdout]   17: clone
[INFO] [stdout] stack backtrace:
[INFO] [stdout]    0:     0x63e47468a8b1 - <<std[617be2ca0a6fd877]::sys::backtrace::BacktraceLock>::print::DisplayBacktrace as core[a373ad73a504971]::fmt::Display>::fmt
[INFO] [stdout]    1:     0x63e4746a2bea - core[a373ad73a504971]::fmt::write
[INFO] [stdout]    2:     0x63e47468fc3c - <alloc[2e1b2a31b91974c5]::vec::Vec<u8> as core[a373ad73a504971]::io::write::Write>::write_fmt
[INFO] [stdout]    3:     0x63e474664f66 - std[617be2ca0a6fd877]::panicking::default_hook::{closure#0}
[INFO] [stdout]    4:     0x63e4746825c9 - std[617be2ca0a6fd877]::panicking::default_hook
[INFO] [stdout]    5:     0x63e47447c230 - test[aada8e7e76ba119b]::test_main_inner::{closure#0}
[INFO] [stdout]    6:     0x63e4746828f2 - std[617be2ca0a6fd877]::panicking::panic_with_hook
[INFO] [stdout]    7:     0x63e474665012 - std[617be2ca0a6fd877]::panicking::panic_handler::{closure#0}
[INFO] [stdout]    8:     0x63e47465d479 - std[617be2ca0a6fd877]::sys::backtrace::__rust_end_short_backtrace::<std[617be2ca0a6fd877]::panicking::panic_handler::{closure#0}, !>
[INFO] [stdout]    9:     0x63e474665fbd - __rustc[ea4f61d10b84890b]::rust_begin_unwind
[INFO] [stdout]   10:     0x63e4746a334c - core[a373ad73a504971]::panicking::panic_fmt
[INFO] [stdout]   11:     0x63e4746a3122 - core[a373ad73a504971]::result::unwrap_failed
[INFO] [stdout]   12:     0x63e47443f44a - api_tests[9bcaf77f5fcecb09]::test_query_papers_1::{closure#0}::{closure#0}
[INFO] [stdout]   13:     0x63e4744673a3 - <tokio[ee8640928c6ddc25]::runtime::scheduler::current_thread::Context>::enter::<core[a373ad73a504971]::task::poll::Poll<()>, <tokio[ee8640928c6ddc25]::runtime::scheduler::current_thread::CoreGuard>::block_on<core[a373ad73a504971]::pin::Pin<&mut core[a373ad73a504971]::pin::Pin<&mut dyn core[a373ad73a504971]::future::future::Future<Output = ()>>>>::{closure#0}::{closure#0}>
[INFO] [stdout]   14:     0x63e474463e5c - <tokio[ee8640928c6ddc25]::runtime::context::scoped::Scoped<tokio[ee8640928c6ddc25]::runtime::scheduler::Context>>::set::<<tokio[ee8640928c6ddc25]::runtime::scheduler::current_thread::CoreGuard>::enter<<tokio[ee8640928c6ddc25]::runtime::scheduler::current_thread::CoreGuard>::block_on<core[a373ad73a504971]::pin::Pin<&mut core[a373ad73a504971]::pin::Pin<&mut dyn core[a373ad73a504971]::future::future::Future<Output = ()>>>>::{closure#0}, core[a373ad73a504971]::option::Option<()>>::{closure#0}, (alloc[2e1b2a31b91974c5]::boxed::Box<tokio[ee8640928c6ddc25]::runtime::scheduler::current_thread::Core>, core[a373ad73a504971]::option::Option<()>)>
[INFO] [stdout]   15:     0x63e4744676f7 - <tokio[ee8640928c6ddc25]::runtime::scheduler::current_thread::CoreGuard>::block_on::<core[a373ad73a504971]::pin::Pin<&mut core[a373ad73a504971]::pin::Pin<&mut dyn core[a373ad73a504971]::future::future::Future<Output = ()>>>>
[INFO] [stdout]   16:     0x63e47446286d - tokio[ee8640928c6ddc25]::runtime::context::runtime::enter_runtime::<<tokio[ee8640928c6ddc25]::runtime::scheduler::current_thread::CurrentThread>::block_on<core[a373ad73a504971]::pin::Pin<&mut dyn core[a373ad73a504971]::future::future::Future<Output = ()>>>::{closure#0}, ()>
[INFO] [stdout]   17:     0x63e474468e35 - <tokio[ee8640928c6ddc25]::runtime::runtime::Runtime>::block_on::<core[a373ad73a504971]::pin::Pin<&mut dyn core[a373ad73a504971]::future::future::Future<Output = ()>>>
[INFO] [stdout]   18:     0x63e47445391b - <api_tests[9bcaf77f5fcecb09]::test_query_papers_1::{closure#0} as core[a373ad73a504971]::ops::function::FnOnce<()>>::call_once
[INFO] [stdout]   19:     0x63e47463c257 - serial_test[79080402b12f8693]::serial_code_lock::local_serial_core
[INFO] [stdout]   20:     0x63e4744530dd - <api_tests[9bcaf77f5fcecb09]::test_query_papers_1::{closure#0} as core[a373ad73a504971]::ops::function::FnOnce<()>>::call_once
[INFO] [stdout]   21:     0x63e47446f67b - test[aada8e7e76ba119b]::__rust_begin_short_backtrace::<core[a373ad73a504971]::result::Result<(), alloc[2e1b2a31b91974c5]::string::String>, fn() -> core[a373ad73a504971]::result::Result<(), alloc[2e1b2a31b91974c5]::string::String>>
[INFO] [stdout]   22:     0x63e47447c855 - test[aada8e7e76ba119b]::run_test::{closure#0}
[INFO] [stdout]   23:     0x63e474476144 - std[617be2ca0a6fd877]::sys::backtrace::__rust_begin_short_backtrace::<test[aada8e7e76ba119b]::run_test::{closure#1}, ()>
[INFO] [stdout]   24:     0x63e47447f8e2 - <std[617be2ca0a6fd877]::thread::lifecycle::spawn_unchecked<test[aada8e7e76ba119b]::run_test::{closure#1}, ()>::{closure#1} as core[a373ad73a504971]::ops::function::FnOnce<()>>::call_once::{shim:vtable#0}
[INFO] [stdout]   25:     0x63e474689d5f - <std[617be2ca0a6fd877]::sys::thread::unix::Thread>::new::thread_start
[INFO] [stdout]   26:     0x72950ef29dfa - <unknown>
[INFO] [stdout]   27:     0x72950efbd3d4 - clone
[INFO] [stdout]   28:                0x0 - <unknown>
[INFO] [stdout] 
[INFO] [stdout] ---- test_query_author_details stdout ----
[INFO] [stdout] 
[INFO] [stdout] thread 'test_query_author_details' (1702) panicked at tests/api_tests.rs:457:69:
[INFO] [stdout] called `Result::unwrap()` on an `Err` value: error sending request for url (https://api.semanticscholar.org/graph/v1/author/1741101?fields=name,url,affiliations,paperCount,citationCount,hIndex)
[INFO] [stdout] 
[INFO] [stdout] Caused by:
[INFO] [stdout]     0: client error (Connect)
[INFO] [stdout]     1: dns error
[INFO] [stdout]     2: failed to lookup address information: Temporary failure in name resolution
[INFO] [stdout] 
[INFO] [stdout] Stack backtrace:
[INFO] [stdout]    0: <anyhow::Error as core::convert::From<reqwest::error::Error>>::from
[INFO] [stdout]    1: api_tests::test_query_author_details::{closure#0}::{closure#0}
[INFO] [stdout]    2: <tokio::runtime::scheduler::current_thread::Context>::enter::<core::task::poll::Poll<()>, <tokio::runtime::scheduler::current_thread::CoreGuard>::block_on<core::pin::Pin<&mut core::pin::Pin<&mut dyn core::future::future::Future<Output = ()>>>>::{closure#0}::{closure#0}>
[INFO] [stdout]    3: <tokio::runtime::context::scoped::Scoped<tokio::runtime::scheduler::Context>>::set::<<tokio::runtime::scheduler::current_thread::CoreGuard>::enter<<tokio::runtime::scheduler::current_thread::CoreGuard>::block_on<core::pin::Pin<&mut core::pin::Pin<&mut dyn core::future::future::Future<Output = ()>>>>::{closure#0}, core::option::Option<()>>::{closure#0}, (alloc::boxed::Box<tokio::runtime::scheduler::current_thread::Core>, core::option::Option<()>)>
[INFO] [stdout]    4: <tokio::runtime::scheduler::current_thread::CoreGuard>::block_on::<core::pin::Pin<&mut core::pin::Pin<&mut dyn core::future::future::Future<Output = ()>>>>
[INFO] [stdout]    5: tokio::runtime::context::runtime::enter_runtime::<<tokio::runtime::scheduler::current_thread::CurrentThread>::block_on<core::pin::Pin<&mut dyn core::future::future::Future<Output = ()>>>::{closure#0}, ()>
[INFO] [stdout]    6: <tokio::runtime::runtime::Runtime>::block_on::<core::pin::Pin<&mut dyn core::future::future::Future<Output = ()>>>
[INFO] [stdout]    7: <api_tests::test_query_author_details::{closure#0} as core::ops::function::FnOnce<()>>::call_once
[INFO] [stdout]    8: serial_test::serial_code_lock::local_serial_core
[INFO] [stdout]    9: <api_tests::test_query_author_details::{closure#0} as core::ops::function::FnOnce<()>>::call_once
[INFO] [stdout]   10: test::__rust_begin_short_backtrace::<core::result::Result<(), alloc::string::String>, fn() -> core::result::Result<(), alloc::string::String>>
[INFO] [stdout]   11: test::run_test::{closure#0}
[INFO] [stdout]   12: std::sys::backtrace::__rust_begin_short_backtrace::<test::run_test::{closure#1}, ()>
[INFO] [stdout]   13: <std::thread::lifecycle::spawn_unchecked<test::run_test::{closure#1}, ()>::{closure#1} as core::ops::function::FnOnce<()>>::call_once::{shim:vtable#0}
[INFO] [stdout]   14: <std::sys::thread::unix::Thread>::new::thread_start
[INFO] [stdout]   15: <unknown>
[INFO] [stdout]   16: clone
[INFO] [stdout] stack backtrace:
[INFO] [stdout]    0:     0x63e47468a8b1 - <<std[617be2ca0a6fd877]::sys::backtrace::BacktraceLock>::print::DisplayBacktrace as core[a373ad73a504971]::fmt::Display>::fmt
[INFO] [stdout]    1:     0x63e4746a2bea - core[a373ad73a504971]::fmt::write
[INFO] [stdout]    2:     0x63e47468fc3c - <alloc[2e1b2a31b91974c5]::vec::Vec<u8> as core[a373ad73a504971]::io::write::Write>::write_fmt
[INFO] [stdout]    3:     0x63e474664f66 - std[617be2ca0a6fd877]::panicking::default_hook::{closure#0}
[INFO] [stdout]    4:     0x63e4746825c9 - std[617be2ca0a6fd877]::panicking::default_hook
[INFO] [stdout]    5:     0x63e47447c230 - test[aada8e7e76ba119b]::test_main_inner::{closure#0}
[INFO] [stdout]    6:     0x63e4746828f2 - std[617be2ca0a6fd877]::panicking::panic_with_hook
[INFO] [stdout]    7:     0x63e474665012 - std[617be2ca0a6fd877]::panicking::panic_handler::{closure#0}
[INFO] [stdout]    8:     0x63e47465d479 - std[617be2ca0a6fd877]::sys::backtrace::__rust_end_short_backtrace::<std[617be2ca0a6fd877]::panicking::panic_handler::{closure#0}, !>
[INFO] [stdout]    9:     0x63e474665fbd - __rustc[ea4f61d10b84890b]::rust_begin_unwind
[INFO] [stdout]   10:     0x63e4746a334c - core[a373ad73a504971]::panicking::panic_fmt
[INFO] [stdout]   11:     0x63e4746a3122 - core[a373ad73a504971]::result::unwrap_failed
[INFO] [stdout]   12:     0x63e4744490c5 - api_tests[9bcaf77f5fcecb09]::test_query_author_details::{closure#0}::{closure#0}
[INFO] [stdout]   13:     0x63e4744673a3 - <tokio[ee8640928c6ddc25]::runtime::scheduler::current_thread::Context>::enter::<core[a373ad73a504971]::task::poll::Poll<()>, <tokio[ee8640928c6ddc25]::runtime::scheduler::current_thread::CoreGuard>::block_on<core[a373ad73a504971]::pin::Pin<&mut core[a373ad73a504971]::pin::Pin<&mut dyn core[a373ad73a504971]::future::future::Future<Output = ()>>>>::{closure#0}::{closure#0}>
[INFO] [stdout]   14:     0x63e474463e5c - <tokio[ee8640928c6ddc25]::runtime::context::scoped::Scoped<tokio[ee8640928c6ddc25]::runtime::scheduler::Context>>::set::<<tokio[ee8640928c6ddc25]::runtime::scheduler::current_thread::CoreGuard>::enter<<tokio[ee8640928c6ddc25]::runtime::scheduler::current_thread::CoreGuard>::block_on<core[a373ad73a504971]::pin::Pin<&mut core[a373ad73a504971]::pin::Pin<&mut dyn core[a373ad73a504971]::future::future::Future<Output = ()>>>>::{closure#0}, core[a373ad73a504971]::option::Option<()>>::{closure#0}, (alloc[2e1b2a31b91974c5]::boxed::Box<tokio[ee8640928c6ddc25]::runtime::scheduler::current_thread::Core>, core[a373ad73a504971]::option::Option<()>)>
[INFO] [stdout]   15:     0x63e4744676f7 - <tokio[ee8640928c6ddc25]::runtime::scheduler::current_thread::CoreGuard>::block_on::<core[a373ad73a504971]::pin::Pin<&mut core[a373ad73a504971]::pin::Pin<&mut dyn core[a373ad73a504971]::future::future::Future<Output = ()>>>>
[INFO] [stdout]   16:     0x63e47446286d - tokio[ee8640928c6ddc25]::runtime::context::runtime::enter_runtime::<<tokio[ee8640928c6ddc25]::runtime::scheduler::current_thread::CurrentThread>::block_on<core[a373ad73a504971]::pin::Pin<&mut dyn core[a373ad73a504971]::future::future::Future<Output = ()>>>::{closure#0}, ()>
[INFO] [stdout]   17:     0x63e474468e35 - <tokio[ee8640928c6ddc25]::runtime::runtime::Runtime>::block_on::<core[a373ad73a504971]::pin::Pin<&mut dyn core[a373ad73a504971]::future::future::Future<Output = ()>>>
[INFO] [stdout]   18:     0x63e474454b9b - <api_tests[9bcaf77f5fcecb09]::test_query_author_details::{closure#0} as core[a373ad73a504971]::ops::function::FnOnce<()>>::call_once
[INFO] [stdout]   19:     0x63e47463c257 - serial_test[79080402b12f8693]::serial_code_lock::local_serial_core
[INFO] [stdout]   20:     0x63e47445365d - <api_tests[9bcaf77f5fcecb09]::test_query_author_details::{closure#0} as core[a373ad73a504971]::ops::function::FnOnce<()>>::call_once
[INFO] [stdout]   21:     0x63e47446f67b - test[aada8e7e76ba119b]::__rust_begin_short_backtrace::<core[a373ad73a504971]::result::Result<(), alloc[2e1b2a31b91974c5]::string::String>, fn() -> core[a373ad73a504971]::result::Result<(), alloc[2e1b2a31b91974c5]::string::String>>
[INFO] [stdout]   22:     0x63e47447c855 - test[aada8e7e76ba119b]::run_test::{closure#0}
[INFO] [stdout]   23:     0x63e474476144 - std[617be2ca0a6fd877]::sys::backtrace::__rust_begin_short_backtrace::<test[aada8e7e76ba119b]::run_test::{closure#1}, ()>
[INFO] [stdout]   24:     0x63e47447f8e2 - <std[617be2ca0a6fd877]::thread::lifecycle::spawn_unchecked<test[aada8e7e76ba119b]::run_test::{closure#1}, ()>::{closure#1} as core[a373ad73a504971]::ops::function::FnOnce<()>>::call_once::{shim:vtable#0}
[INFO] [stdout]   25:     0x63e474689d5f - <std[617be2ca0a6fd877]::sys::thread::unix::Thread>::new::thread_start
[INFO] [stdout]   26:     0x72950ef29dfa - <unknown>
[INFO] [stdout]   27:     0x72950efbd3d4 - clone
[INFO] [stdout]   28:                0x0 - <unknown>
[INFO] [stdout] 
[INFO] [stdout] ---- test_query_papers_3 stdout ----
[INFO] [stdout] 
[INFO] [stdout] thread 'test_query_papers_3' (1720) panicked at tests/api_tests.rs:127:10:
[INFO] [stdout] called `Result::unwrap()` on an `Err` value: error sending request for url (https://api.semanticscholar.org/graph/v1/paper/search?query=AI&publicationTypes=JournalArticle&openAccessPdf&minCitationCount=1&publicationDateOrYear=2020-01-01:&fieldsOfStudy=Computer%20Science)
[INFO] [stdout] 
[INFO] [stdout] Caused by:
[INFO] [stdout]     0: client error (Connect)
[INFO] [stdout]     1: dns error
[INFO] [stdout]     2: failed to lookup address information: Temporary failure in name resolution
[INFO] [stdout] 
[INFO] [stdout] Stack backtrace:
[INFO] [stdout]    0: <anyhow::Error as core::convert::From<reqwest::error::Error>>::from
[INFO] [stdout]    1: <ss_tools::SemanticScholar>::query_papers_by_title::{closure#0}
[INFO] [stdout]    2: api_tests::test_query_papers_3::{closure#0}::{closure#0}
[INFO] [stdout]    3: <tokio::runtime::scheduler::current_thread::Context>::enter::<core::task::poll::Poll<()>, <tokio::runtime::scheduler::current_thread::CoreGuard>::block_on<core::pin::Pin<&mut core::pin::Pin<&mut dyn core::future::future::Future<Output = ()>>>>::{closure#0}::{closure#0}>
[INFO] [stdout]    4: <tokio::runtime::context::scoped::Scoped<tokio::runtime::scheduler::Context>>::set::<<tokio::runtime::scheduler::current_thread::CoreGuard>::enter<<tokio::runtime::scheduler::current_thread::CoreGuard>::block_on<core::pin::Pin<&mut core::pin::Pin<&mut dyn core::future::future::Future<Output = ()>>>>::{closure#0}, core::option::Option<()>>::{closure#0}, (alloc::boxed::Box<tokio::runtime::scheduler::current_thread::Core>, core::option::Option<()>)>
[INFO] [stdout]    5: <tokio::runtime::scheduler::current_thread::CoreGuard>::block_on::<core::pin::Pin<&mut core::pin::Pin<&mut dyn core::future::future::Future<Output = ()>>>>
[INFO] [stdout]    6: tokio::runtime::context::runtime::enter_runtime::<<tokio::runtime::scheduler::current_thread::CurrentThread>::block_on<core::pin::Pin<&mut dyn core::future::future::Future<Output = ()>>>::{closure#0}, ()>
[INFO] [stdout]    7: <tokio::runtime::runtime::Runtime>::block_on::<core::pin::Pin<&mut dyn core::future::future::Future<Output = ()>>>
[INFO] [stdout]    8: <api_tests::test_query_papers_3::{closure#0} as core::ops::function::FnOnce<()>>::call_once
[INFO] [stdout]    9: serial_test::serial_code_lock::local_serial_core
[INFO] [stdout]   10: <api_tests::test_query_papers_3::{closure#0} as core::ops::function::FnOnce<()>>::call_once
[INFO] [stdout]   11: test::__rust_begin_short_backtrace::<core::result::Result<(), alloc::string::String>, fn() -> core::result::Result<(), alloc::string::String>>
[INFO] [stdout]   12: test::run_test::{closure#0}
[INFO] [stdout]   13: std::sys::backtrace::__rust_begin_short_backtrace::<test::run_test::{closure#1}, ()>
[INFO] [stdout]   14: <std::thread::lifecycle::spawn_unchecked<test::run_test::{closure#1}, ()>::{closure#1} as core::ops::function::FnOnce<()>>::call_once::{shim:vtable#0}
[INFO] [stdout]   15: <std::sys::thread::unix::Thread>::new::thread_start
[INFO] [stdout]   16: <unknown>
[INFO] [stdout]   17: clone
[INFO] [stdout] stack backtrace:
[INFO] [stdout]    0:     0x63e47468a8b1 - <<std[617be2ca0a6fd877]::sys::backtrace::BacktraceLock>::print::DisplayBacktrace as core[a373ad73a504971]::fmt::Display>::fmt
[INFO] [stdout]    1:     0x63e4746a2bea - core[a373ad73a504971]::fmt::write
[INFO] [stdout]    2:     0x63e47468fc3c - <alloc[2e1b2a31b91974c5]::vec::Vec<u8> as core[a373ad73a504971]::io::write::Write>::write_fmt
[INFO] [stdout]    3:     0x63e474664f66 - std[617be2ca0a6fd877]::panicking::default_hook::{closure#0}
[INFO] [stdout]    4:     0x63e4746825c9 - std[617be2ca0a6fd877]::panicking::default_hook
[INFO] [stdout]    5:     0x63e47447c230 - test[aada8e7e76ba119b]::test_main_inner::{closure#0}
[INFO] [stdout]    6:     0x63e4746828f2 - std[617be2ca0a6fd877]::panicking::panic_with_hook
[INFO] [stdout]    7:     0x63e474665012 - std[617be2ca0a6fd877]::panicking::panic_handler::{closure#0}
[INFO] [stdout]    8:     0x63e47465d479 - std[617be2ca0a6fd877]::sys::backtrace::__rust_end_short_backtrace::<std[617be2ca0a6fd877]::panicking::panic_handler::{closure#0}, !>
[INFO] [stdout]    9:     0x63e474665fbd - __rustc[ea4f61d10b84890b]::rust_begin_unwind
[INFO] [stdout]   10:     0x63e4746a334c - core[a373ad73a504971]::panicking::panic_fmt
[INFO] [stdout]   11:     0x63e4746a3122 - core[a373ad73a504971]::result::unwrap_failed
[INFO] [stdout]   12:     0x63e47443ff9e - api_tests[9bcaf77f5fcecb09]::test_query_papers_3::{closure#0}::{closure#0}
[INFO] [stdout]   13:     0x63e4744673a3 - <tokio[ee8640928c6ddc25]::runtime::scheduler::current_thread::Context>::enter::<core[a373ad73a504971]::task::poll::Poll<()>, <tokio[ee8640928c6ddc25]::runtime::scheduler::current_thread::CoreGuard>::block_on<core[a373ad73a504971]::pin::Pin<&mut core[a373ad73a504971]::pin::Pin<&mut dyn core[a373ad73a504971]::future::future::Future<Output = ()>>>>::{closure#0}::{closure#0}>
[INFO] [stdout]   14:     0x63e474463e5c - <tokio[ee8640928c6ddc25]::runtime::context::scoped::Scoped<tokio[ee8640928c6ddc25]::runtime::scheduler::Context>>::set::<<tokio[ee8640928c6ddc25]::runtime::scheduler::current_thread::CoreGuard>::enter<<tokio[ee8640928c6ddc25]::runtime::scheduler::current_thread::CoreGuard>::block_on<core[a373ad73a504971]::pin::Pin<&mut core[a373ad73a504971]::pin::Pin<&mut dyn core[a373ad73a504971]::future::future::Future<Output = ()>>>>::{closure#0}, core[a373ad73a504971]::option::Option<()>>::{closure#0}, (alloc[2e1b2a31b91974c5]::boxed::Box<tokio[ee8640928c6ddc25]::runtime::scheduler::current_thread::Core>, core[a373ad73a504971]::option::Option<()>)>
[INFO] [stdout]   15:     0x63e4744676f7 - <tokio[ee8640928c6ddc25]::runtime::scheduler::current_thread::CoreGuard>::block_on::<core[a373ad73a504971]::pin::Pin<&mut core[a373ad73a504971]::pin::Pin<&mut dyn core[a373ad73a504971]::future::future::Future<Output = ()>>>>
[INFO] [stdout]   16:     0x63e47446286d - tokio[ee8640928c6ddc25]::runtime::context::runtime::enter_runtime::<<tokio[ee8640928c6ddc25]::runtime::scheduler::current_thread::CurrentThread>::block_on<core[a373ad73a504971]::pin::Pin<&mut dyn core[a373ad73a504971]::future::future::Future<Output = ()>>>::{closure#0}, ()>
[INFO] [stdout]   17:     0x63e474468e35 - <tokio[ee8640928c6ddc25]::runtime::runtime::Runtime>::block_on::<core[a373ad73a504971]::pin::Pin<&mut dyn core[a373ad73a504971]::future::future::Future<Output = ()>>>
[INFO] [stdout]   18:     0x63e474453c6b - <api_tests[9bcaf77f5fcecb09]::test_query_papers_3::{closure#0} as core[a373ad73a504971]::ops::function::FnOnce<()>>::call_once
[INFO] [stdout]   19:     0x63e47463c257 - serial_test[79080402b12f8693]::serial_code_lock::local_serial_core
[INFO] [stdout]   20:     0x63e4744531dd - <api_tests[9bcaf77f5fcecb09]::test_query_papers_3::{closure#0} as core[a373ad73a504971]::ops::function::FnOnce<()>>::call_once
[INFO] [stdout]   21:     0x63e47446f67b - test[aada8e7e76ba119b]::__rust_begin_short_backtrace::<core[a373ad73a504971]::result::Result<(), alloc[2e1b2a31b91974c5]::string::String>, fn() -> core[a373ad73a504971]::result::Result<(), alloc[2e1b2a31b91974c5]::string::String>>
[INFO] [stdout]   22:     0x63e47447c855 - test[aada8e7e76ba119b]::run_test::{closure#0}
[INFO] [stdout]   23:     0x63e474476144 - std[617be2ca0a6fd877]::sys::backtrace::__rust_begin_short_backtrace::<test[aada8e7e76ba119b]::run_test::{closure#1}, ()>
[INFO] [stdout]   24:     0x63e47447f8e2 - <std[617be2ca0a6fd877]::thread::lifecycle::spawn_unchecked<test[aada8e7e76ba119b]::run_test::{closure#1}, ()>::{closure#1} as core[a373ad73a504971]::ops::function::FnOnce<()>>::call_once::{shim:vtable#0}
[INFO] [stdout]   25:     0x63e474689d5f - <std[617be2ca0a6fd877]::sys::thread::unix::Thread>::new::thread_start
[INFO] [stdout]   26:     0x72950ef29dfa - <unknown>
[INFO] [stdout]   27:     0x72950efbd3d4 - clone
[INFO] [stdout]   28:                0x0 - <unknown>
[INFO] [stdout] 
[INFO] [stdout] ---- test_query_papers_4 stdout ----
[INFO] [stdout] 
[INFO] [stdout] thread 'test_query_papers_4' (1722) panicked at tests/api_tests.rs:180:10:
[INFO] [stdout] called `Result::unwrap()` on an `Err` value: error sending request for url (https://api.semanticscholar.org/graph/v1/paper/search?query=Attention%20Is%20All%20You%20Need&fields=title,abstract,authors%2Ename%2Cauthors%2Eaffiliations%2Cauthors%2EhIndex,citationCount,referenceCount,year,isOpenAccess,publicationDate,venue,fieldsOfStudy,citations%2Etitle%2Ccitations%2Eyear%2Ccitations%2EcitationCount,references%2Etitle%2Creferences%2Eyear%2Creferences%2EcitationCount,journal,publicationVenue,openAccessPdf,s2FieldsOfStudy,publicationTypes,citationStyles,embedding%2Especter%5Fv2)
[INFO] [stdout] 
[INFO] [stdout] Caused by:
[INFO] [stdout]     0: client error (Connect)
[INFO] [stdout]     1: dns error
[INFO] [stdout]     2: failed to lookup address information: Temporary failure in name resolution
[INFO] [stdout] 
[INFO] [stdout] Stack backtrace:
[INFO] [stdout]    0: <anyhow::Error as core::convert::From<reqwest::error::Error>>::from
[INFO] [stdout]    1: <ss_tools::SemanticScholar>::query_papers_by_title::{closure#0}
[INFO] [stdout]    2: api_tests::test_query_papers_4::{closure#0}::{closure#0}
[INFO] [stdout]    3: <tokio::runtime::scheduler::current_thread::Context>::enter::<core::task::poll::Poll<()>, <tokio::runtime::scheduler::current_thread::CoreGuard>::block_on<core::pin::Pin<&mut core::pin::Pin<&mut dyn core::future::future::Future<Output = ()>>>>::{closure#0}::{closure#0}>
[INFO] [stdout]    4: <tokio::runtime::context::scoped::Scoped<tokio::runtime::scheduler::Context>>::set::<<tokio::runtime::scheduler::current_thread::CoreGuard>::enter<<tokio::runtime::scheduler::current_thread::CoreGuard>::block_on<core::pin::Pin<&mut core::pin::Pin<&mut dyn core::future::future::Future<Output = ()>>>>::{closure#0}, core::option::Option<()>>::{closure#0}, (alloc::boxed::Box<tokio::runtime::scheduler::current_thread::Core>, core::option::Option<()>)>
[INFO] [stdout]    5: <tokio::runtime::scheduler::current_thread::CoreGuard>::block_on::<core::pin::Pin<&mut core::pin::Pin<&mut dyn core::future::future::Future<Output = ()>>>>
[INFO] [stdout]    6: tokio::runtime::context::runtime::enter_runtime::<<tokio::runtime::scheduler::current_thread::CurrentThread>::block_on<core::pin::Pin<&mut dyn core::future::future::Future<Output = ()>>>::{closure#0}, ()>
[INFO] [stdout]    7: <tokio::runtime::runtime::Runtime>::block_on::<core::pin::Pin<&mut dyn core::future::future::Future<Output = ()>>>
[INFO] [stdout]    8: <api_tests::test_query_papers_4::{closure#0} as core::ops::function::FnOnce<()>>::call_once
[INFO] [stdout]    9: serial_test::serial_code_lock::local_serial_core
[INFO] [stdout]   10: <api_tests::test_query_papers_4::{closure#0} as core::ops::function::FnOnce<()>>::call_once
[INFO] [stdout]   11: test::__rust_begin_short_backtrace::<core::result::Result<(), alloc::string::String>, fn() -> core::result::Result<(), alloc::string::String>>
[INFO] [stdout]   12: test::run_test::{closure#0}
[INFO] [stdout]   13: std::sys::backtrace::__rust_begin_short_backtrace::<test::run_test::{closure#1}, ()>
[INFO] [stdout]   14: <std::thread::lifecycle::spawn_unchecked<test::run_test::{closure#1}, ()>::{closure#1} as core::ops::function::FnOnce<()>>::call_once::{shim:vtable#0}
[INFO] [stdout]   15: <std::sys::thread::unix::Thread>::new::thread_start
[INFO] [stdout]   16: <unknown>
[INFO] [stdout]   17: clone
[INFO] [stdout] stack backtrace:
[INFO] [stdout]    0:     0x63e47468a8b1 - <<std[617be2ca0a6fd877]::sys::backtrace::BacktraceLock>::print::DisplayBacktrace as core[a373ad73a504971]::fmt::Display>::fmt
[INFO] [stdout]    1:     0x63e4746a2bea - core[a373ad73a504971]::fmt::write
[INFO] [stdout]    2:     0x63e47468fc3c - <alloc[2e1b2a31b91974c5]::vec::Vec<u8> as core[a373ad73a504971]::io::write::Write>::write_fmt
[INFO] [stdout]    3:     0x63e474664f66 - std[617be2ca0a6fd877]::panicking::default_hook::{closure#0}
[INFO] [stdout]    4:     0x63e4746825c9 - std[617be2ca0a6fd877]::panicking::default_hook
[INFO] [stdout]    5:     0x63e47447c230 - test[aada8e7e76ba119b]::test_main_inner::{closure#0}
[INFO] [stdout]    6:     0x63e4746828f2 - std[617be2ca0a6fd877]::panicking::panic_with_hook
[INFO] [stdout]    7:     0x63e474665012 - std[617be2ca0a6fd877]::panicking::panic_handler::{closure#0}
[INFO] [stdout]    8:     0x63e47465d479 - std[617be2ca0a6fd877]::sys::backtrace::__rust_end_short_backtrace::<std[617be2ca0a6fd877]::panicking::panic_handler::{closure#0}, !>
[INFO] [stdout]    9:     0x63e474665fbd - __rustc[ea4f61d10b84890b]::rust_begin_unwind
[INFO] [stdout]   10:     0x63e4746a334c - core[a373ad73a504971]::panicking::panic_fmt
[INFO] [stdout]   11:     0x63e4746a3122 - core[a373ad73a504971]::result::unwrap_failed
[INFO] [stdout]   12:     0x63e47444077c - api_tests[9bcaf77f5fcecb09]::test_query_papers_4::{closure#0}::{closure#0}
[INFO] [stdout]   13:     0x63e4744673a3 - <tokio[ee8640928c6ddc25]::runtime::scheduler::current_thread::Context>::enter::<core[a373ad73a504971]::task::poll::Poll<()>, <tokio[ee8640928c6ddc25]::runtime::scheduler::current_thread::CoreGuard>::block_on<core[a373ad73a504971]::pin::Pin<&mut core[a373ad73a504971]::pin::Pin<&mut dyn core[a373ad73a504971]::future::future::Future<Output = ()>>>>::{closure#0}::{closure#0}>
[INFO] [stdout]   14:     0x63e474463e5c - <tokio[ee8640928c6ddc25]::runtime::context::scoped::Scoped<tokio[ee8640928c6ddc25]::runtime::scheduler::Context>>::set::<<tokio[ee8640928c6ddc25]::runtime::scheduler::current_thread::CoreGuard>::enter<<tokio[ee8640928c6ddc25]::runtime::scheduler::current_thread::CoreGuard>::block_on<core[a373ad73a504971]::pin::Pin<&mut core[a373ad73a504971]::pin::Pin<&mut dyn core[a373ad73a504971]::future::future::Future<Output = ()>>>>::{closure#0}, core[a373ad73a504971]::option::Option<()>>::{closure#0}, (alloc[2e1b2a31b91974c5]::boxed::Box<tokio[ee8640928c6ddc25]::runtime::scheduler::current_thread::Core>, core[a373ad73a504971]::option::Option<()>)>
[INFO] [stdout]   15:     0x63e4744676f7 - <tokio[ee8640928c6ddc25]::runtime::scheduler::current_thread::CoreGuard>::block_on::<core[a373ad73a504971]::pin::Pin<&mut core[a373ad73a504971]::pin::Pin<&mut dyn core[a373ad73a504971]::future::future::Future<Output = ()>>>>
[INFO] [stdout]   16:     0x63e47446286d - tokio[ee8640928c6ddc25]::runtime::context::runtime::enter_runtime::<<tokio[ee8640928c6ddc25]::runtime::scheduler::current_thread::CurrentThread>::block_on<core[a373ad73a504971]::pin::Pin<&mut dyn core[a373ad73a504971]::future::future::Future<Output = ()>>>::{closure#0}, ()>
[INFO] [stdout]   17:     0x63e474468e35 - <tokio[ee8640928c6ddc25]::runtime::runtime::Runtime>::block_on::<core[a373ad73a504971]::pin::Pin<&mut dyn core[a373ad73a504971]::future::future::Future<Output = ()>>>
[INFO] [stdout]   18:     0x63e474453e1b - <api_tests[9bcaf77f5fcecb09]::test_query_papers_4::{closure#0} as core[a373ad73a504971]::ops::function::FnOnce<()>>::call_once
[INFO] [stdout]   19:     0x63e47463c257 - serial_test[79080402b12f8693]::serial_code_lock::local_serial_core
[INFO] [stdout]   20:     0x63e47445325d - <api_tests[9bcaf77f5fcecb09]::test_query_papers_4::{closure#0} as core[a373ad73a504971]::ops::function::FnOnce<()>>::call_once
[INFO] [stdout]   21:     0x63e47446f67b - test[aada8e7e76ba119b]::__rust_begin_short_backtrace::<core[a373ad73a504971]::result::Result<(), alloc[2e1b2a31b91974c5]::string::String>, fn() -> core[a373ad73a504971]::result::Result<(), alloc[2e1b2a31b91974c5]::string::String>>
[INFO] [stdout]   22:     0x63e47447c855 - test[aada8e7e76ba119b]::run_test::{closure#0}
[INFO] [stdout]   23:     0x63e474476144 - std[617be2ca0a6fd877]::sys::backtrace::__rust_begin_short_backtrace::<test[aada8e7e76ba119b]::run_test::{closure#1}, ()>
[INFO] [stdout]   24:     0x63e47447f8e2 - <std[617be2ca0a6fd877]::thread::lifecycle::spawn_unchecked<test[aada8e7e76ba119b]::run_test::{closure#1}, ()>::{closure#1} as core[a373ad73a504971]::ops::function::FnOnce<()>>::call_once::{shim:vtable#0}
[INFO] [stdout]   25:     0x63e474689d5f - <std[617be2ca0a6fd877]::sys::thread::unix::Thread>::new::thread_start
[INFO] [stdout]   26:     0x72950ef29dfa - <unknown>
[INFO] [stdout]   27:     0x72950efbd3d4 - clone
[INFO] [stdout]   28:                0x0 - <unknown>
[INFO] [stdout] 
[INFO] [stdout] ---- test_search_authors stdout ----
[INFO] [stdout] 
[INFO] [stdout] thread 'test_search_authors' (1728) panicked at tests/api_tests.rs:481:65:
[INFO] [stdout] called `Result::unwrap()` on an `Err` value: Failed to search authors
[INFO] [stdout] 
[INFO] [stdout] Stack backtrace:
[INFO] [stdout]    0: <anyhow::Error>::msg::<&str>
[INFO] [stdout]    1: api_tests::test_search_authors::{closure#0}::{closure#0}
[INFO] [stdout]    2: <tokio::runtime::scheduler::current_thread::Context>::enter::<core::task::poll::Poll<()>, <tokio::runtime::scheduler::current_thread::CoreGuard>::block_on<core::pin::Pin<&mut core::pin::Pin<&mut dyn core::future::future::Future<Output = ()>>>>::{closure#0}::{closure#0}>
[INFO] [stdout]    3: <tokio::runtime::context::scoped::Scoped<tokio::runtime::scheduler::Context>>::set::<<tokio::runtime::scheduler::current_thread::CoreGuard>::enter<<tokio::runtime::scheduler::current_thread::CoreGuard>::block_on<core::pin::Pin<&mut core::pin::Pin<&mut dyn core::future::future::Future<Output = ()>>>>::{closure#0}, core::option::Option<()>>::{closure#0}, (alloc::boxed::Box<tokio::runtime::scheduler::current_thread::Core>, core::option::Option<()>)>
[INFO] [stdout]    4: <tokio::runtime::scheduler::current_thread::CoreGuard>::block_on::<core::pin::Pin<&mut core::pin::Pin<&mut dyn core::future::future::Future<Output = ()>>>>
[INFO] [stdout]    5: tokio::runtime::context::runtime::enter_runtime::<<tokio::runtime::scheduler::current_thread::CurrentThread>::block_on<core::pin::Pin<&mut dyn core::future::future::Future<Output = ()>>>::{closure#0}, ()>
[INFO] [stdout]    6: <tokio::runtime::runtime::Runtime>::block_on::<core::pin::Pin<&mut dyn core::future::future::Future<Output = ()>>>
[INFO] [stdout]    7: <api_tests::test_search_authors::{closure#0} as core::ops::function::FnOnce<()>>::call_once
[INFO] [stdout]    8: serial_test::serial_code_lock::local_serial_core
[INFO] [stdout]    9: <api_tests::test_search_authors::{closure#0} as core::ops::function::FnOnce<()>>::call_once
[INFO] [stdout]   10: test::__rust_begin_short_backtrace::<core::result::Result<(), alloc::string::String>, fn() -> core::result::Result<(), alloc::string::String>>
[INFO] [stdout]   11: test::run_test::{closure#0}
[INFO] [stdout]   12: std::sys::backtrace::__rust_begin_short_backtrace::<test::run_test::{closure#1}, ()>
[INFO] [stdout]   13: <std::thread::lifecycle::spawn_unchecked<test::run_test::{closure#1}, ()>::{closure#1} as core::ops::function::FnOnce<()>>::call_once::{shim:vtable#0}
[INFO] [stdout]   14: <std::sys::thread::unix::Thread>::new::thread_start
[INFO] [stdout]   15: <unknown>
[INFO] [stdout]   16: clone
[INFO] [stdout] stack backtrace:
[INFO] [stdout]    0:     0x63e47468a8b1 - <<std[617be2ca0a6fd877]::sys::backtrace::BacktraceLock>::print::DisplayBacktrace as core[a373ad73a504971]::fmt::Display>::fmt
[INFO] [stdout]    1:     0x63e4746a2bea - core[a373ad73a504971]::fmt::write
[INFO] [stdout]    2:     0x63e47468fc3c - <alloc[2e1b2a31b91974c5]::vec::Vec<u8> as core[a373ad73a504971]::io::write::Write>::write_fmt
[INFO] [stdout]    3:     0x63e474664f66 - std[617be2ca0a6fd877]::panicking::default_hook::{closure#0}
[INFO] [stdout]    4:     0x63e4746825c9 - std[617be2ca0a6fd877]::panicking::default_hook
[INFO] [stdout]    5:     0x63e47447c230 - test[aada8e7e76ba119b]::test_main_inner::{closure#0}
[INFO] [stdout]    6:     0x63e4746828f2 - std[617be2ca0a6fd877]::panicking::panic_with_hook
[INFO] [stdout]    7:     0x63e474665012 - std[617be2ca0a6fd877]::panicking::panic_handler::{closure#0}
[INFO] [stdout]    8:     0x63e47465d479 - std[617be2ca0a6fd877]::sys::backtrace::__rust_end_short_backtrace::<std[617be2ca0a6fd877]::panicking::panic_handler::{closure#0}, !>
[INFO] [stdout]    9:     0x63e474665fbd - __rustc[ea4f61d10b84890b]::rust_begin_unwind
[INFO] [stdout]   10:     0x63e4746a334c - core[a373ad73a504971]::panicking::panic_fmt
[INFO] [stdout]   11:     0x63e4746a3122 - core[a373ad73a504971]::result::unwrap_failed
[INFO] [stdout]   12:     0x63e474441ab6 - api_tests[9bcaf77f5fcecb09]::test_search_authors::{closure#0}::{closure#0}
[INFO] [stdout]   13:     0x63e4744673a3 - <tokio[ee8640928c6ddc25]::runtime::scheduler::current_thread::Context>::enter::<core[a373ad73a504971]::task::poll::Poll<()>, <tokio[ee8640928c6ddc25]::runtime::scheduler::current_thread::CoreGuard>::block_on<core[a373ad73a504971]::pin::Pin<&mut core[a373ad73a504971]::pin::Pin<&mut dyn core[a373ad73a504971]::future::future::Future<Output = ()>>>>::{closure#0}::{closure#0}>
[INFO] [stdout]   14:     0x63e474463e5c - <tokio[ee8640928c6ddc25]::runtime::context::scoped::Scoped<tokio[ee8640928c6ddc25]::runtime::scheduler::Context>>::set::<<tokio[ee8640928c6ddc25]::runtime::scheduler::current_thread::CoreGuard>::enter<<tokio[ee8640928c6ddc25]::runtime::scheduler::current_thread::CoreGuard>::block_on<core[a373ad73a504971]::pin::Pin<&mut core[a373ad73a504971]::pin::Pin<&mut dyn core[a373ad73a504971]::future::future::Future<Output = ()>>>>::{closure#0}, core[a373ad73a504971]::option::Option<()>>::{closure#0}, (alloc[2e1b2a31b91974c5]::boxed::Box<tokio[ee8640928c6ddc25]::runtime::scheduler::current_thread::Core>, core[a373ad73a504971]::option::Option<()>)>
[INFO] [stdout]   15:     0x63e4744676f7 - <tokio[ee8640928c6ddc25]::runtime::scheduler::current_thread::CoreGuard>::block_on::<core[a373ad73a504971]::pin::Pin<&mut core[a373ad73a504971]::pin::Pin<&mut dyn core[a373ad73a504971]::future::future::Future<Output = ()>>>>
[INFO] [stdout]   16:     0x63e47446286d - tokio[ee8640928c6ddc25]::runtime::context::runtime::enter_runtime::<<tokio[ee8640928c6ddc25]::runtime::scheduler::current_thread::CurrentThread>::block_on<core[a373ad73a504971]::pin::Pin<&mut dyn core[a373ad73a504971]::future::future::Future<Output = ()>>>::{closure#0}, ()>
[INFO] [stdout]   17:     0x63e474468e35 - <tokio[ee8640928c6ddc25]::runtime::runtime::Runtime>::block_on::<core[a373ad73a504971]::pin::Pin<&mut dyn core[a373ad73a504971]::future::future::Future<Output = ()>>>
[INFO] [stdout]   18:     0x63e474453fcb - <api_tests[9bcaf77f5fcecb09]::test_search_authors::{closure#0} as core[a373ad73a504971]::ops::function::FnOnce<()>>::call_once
[INFO] [stdout]   19:     0x63e47463c257 - serial_test[79080402b12f8693]::serial_code_lock::local_serial_core
[INFO] [stdout]   20:     0x63e4744532dd - <api_tests[9bcaf77f5fcecb09]::test_search_authors::{closure#0} as core[a373ad73a504971]::ops::function::FnOnce<()>>::call_once
[INFO] [stdout]   21:     0x63e47446f67b - test[aada8e7e76ba119b]::__rust_begin_short_backtrace::<core[a373ad73a504971]::result::Result<(), alloc[2e1b2a31b91974c5]::string::String>, fn() -> core[a373ad73a504971]::result::Result<(), alloc[2e1b2a31b91974c5]::string::String>>
[INFO] [stdout]   22:     0x63e47447c855 - test[aada8e7e76ba119b]::run_test::{closure#0}
[INFO] [stdout]   23:     0x63e474476144 - std[617be2ca0a6fd877]::sys::backtrace::__rust_begin_short_backtrace::<test[aada8e7e76ba119b]::run_test::{closure#1}, ()>
[INFO] [stdout]   24:     0x63e47447f8e2 - <std[617be2ca0a6fd877]::thread::lifecycle::spawn_unchecked<test[aada8e7e76ba119b]::run_test::{closure#1}, ()>::{closure#1} as core[a373ad73a504971]::ops::function::FnOnce<()>>::call_once::{shim:vtable#0}
[INFO] [stdout]   25:     0x63e474689d5f - <std[617be2ca0a6fd877]::sys::thread::unix::Thread>::new::thread_start
[INFO] [stdout]   26:     0x72950ef29dfa - <unknown>
[INFO] [stdout]   27:     0x72950efbd3d4 - clone
[INFO] [stdout]   28:                0x0 - <unknown>
[INFO] [stdout] 
[INFO] [stdout] 
[INFO] [stdout] failures:
[INFO] [stdout]     test_a_query_paper_1
[INFO] [stdout]     test_a_query_paper_2
[INFO] [stdout]     test_a_query_paper_3
[INFO] [stdout]     test_bulk_query_by_ids_with_fields
[INFO] [stdout]     test_bulk_query_by_ids_without_fields
[INFO] [stdout]     test_query_author_details
[INFO] [stdout]     test_query_author_papers
[INFO] [stdout]     test_query_paper_authors
[INFO] [stdout]     test_query_paper_citations
[INFO] [stdout]     test_query_paper_details
[INFO] [stdout]     test_query_paper_references
[INFO] [stdout]     test_query_papers_1
[INFO] [stdout]     test_query_papers_2
[INFO] [stdout]     test_query_papers_3
[INFO] [stdout]     test_query_papers_4
[INFO] [stdout]     test_search_authors
[INFO] [stdout] 
[INFO] [stdout] test result: FAILED. 0 passed; 16 failed; 0 ignored; 0 measured; 0 filtered out; finished in 251.34s
[INFO] [stdout] 
[INFO] running `Command { std: "docker" "inspect" "e4fba61b5169dea4a12ad38986e7247e81d2620d86780cc7cd8a2d52bd19e792", kill_on_drop: false }`
[INFO] running `Command { std: "docker" "rm" "-f" "e4fba61b5169dea4a12ad38986e7247e81d2620d86780cc7cd8a2d52bd19e792", kill_on_drop: false }`
[INFO] [stdout] e4fba61b5169dea4a12ad38986e7247e81d2620d86780cc7cd8a2d52bd19e792
