[INFO] fetching crate ss-rs 0.2.20...
[INFO] testing ss-rs-0.2.20 against 1.99.0-beta.8+cargoflags=--release for beta-release-1.100-2
[INFO] extracting crate ss-rs 0.2.20 into /workspace/builds/worker-1-tc1/source
[INFO] started tweaking crates.io crate ss-rs 0.2.20
[INFO] finished tweaking crates.io crate ss-rs 0.2.20
[INFO] tweaked toml for crates.io crate ss-rs 0.2.20 written to /workspace/builds/worker-1-tc1/source/Cargo.toml
[INFO] validating manifest of crates.io crate ss-rs 0.2.20 on toolchain 1.99.0-beta.8
[INFO] running `Command { std: CARGO_HOME="/workspace/cargo-home" RUSTUP_HOME="/workspace/rustup-home" "/workspace/cargo-home/bin/cargo" "+1.99.0-beta.8" "metadata" "--manifest-path" "Cargo.toml" "--no-deps", kill_on_drop: false }`
[INFO] crate crates.io crate ss-rs 0.2.20 already has a lockfile, it will not be regenerated
[INFO] running `Command { std: CARGO_HOME="/workspace/cargo-home" RUSTUP_HOME="/workspace/rustup-home" "/workspace/cargo-home/bin/cargo" "+1.99.0-beta.8" "fetch" "--manifest-path" "Cargo.toml", kill_on_drop: false }`
[INFO] [stderr]     Updating crates.io index
[INFO] [stderr]  Downloading crates ...
[INFO] [stderr]   Downloaded urlencoding v2.1.2
[INFO] [stderr]   Downloaded block-buffer v0.10.3
[INFO] [stderr]   Downloaded hermit-abi v0.2.6
[INFO] [stderr]   Downloaded iana-time-zone-haiku v0.1.1
[INFO] [stderr]   Downloaded sha1 v0.10.5
[INFO] [stderr]   Downloaded is-terminal v0.4.2
[INFO] [stderr]   Downloaded futures-core v0.3.25
[INFO] [stderr]   Downloaded num_cpus v1.15.0
[INFO] [stderr]   Downloaded wasm-bindgen-macro v0.2.83
[INFO] [stderr]   Downloaded scratch v1.0.3
[INFO] [stderr]   Downloaded digest v0.10.6
[INFO] [stderr]   Downloaded cxxbridge-flags v1.0.86
[INFO] [stderr]   Downloaded errno v0.2.8
[INFO] [stderr]   Downloaded wasm-bindgen-shared v0.2.83
[INFO] [stderr]   Downloaded link-cplusplus v1.0.8
[INFO] [stderr]   Downloaded universal-hash v0.5.0
[INFO] [stderr]   Downloaded aead v0.5.1
[INFO] [stderr]   Downloaded bloom v0.3.2
[INFO] [stderr]   Downloaded ghash v0.5.0
[INFO] [stderr]   Downloaded getrandom v0.2.8
[INFO] [stderr]   Downloaded termcolor v1.1.3
[INFO] [stderr]   Downloaded proc-macro2 v1.0.49
[INFO] [stderr]   Downloaded pin-project-lite v0.2.9
[INFO] [stderr]   Downloaded zeroize v1.5.7
[INFO] [stderr]   Downloaded quote v1.0.23
[INFO] [stderr]   Downloaded os_str_bytes v6.4.1
[INFO] [stderr]   Downloaded wasm-bindgen-macro-support v0.2.83
[INFO] [stderr]   Downloaded wasm-bindgen-backend v0.2.83
[INFO] [stderr]   Downloaded iana-time-zone v0.1.53
[INFO] [stderr]   Downloaded core-foundation-sys v0.8.3
[INFO] [stderr]   Downloaded chacha20 v0.9.0
[INFO] [stderr]   Downloaded socket2 v0.4.7
[INFO] [stderr]   Downloaded io-lifetimes v1.0.4
[INFO] [stderr]   Downloaded indexmap v1.9.2
[INFO] [stderr]   Downloaded bit-vec v0.4.4
[INFO] [stderr]   Downloaded polyval v0.6.0
[INFO] [stderr]   Downloaded mio v0.8.5
[INFO] [stderr]   Downloaded bytes v1.3.0
[INFO] [stderr]   Downloaded cc v1.0.78
[INFO] [stderr]   Downloaded js-sys v0.3.60
[INFO] [stderr]   Downloaded cxxbridge-macro v1.0.86
[INFO] [stderr]   Downloaded base64 v0.21.0
[INFO] [stderr]   Downloaded cxx-build v1.0.86
[INFO] [stderr]   Downloaded aho-corasick v0.7.20
[INFO] [stderr]   Downloaded aes-gcm v0.10.1
[INFO] [stderr]   Downloaded hkdf v0.12.3
[INFO] [stderr]   Downloaded wasm-bindgen v0.2.83
[INFO] [stderr]   Downloaded chrono v0.4.23
[INFO] [stderr]   Downloaded clap v3.2.23
[INFO] [stderr]   Downloaded syn v1.0.107
[INFO] [stderr]   Downloaded regex v1.7.1
[INFO] [stderr]   Downloaded regex-syntax v0.6.28
[INFO] [stderr]   Downloaded rustix v0.36.6
[INFO] [stderr]   Downloaded windows_x86_64_gnullvm v0.42.1
[INFO] [stderr]   Downloaded windows_aarch64_gnullvm v0.42.1
[INFO] [stderr]   Downloaded tokio v1.24.1
[INFO] [stderr]   Downloaded windows_x86_64_msvc v0.42.1
[INFO] [stderr]   Downloaded cxx v1.0.86
[INFO] [stderr]   Downloaded libc v0.2.139
[INFO] [stderr]   Downloaded windows_aarch64_msvc v0.42.1
[INFO] [stderr]   Downloaded windows_x86_64_gnu v0.42.1
[INFO] [stderr]   Downloaded windows_i686_msvc v0.42.1
[INFO] [stderr]   Downloaded windows_i686_gnu v0.42.1
[INFO] [stderr]   Downloaded linux-raw-sys v0.1.4
[INFO] [stderr]   Downloaded windows-sys v0.42.0
[INFO] running `Command { std: "docker" "create" "-v" "/var/lib/crater-agent-workspace/builds/worker-1-tc1/source:/opt/rustwide/workdir:ro,Z" "-v" "/var/lib/crater-agent-workspace/builds/worker-1-tc1/target:/opt/rustwide/target:rw,Z" "-v" "/var/lib/crater-agent-workspace/cargo-home:/opt/rustwide/cargo-home:ro,Z" "-v" "/var/lib/crater-agent-workspace/rustup-home:/opt/rustwide/rustup-home:ro,Z" "-m" "1610612736" "--network" "none" "ghcr.io/rust-lang/crates-build-env/linux@sha256:77db811e55d90add9212f6832c23229e3de5f1c1f9905e8cb07319ea15df73ac" "sleep" "infinity", kill_on_drop: false }`
[INFO] [stdout] 9f07dd4be7b683473f0199ac541908407a1b7ce51f28b8485e9dd9d8979a0d88
[INFO] running `Command { std: "docker" "start" "9f07dd4be7b683473f0199ac541908407a1b7ce51f28b8485e9dd9d8979a0d88", kill_on_drop: false }`
[INFO] running `Command { std: "docker" "inspect" "9f07dd4be7b683473f0199ac541908407a1b7ce51f28b8485e9dd9d8979a0d88", kill_on_drop: false }`
[INFO] running `Command { std: "docker" "exec" "-e" "SOURCE_DIR=/opt/rustwide/workdir" "-e" "CARGO_HOME=/opt/rustwide/cargo-home" "-e" "RUSTUP_HOME=/opt/rustwide/rustup-home" "-e" "CARGO_TARGET_DIR=/opt/rustwide/target" "-w" "/opt/rustwide/workdir" "--user" "0:0" "9f07dd4be7b683473f0199ac541908407a1b7ce51f28b8485e9dd9d8979a0d88" "/opt/rustwide/cargo-home/bin/cargo" "+1.99.0-beta.8" "metadata" "--no-deps" "--format-version=1", kill_on_drop: false }`
[INFO] running `Command { std: "docker" "inspect" "9f07dd4be7b683473f0199ac541908407a1b7ce51f28b8485e9dd9d8979a0d88", kill_on_drop: false }`
[INFO] running `Command { std: "docker" "exec" "-e" "SOURCE_DIR=/opt/rustwide/workdir" "-e" "CARGO_HOME=/opt/rustwide/cargo-home" "-e" "RUSTUP_HOME=/opt/rustwide/rustup-home" "-e" "CARGO_TARGET_DIR=/opt/rustwide/target" "-e" "CARGO_INCREMENTAL=0" "-e" "RUST_BACKTRACE=full" "-e" "RUSTFLAGS=--cap-lints=warn" "-e" "RUSTDOCFLAGS=--cap-lints=warn" "-w" "/opt/rustwide/workdir" "--user" "0:0" "9f07dd4be7b683473f0199ac541908407a1b7ce51f28b8485e9dd9d8979a0d88" "/opt/rustwide/cargo-home/bin/cargo" "+1.99.0-beta.8" "build" "--frozen" "--message-format=json" "--release", kill_on_drop: false }`
[INFO] [stderr]    Compiling libc v0.2.139
[INFO] [stderr]    Compiling cfg-if v1.0.0
[INFO] [stderr]    Compiling version_check v0.9.4
[INFO] [stderr]    Compiling typenum v1.16.0
[INFO] [stderr]    Compiling autocfg v1.1.0
[INFO] [stderr]    Compiling subtle v2.4.1
[INFO] [stderr]    Compiling cpufeatures v0.2.5
[INFO] [stderr]    Compiling proc-macro2 v1.0.49
[INFO] [stderr]    Compiling zeroize v1.5.7
[INFO] [stderr]    Compiling memchr v2.5.0
[INFO] [stderr]    Compiling opaque-debug v0.3.0
[INFO] [stderr]    Compiling unicode-ident v1.0.6
[INFO] [stderr]    Compiling io-lifetimes v1.0.4
[INFO] [stderr]    Compiling generic-array v0.14.6
[INFO] [stderr]    Compiling quote v1.0.23
[INFO] [stderr]    Compiling log v0.4.17
[INFO] [stderr]    Compiling num-traits v0.2.15
[INFO] [stderr]    Compiling syn v1.0.107
[INFO] [stderr]    Compiling rustix v0.36.6
[INFO] [stderr]    Compiling bitflags v1.3.2
[INFO] [stderr]    Compiling indexmap v1.9.2
[INFO] [stderr]    Compiling num-integer v0.1.45
[INFO] [stderr]    Compiling linux-raw-sys v0.1.4
[INFO] [stderr]    Compiling radium v0.7.0
[INFO] [stderr]    Compiling tokio v1.24.1
[INFO] [stderr]    Compiling aho-corasick v0.7.20
[INFO] [stderr]    Compiling futures-core v0.3.25
[INFO] [stderr]    Compiling os_str_bytes v6.4.1
[INFO] [stderr]    Compiling regex-syntax v0.6.28
[INFO] [stderr]    Compiling tap v1.0.1
[INFO] [stderr]    Compiling ppv-lite86 v0.2.17
[INFO] [stderr]    Compiling getrandom v0.2.8
[INFO] [stderr]    Compiling rand_core v0.6.4
[INFO] [stderr]    Compiling inout v0.1.3
[INFO] [stderr]    Compiling block-buffer v0.10.3
[INFO] [stderr]    Compiling termcolor v1.1.3
[INFO] [stderr]    Compiling hashbrown v0.12.3
[INFO] [stderr]    Compiling crypto-common v0.1.6
[INFO] [stderr]    Compiling universal-hash v0.5.0
[INFO] [stderr]    Compiling cipher v0.4.3
[INFO] [stderr]    Compiling digest v0.10.6
[INFO] [stderr]    Compiling polyval v0.6.0
[INFO] [stderr]    Compiling aead v0.5.1
[INFO] [stderr]    Compiling hmac v0.12.1
[INFO] [stderr]    Compiling ghash v0.5.0
[INFO] [stderr]    Compiling ctr v0.9.2
[INFO] [stderr]    Compiling chacha20 v0.9.0
[INFO] [stderr]    Compiling aes v0.8.2
[INFO] [stderr]    Compiling poly1305 v0.8.0
[INFO] [stderr]    Compiling rand_chacha v0.3.1
[INFO] [stderr]    Compiling is-terminal v0.4.2
[INFO] [stderr]    Compiling regex v1.7.1
[INFO] [stderr]    Compiling signal-hook-registry v1.4.0
[INFO] [stderr]    Compiling num_cpus v1.15.0
[INFO] [stderr]    Compiling time v0.1.45
[INFO] [stderr]    Compiling socket2 v0.4.7
[INFO] [stderr]    Compiling mio v0.8.5
[INFO] [stderr]    Compiling atty v0.2.14
[INFO] [stderr]    Compiling wyz v0.5.1
[INFO] [stderr]    Compiling clap_lex v0.2.4
[INFO] [stderr]    Compiling pin-project-lite v0.2.9
[INFO] [stderr]    Compiling humantime v2.1.0
[INFO] [stderr]    Compiling textwrap v0.16.0
[INFO] [stderr]    Compiling funty v2.0.0
[INFO] [stderr]    Compiling strsim v0.10.0
[INFO] [stderr]    Compiling once_cell v1.17.0
[INFO] [stderr]    Compiling bytes v1.3.0
[INFO] [stderr]    Compiling bit-vec v0.4.4
[INFO] [stderr]    Compiling iana-time-zone v0.1.53
[INFO] [stderr]    Compiling chrono v0.4.23
[INFO] [stderr]    Compiling bloom v0.3.2
[INFO] [stderr]    Compiling bitvec v1.0.1
[INFO] [stderr]    Compiling clap v3.2.23
[INFO] [stderr]    Compiling env_logger v0.10.0
[INFO] [stderr]    Compiling tokio-macros v1.8.2
[INFO] [stderr]    Compiling aes-gcm v0.10.1
[INFO] [stderr]    Compiling rand v0.8.5
[INFO] [stderr]    Compiling chacha20poly1305 v0.10.1
[INFO] [stderr]    Compiling hkdf v0.12.3
[INFO] [stderr]    Compiling sha1 v0.10.5
[INFO] [stderr]    Compiling md5 v0.7.0
[INFO] [stderr]    Compiling urlencoding v2.1.2
[INFO] [stderr]    Compiling base64 v0.21.0
[INFO] [stderr]    Compiling ss-rs v0.2.20 (/opt/rustwide/workdir)
[INFO] [stderr]     Finished `release` profile [optimized] target(s) in 1m 30s
[INFO] running `Command { std: "docker" "inspect" "9f07dd4be7b683473f0199ac541908407a1b7ce51f28b8485e9dd9d8979a0d88", kill_on_drop: false }`
[INFO] running `Command { std: "docker" "exec" "-e" "SOURCE_DIR=/opt/rustwide/workdir" "-e" "CARGO_HOME=/opt/rustwide/cargo-home" "-e" "RUSTUP_HOME=/opt/rustwide/rustup-home" "-e" "CARGO_TARGET_DIR=/opt/rustwide/target" "-e" "CARGO_INCREMENTAL=0" "-e" "RUST_BACKTRACE=full" "-e" "RUSTFLAGS=--cap-lints=warn" "-e" "RUSTDOCFLAGS=--cap-lints=warn" "-w" "/opt/rustwide/workdir" "--user" "0:0" "9f07dd4be7b683473f0199ac541908407a1b7ce51f28b8485e9dd9d8979a0d88" "/opt/rustwide/cargo-home/bin/cargo" "+1.99.0-beta.8" "test" "--frozen" "--no-run" "--message-format=json" "--release", kill_on_drop: false }`
[INFO] [stderr]    Compiling libc v0.2.139
[INFO] [stderr]    Compiling cfg-if v1.0.0
[INFO] [stderr]    Compiling typenum v1.16.0
[INFO] [stderr]    Compiling subtle v2.4.1
[INFO] [stderr]    Compiling cpufeatures v0.2.5
[INFO] [stderr]    Compiling zeroize v1.5.7
[INFO] [stderr]    Compiling tokio v1.24.1
[INFO] [stderr]    Compiling opaque-debug v0.3.0
[INFO] [stderr]    Compiling memchr v2.5.0
[INFO] [stderr]    Compiling bitflags v1.3.2
[INFO] [stderr]    Compiling log v0.4.17
[INFO] [stderr]    Compiling linux-raw-sys v0.1.4
[INFO] [stderr]    Compiling num-traits v0.2.15
[INFO] [stderr]    Compiling os_str_bytes v6.4.1
[INFO] [stderr]    Compiling regex-syntax v0.6.28
[INFO] [stderr]    Compiling termcolor v1.1.3
[INFO] [stderr]    Compiling ppv-lite86 v0.2.17
[INFO] [stderr]    Compiling generic-array v0.14.6
[INFO] [stderr]    Compiling aho-corasick v0.7.20
[INFO] [stderr]    Compiling tap v1.0.1
[INFO] [stderr]    Compiling hashbrown v0.12.3
[INFO] [stderr]    Compiling wyz v0.5.1
[INFO] [stderr]    Compiling num-integer v0.1.45
[INFO] [stderr]    Compiling clap_lex v0.2.4
[INFO] [stderr]    Compiling getrandom v0.2.8
[INFO] [stderr]    Compiling io-lifetimes v1.0.4
[INFO] [stderr]    Compiling rand_core v0.6.4
[INFO] [stderr]    Compiling inout v0.1.3
[INFO] [stderr]    Compiling block-buffer v0.10.3
[INFO] [stderr]    Compiling rustix v0.36.6
[INFO] [stderr]    Compiling atty v0.2.14
[INFO] [stderr]    Compiling indexmap v1.9.2
[INFO] [stderr]    Compiling socket2 v0.4.7
[INFO] [stderr]    Compiling crypto-common v0.1.6
[INFO] [stderr]    Compiling rand_chacha v0.3.1
[INFO] [stderr]    Compiling mio v0.8.5
[INFO] [stderr]    Compiling universal-hash v0.5.0
[INFO] [stderr]    Compiling cipher v0.4.3
[INFO] [stderr]    Compiling digest v0.10.6
[INFO] [stderr]    Compiling polyval v0.6.0
[INFO] [stderr]    Compiling aead v0.5.1
[INFO] [stderr]    Compiling hmac v0.12.1
[INFO] [stderr]    Compiling ghash v0.5.0
[INFO] [stderr]    Compiling regex v1.7.1
[INFO] [stderr]    Compiling ctr v0.9.2
[INFO] [stderr]    Compiling aes v0.8.2
[INFO] [stderr]    Compiling chacha20 v0.9.0
[INFO] [stderr]    Compiling poly1305 v0.8.0
[INFO] [stderr]    Compiling time v0.1.45
[INFO] [stderr]    Compiling signal-hook-registry v1.4.0
[INFO] [stderr]    Compiling is-terminal v0.4.2
[INFO] [stderr]    Compiling num_cpus v1.15.0
[INFO] [stderr]    Compiling radium v0.7.0
[INFO] [stderr]    Compiling bit-vec v0.4.4
[INFO] [stderr]    Compiling pin-project-lite v0.2.9
[INFO] [stderr]    Compiling humantime v2.1.0
[INFO] [stderr]    Compiling textwrap v0.16.0
[INFO] [stderr]    Compiling funty v2.0.0
[INFO] [stderr]    Compiling strsim v0.10.0
[INFO] [stderr]    Compiling once_cell v1.17.0
[INFO] [stderr]    Compiling bytes v1.3.0
[INFO] [stderr]    Compiling iana-time-zone v0.1.53
[INFO] [stderr]    Compiling chrono v0.4.23
[INFO] [stderr]    Compiling bitvec v1.0.1
[INFO] [stderr]    Compiling clap v3.2.23
[INFO] [stderr]    Compiling env_logger v0.10.0
[INFO] [stderr]    Compiling bloom v0.3.2
[INFO] [stderr]    Compiling aes-gcm v0.10.1
[INFO] [stderr]    Compiling chacha20poly1305 v0.10.1
[INFO] [stderr]    Compiling hkdf v0.12.3
[INFO] [stderr]    Compiling sha1 v0.10.5
[INFO] [stderr]    Compiling rand v0.8.5
[INFO] [stderr]    Compiling futures-core v0.3.25
[INFO] [stderr]    Compiling md5 v0.7.0
[INFO] [stderr]    Compiling base64 v0.21.0
[INFO] [stderr]    Compiling urlencoding v2.1.2
[INFO] [stderr]    Compiling ss-rs v0.2.20 (/opt/rustwide/workdir)
[INFO] [stderr]     Finished `release` profile [optimized] target(s) in 1m 49s
[INFO] running `Command { std: "docker" "inspect" "9f07dd4be7b683473f0199ac541908407a1b7ce51f28b8485e9dd9d8979a0d88", kill_on_drop: false }`
[INFO] running `Command { std: "docker" "exec" "-e" "SOURCE_DIR=/opt/rustwide/workdir" "-e" "CARGO_HOME=/opt/rustwide/cargo-home" "-e" "RUSTUP_HOME=/opt/rustwide/rustup-home" "-e" "CARGO_TARGET_DIR=/opt/rustwide/target" "-e" "CARGO_INCREMENTAL=0" "-e" "RUST_BACKTRACE=full" "-e" "RUSTFLAGS=--cap-lints=warn" "-e" "RUSTDOCFLAGS=--cap-lints=warn" "-w" "/opt/rustwide/workdir" "--user" "0:0" "9f07dd4be7b683473f0199ac541908407a1b7ce51f28b8485e9dd9d8979a0d88" "/opt/rustwide/cargo-home/bin/cargo" "+1.99.0-beta.8" "test" "--frozen" "--release", kill_on_drop: false }`
[INFO] [stderr]     Finished `release` profile [optimized] target(s) in 0.18s
[INFO] [stderr]      Running unittests src/lib.rs (/opt/rustwide/target/release/deps/ss_rs-59ccba6261aac544)
[INFO] [stdout] 
[INFO] [stdout] running 11 tests
[INFO] [stdout] test acl::rule_set::tests::test_rule_set ... ok
[INFO] [stdout] test acl::cidr::tests::test_error ... ok
[INFO] [stdout] test crypto::tests::test_hkdf_sha1_key128 ... ok
[INFO] [stdout] test crypto::tests::test_derive_key128 ... ok
[INFO] [stdout] test acl::tests::test_acl ... ok
[INFO] [stdout] test crypto::tests::test_hkdf_sha1_key256 ... ok
[INFO] [stdout] test acl::tests::test_error ... ok
[INFO] [stdout] test crypto::tests::test_derive_key256 ... ok
[INFO] [stdout] test url::tests::it_works ... ok
[INFO] [stdout] test acl::cidr::tests::test_cidr ... ok
[INFO] [stdout] test acl::ip_set::tests::test_ip_set ... ok
[INFO] [stdout] 
[INFO] [stdout] test result: ok. 11 passed; 0 failed; 0 ignored; 0 measured; 0 filtered out; finished in 0.01s
[INFO] [stdout] 
[INFO] [stderr]      Running unittests src/main.rs (/opt/rustwide/target/release/deps/ss_rs-ff5d915b2a168611)
[INFO] [stderr]      Running tests/ss.rs (/opt/rustwide/target/release/deps/ss-5a74ee9345e18092)
[INFO] [stdout] 
[INFO] [stdout] running 0 tests
[INFO] [stdout] 
[INFO] [stdout] test result: ok. 0 passed; 0 failed; 0 ignored; 0 measured; 0 filtered out; finished in 0.00s
[INFO] [stdout] 
[INFO] [stdout] 
[INFO] [stdout] running 1 test
[INFO] [stdout] test test ... FAILED
[INFO] [stdout] 
[INFO] [stdout] failures:
[INFO] [stdout] 
[INFO] [stdout] ---- test stdout ----
[INFO] [stdout] 
[INFO] [stdout] thread 'test' (2738) panicked at tests/ss.rs:77:5:
[INFO] [stdout] assertion failed: !rsp.is_empty()
[INFO] [stdout] stack backtrace:
[INFO] [stdout]    0:     0x5b655d357a91 - <unknown>
[INFO] [stdout]    1:     0x5b655d36d3ea - <unknown>
[INFO] [stdout]    2:     0x5b655d35c54c - <unknown>
[INFO] [stdout]    3:     0x5b655d333186 - <unknown>
[INFO] [stdout]    4:     0x5b655d34fc59 - <unknown>
[INFO] [stdout]    5:     0x5b655d292f80 - <unknown>
[INFO] [stdout]    6:     0x5b655d34ff82 - <unknown>
[INFO] [stdout]    7:     0x5b655d333264 - <unknown>
[INFO] [stdout]    8:     0x5b655d32bed9 - <unknown>
[INFO] [stdout]    9:     0x5b655d33401d - <unknown>
[INFO] [stdout]   10:     0x5b655d36db4c - <unknown>
[INFO] [stdout]   11:     0x5b655d36db12 - <unknown>
[INFO] [stdout]   12:     0x5b655d26ddc9 - <unknown>
[INFO] [stdout]   13:     0x5b655d271641 - <unknown>
[INFO] [stdout]   14:     0x5b655d275984 - <unknown>
[INFO] [stdout]   15:     0x5b655d2791a3 - <unknown>
[INFO] [stdout]   16:     0x5b655d28523b - <unknown>
[INFO] [stdout]   17:     0x5b655d278d5b - <unknown>
[INFO] [stdout]   18:     0x5b655d2849ac - <unknown>
[INFO] [stdout]   19:     0x5b655d27b600 - <unknown>
[INFO] [stdout]   20:     0x5b655d28626b - <unknown>
[INFO] [stdout]   21:     0x5b655d2938d5 - <unknown>
[INFO] [stdout]   22:     0x5b655d28d194 - <unknown>
[INFO] [stdout]   23:     0x5b655d296a32 - <unknown>
[INFO] [stdout]   24:     0x5b655d356fe9 - <unknown>
[INFO] [stdout]   25:     0x7194504abdfa - <unknown>
[INFO] [stdout]   26:     0x71945053f3d4 - clone
[INFO] [stdout]   27:                0x0 - <unknown>
[INFO] [stdout] 
[INFO] [stdout] thread 'test' (2738) panicked at tests/ss.rs:35:22:
[INFO] [stdout] called `Result::unwrap()` on an `Err` value: JoinError::Panic(Id(3), ...)
[INFO] [stdout] stack backtrace:
[INFO] [stdout]    0:     0x5b655d357a91 - <unknown>
[INFO] [stdout]    1:     0x5b655d36d3ea - <unknown>
[INFO] [stdout]    2:     0x5b655d35c54c - <unknown>
[INFO] [stdout]    3:     0x5b655d333186 - <unknown>
[INFO] [stdout]    4:     0x5b655d34fc59 - <unknown>
[INFO] [stdout]    5:     0x5b655d292f80 - <unknown>
[INFO] [stdout]    6:     0x5b655d34ff82 - <unknown>
[INFO] [stdout]    7:     0x5b655d333232 - <unknown>
[INFO] [stdout]    8:     0x5b655d32bed9 - <unknown>
[INFO] [stdout]    9:     0x5b655d33401d - <unknown>
[INFO] [stdout]   10:     0x5b655d36db4c - <unknown>
[INFO] [stdout]   11:     0x5b655d36d922 - <unknown>
[INFO] [stdout]   12:     0x5b655d27b149 - <unknown>
[INFO] [stdout]   13:     0x5b655d279023 - <unknown>
[INFO] [stdout]   14:     0x5b655d28513e - <unknown>
[INFO] [stdout]   15:     0x5b655d278d5b - <unknown>
[INFO] [stdout]   16:     0x5b655d2849ac - <unknown>
[INFO] [stdout]   17:     0x5b655d27b600 - <unknown>
[INFO] [stdout]   18:     0x5b655d28626b - <unknown>
[INFO] [stdout]   19:     0x5b655d2938d5 - <unknown>
[INFO] [stdout]   20:     0x5b655d28d194 - <unknown>
[INFO] [stdout]   21:     0x5b655d296a32 - <unknown>
[INFO] [stdout]   22:     0x5b655d356fe9 - <unknown>
[INFO] [stdout]   23:     0x7194504abdfa - <unknown>
[INFO] [stdout]   24:     0x71945053f3d4 - clone
[INFO] [stdout]   25:                0x0 - <unknown>
[INFO] [stdout] 
[INFO] [stdout] 
[INFO] [stdout] failures:
[INFO] [stdout]     test
[INFO] [stdout] 
[INFO] [stdout] test result: FAILED. 0 passed; 1 failed; 0 ignored; 0 measured; 0 filtered out; finished in 0.01s
[INFO] [stdout] 
[INFO] [stderr] error: test failed, to rerun pass `--test ss`
[INFO] running `Command { std: "docker" "inspect" "9f07dd4be7b683473f0199ac541908407a1b7ce51f28b8485e9dd9d8979a0d88", kill_on_drop: false }`
[INFO] running `Command { std: "docker" "rm" "-f" "9f07dd4be7b683473f0199ac541908407a1b7ce51f28b8485e9dd9d8979a0d88", kill_on_drop: false }`
[INFO] [stdout] 9f07dd4be7b683473f0199ac541908407a1b7ce51f28b8485e9dd9d8979a0d88
