[INFO] fetching crate srtparse 0.3.0...
[INFO] testing srtparse-0.3.0 against 1.99.0-beta.8+cargoflags=--release for beta-release-1.100-2
[INFO] extracting crate srtparse 0.3.0 into /workspace/builds/worker-4-tc1/source
[INFO] started tweaking crates.io crate srtparse 0.3.0
[INFO] finished tweaking crates.io crate srtparse 0.3.0
[INFO] tweaked toml for crates.io crate srtparse 0.3.0 written to /workspace/builds/worker-4-tc1/source/Cargo.toml
[INFO] validating manifest of crates.io crate srtparse 0.3.0 on toolchain 1.99.0-beta.8
[INFO] running `Command { std: CARGO_HOME="/workspace/cargo-home" RUSTUP_HOME="/workspace/rustup-home" "/workspace/cargo-home/bin/cargo" "+1.99.0-beta.8" "metadata" "--manifest-path" "Cargo.toml" "--no-deps", kill_on_drop: false }`
[INFO] crate crates.io crate srtparse 0.3.0 already has a lockfile, it will not be regenerated
[INFO] running `Command { std: CARGO_HOME="/workspace/cargo-home" RUSTUP_HOME="/workspace/rustup-home" "/workspace/cargo-home/bin/cargo" "+1.99.0-beta.8" "fetch" "--manifest-path" "Cargo.toml", kill_on_drop: false }`
[INFO] running `Command { std: "docker" "create" "-v" "/var/lib/crater-agent-workspace/builds/worker-4-tc1/source:/opt/rustwide/workdir:ro,Z" "-v" "/var/lib/crater-agent-workspace/builds/worker-4-tc1/target:/opt/rustwide/target:rw,Z" "-v" "/var/lib/crater-agent-workspace/cargo-home:/opt/rustwide/cargo-home:ro,Z" "-v" "/var/lib/crater-agent-workspace/rustup-home:/opt/rustwide/rustup-home:ro,Z" "-m" "1610612736" "--network" "none" "ghcr.io/rust-lang/crates-build-env/linux@sha256:77db811e55d90add9212f6832c23229e3de5f1c1f9905e8cb07319ea15df73ac" "sleep" "infinity", kill_on_drop: false }`
[INFO] [stdout] 480e655d9978b75bf2cdfcb94761a255c469884f7675da0bbdc8dcc7123a2852
[INFO] running `Command { std: "docker" "start" "480e655d9978b75bf2cdfcb94761a255c469884f7675da0bbdc8dcc7123a2852", kill_on_drop: false }`
[INFO] running `Command { std: "docker" "inspect" "480e655d9978b75bf2cdfcb94761a255c469884f7675da0bbdc8dcc7123a2852", kill_on_drop: false }`
[INFO] running `Command { std: "docker" "exec" "-e" "SOURCE_DIR=/opt/rustwide/workdir" "-e" "CARGO_HOME=/opt/rustwide/cargo-home" "-e" "RUSTUP_HOME=/opt/rustwide/rustup-home" "-e" "CARGO_TARGET_DIR=/opt/rustwide/target" "-w" "/opt/rustwide/workdir" "--user" "0:0" "480e655d9978b75bf2cdfcb94761a255c469884f7675da0bbdc8dcc7123a2852" "/opt/rustwide/cargo-home/bin/cargo" "+1.99.0-beta.8" "metadata" "--no-deps" "--format-version=1", kill_on_drop: false }`
[INFO] running `Command { std: "docker" "inspect" "480e655d9978b75bf2cdfcb94761a255c469884f7675da0bbdc8dcc7123a2852", kill_on_drop: false }`
[INFO] running `Command { std: "docker" "exec" "-e" "SOURCE_DIR=/opt/rustwide/workdir" "-e" "CARGO_HOME=/opt/rustwide/cargo-home" "-e" "RUSTUP_HOME=/opt/rustwide/rustup-home" "-e" "CARGO_TARGET_DIR=/opt/rustwide/target" "-e" "CARGO_INCREMENTAL=0" "-e" "RUST_BACKTRACE=full" "-e" "RUSTFLAGS=--cap-lints=warn" "-e" "RUSTDOCFLAGS=--cap-lints=warn" "-w" "/opt/rustwide/workdir" "--user" "0:0" "480e655d9978b75bf2cdfcb94761a255c469884f7675da0bbdc8dcc7123a2852" "/opt/rustwide/cargo-home/bin/cargo" "+1.99.0-beta.8" "build" "--frozen" "--message-format=json" "--release", kill_on_drop: false }`
[INFO] [stderr]    Compiling srtparse v0.3.0 (/opt/rustwide/workdir)
[INFO] [stderr]     Finished `release` profile [optimized] target(s) in 0.49s
[INFO] running `Command { std: "docker" "inspect" "480e655d9978b75bf2cdfcb94761a255c469884f7675da0bbdc8dcc7123a2852", kill_on_drop: false }`
[INFO] running `Command { std: "docker" "exec" "-e" "SOURCE_DIR=/opt/rustwide/workdir" "-e" "CARGO_HOME=/opt/rustwide/cargo-home" "-e" "RUSTUP_HOME=/opt/rustwide/rustup-home" "-e" "CARGO_TARGET_DIR=/opt/rustwide/target" "-e" "CARGO_INCREMENTAL=0" "-e" "RUST_BACKTRACE=full" "-e" "RUSTFLAGS=--cap-lints=warn" "-e" "RUSTDOCFLAGS=--cap-lints=warn" "-w" "/opt/rustwide/workdir" "--user" "0:0" "480e655d9978b75bf2cdfcb94761a255c469884f7675da0bbdc8dcc7123a2852" "/opt/rustwide/cargo-home/bin/cargo" "+1.99.0-beta.8" "test" "--frozen" "--no-run" "--message-format=json" "--release", kill_on_drop: false }`
[INFO] [stderr]    Compiling srtparse v0.3.0 (/opt/rustwide/workdir)
[INFO] [stderr]     Finished `release` profile [optimized] target(s) in 1.39s
[INFO] running `Command { std: "docker" "inspect" "480e655d9978b75bf2cdfcb94761a255c469884f7675da0bbdc8dcc7123a2852", kill_on_drop: false }`
[INFO] running `Command { std: "docker" "exec" "-e" "SOURCE_DIR=/opt/rustwide/workdir" "-e" "CARGO_HOME=/opt/rustwide/cargo-home" "-e" "RUSTUP_HOME=/opt/rustwide/rustup-home" "-e" "CARGO_TARGET_DIR=/opt/rustwide/target" "-e" "CARGO_INCREMENTAL=0" "-e" "RUST_BACKTRACE=full" "-e" "RUSTFLAGS=--cap-lints=warn" "-e" "RUSTDOCFLAGS=--cap-lints=warn" "-w" "/opt/rustwide/workdir" "--user" "0:0" "480e655d9978b75bf2cdfcb94761a255c469884f7675da0bbdc8dcc7123a2852" "/opt/rustwide/cargo-home/bin/cargo" "+1.99.0-beta.8" "test" "--frozen" "--release", kill_on_drop: false }`
[INFO] [stderr]     Finished `release` profile [optimized] target(s) in 0.06s
[INFO] [stderr]      Running unittests src/lib.rs (/opt/rustwide/target/release/deps/srtparse-ae864e756542e3aa)
[INFO] [stdout] 
[INFO] [stdout] running 15 tests
[INFO] [stdout] test item::tests::display ... ok
[INFO] [stdout] test parser::tests::it_fails_with_bad_end_time ... ok
[INFO] [stdout] test parser::tests::it_fails_with_bad_position ... ok
[INFO] [stdout] test parser::tests::it_fails_with_bad_start_time ... ok
[INFO] [stdout] test parser::tests::it_fails_with_bad_time_format ... ok
[INFO] [stdout] test parser::tests::it_fails_with_missing_end_time ... ok
[INFO] [stdout] test parser::tests::it_fails_with_missing_start_time ... ok
[INFO] [stdout] test parser::tests::it_fails_with_extra_time ... ok
[INFO] [stdout] test parser::tests::it_fails_with_missing_text ... ok
[INFO] [stdout] test parser::tests::it_works ... ok
[INFO] [stdout] test reader::tests::read_from_file_failed ... ok
[INFO] [stdout] test reader::tests::read_from_file_success ... FAILED
[INFO] [stdout] test time::tests::into_duration ... ok
[INFO] [stdout] test time::tests::display ... ok
[INFO] [stdout] test time::tests::parse ... ok
[INFO] [stdout] 
[INFO] [stdout] failures:
[INFO] [stdout] 
[INFO] [stdout] ---- reader::tests::read_from_file_success stdout ----
[INFO] [stdout] 
[INFO] [stdout] thread 'reader::tests::read_from_file_success' (157) panicked at src/reader.rs:82:57:
[INFO] [stdout] called `Result::unwrap()` on an `Err` value: OpenFile(Os { code: 2, kind: NotFound, message: "No such file or directory" })
[INFO] [stdout] stack backtrace:
[INFO] [stdout]    0:     0x5f6dd6c51a81 - <<std[70759c8f55707aa4]::sys::backtrace::BacktraceLock>::print::DisplayBacktrace as core[df12db4294e9bfd3]::fmt::Display>::fmt
[INFO] [stdout]    1:     0x5f6dd6c65d7a - core[df12db4294e9bfd3]::fmt::write
[INFO] [stdout]    2:     0x5f6dd6c55f1c - <alloc[2182bb758b4b3781]::vec::Vec<u8> as core[df12db4294e9bfd3]::io::write::Write>::write_fmt
[INFO] [stdout]    3:     0x5f6dd6c2e076 - std[70759c8f55707aa4]::panicking::default_hook::{closure#0}
[INFO] [stdout]    4:     0x5f6dd6c4a1e9 - std[70759c8f55707aa4]::panicking::default_hook
[INFO] [stdout]    5:     0x5f6dd6be6670 - test[9d35eded1c95d3be]::test_main_inner::<test[9d35eded1c95d3be]::test_main_static::{closure#0}>::{closure#0}
[INFO] [stdout]    6:     0x5f6dd6c4a3a2 - std[70759c8f55707aa4]::panicking::panic_with_hook
[INFO] [stdout]    7:     0x5f6dd6c2e122 - std[70759c8f55707aa4]::panicking::panic_handler::{closure#0}
[INFO] [stdout]    8:     0x5f6dd6c26ea9 - std[70759c8f55707aa4]::sys::backtrace::__rust_end_short_backtrace::<std[70759c8f55707aa4]::panicking::panic_handler::{closure#0}, !>
[INFO] [stdout]    9:     0x5f6dd6c2ed1d - __rustc[8fa7c3cbc660c2b3]::rust_begin_unwind
[INFO] [stdout]   10:     0x5f6dd6c664ac - core[df12db4294e9bfd3]::panicking::panic_fmt
[INFO] [stdout]   11:     0x5f6dd6c66282 - core[df12db4294e9bfd3]::result::unwrap_failed
[INFO] [stdout]   12:     0x5f6dd6bd4c4a - srtparse[7c20f6fd756e1ece]::reader::tests::read_from_file_success
[INFO] [stdout]   13:     0x5f6dd6bd98e9 - <srtparse[7c20f6fd756e1ece]::reader::tests::read_from_file_success::{closure#0} as core[df12db4294e9bfd3]::ops::function::FnOnce<()>>::call_once
[INFO] [stdout]   14:     0x5f6dd6bd995b - test[9d35eded1c95d3be]::__rust_begin_short_backtrace::<core[df12db4294e9bfd3]::result::Result<(), alloc[2182bb758b4b3781]::string::String>, fn() -> core[df12db4294e9bfd3]::result::Result<(), alloc[2182bb758b4b3781]::string::String>>
[INFO] [stdout]   15:     0x5f6dd6be6fc5 - test[9d35eded1c95d3be]::run_test::{closure#0}
[INFO] [stdout]   16:     0x5f6dd6be0884 - std[70759c8f55707aa4]::sys::backtrace::__rust_begin_short_backtrace::<test[9d35eded1c95d3be]::run_test::{closure#1}, ()>
[INFO] [stdout]   17:     0x5f6dd6bea122 - <std[70759c8f55707aa4]::thread::lifecycle::spawn_unchecked<test[9d35eded1c95d3be]::run_test::{closure#1}, ()>::{closure#1} as core[df12db4294e9bfd3]::ops::function::FnOnce<()>>::call_once::{shim:vtable#0}
[INFO] [stdout]   18:     0x5f6dd6c51359 - <std[70759c8f55707aa4]::sys::thread::unix::Thread>::new::thread_start
[INFO] [stdout]   19:     0x7241e002fdfa - <unknown>
[INFO] [stdout]   20:     0x7241e00c33d4 - clone
[INFO] [stdout]   21:                0x0 - <unknown>
[INFO] [stdout] 
[INFO] [stdout] 
[INFO] [stdout] failures:
[INFO] [stdout]     reader::tests::read_from_file_success
[INFO] [stdout] 
[INFO] [stdout] test result: FAILED. 14 passed; 1 failed; 0 ignored; 0 measured; 0 filtered out; finished in 0.01s
[INFO] [stdout] 
[INFO] [stderr] error: test failed, to rerun pass `--lib`
[INFO] running `Command { std: "docker" "inspect" "480e655d9978b75bf2cdfcb94761a255c469884f7675da0bbdc8dcc7123a2852", kill_on_drop: false }`
[INFO] running `Command { std: "docker" "rm" "-f" "480e655d9978b75bf2cdfcb94761a255c469884f7675da0bbdc8dcc7123a2852", kill_on_drop: false }`
[INFO] [stdout] 480e655d9978b75bf2cdfcb94761a255c469884f7675da0bbdc8dcc7123a2852
