[INFO] fetching crate srtool-cli 0.13.2...
[INFO] testing srtool-cli-0.13.2 against 1.100.0-beta.1+cargoflags=--release for beta-release-1.100-2
[INFO] extracting crate srtool-cli 0.13.2 into /workspace/builds/worker-1-tc2/source
[INFO] started tweaking crates.io crate srtool-cli 0.13.2
[INFO] removed 0 missing tests
[INFO] finished tweaking crates.io crate srtool-cli 0.13.2
[INFO] tweaked toml for crates.io crate srtool-cli 0.13.2 written to /workspace/builds/worker-1-tc2/source/Cargo.toml
[INFO] validating manifest of crates.io crate srtool-cli 0.13.2 on toolchain 1.100.0-beta.1
[INFO] running `Command { std: CARGO_HOME="/workspace/cargo-home" RUSTUP_HOME="/workspace/rustup-home" "/workspace/cargo-home/bin/cargo" "+1.100.0-beta.1" "metadata" "--manifest-path" "Cargo.toml" "--no-deps", kill_on_drop: false }`
[INFO] crate crates.io crate srtool-cli 0.13.2 already has a lockfile, it will not be regenerated
[INFO] running `Command { std: CARGO_HOME="/workspace/cargo-home" RUSTUP_HOME="/workspace/rustup-home" "/workspace/cargo-home/bin/cargo" "+1.100.0-beta.1" "fetch" "--manifest-path" "Cargo.toml", kill_on_drop: false }`
[INFO] running `Command { std: "docker" "create" "-v" "/var/lib/crater-agent-workspace/builds/worker-1-tc2/source:/opt/rustwide/workdir:ro,Z" "-v" "/var/lib/crater-agent-workspace/builds/worker-1-tc2/target:/opt/rustwide/target:rw,Z" "-v" "/var/lib/crater-agent-workspace/cargo-home:/opt/rustwide/cargo-home:ro,Z" "-v" "/var/lib/crater-agent-workspace/rustup-home:/opt/rustwide/rustup-home:ro,Z" "-m" "1610612736" "--network" "none" "ghcr.io/rust-lang/crates-build-env/linux@sha256:77db811e55d90add9212f6832c23229e3de5f1c1f9905e8cb07319ea15df73ac" "sleep" "infinity", kill_on_drop: false }`
[INFO] [stdout] cca20a99bf772e8c95a16f9803e722eb846345c20d417dee7a37840851adbae9
[INFO] running `Command { std: "docker" "start" "cca20a99bf772e8c95a16f9803e722eb846345c20d417dee7a37840851adbae9", kill_on_drop: false }`
[INFO] running `Command { std: "docker" "inspect" "cca20a99bf772e8c95a16f9803e722eb846345c20d417dee7a37840851adbae9", kill_on_drop: false }`
[INFO] running `Command { std: "docker" "exec" "-e" "SOURCE_DIR=/opt/rustwide/workdir" "-e" "CARGO_HOME=/opt/rustwide/cargo-home" "-e" "RUSTUP_HOME=/opt/rustwide/rustup-home" "-e" "CARGO_TARGET_DIR=/opt/rustwide/target" "-w" "/opt/rustwide/workdir" "--user" "0:0" "cca20a99bf772e8c95a16f9803e722eb846345c20d417dee7a37840851adbae9" "/opt/rustwide/cargo-home/bin/cargo" "+1.100.0-beta.1" "metadata" "--no-deps" "--format-version=1", kill_on_drop: false }`
[INFO] running `Command { std: "docker" "inspect" "cca20a99bf772e8c95a16f9803e722eb846345c20d417dee7a37840851adbae9", kill_on_drop: false }`
[INFO] running `Command { std: "docker" "exec" "-e" "SOURCE_DIR=/opt/rustwide/workdir" "-e" "CARGO_HOME=/opt/rustwide/cargo-home" "-e" "RUSTUP_HOME=/opt/rustwide/rustup-home" "-e" "CARGO_TARGET_DIR=/opt/rustwide/target" "-e" "CARGO_INCREMENTAL=0" "-e" "RUST_BACKTRACE=full" "-e" "RUSTFLAGS=--cap-lints=warn" "-e" "RUSTDOCFLAGS=--cap-lints=warn" "-w" "/opt/rustwide/workdir" "--user" "0:0" "cca20a99bf772e8c95a16f9803e722eb846345c20d417dee7a37840851adbae9" "/opt/rustwide/cargo-home/bin/cargo" "+1.100.0-beta.1" "build" "--frozen" "--message-format=json" "--release", kill_on_drop: false }`
[INFO] [stderr]    Compiling libc v0.2.170
[INFO] [stderr]    Compiling cc v1.2.15
[INFO] [stderr]    Compiling unicode-ident v1.0.17
[INFO] [stderr]    Compiling memchr v2.7.4
[INFO] [stderr]    Compiling rustls-pki-types v1.11.0
[INFO] [stderr]    Compiling log v0.4.26
[INFO] [stderr]    Compiling httparse v1.10.0
[INFO] [stderr]    Compiling rustls v0.23.23
[INFO] [stderr]    Compiling bytes v1.10.0
[INFO] [stderr]    Compiling regex-syntax v0.8.5
[INFO] [stderr]    Compiling serde v1.0.218
[INFO] [stderr]    Compiling nix v0.29.0
[INFO] [stderr]    Compiling miniz_oxide v0.8.5
[INFO] [stderr]    Compiling crc32fast v1.4.2
[INFO] [stderr]    Compiling serde_json v1.0.139
[INFO] [stderr]    Compiling thiserror v2.0.11
[INFO] [stderr]    Compiling proc-macro2 v1.0.93
[INFO] [stderr]    Compiling once_cell v1.20.3
[INFO] [stderr]    Compiling bitflags v2.8.0
[INFO] [stderr]    Compiling unicase v2.8.1
[INFO] [stderr]    Compiling ryu v1.0.19
[INFO] [stderr]    Compiling humantime v2.1.0
[INFO] [stderr]    Compiling clap_builder v4.5.31
[INFO] [stderr]    Compiling webpki-roots v0.26.8
[INFO] [stderr]    Compiling rustls-pemfile v2.2.0
[INFO] [stderr]    Compiling flate2 v1.1.0
[INFO] [stderr]    Compiling quote v1.0.38
[INFO] [stderr]    Compiling syn v2.0.98
[INFO] [stderr]    Compiling aho-corasick v1.1.3
[INFO] [stderr]    Compiling http v1.2.0
[INFO] [stderr]    Compiling ring v0.17.11
[INFO] [stderr]    Compiling ureq-proto v0.3.2
[INFO] [stderr]    Compiling getrandom v0.2.15
[INFO] [stderr]    Compiling regex-automata v0.4.9
[INFO] [stderr]    Compiling ctrlc v3.4.5
[INFO] [stderr]    Compiling thiserror-impl v2.0.11
[INFO] [stderr]    Compiling clap_derive v4.5.28
[INFO] [stderr]    Compiling regex v1.11.1
[INFO] [stderr]    Compiling env_filter v0.1.3
[INFO] [stderr]    Compiling clap v4.5.31
[INFO] [stderr]    Compiling env_logger v0.11.6
[INFO] [stderr]    Compiling rustls-webpki v0.102.8
[INFO] [stderr]    Compiling ureq v3.0.7
[INFO] [stderr]    Compiling srtool-lib v0.13.2
[INFO] [stderr]    Compiling srtool-cli v0.13.2 (/opt/rustwide/workdir)
[INFO] [stderr]     Finished `release` profile [optimized] target(s) in 1m 21s
[INFO] [stderr] warning: the following packages contain code that will be rejected by a future version of Rust: nix v0.29.0
[INFO] [stderr] note: to see what the problems were, use the option `--future-incompat-report`, or run `cargo report future-incompatibilities --id 4`
[INFO] running `Command { std: "docker" "inspect" "cca20a99bf772e8c95a16f9803e722eb846345c20d417dee7a37840851adbae9", kill_on_drop: false }`
[INFO] running `Command { std: "docker" "exec" "-e" "SOURCE_DIR=/opt/rustwide/workdir" "-e" "CARGO_HOME=/opt/rustwide/cargo-home" "-e" "RUSTUP_HOME=/opt/rustwide/rustup-home" "-e" "CARGO_TARGET_DIR=/opt/rustwide/target" "-e" "CARGO_INCREMENTAL=0" "-e" "RUST_BACKTRACE=full" "-e" "RUSTFLAGS=--cap-lints=warn" "-e" "RUSTDOCFLAGS=--cap-lints=warn" "-w" "/opt/rustwide/workdir" "--user" "0:0" "cca20a99bf772e8c95a16f9803e722eb846345c20d417dee7a37840851adbae9" "/opt/rustwide/cargo-home/bin/cargo" "+1.100.0-beta.1" "test" "--frozen" "--no-run" "--message-format=json" "--release", kill_on_drop: false }`
[INFO] [stderr]    Compiling regex-automata v0.4.9
[INFO] [stderr]    Compiling doc-comment v0.3.3
[INFO] [stderr]    Compiling predicates-core v1.0.9
[INFO] [stderr]    Compiling termtree v0.5.1
[INFO] [stderr]    Compiling assert_cmd v2.0.16
[INFO] [stderr]    Compiling difflib v0.4.0
[INFO] [stderr]    Compiling wait-timeout v0.2.1
[INFO] [stderr]    Compiling predicates-tree v1.0.12
[INFO] [stderr]    Compiling predicates v3.1.3
[INFO] [stderr]    Compiling regex v1.11.1
[INFO] [stderr]    Compiling bstr v1.11.3
[INFO] [stderr]    Compiling env_filter v0.1.3
[INFO] [stderr]    Compiling env_logger v0.11.6
[INFO] [stderr]    Compiling srtool-cli v0.13.2 (/opt/rustwide/workdir)
[INFO] [stderr]     Finished `release` profile [optimized] target(s) in 17.04s
[INFO] [stderr] warning: the following packages contain code that will be rejected by a future version of Rust: nix v0.29.0
[INFO] [stderr] note: to see what the problems were, use the option `--future-incompat-report`, or run `cargo report future-incompatibilities --id 4`
[INFO] running `Command { std: "docker" "inspect" "cca20a99bf772e8c95a16f9803e722eb846345c20d417dee7a37840851adbae9", kill_on_drop: false }`
[INFO] running `Command { std: "docker" "exec" "-e" "SOURCE_DIR=/opt/rustwide/workdir" "-e" "CARGO_HOME=/opt/rustwide/cargo-home" "-e" "RUSTUP_HOME=/opt/rustwide/rustup-home" "-e" "CARGO_TARGET_DIR=/opt/rustwide/target" "-e" "CARGO_INCREMENTAL=0" "-e" "RUST_BACKTRACE=full" "-e" "RUSTFLAGS=--cap-lints=warn" "-e" "RUSTDOCFLAGS=--cap-lints=warn" "-w" "/opt/rustwide/workdir" "--user" "0:0" "cca20a99bf772e8c95a16f9803e722eb846345c20d417dee7a37840851adbae9" "/opt/rustwide/cargo-home/bin/cargo" "+1.100.0-beta.1" "test" "--frozen" "--release", kill_on_drop: false }`
[INFO] [stderr]     Finished `release` profile [optimized] target(s) in 0.11s
[INFO] [stderr] warning: the following packages contain code that will be rejected by a future version of Rust: nix v0.29.0
[INFO] [stderr] note: to see what the problems were, use the option `--future-incompat-report`, or run `cargo report future-incompatibilities --id 4`
[INFO] [stderr]      Running tests/cli.rs (/opt/rustwide/target/release/build/srtool-cli/a67ddbcda25776eb/out/cli-a67ddbcda25776eb)
[INFO] [stdout] 
[INFO] [stdout] running 3 tests
[INFO] [stdout] test cli_tests::help::it_shows_help ... ok
[INFO] [stdout] test cli_tests::version::it_calls_version ... FAILED
[INFO] [stderr] error: test failed, to rerun pass `--test cli`
[INFO] [stdout] test cli_tests::pull::it_calls_pull ... FAILED
[INFO] [stdout] 
[INFO] [stdout] failures:
[INFO] [stdout] 
[INFO] [stdout] ---- cli_tests::version::it_calls_version stdout ----
[INFO] [stdout] 
[INFO] [stdout] thread 'cli_tests::version::it_calls_version' (1600) panicked at /rustc/e3feeb59cd1bdd011a2bfcc0747b55125d9b8527/library/core/src/ops/function.rs:250:5:
[INFO] [stdout] Unexpected failure.
[INFO] [stdout] code=101
[INFO] [stdout] stderr=``````
[INFO] [stdout] 
[INFO] [stdout] thread \'main\' (1605) panicked at src/main.rs:44:45:
[INFO] [stdout] Issue getting the image tag: HttpRequest(Io(Custom { kind: Uncategorized, error: \"failed to lookup address information: Temporary failure in name resolution\" }))
[INFO] [stdout] stack backtrace:
[INFO] [stdout]    0:     0x62e9803c8c51 - <<std[617be2ca0a6fd877]::sys::backtrace::BacktraceLock>::print::DisplayBacktrace as core[a373ad73a504971]::fmt::Display>::fmt
[INFO] [stdout]    1:     0x62e9803dfe6a - core[a373ad73a504971]::fmt::write
[INFO] [stdout]    2:     0x62e9803cf3ec - <std[617be2ca0a6fd877]::sys::stdio::unix::Stderr as core[a373ad73a504971]::io::write::Write>::write_fmt
[INFO] [stdout]    3:     0x62e9803a75e6 - std[617be2ca0a6fd877]::panicking::default_hook::{closure#0}
[INFO] [stdout]    4:     0x62e9803c2eb1 - std[617be2ca0a6fd877]::panicking::default_hook
[INFO] [stdout]    5:     0x62e9803c306b - std[617be2ca0a6fd877]::panicking::panic_with_hook
[INFO] [stdout]    6:     0x62e9803a7692 - std[617be2ca0a6fd877]::panicking::panic_handler::{closure#0}
[INFO] [stdout]    7:     0x62e9803a0089 - std[617be2ca0a6fd877]::sys::backtrace::__rust_end_short_backtrace::<std[617be2ca0a6fd877]::panicking::panic_handler::{closure#0}, !>
[INFO] [stdout]    8:     0x62e9803a80bd - __rustc[ea4f61d10b84890b]::rust_begin_unwind
[INFO] [stdout]    9:     0x62e9803e064c - core[a373ad73a504971]::panicking::panic_fmt
[INFO] [stdout]   10:     0x62e9803e0422 - core[a373ad73a504971]::result::unwrap_failed
[INFO] [stdout]   11:     0x62e98012d16c - <core[a373ad73a504971]::result::Result<alloc[2e1b2a31b91974c5]::string::String, srtool_lib[2cea50ca0aa42f40]::error::SrtoolLibError>>::expect
[INFO] [stdout]   12:     0x62e98012b36a - srtool[3857e94f1abbc827]::main
[INFO] [stdout]   13:     0x62e980138866 - std[617be2ca0a6fd877]::sys::backtrace::__rust_begin_short_backtrace::<fn() -> core[a373ad73a504971]::result::Result<(), srtool[3857e94f1abbc827]::error::SrtoolError>, core[a373ad73a504971]::result::Result<(), srtool[3857e94f1abbc827]::error::SrtoolError>>
[INFO] [stdout]   14:     0x62e9801442a5 - std[617be2ca0a6fd877]::rt::lang_start::<core[a373ad73a504971]::result::Result<(), srtool[3857e94f1abbc827]::error::SrtoolError>>::{closure#0}
[INFO] [stdout]   15:     0x62e9803c1f98 - std[617be2ca0a6fd877]::rt::lang_start_internal
[INFO] [stdout]   16:     0x62e98012d345 - main
[INFO] [stdout]   17:     0x795c386b5601 - <unknown>
[INFO] [stdout]   18:     0x795c386b5718 - __libc_start_main
[INFO] [stdout]   19:     0x62e980129de5 - _start
[INFO] [stdout]   20:                0x0 - <unknown>
[INFO] [stdout] ```
[INFO] [stdout] ```
[INFO] [stdout] command=`"/opt/rustwide/target/release/srtool" "version"`
[INFO] [stdout] code=101
[INFO] [stdout] stdout="WARNING: You are using docker. We recommend using podman instead.\n"
[INFO] [stdout] stderr=```
[INFO] [stdout] 
[INFO] [stdout] thread \'main\' (1605) panicked at src/main.rs:44:45:
[INFO] [stdout] Issue getting the image tag: HttpRequest(Io(Custom { kind: Uncategorized, error: \"failed to lookup address information: Temporary failure in name resolution\" }))
[INFO] [stdout] stack backtrace:
[INFO] [stdout]    0:     0x62e9803c8c51 - <<std[617be2ca0a6fd877]::sys::backtrace::BacktraceLock>::print::DisplayBacktrace as core[a373ad73a504971]::fmt::Display>::fmt
[INFO] [stdout]    1:     0x62e9803dfe6a - core[a373ad73a504971]::fmt::write
[INFO] [stdout]    2:     0x62e9803cf3ec - <std[617be2ca0a6fd877]::sys::stdio::unix::Stderr as core[a373ad73a504971]::io::write::Write>::write_fmt
[INFO] [stdout]    3:     0x62e9803a75e6 - std[617be2ca0a6fd877]::panicking::default_hook::{closure#0}
[INFO] [stdout]    4:     0x62e9803c2eb1 - std[617be2ca0a6fd877]::panicking::default_hook
[INFO] [stdout]    5:     0x62e9803c306b - std[617be2ca0a6fd877]::panicking::panic_with_hook
[INFO] [stdout]    6:     0x62e9803a7692 - std[617be2ca0a6fd877]::panicking::panic_handler::{closure#0}
[INFO] [stdout]    7:     0x62e9803a0089 - std[617be2ca0a6fd877]::sys::backtrace::__rust_end_short_backtrace::<std[617be2ca0a6fd877]::panicking::panic_handler::{closure#0}, !>
[INFO] [stdout]    8:     0x62e9803a80bd - __rustc[ea4f61d10b84890b]::rust_begin_unwind
[INFO] [stdout]    9:     0x62e9803e064c - core[a373ad73a504971]::panicking::panic_fmt
[INFO] [stdout]   10:     0x62e9803e0422 - core[a373ad73a504971]::result::unwrap_failed
[INFO] [stdout]   11:     0x62e98012d16c - <core[a373ad73a504971]::result::Result<alloc[2e1b2a31b91974c5]::string::String, srtool_lib[2cea50ca0aa42f40]::error::SrtoolLibError>>::expect
[INFO] [stdout]   12:     0x62e98012b36a - srtool[3857e94f1abbc827]::main
[INFO] [stdout]   13:     0x62e980138866 - std[617be2ca0a6fd877]::sys::backtrace::__rust_begin_short_backtrace::<fn() -> core[a373ad73a504971]::result::Result<(), srtool[3857e94f1abbc827]::error::SrtoolError>, core[a373ad73a504971]::result::Result<(), srtool[3857e94f1abbc827]::error::SrtoolError>>
[INFO] [stdout]   14:     0x62e9801442a5 - std[617be2ca0a6fd877]::rt::lang_start::<core[a373ad73a504971]::result::Result<(), srtool[3857e94f1abbc827]::error::SrtoolError>>::{closure#0}
[INFO] [stdout]   15:     0x62e9803c1f98 - std[617be2ca0a6fd877]::rt::lang_start_internal
[INFO] [stdout]   16:     0x62e98012d345 - main
[INFO] [stdout]   17:     0x795c386b5601 - <unknown>
[INFO] [stdout]   18:     0x795c386b5718 - __libc_start_main
[INFO] [stdout]   19:     0x62e980129de5 - _start
[INFO] [stdout]   20:                0x0 - <unknown>
[INFO] [stdout] ```
[INFO] [stdout] 
[INFO] [stdout] 
[INFO] [stdout] stack backtrace:
[INFO] [stdout]    0:     0x61d61de88601 - <<std[617be2ca0a6fd877]::sys::backtrace::BacktraceLock>::print::DisplayBacktrace as core[a373ad73a504971]::fmt::Display>::fmt
[INFO] [stdout]    1:     0x61d61de9ed1a - core[a373ad73a504971]::fmt::write
[INFO] [stdout]    2:     0x61d61de8dc2c - <alloc[2e1b2a31b91974c5]::vec::Vec<u8> as core[a373ad73a504971]::io::write::Write>::write_fmt
[INFO] [stdout]    3:     0x61d61de64116 - std[617be2ca0a6fd877]::panicking::default_hook::{closure#0}
[INFO] [stdout]    4:     0x61d61de80c19 - std[617be2ca0a6fd877]::panicking::default_hook
[INFO] [stdout]    5:     0x61d61de0e410 - test[aada8e7e76ba119b]::test_main_inner::{closure#0}
[INFO] [stdout]    6:     0x61d61de80dd2 - std[617be2ca0a6fd877]::panicking::panic_with_hook
[INFO] [stdout]    7:     0x61d61de641c2 - std[617be2ca0a6fd877]::panicking::panic_handler::{closure#0}
[INFO] [stdout]    8:     0x61d61de5ced9 - std[617be2ca0a6fd877]::sys::backtrace::__rust_end_short_backtrace::<std[617be2ca0a6fd877]::panicking::panic_handler::{closure#0}, !>
[INFO] [stdout]    9:     0x61d61de64dcd - __rustc[ea4f61d10b84890b]::rust_begin_unwind
[INFO] [stdout]   10:     0x61d61de9f4cc - core[a373ad73a504971]::panicking::panic_fmt
[INFO] [stdout]   11:     0x61d61de42293 - <assert_cmd[2628c5b7f259d169]::assert::AssertError>::panic::<assert_cmd[2628c5b7f259d169]::assert::Assert>
[INFO] [stdout]   12:     0x61d61de42a26 - <assert_cmd[2628c5b7f259d169]::assert::Assert>::success
[INFO] [stdout]   13:     0x61d61de015d6 - <cli[54af8d6307330271]::cli_tests::version::it_calls_version::{closure#0} as core[a373ad73a504971]::ops::function::FnOnce<()>>::call_once
[INFO] [stdout]   14:     0x61d61de0185b - test[aada8e7e76ba119b]::__rust_begin_short_backtrace::<core[a373ad73a504971]::result::Result<(), alloc[2e1b2a31b91974c5]::string::String>, fn() -> core[a373ad73a504971]::result::Result<(), alloc[2e1b2a31b91974c5]::string::String>>
[INFO] [stdout]   15:     0x61d61de0ea35 - test[aada8e7e76ba119b]::run_test::{closure#0}
[INFO] [stdout]   16:     0x61d61de08324 - std[617be2ca0a6fd877]::sys::backtrace::__rust_begin_short_backtrace::<test[aada8e7e76ba119b]::run_test::{closure#1}, ()>
[INFO] [stdout]   17:     0x61d61de11ac2 - <std[617be2ca0a6fd877]::thread::lifecycle::spawn_unchecked<test[aada8e7e76ba119b]::run_test::{closure#1}, ()>::{closure#1} as core[a373ad73a504971]::ops::function::FnOnce<()>>::call_once::{shim:vtable#0}
[INFO] [stdout]   18:     0x61d61de87ddf - <std[617be2ca0a6fd877]::sys::thread::unix::Thread>::new::thread_start
[INFO] [stdout]   19:     0x7f5b80e15dfa - <unknown>
[INFO] [stdout]   20:     0x7f5b80ea93d4 - clone
[INFO] [stdout]   21:                0x0 - <unknown>
[INFO] [stdout] 
[INFO] [stdout] ---- cli_tests::pull::it_calls_pull stdout ----
[INFO] [stdout] 
[INFO] [stdout] thread 'cli_tests::pull::it_calls_pull' (1599) panicked at /rustc/e3feeb59cd1bdd011a2bfcc0747b55125d9b8527/library/core/src/ops/function.rs:250:5:
[INFO] [stdout] Unexpected failure.
[INFO] [stdout] code=101
[INFO] [stdout] stderr=``````
[INFO] [stdout] 
[INFO] [stdout] thread \'main\' (1604) panicked at src/main.rs:44:45:
[INFO] [stdout] Issue getting the image tag: HttpRequest(Io(Custom { kind: Uncategorized, error: \"failed to lookup address information: Temporary failure in name resolution\" }))
[INFO] [stdout] stack backtrace:
[INFO] [stdout]    0:     0x558d6df47c51 - <<std[617be2ca0a6fd877]::sys::backtrace::BacktraceLock>::print::DisplayBacktrace as core[a373ad73a504971]::fmt::Display>::fmt
[INFO] [stdout]    1:     0x558d6df5ee6a - core[a373ad73a504971]::fmt::write
[INFO] [stdout]    2:     0x558d6df4e3ec - <std[617be2ca0a6fd877]::sys::stdio::unix::Stderr as core[a373ad73a504971]::io::write::Write>::write_fmt
[INFO] [stdout]    3:     0x558d6df265e6 - std[617be2ca0a6fd877]::panicking::default_hook::{closure#0}
[INFO] [stdout]    4:     0x558d6df41eb1 - std[617be2ca0a6fd877]::panicking::default_hook
[INFO] [stdout]    5:     0x558d6df4206b - std[617be2ca0a6fd877]::panicking::panic_with_hook
[INFO] [stdout]    6:     0x558d6df26692 - std[617be2ca0a6fd877]::panicking::panic_handler::{closure#0}
[INFO] [stdout]    7:     0x558d6df1f089 - std[617be2ca0a6fd877]::sys::backtrace::__rust_end_short_backtrace::<std[617be2ca0a6fd877]::panicking::panic_handler::{closure#0}, !>
[INFO] [stdout]    8:     0x558d6df270bd - __rustc[ea4f61d10b84890b]::rust_begin_unwind
[INFO] [stdout]    9:     0x558d6df5f64c - core[a373ad73a504971]::panicking::panic_fmt
[INFO] [stdout]   10:     0x558d6df5f422 - core[a373ad73a504971]::result::unwrap_failed
[INFO] [stdout]   11:     0x558d6dcac16c - <core[a373ad73a504971]::result::Result<alloc[2e1b2a31b91974c5]::string::String, srtool_lib[2cea50ca0aa42f40]::error::SrtoolLibError>>::expect
[INFO] [stdout]   12:     0x558d6dcaa36a - srtool[3857e94f1abbc827]::main
[INFO] [stdout]   13:     0x558d6dcb7866 - std[617be2ca0a6fd877]::sys::backtrace::__rust_begin_short_backtrace::<fn() -> core[a373ad73a504971]::result::Result<(), srtool[3857e94f1abbc827]::error::SrtoolError>, core[a373ad73a504971]::result::Result<(), srtool[3857e94f1abbc827]::error::SrtoolError>>
[INFO] [stdout]   14:     0x558d6dcc32a5 - std[617be2ca0a6fd877]::rt::lang_start::<core[a373ad73a504971]::result::Result<(), srtool[3857e94f1abbc827]::error::SrtoolError>>::{closure#0}
[INFO] [stdout]   15:     0x558d6df40f98 - std[617be2ca0a6fd877]::rt::lang_start_internal
[INFO] [stdout]   16:     0x558d6dcac345 - main
[INFO] [stdout]   17:     0x7e6871def601 - <unknown>
[INFO] [stdout]   18:     0x7e6871def718 - __libc_start_main
[INFO] [stdout]   19:     0x558d6dca8de5 - _start
[INFO] [stdout]   20:                0x0 - <unknown>
[INFO] [stdout] ```
[INFO] [stdout] ```
[INFO] [stdout] command=`"/opt/rustwide/target/release/srtool" "pull"`
[INFO] [stdout] code=101
[INFO] [stdout] stdout="WARNING: You are using docker. We recommend using podman instead.\n"
[INFO] [stdout] stderr=```
[INFO] [stdout] 
[INFO] [stdout] thread \'main\' (1604) panicked at src/main.rs:44:45:
[INFO] [stdout] Issue getting the image tag: HttpRequest(Io(Custom { kind: Uncategorized, error: \"failed to lookup address information: Temporary failure in name resolution\" }))
[INFO] [stdout] stack backtrace:
[INFO] [stdout]    0:     0x558d6df47c51 - <<std[617be2ca0a6fd877]::sys::backtrace::BacktraceLock>::print::DisplayBacktrace as core[a373ad73a504971]::fmt::Display>::fmt
[INFO] [stdout]    1:     0x558d6df5ee6a - core[a373ad73a504971]::fmt::write
[INFO] [stdout]    2:     0x558d6df4e3ec - <std[617be2ca0a6fd877]::sys::stdio::unix::Stderr as core[a373ad73a504971]::io::write::Write>::write_fmt
[INFO] [stdout]    3:     0x558d6df265e6 - std[617be2ca0a6fd877]::panicking::default_hook::{closure#0}
[INFO] [stdout]    4:     0x558d6df41eb1 - std[617be2ca0a6fd877]::panicking::default_hook
[INFO] [stdout]    5:     0x558d6df4206b - std[617be2ca0a6fd877]::panicking::panic_with_hook
[INFO] [stdout]    6:     0x558d6df26692 - std[617be2ca0a6fd877]::panicking::panic_handler::{closure#0}
[INFO] [stdout]    7:     0x558d6df1f089 - std[617be2ca0a6fd877]::sys::backtrace::__rust_end_short_backtrace::<std[617be2ca0a6fd877]::panicking::panic_handler::{closure#0}, !>
[INFO] [stdout]    8:     0x558d6df270bd - __rustc[ea4f61d10b84890b]::rust_begin_unwind
[INFO] [stdout]    9:     0x558d6df5f64c - core[a373ad73a504971]::panicking::panic_fmt
[INFO] [stdout]   10:     0x558d6df5f422 - core[a373ad73a504971]::result::unwrap_failed
[INFO] [stdout]   11:     0x558d6dcac16c - <core[a373ad73a504971]::result::Result<alloc[2e1b2a31b91974c5]::string::String, srtool_lib[2cea50ca0aa42f40]::error::SrtoolLibError>>::expect
[INFO] [stdout]   12:     0x558d6dcaa36a - srtool[3857e94f1abbc827]::main
[INFO] [stdout]   13:     0x558d6dcb7866 - std[617be2ca0a6fd877]::sys::backtrace::__rust_begin_short_backtrace::<fn() -> core[a373ad73a504971]::result::Result<(), srtool[3857e94f1abbc827]::error::SrtoolError>, core[a373ad73a504971]::result::Result<(), srtool[3857e94f1abbc827]::error::SrtoolError>>
[INFO] [stdout]   14:     0x558d6dcc32a5 - std[617be2ca0a6fd877]::rt::lang_start::<core[a373ad73a504971]::result::Result<(), srtool[3857e94f1abbc827]::error::SrtoolError>>::{closure#0}
[INFO] [stdout]   15:     0x558d6df40f98 - std[617be2ca0a6fd877]::rt::lang_start_internal
[INFO] [stdout]   16:     0x558d6dcac345 - main
[INFO] [stdout]   17:     0x7e6871def601 - <unknown>
[INFO] [stdout]   18:     0x7e6871def718 - __libc_start_main
[INFO] [stdout]   19:     0x558d6dca8de5 - _start
[INFO] [stdout]   20:                0x0 - <unknown>
[INFO] [stdout] ```
[INFO] [stdout] 
[INFO] [stdout] 
[INFO] [stdout] stack backtrace:
[INFO] [stdout]    0:     0x61d61de88601 - <<std[617be2ca0a6fd877]::sys::backtrace::BacktraceLock>::print::DisplayBacktrace as core[a373ad73a504971]::fmt::Display>::fmt
[INFO] [stdout]    1:     0x61d61de9ed1a - core[a373ad73a504971]::fmt::write
[INFO] [stdout]    2:     0x61d61de8dc2c - <alloc[2e1b2a31b91974c5]::vec::Vec<u8> as core[a373ad73a504971]::io::write::Write>::write_fmt
[INFO] [stdout]    3:     0x61d61de64116 - std[617be2ca0a6fd877]::panicking::default_hook::{closure#0}
[INFO] [stdout]    4:     0x61d61de80c19 - std[617be2ca0a6fd877]::panicking::default_hook
[INFO] [stdout]    5:     0x61d61de0e410 - test[aada8e7e76ba119b]::test_main_inner::{closure#0}
[INFO] [stdout]    6:     0x61d61de80dd2 - std[617be2ca0a6fd877]::panicking::panic_with_hook
[INFO] [stdout]    7:     0x61d61de641c2 - std[617be2ca0a6fd877]::panicking::panic_handler::{closure#0}
[INFO] [stdout]    8:     0x61d61de5ced9 - std[617be2ca0a6fd877]::sys::backtrace::__rust_end_short_backtrace::<std[617be2ca0a6fd877]::panicking::panic_handler::{closure#0}, !>
[INFO] [stdout]    9:     0x61d61de64dcd - __rustc[ea4f61d10b84890b]::rust_begin_unwind
[INFO] [stdout]   10:     0x61d61de9f4cc - core[a373ad73a504971]::panicking::panic_fmt
[INFO] [stdout]   11:     0x61d61de42293 - <assert_cmd[2628c5b7f259d169]::assert::AssertError>::panic::<assert_cmd[2628c5b7f259d169]::assert::Assert>
[INFO] [stdout]   12:     0x61d61de42a26 - <assert_cmd[2628c5b7f259d169]::assert::Assert>::success
[INFO] [stdout]   13:     0x61d61de01356 - <cli[54af8d6307330271]::cli_tests::pull::it_calls_pull::{closure#0} as core[a373ad73a504971]::ops::function::FnOnce<()>>::call_once
[INFO] [stdout]   14:     0x61d61de0185b - test[aada8e7e76ba119b]::__rust_begin_short_backtrace::<core[a373ad73a504971]::result::Result<(), alloc[2e1b2a31b91974c5]::string::String>, fn() -> core[a373ad73a504971]::result::Result<(), alloc[2e1b2a31b91974c5]::string::String>>
[INFO] [stdout]   15:     0x61d61de0ea35 - test[aada8e7e76ba119b]::run_test::{closure#0}
[INFO] [stdout]   16:     0x61d61de08324 - std[617be2ca0a6fd877]::sys::backtrace::__rust_begin_short_backtrace::<test[aada8e7e76ba119b]::run_test::{closure#1}, ()>
[INFO] [stdout]   17:     0x61d61de11ac2 - <std[617be2ca0a6fd877]::thread::lifecycle::spawn_unchecked<test[aada8e7e76ba119b]::run_test::{closure#1}, ()>::{closure#1} as core[a373ad73a504971]::ops::function::FnOnce<()>>::call_once::{shim:vtable#0}
[INFO] [stdout]   18:     0x61d61de87ddf - <std[617be2ca0a6fd877]::sys::thread::unix::Thread>::new::thread_start
[INFO] [stdout]   19:     0x7f5b80e15dfa - <unknown>
[INFO] [stdout]   20:     0x7f5b80ea93d4 - clone
[INFO] [stdout]   21:                0x0 - <unknown>
[INFO] [stdout] 
[INFO] [stdout] 
[INFO] [stdout] failures:
[INFO] [stdout]     cli_tests::pull::it_calls_pull
[INFO] [stdout]     cli_tests::version::it_calls_version
[INFO] [stdout] 
[INFO] [stdout] test result: FAILED. 1 passed; 2 failed; 0 ignored; 0 measured; 0 filtered out; finished in 0.28s
[INFO] [stdout] 
[INFO] running `Command { std: "docker" "inspect" "cca20a99bf772e8c95a16f9803e722eb846345c20d417dee7a37840851adbae9", kill_on_drop: false }`
[INFO] running `Command { std: "docker" "rm" "-f" "cca20a99bf772e8c95a16f9803e722eb846345c20d417dee7a37840851adbae9", kill_on_drop: false }`
[INFO] [stdout] cca20a99bf772e8c95a16f9803e722eb846345c20d417dee7a37840851adbae9
