[INFO] fetching crate squid_ewe 2.0.1...
[INFO] testing squid_ewe-2.0.1 against 1.99.0-beta.8+cargoflags=--release for beta-release-1.100-2
[INFO] extracting crate squid_ewe 2.0.1 into /workspace/builds/worker-4-tc1/source
[INFO] started tweaking crates.io crate squid_ewe 2.0.1
[INFO] finished tweaking crates.io crate squid_ewe 2.0.1
[INFO] tweaked toml for crates.io crate squid_ewe 2.0.1 written to /workspace/builds/worker-4-tc1/source/Cargo.toml
[INFO] validating manifest of crates.io crate squid_ewe 2.0.1 on toolchain 1.99.0-beta.8
[INFO] running `Command { std: CARGO_HOME="/workspace/cargo-home" RUSTUP_HOME="/workspace/rustup-home" "/workspace/cargo-home/bin/cargo" "+1.99.0-beta.8" "metadata" "--manifest-path" "Cargo.toml" "--no-deps", kill_on_drop: false }`
[INFO] crate crates.io crate squid_ewe 2.0.1 already has a lockfile, it will not be regenerated
[INFO] running `Command { std: CARGO_HOME="/workspace/cargo-home" RUSTUP_HOME="/workspace/rustup-home" "/workspace/cargo-home/bin/cargo" "+1.99.0-beta.8" "fetch" "--manifest-path" "Cargo.toml", kill_on_drop: false }`
[INFO] [stderr]     Updating crates.io index
[INFO] [stderr]  Downloading crates ...
[INFO] [stderr]   Downloaded scroll_derive v0.11.1
[INFO] [stderr]   Downloaded scroll v0.11.0
[INFO] [stderr]   Downloaded goblin v0.6.1
[INFO] running `Command { std: "docker" "create" "-v" "/var/lib/crater-agent-workspace/builds/worker-4-tc1/source:/opt/rustwide/workdir:ro,Z" "-v" "/var/lib/crater-agent-workspace/builds/worker-4-tc1/target:/opt/rustwide/target:rw,Z" "-v" "/var/lib/crater-agent-workspace/cargo-home:/opt/rustwide/cargo-home:ro,Z" "-v" "/var/lib/crater-agent-workspace/rustup-home:/opt/rustwide/rustup-home:ro,Z" "-m" "1610612736" "--network" "none" "ghcr.io/rust-lang/crates-build-env/linux@sha256:77db811e55d90add9212f6832c23229e3de5f1c1f9905e8cb07319ea15df73ac" "sleep" "infinity", kill_on_drop: false }`
[INFO] [stdout] 82653de87330f47a9f0fb950632dd8ddf3e80cf1cb3ded1b7228b2b0d74df693
[INFO] running `Command { std: "docker" "start" "82653de87330f47a9f0fb950632dd8ddf3e80cf1cb3ded1b7228b2b0d74df693", kill_on_drop: false }`
[INFO] running `Command { std: "docker" "inspect" "82653de87330f47a9f0fb950632dd8ddf3e80cf1cb3ded1b7228b2b0d74df693", kill_on_drop: false }`
[INFO] running `Command { std: "docker" "exec" "-e" "SOURCE_DIR=/opt/rustwide/workdir" "-e" "CARGO_HOME=/opt/rustwide/cargo-home" "-e" "RUSTUP_HOME=/opt/rustwide/rustup-home" "-e" "CARGO_TARGET_DIR=/opt/rustwide/target" "-w" "/opt/rustwide/workdir" "--user" "0:0" "82653de87330f47a9f0fb950632dd8ddf3e80cf1cb3ded1b7228b2b0d74df693" "/opt/rustwide/cargo-home/bin/cargo" "+1.99.0-beta.8" "metadata" "--no-deps" "--format-version=1", kill_on_drop: false }`
[INFO] running `Command { std: "docker" "inspect" "82653de87330f47a9f0fb950632dd8ddf3e80cf1cb3ded1b7228b2b0d74df693", kill_on_drop: false }`
[INFO] running `Command { std: "docker" "exec" "-e" "SOURCE_DIR=/opt/rustwide/workdir" "-e" "CARGO_HOME=/opt/rustwide/cargo-home" "-e" "RUSTUP_HOME=/opt/rustwide/rustup-home" "-e" "CARGO_TARGET_DIR=/opt/rustwide/target" "-e" "CARGO_INCREMENTAL=0" "-e" "RUST_BACKTRACE=full" "-e" "RUSTFLAGS=--cap-lints=warn" "-e" "RUSTDOCFLAGS=--cap-lints=warn" "-w" "/opt/rustwide/workdir" "--user" "0:0" "82653de87330f47a9f0fb950632dd8ddf3e80cf1cb3ded1b7228b2b0d74df693" "/opt/rustwide/cargo-home/bin/cargo" "+1.99.0-beta.8" "build" "--frozen" "--message-format=json" "--release", kill_on_drop: false }`
[INFO] [stderr]    Compiling squid_ewe v2.0.1 (/opt/rustwide/workdir)
[INFO] [stdout] warning: hiding a lifetime that's elided elsewhere is confusing
[INFO] [stdout]    --> src/getopt.rs:106:21
[INFO] [stdout]     |
[INFO] [stdout] 106 |     fn get_long_opt(&self, name: &str) -> Result<&Opt, String> {
[INFO] [stdout]     |                     ^^^^^                        ^^^^
[INFO] [stdout]     |                     |                            ||
[INFO] [stdout]     |                     |                            |the same lifetime is hidden here
[INFO] [stdout]     |                     |                            the same lifetime is elided here
[INFO] [stdout]     |                     the lifetime is elided here
[INFO] [stdout]     |
[INFO] [stdout]     = help: the same lifetime is referred to in inconsistent ways, making the signature confusing
[INFO] [stdout]     = note: `#[warn(mismatched_lifetime_syntaxes)]` on by default
[INFO] [stdout] help: use `'_` for type paths
[INFO] [stdout]     |
[INFO] [stdout] 106 |     fn get_long_opt(&self, name: &str) -> Result<&Opt<'_>, String> {
[INFO] [stdout]     |                                                      ++++
[INFO] [stdout] 
[INFO] [stdout] 
[INFO] [stdout] warning: hiding a lifetime that's elided elsewhere is confusing
[INFO] [stdout]    --> src/getopt.rs:118:22
[INFO] [stdout]     |
[INFO] [stdout] 118 |     fn get_short_opt(&self, name: char) -> Result<&Opt, String> {
[INFO] [stdout]     |                      ^^^^^                        ^^^^
[INFO] [stdout]     |                      |                            ||
[INFO] [stdout]     |                      |                            |the same lifetime is hidden here
[INFO] [stdout]     |                      |                            the same lifetime is elided here
[INFO] [stdout]     |                      the lifetime is elided here
[INFO] [stdout]     |
[INFO] [stdout]     = help: the same lifetime is referred to in inconsistent ways, making the signature confusing
[INFO] [stdout] help: use `'_` for type paths
[INFO] [stdout]     |
[INFO] [stdout] 118 |     fn get_short_opt(&self, name: char) -> Result<&Opt<'_>, String> {
[INFO] [stdout]     |                                                       ++++
[INFO] [stdout] 
[INFO] [stdout] 
[INFO] [stderr]     Finished `release` profile [optimized] target(s) in 4.09s
[INFO] running `Command { std: "docker" "inspect" "82653de87330f47a9f0fb950632dd8ddf3e80cf1cb3ded1b7228b2b0d74df693", kill_on_drop: false }`
[INFO] running `Command { std: "docker" "exec" "-e" "SOURCE_DIR=/opt/rustwide/workdir" "-e" "CARGO_HOME=/opt/rustwide/cargo-home" "-e" "RUSTUP_HOME=/opt/rustwide/rustup-home" "-e" "CARGO_TARGET_DIR=/opt/rustwide/target" "-e" "CARGO_INCREMENTAL=0" "-e" "RUST_BACKTRACE=full" "-e" "RUSTFLAGS=--cap-lints=warn" "-e" "RUSTDOCFLAGS=--cap-lints=warn" "-w" "/opt/rustwide/workdir" "--user" "0:0" "82653de87330f47a9f0fb950632dd8ddf3e80cf1cb3ded1b7228b2b0d74df693" "/opt/rustwide/cargo-home/bin/cargo" "+1.99.0-beta.8" "test" "--frozen" "--no-run" "--message-format=json" "--release", kill_on_drop: false }`
[INFO] [stderr]    Compiling proc-macro2 v1.0.94
[INFO] [stderr]    Compiling log v0.4.26
[INFO] [stdout] warning: hiding a lifetime that's elided elsewhere is confusing
[INFO] [stdout]    --> src/getopt.rs:106:21
[INFO] [stdout]     |
[INFO] [stdout] 106 |     fn get_long_opt(&self, name: &str) -> Result<&Opt, String> {
[INFO] [stdout]     |                     ^^^^^                        ^^^^
[INFO] [stdout]     |                     |                            ||
[INFO] [stdout]     |                     |                            |the same lifetime is hidden here
[INFO] [stdout]     |                     |                            the same lifetime is elided here
[INFO] [stdout]     |                     the lifetime is elided here
[INFO] [stdout]     |
[INFO] [stdout]     = help: the same lifetime is referred to in inconsistent ways, making the signature confusing
[INFO] [stdout]     = note: `#[warn(mismatched_lifetime_syntaxes)]` on by default
[INFO] [stdout] help: use `'_` for type paths
[INFO] [stdout]     |
[INFO] [stdout] 106 |     fn get_long_opt(&self, name: &str) -> Result<&Opt<'_>, String> {
[INFO] [stdout]     |                                                      ++++
[INFO] [stdout] 
[INFO] [stdout] 
[INFO] [stderr]    Compiling plain v0.2.3
[INFO] [stdout] warning: hiding a lifetime that's elided elsewhere is confusing
[INFO] [stdout]    --> src/getopt.rs:118:22
[INFO] [stdout]     |
[INFO] [stdout] 118 |     fn get_short_opt(&self, name: char) -> Result<&Opt, String> {
[INFO] [stdout]     |                      ^^^^^                        ^^^^
[INFO] [stdout]     |                      |                            ||
[INFO] [stdout]     |                      |                            |the same lifetime is hidden here
[INFO] [stdout]     |                      |                            the same lifetime is elided here
[INFO] [stdout]     |                      the lifetime is elided here
[INFO] [stdout]     |
[INFO] [stdout]     = help: the same lifetime is referred to in inconsistent ways, making the signature confusing
[INFO] [stdout] help: use `'_` for type paths
[INFO] [stdout]     |
[INFO] [stdout] 118 |     fn get_short_opt(&self, name: char) -> Result<&Opt<'_>, String> {
[INFO] [stdout]     |                                                       ++++
[INFO] [stdout] 
[INFO] [stdout] 
[INFO] [stderr]    Compiling quote v1.0.40
[INFO] [stderr]    Compiling syn v2.0.100
[INFO] [stderr]    Compiling scroll_derive v0.11.1
[INFO] [stderr]    Compiling scroll v0.11.0
[INFO] [stderr]    Compiling goblin v0.6.1
[INFO] [stderr]    Compiling squid_ewe v2.0.1 (/opt/rustwide/workdir)
[INFO] [stdout] warning: hiding a lifetime that's elided elsewhere is confusing
[INFO] [stdout]    --> src/getopt.rs:106:21
[INFO] [stdout]     |
[INFO] [stdout] 106 |     fn get_long_opt(&self, name: &str) -> Result<&Opt, String> {
[INFO] [stdout]     |                     ^^^^^                        ^^^^
[INFO] [stdout]     |                     |                            ||
[INFO] [stdout]     |                     |                            |the same lifetime is hidden here
[INFO] [stdout]     |                     |                            the same lifetime is elided here
[INFO] [stdout]     |                     the lifetime is elided here
[INFO] [stdout]     |
[INFO] [stdout]     = help: the same lifetime is referred to in inconsistent ways, making the signature confusing
[INFO] [stdout]     = note: `#[warn(mismatched_lifetime_syntaxes)]` on by default
[INFO] [stdout] help: use `'_` for type paths
[INFO] [stdout]     |
[INFO] [stdout] 106 |     fn get_long_opt(&self, name: &str) -> Result<&Opt<'_>, String> {
[INFO] [stdout]     |                                                      ++++
[INFO] [stdout] 
[INFO] [stdout] 
[INFO] [stdout] warning: hiding a lifetime that's elided elsewhere is confusing
[INFO] [stdout]    --> src/getopt.rs:118:22
[INFO] [stdout]     |
[INFO] [stdout] 118 |     fn get_short_opt(&self, name: char) -> Result<&Opt, String> {
[INFO] [stdout]     |                      ^^^^^                        ^^^^
[INFO] [stdout]     |                      |                            ||
[INFO] [stdout]     |                      |                            |the same lifetime is hidden here
[INFO] [stdout]     |                      |                            the same lifetime is elided here
[INFO] [stdout]     |                      the lifetime is elided here
[INFO] [stdout]     |
[INFO] [stdout]     = help: the same lifetime is referred to in inconsistent ways, making the signature confusing
[INFO] [stdout] help: use `'_` for type paths
[INFO] [stdout]     |
[INFO] [stdout] 118 |     fn get_short_opt(&self, name: char) -> Result<&Opt<'_>, String> {
[INFO] [stdout]     |                                                       ++++
[INFO] [stdout] 
[INFO] [stdout] 
[INFO] [stderr]     Finished `release` profile [optimized] target(s) in 19.18s
[INFO] running `Command { std: "docker" "inspect" "82653de87330f47a9f0fb950632dd8ddf3e80cf1cb3ded1b7228b2b0d74df693", kill_on_drop: false }`
[INFO] running `Command { std: "docker" "exec" "-e" "SOURCE_DIR=/opt/rustwide/workdir" "-e" "CARGO_HOME=/opt/rustwide/cargo-home" "-e" "RUSTUP_HOME=/opt/rustwide/rustup-home" "-e" "CARGO_TARGET_DIR=/opt/rustwide/target" "-e" "CARGO_INCREMENTAL=0" "-e" "RUST_BACKTRACE=full" "-e" "RUSTFLAGS=--cap-lints=warn" "-e" "RUSTDOCFLAGS=--cap-lints=warn" "-w" "/opt/rustwide/workdir" "--user" "0:0" "82653de87330f47a9f0fb950632dd8ddf3e80cf1cb3ded1b7228b2b0d74df693" "/opt/rustwide/cargo-home/bin/cargo" "+1.99.0-beta.8" "test" "--frozen" "--release", kill_on_drop: false }`
[INFO] [stderr] warning: hiding a lifetime that's elided elsewhere is confusing
[INFO] [stderr]    --> src/getopt.rs:106:21
[INFO] [stderr]     |
[INFO] [stderr] 106 |     fn get_long_opt(&self, name: &str) -> Result<&Opt, String> {
[INFO] [stderr]     |                     ^^^^^                        ^^^^
[INFO] [stderr]     |                     |                            ||
[INFO] [stderr]     |                     |                            |the same lifetime is hidden here
[INFO] [stderr]     |                     |                            the same lifetime is elided here
[INFO] [stderr]     |                     the lifetime is elided here
[INFO] [stderr]     |
[INFO] [stderr]     = help: the same lifetime is referred to in inconsistent ways, making the signature confusing
[INFO] [stderr]     = note: `#[warn(mismatched_lifetime_syntaxes)]` on by default
[INFO] [stderr] help: use `'_` for type paths
[INFO] [stderr]     |
[INFO] [stderr] 106 |     fn get_long_opt(&self, name: &str) -> Result<&Opt<'_>, String> {
[INFO] [stderr]     |                                                      ++++
[INFO] [stderr] 
[INFO] [stderr] warning: hiding a lifetime that's elided elsewhere is confusing
[INFO] [stderr]    --> src/getopt.rs:118:22
[INFO] [stderr]     |
[INFO] [stderr] 118 |     fn get_short_opt(&self, name: char) -> Result<&Opt, String> {
[INFO] [stderr]     |                      ^^^^^                        ^^^^
[INFO] [stderr]     |                      |                            ||
[INFO] [stderr]     |                      |                            |the same lifetime is hidden here
[INFO] [stderr]     |                      |                            the same lifetime is elided here
[INFO] [stderr]     |                      the lifetime is elided here
[INFO] [stderr]     |
[INFO] [stderr]     = help: the same lifetime is referred to in inconsistent ways, making the signature confusing
[INFO] [stderr] help: use `'_` for type paths
[INFO] [stderr]     |
[INFO] [stderr] 118 |     fn get_short_opt(&self, name: char) -> Result<&Opt<'_>, String> {
[INFO] [stderr]     |                                                       ++++
[INFO] [stderr] 
[INFO] [stderr] warning: `squid_ewe` (lib) generated 2 warnings (run `cargo fix --lib -p squid_ewe` to apply 2 suggestions)
[INFO] [stderr] warning: `squid_ewe` (lib test) generated 2 warnings (2 duplicates)
[INFO] [stderr]     Finished `release` profile [optimized] target(s) in 0.04s
[INFO] [stderr]      Running unittests src/lib.rs (/opt/rustwide/target/release/deps/squid_ewe-f393a945b60e370a)
[INFO] [stdout] 
[INFO] [stdout] running 15 tests
[INFO] [stdout] test listing::tests::test_macro_expansions ... ok
[INFO] [stdout] test getopt::tests::test_parser1 ... ok
[INFO] [stdout] test asm::tests::test_directive_parser ... ok
[INFO] [stdout] test listing::tests::check_functions ... FAILED
[INFO] [stdout] test listing::tests::test_sysconf ... FAILED
[INFO] [stdout] test toolchain::cc1::tests::test_cmdline ... ok
[INFO] [stdout] test toolchain::gas::tests::test_as_wrapper2 ... ok
[INFO] [stdout] test getopt::tests::test_parser2 ... ok
[INFO] [stdout] test toolchain::gas::tests::test_glibc ... ok
[INFO] [stdout] test toolchain::ar::tests::test_glibc ... ok
[INFO] [stdout] test toolchain::cc1::tests::test_glibc ... ok
[INFO] [stdout] test toolchain::gas::tests::test_as_wrapper1 ... ok
[INFO] [stdout] test toolchain::ld::tests::test_wrapper1 ... ok
[INFO] [stdout] test listing::tests::check_ant ... FAILED
[INFO] [stdout] test toolchain::gas::tests::test_assembly_preprocessing ... FAILED
[INFO] [stdout] 
[INFO] [stdout] failures:
[INFO] [stdout] 
[INFO] [stdout] ---- listing::tests::check_functions stdout ----
[INFO] [stdout] Testing test-data/glibc/build/libc.so
[INFO] [stdout] 
[INFO] [stdout] thread 'listing::tests::check_functions' (529) panicked at src/listing.rs:490:54:
[INFO] [stdout] called `Result::unwrap()` on an `Err` value: Os { code: 2, kind: NotFound, message: "No such file or directory" }
[INFO] [stdout] stack backtrace:
[INFO] [stdout]    0:     0x61b32d1e8611 - <<std[70759c8f55707aa4]::sys::backtrace::BacktraceLock>::print::DisplayBacktrace as core[df12db4294e9bfd3]::fmt::Display>::fmt
[INFO] [stdout]    1:     0x61b32d1fd24a - core[df12db4294e9bfd3]::fmt::write
[INFO] [stdout]    2:     0x61b32d1ecacc - <alloc[2182bb758b4b3781]::vec::Vec<u8> as core[df12db4294e9bfd3]::io::write::Write>::write_fmt
[INFO] [stdout]    3:     0x61b32d1c4796 - std[70759c8f55707aa4]::panicking::default_hook::{closure#0}
[INFO] [stdout]    4:     0x61b32d1e09b9 - std[70759c8f55707aa4]::panicking::default_hook
[INFO] [stdout]    5:     0x61b32d17c840 - test[9d35eded1c95d3be]::test_main_inner::<test[9d35eded1c95d3be]::test_main_static::{closure#0}>::{closure#0}
[INFO] [stdout]    6:     0x61b32d1e0b72 - std[70759c8f55707aa4]::panicking::panic_with_hook
[INFO] [stdout]    7:     0x61b32d1c4842 - std[70759c8f55707aa4]::panicking::panic_handler::{closure#0}
[INFO] [stdout]    8:     0x61b32d1bd439 - std[70759c8f55707aa4]::sys::backtrace::__rust_end_short_backtrace::<std[70759c8f55707aa4]::panicking::panic_handler::{closure#0}, !>
[INFO] [stdout]    9:     0x61b32d1c543d - __rustc[8fa7c3cbc660c2b3]::rust_begin_unwind
[INFO] [stdout]   10:     0x61b32d1fd97c - core[df12db4294e9bfd3]::panicking::panic_fmt
[INFO] [stdout]   11:     0x61b32d1fd752 - core[df12db4294e9bfd3]::result::unwrap_failed
[INFO] [stdout]   12:     0x61b32d12c987 - <squid_ewe[8153529163b01a7f]::listing::Listing>::from_file::<alloc[2182bb758b4b3781]::string::String>
[INFO] [stdout]   13:     0x61b32d137534 - squid_ewe[8153529163b01a7f]::listing::tests::check_listing
[INFO] [stdout]   14:     0x61b32d138150 - squid_ewe[8153529163b01a7f]::listing::tests::check_functions
[INFO] [stdout]   15:     0x61b32d13db99 - <squid_ewe[8153529163b01a7f]::listing::tests::check_functions::{closure#0} as core[df12db4294e9bfd3]::ops::function::FnOnce<()>>::call_once
[INFO] [stdout]   16:     0x61b32d16fb2b - test[9d35eded1c95d3be]::__rust_begin_short_backtrace::<core[df12db4294e9bfd3]::result::Result<(), alloc[2182bb758b4b3781]::string::String>, fn() -> core[df12db4294e9bfd3]::result::Result<(), alloc[2182bb758b4b3781]::string::String>>
[INFO] [stdout]   17:     0x61b32d17d195 - test[9d35eded1c95d3be]::run_test::{closure#0}
[INFO] [stdout]   18:     0x61b32d176a54 - std[70759c8f55707aa4]::sys::backtrace::__rust_begin_short_backtrace::<test[9d35eded1c95d3be]::run_test::{closure#1}, ()>
[INFO] [stdout]   19:     0x61b32d1802f2 - <std[70759c8f55707aa4]::thread::lifecycle::spawn_unchecked<test[9d35eded1c95d3be]::run_test::{closure#1}, ()>::{closure#1} as core[df12db4294e9bfd3]::ops::function::FnOnce<()>>::call_once::{shim:vtable#0}
[INFO] [stdout]   20:     0x61b32d1e7bc9 - <std[70759c8f55707aa4]::sys::thread::unix::Thread>::new::thread_start
[INFO] [stdout]   21:     0x7fbdcfcc2dfa - <unknown>
[INFO] [stdout]   22:     0x7fbdcfd563d4 - clone
[INFO] [stdout]   23:                0x0 - <unknown>
[INFO] [stdout] 
[INFO] [stdout] ---- listing::tests::test_sysconf stdout ----
[INFO] [stdout] 
[INFO] [stdout] thread 'listing::tests::test_sysconf' (531) panicked at src/listing.rs:490:54:
[INFO] [stdout] called `Result::unwrap()` on an `Err` value: Os { code: 2, kind: NotFound, message: "No such file or directory" }
[INFO] [stdout] stack backtrace:
[INFO] [stdout]    0:     0x61b32d1e8611 - <<std[70759c8f55707aa4]::sys::backtrace::BacktraceLock>::print::DisplayBacktrace as core[df12db4294e9bfd3]::fmt::Display>::fmt
[INFO] [stdout]    1:     0x61b32d1fd24a - core[df12db4294e9bfd3]::fmt::write
[INFO] [stdout]    2:     0x61b32d1ecacc - <alloc[2182bb758b4b3781]::vec::Vec<u8> as core[df12db4294e9bfd3]::io::write::Write>::write_fmt
[INFO] [stdout]    3:     0x61b32d1c4796 - std[70759c8f55707aa4]::panicking::default_hook::{closure#0}
[INFO] [stdout]    4:     0x61b32d1e09b9 - std[70759c8f55707aa4]::panicking::default_hook
[INFO] [stdout]    5:     0x61b32d17c840 - test[9d35eded1c95d3be]::test_main_inner::<test[9d35eded1c95d3be]::test_main_static::{closure#0}>::{closure#0}
[INFO] [stdout]    6:     0x61b32d1e0b72 - std[70759c8f55707aa4]::panicking::panic_with_hook
[INFO] [stdout]    7:     0x61b32d1c4842 - std[70759c8f55707aa4]::panicking::panic_handler::{closure#0}
[INFO] [stdout]    8:     0x61b32d1bd439 - std[70759c8f55707aa4]::sys::backtrace::__rust_end_short_backtrace::<std[70759c8f55707aa4]::panicking::panic_handler::{closure#0}, !>
[INFO] [stdout]    9:     0x61b32d1c543d - __rustc[8fa7c3cbc660c2b3]::rust_begin_unwind
[INFO] [stdout]   10:     0x61b32d1fd97c - core[df12db4294e9bfd3]::panicking::panic_fmt
[INFO] [stdout]   11:     0x61b32d1fd752 - core[df12db4294e9bfd3]::result::unwrap_failed
[INFO] [stdout]   12:     0x61b32d12d258 - <squid_ewe[8153529163b01a7f]::listing::Listing>::from_file::<&str>
[INFO] [stdout]   13:     0x61b32d13804e - squid_ewe[8153529163b01a7f]::listing::tests::test_sysconf
[INFO] [stdout]   14:     0x61b32d13db79 - <squid_ewe[8153529163b01a7f]::listing::tests::test_sysconf::{closure#0} as core[df12db4294e9bfd3]::ops::function::FnOnce<()>>::call_once
[INFO] [stdout]   15:     0x61b32d16fb2b - test[9d35eded1c95d3be]::__rust_begin_short_backtrace::<core[df12db4294e9bfd3]::result::Result<(), alloc[2182bb758b4b3781]::string::String>, fn() -> core[df12db4294e9bfd3]::result::Result<(), alloc[2182bb758b4b3781]::string::String>>
[INFO] [stdout]   16:     0x61b32d17d195 - test[9d35eded1c95d3be]::run_test::{closure#0}
[INFO] [stdout]   17:     0x61b32d176a54 - std[70759c8f55707aa4]::sys::backtrace::__rust_begin_short_backtrace::<test[9d35eded1c95d3be]::run_test::{closure#1}, ()>
[INFO] [stdout]   18:     0x61b32d1802f2 - <std[70759c8f55707aa4]::thread::lifecycle::spawn_unchecked<test[9d35eded1c95d3be]::run_test::{closure#1}, ()>::{closure#1} as core[df12db4294e9bfd3]::ops::function::FnOnce<()>>::call_once::{shim:vtable#0}
[INFO] [stdout]   19:     0x61b32d1e7bc9 - <std[70759c8f55707aa4]::sys::thread::unix::Thread>::new::thread_start
[INFO] [stdout]   20:     0x7fbdcfcc2dfa - <unknown>
[INFO] [stdout]   21:     0x7fbdcfd563d4 - clone
[INFO] [stdout]   22:                0x0 - <unknown>
[INFO] [stdout] 
[INFO] [stdout] ---- listing::tests::check_ant stdout ----
[INFO] [stdout] Testing ../ant/ld-linux-riscv64-lp64d.so.1
[INFO] [stdout] 
[INFO] [stdout] thread 'listing::tests::check_ant' (528) panicked at src/listing.rs:490:54:
[INFO] [stdout] called `Result::unwrap()` on an `Err` value: Os { code: 2, kind: NotFound, message: "No such file or directory" }
[INFO] [stdout] stack backtrace:
[INFO] [stdout]    0:     0x61b32d1e8611 - <<std[70759c8f55707aa4]::sys::backtrace::BacktraceLock>::print::DisplayBacktrace as core[df12db4294e9bfd3]::fmt::Display>::fmt
[INFO] [stdout]    1:     0x61b32d1fd24a - core[df12db4294e9bfd3]::fmt::write
[INFO] [stdout]    2:     0x61b32d1ecacc - <alloc[2182bb758b4b3781]::vec::Vec<u8> as core[df12db4294e9bfd3]::io::write::Write>::write_fmt
[INFO] [stdout]    3:     0x61b32d1c4796 - std[70759c8f55707aa4]::panicking::default_hook::{closure#0}
[INFO] [stdout]    4:     0x61b32d1e09b9 - std[70759c8f55707aa4]::panicking::default_hook
[INFO] [stdout]    5:     0x61b32d17c840 - test[9d35eded1c95d3be]::test_main_inner::<test[9d35eded1c95d3be]::test_main_static::{closure#0}>::{closure#0}
[INFO] [stdout]    6:     0x61b32d1e0b72 - std[70759c8f55707aa4]::panicking::panic_with_hook
[INFO] [stdout]    7:     0x61b32d1c4842 - std[70759c8f55707aa4]::panicking::panic_handler::{closure#0}
[INFO] [stdout]    8:     0x61b32d1bd439 - std[70759c8f55707aa4]::sys::backtrace::__rust_end_short_backtrace::<std[70759c8f55707aa4]::panicking::panic_handler::{closure#0}, !>
[INFO] [stdout]    9:     0x61b32d1c543d - __rustc[8fa7c3cbc660c2b3]::rust_begin_unwind
[INFO] [stdout]   10:     0x61b32d1fd97c - core[df12db4294e9bfd3]::panicking::panic_fmt
[INFO] [stdout]   11:     0x61b32d1fd752 - core[df12db4294e9bfd3]::result::unwrap_failed
[INFO] [stdout]   12:     0x61b32d12c987 - <squid_ewe[8153529163b01a7f]::listing::Listing>::from_file::<alloc[2182bb758b4b3781]::string::String>
[INFO] [stdout]   13:     0x61b32d137534 - squid_ewe[8153529163b01a7f]::listing::tests::check_listing
[INFO] [stdout]   14:     0x61b32d13dbf3 - <squid_ewe[8153529163b01a7f]::listing::tests::check_ant::{closure#0} as core[df12db4294e9bfd3]::ops::function::FnOnce<()>>::call_once
[INFO] [stdout]   15:     0x61b32d16fb2b - test[9d35eded1c95d3be]::__rust_begin_short_backtrace::<core[df12db4294e9bfd3]::result::Result<(), alloc[2182bb758b4b3781]::string::String>, fn() -> core[df12db4294e9bfd3]::result::Result<(), alloc[2182bb758b4b3781]::string::String>>
[INFO] [stdout]   16:     0x61b32d17d195 - test[9d35eded1c95d3be]::run_test::{closure#0}
[INFO] [stdout]   17:     0x61b32d176a54 - std[70759c8f55707aa4]::sys::backtrace::__rust_begin_short_backtrace::<test[9d35eded1c95d3be]::run_test::{closure#1}, ()>
[INFO] [stdout]   18:     0x61b32d1802f2 - <std[70759c8f55707aa4]::thread::lifecycle::spawn_unchecked<test[9d35eded1c95d3be]::run_test::{closure#1}, ()>::{closure#1} as core[df12db4294e9bfd3]::ops::function::FnOnce<()>>::call_once::{shim:vtable#0}
[INFO] [stdout]   19:     0x61b32d1e7bc9 - <std[70759c8f55707aa4]::sys::thread::unix::Thread>::new::thread_start
[INFO] [stdout]   20:     0x7fbdcfcc2dfa - <unknown>
[INFO] [stdout]   21:     0x7fbdcfd563d4 - clone
[INFO] [stdout]   22:                0x0 - <unknown>
[INFO] [stdout] 
[INFO] [stdout] ---- toolchain::gas::tests::test_assembly_preprocessing stdout ----
[INFO] [stdout] 
[INFO] [stdout] thread 'toolchain::gas::tests::test_assembly_preprocessing' (537) panicked at src/asm.rs:128:48:
[INFO] [stdout] called `Result::unwrap()` on an `Err` value: Os { code: 2, kind: NotFound, message: "No such file or directory" }
[INFO] [stdout] stack backtrace:
[INFO] [stdout]    0:     0x61b32d1e8611 - <<std[70759c8f55707aa4]::sys::backtrace::BacktraceLock>::print::DisplayBacktrace as core[df12db4294e9bfd3]::fmt::Display>::fmt
[INFO] [stdout]    1:     0x61b32d1fd24a - core[df12db4294e9bfd3]::fmt::write
[INFO] [stdout]    2:     0x61b32d1ecacc - <alloc[2182bb758b4b3781]::vec::Vec<u8> as core[df12db4294e9bfd3]::io::write::Write>::write_fmt
[INFO] [stdout]    3:     0x61b32d1c4796 - std[70759c8f55707aa4]::panicking::default_hook::{closure#0}
[INFO] [stdout]    4:     0x61b32d1e09b9 - std[70759c8f55707aa4]::panicking::default_hook
[INFO] [stdout]    5:     0x61b32d17c840 - test[9d35eded1c95d3be]::test_main_inner::<test[9d35eded1c95d3be]::test_main_static::{closure#0}>::{closure#0}
[INFO] [stdout]    6:     0x61b32d1e0b72 - std[70759c8f55707aa4]::panicking::panic_with_hook
[INFO] [stdout]    7:     0x61b32d1c4842 - std[70759c8f55707aa4]::panicking::panic_handler::{closure#0}
[INFO] [stdout]    8:     0x61b32d1bd439 - std[70759c8f55707aa4]::sys::backtrace::__rust_end_short_backtrace::<std[70759c8f55707aa4]::panicking::panic_handler::{closure#0}, !>
[INFO] [stdout]    9:     0x61b32d1c543d - __rustc[8fa7c3cbc660c2b3]::rust_begin_unwind
[INFO] [stdout]   10:     0x61b32d1fd97c - core[df12db4294e9bfd3]::panicking::panic_fmt
[INFO] [stdout]   11:     0x61b32d1fd752 - core[df12db4294e9bfd3]::result::unwrap_failed
[INFO] [stdout]   12:     0x61b32d136fdb - squid_ewe[8153529163b01a7f]::asm::separate_statements
[INFO] [stdout]   13:     0x61b32d13a58a - squid_ewe[8153529163b01a7f]::toolchain::gas::tests::test_assembly_preprocessing
[INFO] [stdout]   14:     0x61b32d13e099 - <squid_ewe[8153529163b01a7f]::toolchain::gas::tests::test_assembly_preprocessing::{closure#0} as core[df12db4294e9bfd3]::ops::function::FnOnce<()>>::call_once
[INFO] [stdout]   15:     0x61b32d16fb2b - test[9d35eded1c95d3be]::__rust_begin_short_backtrace::<core[df12db4294e9bfd3]::result::Result<(), alloc[2182bb758b4b3781]::string::String>, fn() -> core[df12db4294e9bfd3]::result::Result<(), alloc[2182bb758b4b3781]::string::String>>
[INFO] [stdout]   16:     0x61b32d17d195 - test[9d35eded1c95d3be]::run_test::{closure#0}
[INFO] [stdout]   17:     0x61b32d176a54 - std[70759c8f55707aa4]::sys::backtrace::__rust_begin_short_backtrace::<test[9d35eded1c95d3be]::run_test::{closure#1}, ()>
[INFO] [stdout]   18:     0x61b32d1802f2 - <std[70759c8f55707aa4]::thread::lifecycle::spawn_unchecked<test[9d35eded1c95d3be]::run_test::{closure#1}, ()>::{closure#1} as core[df12db4294e9bfd3]::ops::function::FnOnce<()>>::call_once::{shim:vtable#0}
[INFO] [stdout]   19:     0x61b32d1e7bc9 - <std[70759c8f55707aa4]::sys::thread::unix::Thread>::new::thread_start
[INFO] [stdout]   20:     0x7fbdcfcc2dfa - <unknown>
[INFO] [stdout]   21:     0x7fbdcfd563d4 - clone
[INFO] [stdout]   22:                0x0 - <unknown>
[INFO] [stdout] 
[INFO] [stdout] 
[INFO] [stdout] failures:
[INFO] [stdout]     listing::tests::check_ant
[INFO] [stdout]     listing::tests::check_functions
[INFO] [stdout]     listing::tests::test_sysconf
[INFO] [stdout]     toolchain::gas::tests::test_assembly_preprocessing
[INFO] [stdout] 
[INFO] [stdout] test result: FAILED. 11 passed; 4 failed; 0 ignored; 0 measured; 0 filtered out; finished in 0.01s
[INFO] [stdout] 
[INFO] [stderr] error: test failed, to rerun pass `--lib`
[INFO] running `Command { std: "docker" "inspect" "82653de87330f47a9f0fb950632dd8ddf3e80cf1cb3ded1b7228b2b0d74df693", kill_on_drop: false }`
[INFO] running `Command { std: "docker" "rm" "-f" "82653de87330f47a9f0fb950632dd8ddf3e80cf1cb3ded1b7228b2b0d74df693", kill_on_drop: false }`
[INFO] [stdout] 82653de87330f47a9f0fb950632dd8ddf3e80cf1cb3ded1b7228b2b0d74df693
