[INFO] fetching crate sqm_parser 1.0.1...
[INFO] testing sqm_parser-1.0.1 against 1.99.0-beta.8+cargoflags=--release for beta-release-1.100-2
[INFO] extracting crate sqm_parser 1.0.1 into /workspace/builds/worker-3-tc1/source
[INFO] started tweaking crates.io crate sqm_parser 1.0.1
[INFO] finished tweaking crates.io crate sqm_parser 1.0.1
[INFO] tweaked toml for crates.io crate sqm_parser 1.0.1 written to /workspace/builds/worker-3-tc1/source/Cargo.toml
[INFO] validating manifest of crates.io crate sqm_parser 1.0.1 on toolchain 1.99.0-beta.8
[INFO] running `Command { std: CARGO_HOME="/workspace/cargo-home" RUSTUP_HOME="/workspace/rustup-home" "/workspace/cargo-home/bin/cargo" "+1.99.0-beta.8" "metadata" "--manifest-path" "Cargo.toml" "--no-deps", kill_on_drop: false }`
[INFO] running `Command { std: CARGO_HOME="/workspace/cargo-home" RUSTUP_HOME="/workspace/rustup-home" "/workspace/cargo-home/bin/cargo" "+1.99.0-beta.8" "generate-lockfile" "--manifest-path" "Cargo.toml", kill_on_drop: false }`
[INFO] [stderr]     Updating crates.io index
[INFO] [stderr]      Locking 25 packages to highest compatible versions
[INFO] [stderr]       Adding psm v0.1.24 (available: v0.1.32)
[INFO] running `Command { std: CARGO_HOME="/workspace/cargo-home" RUSTUP_HOME="/workspace/rustup-home" "/workspace/cargo-home/bin/cargo" "+1.99.0-beta.8" "fetch" "--manifest-path" "Cargo.toml", kill_on_drop: false }`
[INFO] [stderr]  Downloading crates ...
[INFO] [stderr]   Downloaded pest_derive v2.9.4
[INFO] [stderr]   Downloaded pest_generator v2.9.4
[INFO] [stderr]   Downloaded pest_meta v2.9.4
[INFO] running `Command { std: "docker" "create" "-v" "/var/lib/crater-agent-workspace/builds/worker-3-tc1/source:/opt/rustwide/workdir:ro,Z" "-v" "/var/lib/crater-agent-workspace/builds/worker-3-tc1/target:/opt/rustwide/target:rw,Z" "-v" "/var/lib/crater-agent-workspace/cargo-home:/opt/rustwide/cargo-home:ro,Z" "-v" "/var/lib/crater-agent-workspace/rustup-home:/opt/rustwide/rustup-home:ro,Z" "-m" "1610612736" "--network" "none" "ghcr.io/rust-lang/crates-build-env/linux@sha256:77db811e55d90add9212f6832c23229e3de5f1c1f9905e8cb07319ea15df73ac" "sleep" "infinity", kill_on_drop: false }`
[INFO] [stdout] cfe0f27858067d56255844a01945675cd2921f3854346e53891684cbe66924c5
[INFO] running `Command { std: "docker" "start" "cfe0f27858067d56255844a01945675cd2921f3854346e53891684cbe66924c5", kill_on_drop: false }`
[INFO] running `Command { std: "docker" "inspect" "cfe0f27858067d56255844a01945675cd2921f3854346e53891684cbe66924c5", kill_on_drop: false }`
[INFO] running `Command { std: "docker" "exec" "-e" "SOURCE_DIR=/opt/rustwide/workdir" "-e" "CARGO_HOME=/opt/rustwide/cargo-home" "-e" "RUSTUP_HOME=/opt/rustwide/rustup-home" "-e" "CARGO_TARGET_DIR=/opt/rustwide/target" "-w" "/opt/rustwide/workdir" "--user" "0:0" "cfe0f27858067d56255844a01945675cd2921f3854346e53891684cbe66924c5" "/opt/rustwide/cargo-home/bin/cargo" "+1.99.0-beta.8" "metadata" "--no-deps" "--format-version=1", kill_on_drop: false }`
[INFO] running `Command { std: "docker" "inspect" "cfe0f27858067d56255844a01945675cd2921f3854346e53891684cbe66924c5", kill_on_drop: false }`
[INFO] running `Command { std: "docker" "exec" "-e" "SOURCE_DIR=/opt/rustwide/workdir" "-e" "CARGO_HOME=/opt/rustwide/cargo-home" "-e" "RUSTUP_HOME=/opt/rustwide/rustup-home" "-e" "CARGO_TARGET_DIR=/opt/rustwide/target" "-e" "CARGO_INCREMENTAL=0" "-e" "RUST_BACKTRACE=full" "-e" "RUSTFLAGS=--cap-lints=warn" "-e" "RUSTDOCFLAGS=--cap-lints=warn" "-w" "/opt/rustwide/workdir" "--user" "0:0" "cfe0f27858067d56255844a01945675cd2921f3854346e53891684cbe66924c5" "/opt/rustwide/cargo-home/bin/cargo" "+1.99.0-beta.8" "build" "--frozen" "--message-format=json" "--release", kill_on_drop: false }`
[INFO] [stderr]    Compiling psm v0.1.24
[INFO] [stderr]    Compiling stacker v0.1.25
[INFO] [stderr]    Compiling syn v3.0.9
[INFO] [stderr]    Compiling serde_json v1.0.154
[INFO] [stderr]    Compiling pest v2.9.4
[INFO] [stderr]    Compiling pest_meta v2.9.4
[INFO] [stderr]    Compiling serde_derive v1.0.229
[INFO] [stderr]    Compiling pest_generator v2.9.4
[INFO] [stderr]    Compiling pest_derive v2.9.4
[INFO] [stderr]    Compiling serde v1.0.229
[INFO] [stderr]    Compiling sqm_parser v1.0.1 (/opt/rustwide/workdir)
[INFO] [stderr]     Finished `release` profile [optimized] target(s) in 12.26s
[INFO] running `Command { std: "docker" "inspect" "cfe0f27858067d56255844a01945675cd2921f3854346e53891684cbe66924c5", kill_on_drop: false }`
[INFO] running `Command { std: "docker" "exec" "-e" "SOURCE_DIR=/opt/rustwide/workdir" "-e" "CARGO_HOME=/opt/rustwide/cargo-home" "-e" "RUSTUP_HOME=/opt/rustwide/rustup-home" "-e" "CARGO_TARGET_DIR=/opt/rustwide/target" "-e" "CARGO_INCREMENTAL=0" "-e" "RUST_BACKTRACE=full" "-e" "RUSTFLAGS=--cap-lints=warn" "-e" "RUSTDOCFLAGS=--cap-lints=warn" "-w" "/opt/rustwide/workdir" "--user" "0:0" "cfe0f27858067d56255844a01945675cd2921f3854346e53891684cbe66924c5" "/opt/rustwide/cargo-home/bin/cargo" "+1.99.0-beta.8" "test" "--frozen" "--no-run" "--message-format=json" "--release", kill_on_drop: false }`
[INFO] [stderr]    Compiling sqm_parser v1.0.1 (/opt/rustwide/workdir)
[INFO] [stdout] warning: panic message is not a string literal
[INFO] [stdout]   --> tests/tests.rs:36:28
[INFO] [stdout]    |
[INFO] [stdout] 36 |                     panic!(e)
[INFO] [stdout]    |                            ^
[INFO] [stdout]    |
[INFO] [stdout]    = note: this usage of `panic!()` is deprecated; it will be a hard error in Rust 2021
[INFO] [stdout]    = note: for more information, see <https://doc.rust-lang.org/edition-guide/rust-2021/panic-macro-consistency.html>
[INFO] [stdout]    = note: for more information, see <https://doc.rust-lang.org/edition-guide/rust-2021/panic-macro-consistency.html>
[INFO] [stdout]    = note: `#[warn(non_fmt_panics)]` (part of `#[warn(rust_2021_compatibility)]`) on by default
[INFO] [stdout] help: add a "{}" format string to `Display` the message
[INFO] [stdout]    |
[INFO] [stdout] 36 |                     panic!("{}", e)
[INFO] [stdout]    |                            +++++
[INFO] [stdout] help: or use std::panic::panic_any instead
[INFO] [stdout]    |
[INFO] [stdout] 36 -                     panic!(e)
[INFO] [stdout] 36 +                     std::panic::panic_any(e)
[INFO] [stdout]    |
[INFO] [stdout] 
[INFO] [stdout] 
[INFO] [stdout] warning: panic message is not a string literal
[INFO] [stdout]   --> tests/tests.rs:77:28
[INFO] [stdout]    |
[INFO] [stdout] 77 |                     panic!(e)
[INFO] [stdout]    |                            ^
[INFO] [stdout]    |
[INFO] [stdout]    = note: this usage of `panic!()` is deprecated; it will be a hard error in Rust 2021
[INFO] [stdout]    = note: for more information, see <https://doc.rust-lang.org/edition-guide/rust-2021/panic-macro-consistency.html>
[INFO] [stdout]    = note: for more information, see <https://doc.rust-lang.org/edition-guide/rust-2021/panic-macro-consistency.html>
[INFO] [stdout] help: add a "{}" format string to `Display` the message
[INFO] [stdout]    |
[INFO] [stdout] 77 |                     panic!("{}", e)
[INFO] [stdout]    |                            +++++
[INFO] [stdout] help: or use std::panic::panic_any instead
[INFO] [stdout]    |
[INFO] [stdout] 77 -                     panic!(e)
[INFO] [stdout] 77 +                     std::panic::panic_any(e)
[INFO] [stdout]    |
[INFO] [stdout] 
[INFO] [stdout] 
[INFO] [stderr]     Finished `release` profile [optimized] target(s) in 0.97s
[INFO] running `Command { std: "docker" "inspect" "cfe0f27858067d56255844a01945675cd2921f3854346e53891684cbe66924c5", kill_on_drop: false }`
[INFO] running `Command { std: "docker" "exec" "-e" "SOURCE_DIR=/opt/rustwide/workdir" "-e" "CARGO_HOME=/opt/rustwide/cargo-home" "-e" "RUSTUP_HOME=/opt/rustwide/rustup-home" "-e" "CARGO_TARGET_DIR=/opt/rustwide/target" "-e" "CARGO_INCREMENTAL=0" "-e" "RUST_BACKTRACE=full" "-e" "RUSTFLAGS=--cap-lints=warn" "-e" "RUSTDOCFLAGS=--cap-lints=warn" "-w" "/opt/rustwide/workdir" "--user" "0:0" "cfe0f27858067d56255844a01945675cd2921f3854346e53891684cbe66924c5" "/opt/rustwide/cargo-home/bin/cargo" "+1.99.0-beta.8" "test" "--frozen" "--release", kill_on_drop: false }`
[INFO] [stderr] warning: panic message is not a string literal
[INFO] [stderr]   --> tests/tests.rs:36:28
[INFO] [stderr]    |
[INFO] [stderr] 36 |                     panic!(e)
[INFO] [stderr]    |                            ^
[INFO] [stderr]    |
[INFO] [stderr]    = note: this usage of `panic!()` is deprecated; it will be a hard error in Rust 2021
[INFO] [stderr]    = note: for more information, see <https://doc.rust-lang.org/edition-guide/rust-2021/panic-macro-consistency.html>
[INFO] [stderr]    = note: for more information, see <https://doc.rust-lang.org/edition-guide/rust-2021/panic-macro-consistency.html>
[INFO] [stderr]    = note: `#[warn(non_fmt_panics)]` (part of `#[warn(rust_2021_compatibility)]`) on by default
[INFO] [stderr] help: add a "{}" format string to `Display` the message
[INFO] [stderr]    |
[INFO] [stderr] 36 |                     panic!("{}", e)
[INFO] [stderr]    |                            +++++
[INFO] [stderr] help: or use std::panic::panic_any instead
[INFO] [stderr]    |
[INFO] [stderr] 36 -                     panic!(e)
[INFO] [stderr] 36 +                     std::panic::panic_any(e)
[INFO] [stderr]    |
[INFO] [stderr] 
[INFO] [stderr] warning: panic message is not a string literal
[INFO] [stderr]   --> tests/tests.rs:77:28
[INFO] [stderr]    |
[INFO] [stderr] 77 |                     panic!(e)
[INFO] [stderr]    |                            ^
[INFO] [stderr]    |
[INFO] [stderr]    = note: this usage of `panic!()` is deprecated; it will be a hard error in Rust 2021
[INFO] [stderr]    = note: for more information, see <https://doc.rust-lang.org/edition-guide/rust-2021/panic-macro-consistency.html>
[INFO] [stderr]    = note: for more information, see <https://doc.rust-lang.org/edition-guide/rust-2021/panic-macro-consistency.html>
[INFO] [stderr] help: add a "{}" format string to `Display` the message
[INFO] [stderr]    |
[INFO] [stderr] 77 |                     panic!("{}", e)
[INFO] [stderr]    |                            +++++
[INFO] [stderr] help: or use std::panic::panic_any instead
[INFO] [stderr]    |
[INFO] [stderr] 77 -                     panic!(e)
[INFO] [stderr] 77 +                     std::panic::panic_any(e)
[INFO] [stderr]    |
[INFO] [stderr] 
[INFO] [stderr] warning: `sqm_parser` (test "tests") generated 2 warnings (run `cargo fix --test "tests" -p sqm_parser` to apply 2 suggestions)
[INFO] [stderr]     Finished `release` profile [optimized] target(s) in 0.04s
[INFO] [stderr]      Running unittests src/lib.rs (/opt/rustwide/target/release/deps/sqm_parser-4e67d1475dadcd90)
[INFO] [stdout] 
[INFO] [stdout] running 0 tests
[INFO] [stdout] 
[INFO] [stdout] test result: ok. 0 passed; 0 failed; 0 ignored; 0 measured; 0 filtered out; finished in 0.00s
[INFO] [stdout] 
[INFO] [stderr]      Running tests/tests.rs (/opt/rustwide/target/release/deps/tests-61bce165712aa272)
[INFO] [stdout] 
[INFO] [stdout] running 6 tests
[INFO] [stdout] test tests::test_array ... ok
[INFO] [stdout] test tests::test_item ... ok
[INFO] [stdout] test tests::test_deserializer ... ok
[INFO] [stdout] test tests::attempt_sqm_construction ... FAILED
[INFO] [stdout] test tests::test_parser ... FAILED
[INFO] [stdout] test tests::test_mission ... ok
[INFO] [stdout] 
[INFO] [stdout] failures:
[INFO] [stdout] 
[INFO] [stdout] ---- tests::attempt_sqm_construction stdout ----
[INFO] [stdout] 
[INFO] [stdout] thread 'tests::attempt_sqm_construction' (421) panicked at src/lib.rs:49:48:
[INFO] [stdout] called `Result::unwrap()` on an `Err` value: Os { code: 30, kind: ReadOnlyFilesystem, message: "Read-only file system" }
[INFO] [stdout] stack backtrace:
[INFO] [stdout]    0:     0x632bc0b50271 - <<std[70759c8f55707aa4]::sys::backtrace::BacktraceLock>::print::DisplayBacktrace as core[df12db4294e9bfd3]::fmt::Display>::fmt
[INFO] [stdout]    1:     0x632bc0b6547a - core[df12db4294e9bfd3]::fmt::write
[INFO] [stdout]    2:     0x632bc0b5477c - <alloc[2182bb758b4b3781]::vec::Vec<u8> as core[df12db4294e9bfd3]::io::write::Write>::write_fmt
[INFO] [stdout]    3:     0x632bc0b2c7b6 - std[70759c8f55707aa4]::panicking::default_hook::{closure#0}
[INFO] [stdout]    4:     0x632bc0b48929 - std[70759c8f55707aa4]::panicking::default_hook
[INFO] [stdout]    5:     0x632bc0ac4410 - test[9d35eded1c95d3be]::test_main_inner::<test[9d35eded1c95d3be]::test_main_static::{closure#0}>::{closure#0}
[INFO] [stdout]    6:     0x632bc0b48ae2 - std[70759c8f55707aa4]::panicking::panic_with_hook
[INFO] [stdout]    7:     0x632bc0b2c862 - std[70759c8f55707aa4]::panicking::panic_handler::{closure#0}
[INFO] [stdout]    8:     0x632bc0b255e9 - std[70759c8f55707aa4]::sys::backtrace::__rust_end_short_backtrace::<std[70759c8f55707aa4]::panicking::panic_handler::{closure#0}, !>
[INFO] [stdout]    9:     0x632bc0b2d45d - __rustc[8fa7c3cbc660c2b3]::rust_begin_unwind
[INFO] [stdout]   10:     0x632bc0b65bac - core[df12db4294e9bfd3]::panicking::panic_fmt
[INFO] [stdout]   11:     0x632bc0b65982 - core[df12db4294e9bfd3]::result::unwrap_failed
[INFO] [stdout]   12:     0x632bc0afa7df - sqm_parser[d7afc8c9963823f6]::serialize_to_sqm
[INFO] [stdout]   13:     0x632bc0ab6ad6 - <tests[5b2e0bda35f3e694]::tests::attempt_sqm_construction::{closure#0} as core[df12db4294e9bfd3]::ops::function::FnOnce<()>>::call_once
[INFO] [stdout]   14:     0x632bc0ab76fb - test[9d35eded1c95d3be]::__rust_begin_short_backtrace::<core[df12db4294e9bfd3]::result::Result<(), alloc[2182bb758b4b3781]::string::String>, fn() -> core[df12db4294e9bfd3]::result::Result<(), alloc[2182bb758b4b3781]::string::String>>
[INFO] [stdout]   15:     0x632bc0ac4d65 - test[9d35eded1c95d3be]::run_test::{closure#0}
[INFO] [stdout]   16:     0x632bc0abe624 - std[70759c8f55707aa4]::sys::backtrace::__rust_begin_short_backtrace::<test[9d35eded1c95d3be]::run_test::{closure#1}, ()>
[INFO] [stdout]   17:     0x632bc0ac7ec2 - <std[70759c8f55707aa4]::thread::lifecycle::spawn_unchecked<test[9d35eded1c95d3be]::run_test::{closure#1}, ()>::{closure#1} as core[df12db4294e9bfd3]::ops::function::FnOnce<()>>::call_once::{shim:vtable#0}
[INFO] [stdout]   18:     0x632bc0b4fb49 - <std[70759c8f55707aa4]::sys::thread::unix::Thread>::new::thread_start
[INFO] [stdout]   19:     0x72823f04adfa - <unknown>
[INFO] [stdout]   20:     0x72823f0de3d4 - clone
[INFO] [stdout]   21:                0x0 - <unknown>
[INFO] [stdout] 
[INFO] [stdout] ---- tests::test_parser stdout ----
[INFO] [stdout] 
[INFO] [stdout] thread 'tests::test_parser' (426) panicked at tests/tests.rs:114:53:
[INFO] [stdout] called `Result::unwrap()` on an `Err` value: Os { code: 30, kind: ReadOnlyFilesystem, message: "Read-only file system" }
[INFO] [stdout] stack backtrace:
[INFO] [stdout]    0:     0x632bc0b50271 - <<std[70759c8f55707aa4]::sys::backtrace::BacktraceLock>::print::DisplayBacktrace as core[df12db4294e9bfd3]::fmt::Display>::fmt
[INFO] [stdout]    1:     0x632bc0b6547a - core[df12db4294e9bfd3]::fmt::write
[INFO] [stdout]    2:     0x632bc0b5477c - <alloc[2182bb758b4b3781]::vec::Vec<u8> as core[df12db4294e9bfd3]::io::write::Write>::write_fmt
[INFO] [stdout]    3:     0x632bc0b2c7b6 - std[70759c8f55707aa4]::panicking::default_hook::{closure#0}
[INFO] [stdout]    4:     0x632bc0b48929 - std[70759c8f55707aa4]::panicking::default_hook
[INFO] [stdout]    5:     0x632bc0ac4410 - test[9d35eded1c95d3be]::test_main_inner::<test[9d35eded1c95d3be]::test_main_static::{closure#0}>::{closure#0}
[INFO] [stdout]    6:     0x632bc0b48ae2 - std[70759c8f55707aa4]::panicking::panic_with_hook
[INFO] [stdout]    7:     0x632bc0b2c862 - std[70759c8f55707aa4]::panicking::panic_handler::{closure#0}
[INFO] [stdout]    8:     0x632bc0b255e9 - std[70759c8f55707aa4]::sys::backtrace::__rust_end_short_backtrace::<std[70759c8f55707aa4]::panicking::panic_handler::{closure#0}, !>
[INFO] [stdout]    9:     0x632bc0b2d45d - __rustc[8fa7c3cbc660c2b3]::rust_begin_unwind
[INFO] [stdout]   10:     0x632bc0b65bac - core[df12db4294e9bfd3]::panicking::panic_fmt
[INFO] [stdout]   11:     0x632bc0b65982 - core[df12db4294e9bfd3]::result::unwrap_failed
[INFO] [stdout]   12:     0x632bc0ab5ccd - <tests[5b2e0bda35f3e694]::tests::test_parser::{closure#0} as core[df12db4294e9bfd3]::ops::function::FnOnce<()>>::call_once
[INFO] [stdout]   13:     0x632bc0ab76fb - test[9d35eded1c95d3be]::__rust_begin_short_backtrace::<core[df12db4294e9bfd3]::result::Result<(), alloc[2182bb758b4b3781]::string::String>, fn() -> core[df12db4294e9bfd3]::result::Result<(), alloc[2182bb758b4b3781]::string::String>>
[INFO] [stdout]   14:     0x632bc0ac4d65 - test[9d35eded1c95d3be]::run_test::{closure#0}
[INFO] [stdout]   15:     0x632bc0abe624 - std[70759c8f55707aa4]::sys::backtrace::__rust_begin_short_backtrace::<test[9d35eded1c95d3be]::run_test::{closure#1}, ()>
[INFO] [stdout]   16:     0x632bc0ac7ec2 - <std[70759c8f55707aa4]::thread::lifecycle::spawn_unchecked<test[9d35eded1c95d3be]::run_test::{closure#1}, ()>::{closure#1} as core[df12db4294e9bfd3]::ops::function::FnOnce<()>>::call_once::{shim:vtable#0}
[INFO] [stdout]   17:     0x632bc0b4fb49 - <std[70759c8f55707aa4]::sys::thread::unix::Thread>::new::thread_start
[INFO] [stdout]   18:     0x72823f04adfa - <unknown>
[INFO] [stdout]   19:     0x72823f0de3d4 - clone
[INFO] [stdout]   20:                0x0 - <unknown>
[INFO] [stdout] 
[INFO] [stdout] 
[INFO] [stdout] failures:
[INFO] [stdout]     tests::attempt_sqm_construction
[INFO] [stdout]     tests::test_parser
[INFO] [stdout] 
[INFO] [stdout] test result: FAILED. 4 passed; 2 failed; 0 ignored; 0 measured; 0 filtered out; finished in 0.01s
[INFO] [stdout] 
[INFO] [stderr] error: test failed, to rerun pass `--test tests`
[INFO] running `Command { std: "docker" "inspect" "cfe0f27858067d56255844a01945675cd2921f3854346e53891684cbe66924c5", kill_on_drop: false }`
[INFO] running `Command { std: "docker" "rm" "-f" "cfe0f27858067d56255844a01945675cd2921f3854346e53891684cbe66924c5", kill_on_drop: false }`
[INFO] [stdout] cfe0f27858067d56255844a01945675cd2921f3854346e53891684cbe66924c5
