[INFO] fetching crate sqlx-sqlite-conn-mgr 0.8.6...
[INFO] testing sqlx-sqlite-conn-mgr-0.8.6 against 1.100.0-beta.1+cargoflags=--release for beta-release-1.100-2
[INFO] extracting crate sqlx-sqlite-conn-mgr 0.8.6 into /workspace/builds/worker-1-tc2/source
[INFO] started tweaking crates.io crate sqlx-sqlite-conn-mgr 0.8.6
[INFO] removed 0 missing tests
[INFO] finished tweaking crates.io crate sqlx-sqlite-conn-mgr 0.8.6
[INFO] tweaked toml for crates.io crate sqlx-sqlite-conn-mgr 0.8.6 written to /workspace/builds/worker-1-tc2/source/Cargo.toml
[INFO] validating manifest of crates.io crate sqlx-sqlite-conn-mgr 0.8.6 on toolchain 1.100.0-beta.1
[INFO] running `Command { std: CARGO_HOME="/workspace/cargo-home" RUSTUP_HOME="/workspace/rustup-home" "/workspace/cargo-home/bin/cargo" "+1.100.0-beta.1" "metadata" "--manifest-path" "Cargo.toml" "--no-deps", kill_on_drop: false }`
[INFO] crate crates.io crate sqlx-sqlite-conn-mgr 0.8.6 already has a lockfile, it will not be regenerated
[INFO] running `Command { std: CARGO_HOME="/workspace/cargo-home" RUSTUP_HOME="/workspace/rustup-home" "/workspace/cargo-home/bin/cargo" "+1.100.0-beta.1" "fetch" "--manifest-path" "Cargo.toml", kill_on_drop: false }`
[INFO] running `Command { std: "docker" "create" "-v" "/var/lib/crater-agent-workspace/builds/worker-1-tc2/source:/opt/rustwide/workdir:ro,Z" "-v" "/var/lib/crater-agent-workspace/builds/worker-1-tc2/target:/opt/rustwide/target:rw,Z" "-v" "/var/lib/crater-agent-workspace/cargo-home:/opt/rustwide/cargo-home:ro,Z" "-v" "/var/lib/crater-agent-workspace/rustup-home:/opt/rustwide/rustup-home:ro,Z" "-m" "1610612736" "--network" "none" "ghcr.io/rust-lang/crates-build-env/linux@sha256:77db811e55d90add9212f6832c23229e3de5f1c1f9905e8cb07319ea15df73ac" "sleep" "infinity", kill_on_drop: false }`
[INFO] [stdout] 497a004feecf3bf3d5a8a7f556ec629ef00b00650c9e74e119d5c0aed1cda9f6
[INFO] running `Command { std: "docker" "start" "497a004feecf3bf3d5a8a7f556ec629ef00b00650c9e74e119d5c0aed1cda9f6", kill_on_drop: false }`
[INFO] running `Command { std: "docker" "inspect" "497a004feecf3bf3d5a8a7f556ec629ef00b00650c9e74e119d5c0aed1cda9f6", kill_on_drop: false }`
[INFO] running `Command { std: "docker" "exec" "-e" "SOURCE_DIR=/opt/rustwide/workdir" "-e" "CARGO_HOME=/opt/rustwide/cargo-home" "-e" "RUSTUP_HOME=/opt/rustwide/rustup-home" "-e" "CARGO_TARGET_DIR=/opt/rustwide/target" "-w" "/opt/rustwide/workdir" "--user" "0:0" "497a004feecf3bf3d5a8a7f556ec629ef00b00650c9e74e119d5c0aed1cda9f6" "/opt/rustwide/cargo-home/bin/cargo" "+1.100.0-beta.1" "metadata" "--no-deps" "--format-version=1", kill_on_drop: false }`
[INFO] running `Command { std: "docker" "inspect" "497a004feecf3bf3d5a8a7f556ec629ef00b00650c9e74e119d5c0aed1cda9f6", kill_on_drop: false }`
[INFO] running `Command { std: "docker" "exec" "-e" "SOURCE_DIR=/opt/rustwide/workdir" "-e" "CARGO_HOME=/opt/rustwide/cargo-home" "-e" "RUSTUP_HOME=/opt/rustwide/rustup-home" "-e" "CARGO_TARGET_DIR=/opt/rustwide/target" "-e" "CARGO_INCREMENTAL=0" "-e" "RUST_BACKTRACE=full" "-e" "RUSTFLAGS=--cap-lints=warn" "-e" "RUSTDOCFLAGS=--cap-lints=warn" "-w" "/opt/rustwide/workdir" "--user" "0:0" "497a004feecf3bf3d5a8a7f556ec629ef00b00650c9e74e119d5c0aed1cda9f6" "/opt/rustwide/cargo-home/bin/cargo" "+1.100.0-beta.1" "build" "--frozen" "--message-format=json" "--release", kill_on_drop: false }`
[INFO] [stderr]    Compiling stable_deref_trait v1.2.1
[INFO] [stderr]    Compiling crossbeam-utils v0.8.21
[INFO] [stderr]    Compiling libc v0.2.177
[INFO] [stderr]    Compiling litemap v0.8.1
[INFO] [stderr]    Compiling writeable v0.6.2
[INFO] [stderr]    Compiling smallvec v1.15.1
[INFO] [stderr]    Compiling synstructure v0.13.2
[INFO] [stderr]    Compiling zerovec-derive v0.11.2
[INFO] [stderr]    Compiling displaydoc v0.2.5
[INFO] [stderr]    Compiling serde_core v1.0.228
[INFO] [stderr]    Compiling serde_json v1.0.145
[INFO] [stderr]    Compiling futures-core v0.3.31
[INFO] [stderr]    Compiling pin-project-lite v0.2.16
[INFO] [stderr]    Compiling icu_properties_data v2.1.1
[INFO] [stderr]    Compiling icu_normalizer_data v2.1.1
[INFO] [stderr]    Compiling libsqlite3-sys v0.30.1
[INFO] [stderr]    Compiling thiserror-impl v2.0.17
[INFO] [stderr]    Compiling serde v1.0.228
[INFO] [stderr]    Compiling futures-sink v0.3.31
[INFO] [stderr]    Compiling parking_lot_core v0.9.12
[INFO] [stderr]    Compiling percent-encoding v2.3.2
[INFO] [stderr]    Compiling memchr v2.7.6
[INFO] [stderr]    Compiling zerofrom-derive v0.1.6
[INFO] [stderr]    Compiling yoke-derive v0.8.1
[INFO] [stderr]    Compiling form_urlencoded v1.2.2
[INFO] [stderr]    Compiling slab v0.4.11
[INFO] [stderr]    Compiling allocator-api2 v0.2.21
[INFO] [stderr]    Compiling itoa v1.0.15
[INFO] [stderr]    Compiling mio v1.1.0
[INFO] [stderr]    Compiling socket2 v0.6.1
[INFO] [stderr]    Compiling pin-utils v0.1.0
[INFO] [stderr]    Compiling futures-io v0.3.31
[INFO] [stderr]    Compiling futures-task v0.3.31
[INFO] [stderr]    Compiling bytes v1.11.0
[INFO] [stderr]    Compiling ryu v1.0.20
[INFO] [stderr]    Compiling futures-util v0.3.31
[INFO] [stderr]    Compiling parking_lot v0.12.5
[INFO] [stderr]    Compiling hashbrown v0.15.5
[INFO] [stderr]    Compiling zerofrom v0.1.6
[INFO] [stderr]    Compiling yoke v0.8.1
[INFO] [stderr]    Compiling tracing-core v0.1.36
[INFO] [stderr]    Compiling zerovec v0.11.5
[INFO] [stderr]    Compiling zerotrie v0.2.3
[INFO] [stderr]    Compiling tokio v1.49.0
[INFO] [stderr]    Compiling tinystr v0.8.2
[INFO] [stderr]    Compiling potential_utf v0.1.4
[INFO] [stderr]    Compiling icu_collections v2.1.1
[INFO] [stderr]    Compiling icu_locale_core v2.1.1
[INFO] [stderr]    Compiling digest v0.10.7
[INFO] [stderr]    Compiling concurrent-queue v2.5.0
[INFO] [stderr]    Compiling thiserror v2.0.17
[INFO] [stderr]    Compiling num-traits v0.2.19
[INFO] [stderr]    Compiling log v0.4.28
[INFO] [stderr]    Compiling parking v2.2.1
[INFO] [stderr]    Compiling cpufeatures v0.2.17
[INFO] [stderr]    Compiling crc-catalog v2.4.0
[INFO] [stderr]    Compiling sha2 v0.10.9
[INFO] [stderr]    Compiling crc v3.4.0
[INFO] [stderr]    Compiling event-listener v5.4.1
[INFO] [stderr]    Compiling icu_provider v2.1.1
[INFO] [stderr]    Compiling tracing v0.1.44
[INFO] [stderr]    Compiling either v1.15.0
[INFO] [stderr]    Compiling icu_properties v2.1.1
[INFO] [stderr]    Compiling icu_normalizer v2.1.1
[INFO] [stderr]    Compiling hashlink v0.10.0
[INFO] [stderr]    Compiling futures-intrusive v0.5.0
[INFO] [stderr]    Compiling crypto-common v0.1.7
[INFO] [stderr]    Compiling crossbeam-queue v0.3.12
[INFO] [stderr]    Compiling spin v0.9.8
[INFO] [stderr]    Compiling idna_adapter v1.2.1
[INFO] [stderr]    Compiling idna v1.1.0
[INFO] [stderr]    Compiling signal-hook-registry v1.4.7
[INFO] [stderr]    Compiling tokio-macros v2.6.0
[INFO] [stderr]    Compiling url v2.5.7
[INFO] [stderr]    Compiling base64 v0.22.1
[INFO] [stderr]    Compiling flume v0.11.1
[INFO] [stderr]    Compiling atoi v2.0.0
[INFO] [stderr]    Compiling futures-executor v0.3.31
[INFO] [stderr]    Compiling serde_urlencoded v0.7.1
[INFO] [stderr]    Compiling futures-channel v0.3.31
[INFO] [stderr]    Compiling tokio-stream v0.1.17
[INFO] [stderr]    Compiling sqlx-core v0.8.6
[INFO] [stderr]    Compiling dotenvy v0.15.7
[INFO] [stderr]    Compiling sqlx-sqlite v0.8.6
[INFO] [stderr]    Compiling sqlx-macros-core v0.8.6
[INFO] [stderr]    Compiling sqlx-macros v0.8.6
[INFO] [stderr]    Compiling sqlx v0.8.6
[INFO] [stderr]    Compiling sqlx-sqlite-conn-mgr v0.8.6 (/opt/rustwide/workdir)
[INFO] [stderr]     Finished `release` profile [optimized] target(s) in 3m 30s
[INFO] running `Command { std: "docker" "inspect" "497a004feecf3bf3d5a8a7f556ec629ef00b00650c9e74e119d5c0aed1cda9f6", kill_on_drop: false }`
[INFO] running `Command { std: "docker" "exec" "-e" "SOURCE_DIR=/opt/rustwide/workdir" "-e" "CARGO_HOME=/opt/rustwide/cargo-home" "-e" "RUSTUP_HOME=/opt/rustwide/rustup-home" "-e" "CARGO_TARGET_DIR=/opt/rustwide/target" "-e" "CARGO_INCREMENTAL=0" "-e" "RUST_BACKTRACE=full" "-e" "RUSTFLAGS=--cap-lints=warn" "-e" "RUSTDOCFLAGS=--cap-lints=warn" "-w" "/opt/rustwide/workdir" "--user" "0:0" "497a004feecf3bf3d5a8a7f556ec629ef00b00650c9e74e119d5c0aed1cda9f6" "/opt/rustwide/cargo-home/bin/cargo" "+1.100.0-beta.1" "test" "--frozen" "--no-run" "--message-format=json" "--release", kill_on_drop: false }`
[INFO] [stderr]    Compiling rustix v1.1.3
[INFO] [stderr]    Compiling bitflags v2.10.0
[INFO] [stderr]    Compiling getrandom v0.3.4
[INFO] [stderr]    Compiling tempfile v3.24.0
[INFO] [stderr]    Compiling sqlx-sqlite-conn-mgr v0.8.6 (/opt/rustwide/workdir)
[INFO] [stderr]     Finished `release` profile [optimized] target(s) in 36.38s
[INFO] running `Command { std: "docker" "inspect" "497a004feecf3bf3d5a8a7f556ec629ef00b00650c9e74e119d5c0aed1cda9f6", kill_on_drop: false }`
[INFO] running `Command { std: "docker" "exec" "-e" "SOURCE_DIR=/opt/rustwide/workdir" "-e" "CARGO_HOME=/opt/rustwide/cargo-home" "-e" "RUSTUP_HOME=/opt/rustwide/rustup-home" "-e" "CARGO_TARGET_DIR=/opt/rustwide/target" "-e" "CARGO_INCREMENTAL=0" "-e" "RUST_BACKTRACE=full" "-e" "RUSTFLAGS=--cap-lints=warn" "-e" "RUSTDOCFLAGS=--cap-lints=warn" "-w" "/opt/rustwide/workdir" "--user" "0:0" "497a004feecf3bf3d5a8a7f556ec629ef00b00650c9e74e119d5c0aed1cda9f6" "/opt/rustwide/cargo-home/bin/cargo" "+1.100.0-beta.1" "test" "--frozen" "--release", kill_on_drop: false }`
[INFO] [stderr]     Finished `release` profile [optimized] target(s) in 0.24s
[INFO] [stderr]      Running unittests src/lib.rs (/opt/rustwide/target/release/build/sqlx-sqlite-conn-mgr/9992a78d01d53f79/out/sqlx_sqlite_conn_mgr-9992a78d01d53f79)
[INFO] [stdout] 
[INFO] [stdout] running 16 tests
[INFO] [stdout] test attached::tests::test_attach_readwrite_to_reader_fails ... ok
[INFO] [stdout] test attached::tests::test_attach_readwrite_to_writer ... ok
[INFO] [stdout] test attached::tests::test_attaching_same_databases_in_different_order_concurrently_no_deadlock ... ok
[INFO] [stdout] test attached::tests::test_attach_readonly_to_writer ... ok
[INFO] [stdout] test attached::tests::test_attach_readonly_to_reader ... ok
[INFO] [stdout] test attached::tests::test_path_with_single_quotes ... ok
[INFO] [stdout] test attached::tests::test_cross_database_join_query ... ok
[INFO] [stdout] test registry::tests::test_canonicalize_nonexistent_path ... ok
[INFO] [stdout] test registry::tests::test_canonicalize_path ... ok
[INFO] [stdout] test attached::tests::test_attach_multiple_databases ... ok
[INFO] [stdout] test attached::tests::test_main_db_in_attached_list_rejected ... ok
[INFO] [stdout] test attached::tests::test_duplicate_attached_database_rejected ... ok
[INFO] [stdout] test attached::tests::test_locks_released_on_drop ... ok
[INFO] [stdout] test attached::tests::test_invalid_schema_names_rejected ... ok
[INFO] [stdout] test attached::tests::test_sorting_attached_databases_prevents_deadlock ... ok
[INFO] [stdout] test attached::tests::test_attached_database_in_readwrite_mode_holds_writer_lock ... ok
[INFO] [stdout] 
[INFO] [stdout] test result: ok. 16 passed; 0 failed; 0 ignored; 0 measured; 0 filtered out; finished in 0.21s
[INFO] [stdout] 
[INFO] [stderr]      Running tests/attached_tests.rs (/opt/rustwide/target/release/build/sqlx-sqlite-conn-mgr/1d18e12beb97c24a/out/attached_tests-1d18e12beb97c24a)
[INFO] [stdout] 
[INFO] [stdout] running 8 tests
[INFO] [stdout] test test_attach_cannot_attach_readwrite_to_reader ... ok
[INFO] [stdout] test test_attach_invalid_schema_name ... ok
[INFO] [stdout] test test_attach_duplicate_database ... ok
[INFO] [stdout] test test_attach_readonly_allows_reads_only ... ok
[INFO] [stdout] test test_attach_readonly ... ok
[INFO] [stdout] test test_attach_readwrite_transaction ... ok
[INFO] [stdout] test test_attach_lock_ordering_prevents_deadlock ... ok
[INFO] [stdout] test test_attach_multiple_databases ... ok
[INFO] [stdout] 
[INFO] [stdout] test result: ok. 8 passed; 0 failed; 0 ignored; 0 measured; 0 filtered out; finished in 0.18s
[INFO] [stdout] 
[INFO] [stderr]      Running tests/database_tests.rs (/opt/rustwide/target/release/build/sqlx-sqlite-conn-mgr/bf5f226cee2b3574/out/database_tests-bf5f226cee2b3574)
[INFO] [stdout] 
[INFO] [stdout] running 15 tests
[INFO] [stdout] test test_database_closed_error ... FAILED
[INFO] [stdout] test test_db_instance_caching ... FAILED
[INFO] [stdout] test test_custom_config ... FAILED
[INFO] [stdout] test test_concurrent_reads_and_writes ... FAILED
[INFO] [stdout] test test_memory_databases_never_cached ... ok
[INFO] [stdout] test test_run_migrations_creates_schema ... FAILED
[INFO] [stdout] test test_run_migrations_on_closed_db_errors ... FAILED
[INFO] [stdout] test test_remove ... FAILED
[INFO] [stdout] test test_run_migrations_idempotent ... FAILED
[INFO] [stdout] test test_run_migrations_tracks_in_sqlx_table ... FAILED
[INFO] [stdout] test test_run_migrations_with_invalid_sql_fails ... FAILED
[INFO] [stdout] test test_wal_checkpoint_on_close ... FAILED
[INFO] [stdout] test test_write_serialization ... FAILED
[INFO] [stdout] test test_wal_mode_initialization ... FAILED
[INFO] [stdout] test test_concurrent_reads ... ok
[INFO] [stdout] 
[INFO] [stdout] failures:
[INFO] [stdout] 
[INFO] [stdout] ---- test_database_closed_error stdout ----
[INFO] [stdout] 
[INFO] [stdout] thread 'test_database_closed_error' (2066) panicked at tests/database_tests.rs:63:8:
[INFO] [stdout] Failed to connect to test database: Sqlx(Database(SqliteError { code: 14, message: "unable to open database file" }))
[INFO] [stdout] stack backtrace:
[INFO] [stdout]    0:     0x58577a458e01 - <<std[617be2ca0a6fd877]::sys::backtrace::BacktraceLock>::print::DisplayBacktrace as core[a373ad73a504971]::fmt::Display>::fmt
[INFO] [stdout]    1:     0x58577a46ed2a - core[a373ad73a504971]::fmt::write
[INFO] [stdout]    2:     0x58577a45d55c - <alloc[2e1b2a31b91974c5]::vec::Vec<u8> as core[a373ad73a504971]::io::write::Write>::write_fmt
[INFO] [stdout]    3:     0x58577a432a56 - std[617be2ca0a6fd877]::panicking::default_hook::{closure#0}
[INFO] [stdout]    4:     0x58577a450069 - std[617be2ca0a6fd877]::panicking::default_hook
[INFO] [stderr] error: test failed, to rerun pass `--test database_tests`
[INFO] [stdout]    5:     0x58577a1c2cc0 - test[aada8e7e76ba119b]::test_main_inner::{closure#0}
[INFO] [stdout]    6:     0x58577a450392 - std[617be2ca0a6fd877]::panicking::panic_with_hook
[INFO] [stdout]    7:     0x58577a432b02 - std[617be2ca0a6fd877]::panicking::panic_handler::{closure#0}
[INFO] [stdout]    8:     0x58577a42b499 - std[617be2ca0a6fd877]::sys::backtrace::__rust_end_short_backtrace::<std[617be2ca0a6fd877]::panicking::panic_handler::{closure#0}, !>
[INFO] [stdout]    9:     0x58577a43370d - __rustc[ea4f61d10b84890b]::rust_begin_unwind
[INFO] [stdout]   10:     0x58577a46f48c - core[a373ad73a504971]::panicking::panic_fmt
[INFO] [stdout]   11:     0x58577a46f262 - core[a373ad73a504971]::result::unwrap_failed
[INFO] [stdout]   12:     0x58577a16fbf1 - database_tests[b227c5e477f6e1ea]::test_database_closed_error::{closure#0}
[INFO] [stdout]   13:     0x58577a1a5f7b - <tokio[8ef40640139a7c50]::runtime::scheduler::current_thread::CurrentThread>::block_on::<core[a373ad73a504971]::pin::Pin<&mut dyn core[a373ad73a504971]::future::future::Future<Output = ()>>>
[INFO] [stdout]   14:     0x58577a1b2702 - <tokio[8ef40640139a7c50]::runtime::runtime::Runtime>::block_on::<core[a373ad73a504971]::pin::Pin<&mut dyn core[a373ad73a504971]::future::future::Future<Output = ()>>>
[INFO] [stdout]   15:     0x58577a17d26e - <database_tests[b227c5e477f6e1ea]::test_database_closed_error::{closure#0} as core[a373ad73a504971]::ops::function::FnOnce<()>>::call_once
[INFO] [stdout]   16:     0x58577a1b610b - test[aada8e7e76ba119b]::__rust_begin_short_backtrace::<core[a373ad73a504971]::result::Result<(), alloc[2e1b2a31b91974c5]::string::String>, fn() -> core[a373ad73a504971]::result::Result<(), alloc[2e1b2a31b91974c5]::string::String>>
[INFO] [stdout]   17:     0x58577a1c32e5 - test[aada8e7e76ba119b]::run_test::{closure#0}
[INFO] [stdout]   18:     0x58577a1bcbd4 - std[617be2ca0a6fd877]::sys::backtrace::__rust_begin_short_backtrace::<test[aada8e7e76ba119b]::run_test::{closure#1}, ()>
[INFO] [stdout]   19:     0x58577a1c6372 - <std[617be2ca0a6fd877]::thread::lifecycle::spawn_unchecked<test[aada8e7e76ba119b]::run_test::{closure#1}, ()>::{closure#1} as core[a373ad73a504971]::ops::function::FnOnce<()>>::call_once::{shim:vtable#0}
[INFO] [stdout]   20:     0x58577a4580df - <std[617be2ca0a6fd877]::sys::thread::unix::Thread>::new::thread_start
[INFO] [stdout]   21:     0x7fcc3be10dfa - <unknown>
[INFO] [stdout]   22:     0x7fcc3bea43d4 - clone
[INFO] [stdout]   23:                0x0 - <unknown>
[INFO] [stdout] 
[INFO] [stdout] ---- test_db_instance_caching stdout ----
[INFO] [stdout] 
[INFO] [stdout] thread 'test_db_instance_caching' (2067) panicked at tests/database_tests.rs:251:62:
[INFO] [stdout] called `Result::unwrap()` on an `Err` value: Sqlx(Database(SqliteError { code: 14, message: "unable to open database file" }))
[INFO] [stdout] stack backtrace:
[INFO] [stdout]    0:     0x58577a458e01 - <<std[617be2ca0a6fd877]::sys::backtrace::BacktraceLock>::print::DisplayBacktrace as core[a373ad73a504971]::fmt::Display>::fmt
[INFO] [stdout]    1:     0x58577a46ed2a - core[a373ad73a504971]::fmt::write
[INFO] [stdout]    2:     0x58577a45d55c - <alloc[2e1b2a31b91974c5]::vec::Vec<u8> as core[a373ad73a504971]::io::write::Write>::write_fmt
[INFO] [stdout]    3:     0x58577a432a56 - std[617be2ca0a6fd877]::panicking::default_hook::{closure#0}
[INFO] [stdout]    4:     0x58577a450069 - std[617be2ca0a6fd877]::panicking::default_hook
[INFO] [stdout]    5:     0x58577a1c2cc0 - test[aada8e7e76ba119b]::test_main_inner::{closure#0}
[INFO] [stdout]    6:     0x58577a450392 - std[617be2ca0a6fd877]::panicking::panic_with_hook
[INFO] [stdout]    7:     0x58577a432b02 - std[617be2ca0a6fd877]::panicking::panic_handler::{closure#0}
[INFO] [stdout]    8:     0x58577a42b499 - std[617be2ca0a6fd877]::sys::backtrace::__rust_end_short_backtrace::<std[617be2ca0a6fd877]::panicking::panic_handler::{closure#0}, !>
[INFO] [stdout]    9:     0x58577a43370d - __rustc[ea4f61d10b84890b]::rust_begin_unwind
[INFO] [stdout]   10:     0x58577a46f48c - core[a373ad73a504971]::panicking::panic_fmt
[INFO] [stdout]   11:     0x58577a46f262 - core[a373ad73a504971]::result::unwrap_failed
[INFO] [stdout]   12:     0x58577a16e75f - database_tests[b227c5e477f6e1ea]::test_db_instance_caching::{closure#0}
[INFO] [stdout]   13:     0x58577a1a5f7b - <tokio[8ef40640139a7c50]::runtime::scheduler::current_thread::CurrentThread>::block_on::<core[a373ad73a504971]::pin::Pin<&mut dyn core[a373ad73a504971]::future::future::Future<Output = ()>>>
[INFO] [stdout]   14:     0x58577a1b2702 - <tokio[8ef40640139a7c50]::runtime::runtime::Runtime>::block_on::<core[a373ad73a504971]::pin::Pin<&mut dyn core[a373ad73a504971]::future::future::Future<Output = ()>>>
[INFO] [stdout]   15:     0x58577a17cfae - <database_tests[b227c5e477f6e1ea]::test_db_instance_caching::{closure#0} as core[a373ad73a504971]::ops::function::FnOnce<()>>::call_once
[INFO] [stdout]   16:     0x58577a1b610b - test[aada8e7e76ba119b]::__rust_begin_short_backtrace::<core[a373ad73a504971]::result::Result<(), alloc[2e1b2a31b91974c5]::string::String>, fn() -> core[a373ad73a504971]::result::Result<(), alloc[2e1b2a31b91974c5]::string::String>>
[INFO] [stdout]   17:     0x58577a1c32e5 - test[aada8e7e76ba119b]::run_test::{closure#0}
[INFO] [stdout]   18:     0x58577a1bcbd4 - std[617be2ca0a6fd877]::sys::backtrace::__rust_begin_short_backtrace::<test[aada8e7e76ba119b]::run_test::{closure#1}, ()>
[INFO] [stdout]   19:     0x58577a1c6372 - <std[617be2ca0a6fd877]::thread::lifecycle::spawn_unchecked<test[aada8e7e76ba119b]::run_test::{closure#1}, ()>::{closure#1} as core[a373ad73a504971]::ops::function::FnOnce<()>>::call_once::{shim:vtable#0}
[INFO] [stdout]   20:     0x58577a4580df - <std[617be2ca0a6fd877]::sys::thread::unix::Thread>::new::thread_start
[INFO] [stdout]   21:     0x7fcc3be10dfa - <unknown>
[INFO] [stdout]   22:     0x7fcc3bea43d4 - clone
[INFO] [stdout]   23:                0x0 - <unknown>
[INFO] [stdout] 
[INFO] [stdout] ---- test_custom_config stdout ----
[INFO] [stdout] 
[INFO] [stdout] thread 'test_custom_config' (2065) panicked at tests/database_tests.rs:205:8:
[INFO] [stdout] called `Result::unwrap()` on an `Err` value: Sqlx(Database(SqliteError { code: 14, message: "unable to open database file" }))
[INFO] [stdout] stack backtrace:
[INFO] [stdout]    0:     0x58577a458e01 - <<std[617be2ca0a6fd877]::sys::backtrace::BacktraceLock>::print::DisplayBacktrace as core[a373ad73a504971]::fmt::Display>::fmt
[INFO] [stdout]    1:     0x58577a46ed2a - core[a373ad73a504971]::fmt::write
[INFO] [stdout]    2:     0x58577a45d55c - <alloc[2e1b2a31b91974c5]::vec::Vec<u8> as core[a373ad73a504971]::io::write::Write>::write_fmt
[INFO] [stdout]    3:     0x58577a432a56 - std[617be2ca0a6fd877]::panicking::default_hook::{closure#0}
[INFO] [stdout]    4:     0x58577a450069 - std[617be2ca0a6fd877]::panicking::default_hook
[INFO] [stdout]    5:     0x58577a1c2cc0 - test[aada8e7e76ba119b]::test_main_inner::{closure#0}
[INFO] [stdout]    6:     0x58577a450392 - std[617be2ca0a6fd877]::panicking::panic_with_hook
[INFO] [stdout]    7:     0x58577a432b02 - std[617be2ca0a6fd877]::panicking::panic_handler::{closure#0}
[INFO] [stdout]    8:     0x58577a42b499 - std[617be2ca0a6fd877]::sys::backtrace::__rust_end_short_backtrace::<std[617be2ca0a6fd877]::panicking::panic_handler::{closure#0}, !>
[INFO] [stdout]    9:     0x58577a43370d - __rustc[ea4f61d10b84890b]::rust_begin_unwind
[INFO] [stdout]   10:     0x58577a46f48c - core[a373ad73a504971]::panicking::panic_fmt
[INFO] [stdout]   11:     0x58577a46f262 - core[a373ad73a504971]::result::unwrap_failed
[INFO] [stdout]   12:     0x58577a16dd14 - database_tests[b227c5e477f6e1ea]::test_custom_config::{closure#0}
[INFO] [stdout]   13:     0x58577a1a5f7b - <tokio[8ef40640139a7c50]::runtime::scheduler::current_thread::CurrentThread>::block_on::<core[a373ad73a504971]::pin::Pin<&mut dyn core[a373ad73a504971]::future::future::Future<Output = ()>>>
[INFO] [stdout]   14:     0x58577a1b2702 - <tokio[8ef40640139a7c50]::runtime::runtime::Runtime>::block_on::<core[a373ad73a504971]::pin::Pin<&mut dyn core[a373ad73a504971]::future::future::Future<Output = ()>>>
[INFO] [stdout]   15:     0x58577a17ccee - <database_tests[b227c5e477f6e1ea]::test_custom_config::{closure#0} as core[a373ad73a504971]::ops::function::FnOnce<()>>::call_once
[INFO] [stdout]   16:     0x58577a1b610b - test[aada8e7e76ba119b]::__rust_begin_short_backtrace::<core[a373ad73a504971]::result::Result<(), alloc[2e1b2a31b91974c5]::string::String>, fn() -> core[a373ad73a504971]::result::Result<(), alloc[2e1b2a31b91974c5]::string::String>>
[INFO] [stdout]   17:     0x58577a1c32e5 - test[aada8e7e76ba119b]::run_test::{closure#0}
[INFO] [stdout]   18:     0x58577a1bcbd4 - std[617be2ca0a6fd877]::sys::backtrace::__rust_begin_short_backtrace::<test[aada8e7e76ba119b]::run_test::{closure#1}, ()>
[INFO] [stdout]   19:     0x58577a1c6372 - <std[617be2ca0a6fd877]::thread::lifecycle::spawn_unchecked<test[aada8e7e76ba119b]::run_test::{closure#1}, ()>::{closure#1} as core[a373ad73a504971]::ops::function::FnOnce<()>>::call_once::{shim:vtable#0}
[INFO] [stdout]   20:     0x58577a4580df - <std[617be2ca0a6fd877]::sys::thread::unix::Thread>::new::thread_start
[INFO] [stdout]   21:     0x7fcc3be10dfa - <unknown>
[INFO] [stdout]   22:     0x7fcc3bea43d4 - clone
[INFO] [stdout]   23:                0x0 - <unknown>
[INFO] [stdout] 
[INFO] [stdout] ---- test_concurrent_reads_and_writes stdout ----
[INFO] [stdout] 
[INFO] [stdout] thread 'test_concurrent_reads_and_writes' (2064) panicked at tests/database_tests.rs:330:56:
[INFO] [stdout] called `Result::unwrap()` on an `Err` value: Sqlx(Database(SqliteError { code: 14, message: "unable to open database file" }))
[INFO] [stdout] stack backtrace:
[INFO] [stdout]    0:     0x58577a458e01 - <<std[617be2ca0a6fd877]::sys::backtrace::BacktraceLock>::print::DisplayBacktrace as core[a373ad73a504971]::fmt::Display>::fmt
[INFO] [stdout]    1:     0x58577a46ed2a - core[a373ad73a504971]::fmt::write
[INFO] [stdout]    2:     0x58577a45d55c - <alloc[2e1b2a31b91974c5]::vec::Vec<u8> as core[a373ad73a504971]::io::write::Write>::write_fmt
[INFO] [stdout]    3:     0x58577a432a56 - std[617be2ca0a6fd877]::panicking::default_hook::{closure#0}
[INFO] [stdout]    4:     0x58577a450069 - std[617be2ca0a6fd877]::panicking::default_hook
[INFO] [stdout]    5:     0x58577a1c2cc0 - test[aada8e7e76ba119b]::test_main_inner::{closure#0}
[INFO] [stdout]    6:     0x58577a450392 - std[617be2ca0a6fd877]::panicking::panic_with_hook
[INFO] [stdout]    7:     0x58577a432b02 - std[617be2ca0a6fd877]::panicking::panic_handler::{closure#0}
[INFO] [stdout]    8:     0x58577a42b499 - std[617be2ca0a6fd877]::sys::backtrace::__rust_end_short_backtrace::<std[617be2ca0a6fd877]::panicking::panic_handler::{closure#0}, !>
[INFO] [stdout]    9:     0x58577a43370d - __rustc[ea4f61d10b84890b]::rust_begin_unwind
[INFO] [stdout]   10:     0x58577a46f48c - core[a373ad73a504971]::panicking::panic_fmt
[INFO] [stdout]   11:     0x58577a46f262 - core[a373ad73a504971]::result::unwrap_failed
[INFO] [stdout]   12:     0x58577a172ea8 - database_tests[b227c5e477f6e1ea]::test_concurrent_reads_and_writes::{closure#0}
[INFO] [stdout]   13:     0x58577a1a5f7b - <tokio[8ef40640139a7c50]::runtime::scheduler::current_thread::CurrentThread>::block_on::<core[a373ad73a504971]::pin::Pin<&mut dyn core[a373ad73a504971]::future::future::Future<Output = ()>>>
[INFO] [stdout]   14:     0x58577a1b2702 - <tokio[8ef40640139a7c50]::runtime::runtime::Runtime>::block_on::<core[a373ad73a504971]::pin::Pin<&mut dyn core[a373ad73a504971]::future::future::Future<Output = ()>>>
[INFO] [stdout]   15:     0x58577a17d7ee - <database_tests[b227c5e477f6e1ea]::test_concurrent_reads_and_writes::{closure#0} as core[a373ad73a504971]::ops::function::FnOnce<()>>::call_once
[INFO] [stdout]   16:     0x58577a1b610b - test[aada8e7e76ba119b]::__rust_begin_short_backtrace::<core[a373ad73a504971]::result::Result<(), alloc[2e1b2a31b91974c5]::string::String>, fn() -> core[a373ad73a504971]::result::Result<(), alloc[2e1b2a31b91974c5]::string::String>>
[INFO] [stdout]   17:     0x58577a1c32e5 - test[aada8e7e76ba119b]::run_test::{closure#0}
[INFO] [stdout]   18:     0x58577a1bcbd4 - std[617be2ca0a6fd877]::sys::backtrace::__rust_begin_short_backtrace::<test[aada8e7e76ba119b]::run_test::{closure#1}, ()>
[INFO] [stdout]   19:     0x58577a1c6372 - <std[617be2ca0a6fd877]::thread::lifecycle::spawn_unchecked<test[aada8e7e76ba119b]::run_test::{closure#1}, ()>::{closure#1} as core[a373ad73a504971]::ops::function::FnOnce<()>>::call_once::{shim:vtable#0}
[INFO] [stdout]   20:     0x58577a4580df - <std[617be2ca0a6fd877]::sys::thread::unix::Thread>::new::thread_start
[INFO] [stdout]   21:     0x7fcc3be10dfa - <unknown>
[INFO] [stdout]   22:     0x7fcc3bea43d4 - clone
[INFO] [stdout]   23:                0x0 - <unknown>
[INFO] [stdout] 
[INFO] [stdout] ---- test_run_migrations_creates_schema stdout ----
[INFO] [stdout] 
[INFO] [stdout] thread 'test_run_migrations_creates_schema' (2071) panicked at tests/database_tests.rs:413:56:
[INFO] [stdout] called `Result::unwrap()` on an `Err` value: Sqlx(Database(SqliteError { code: 14, message: "unable to open database file" }))
[INFO] [stdout] stack backtrace:
[INFO] [stdout]    0:     0x58577a458e01 - <<std[617be2ca0a6fd877]::sys::backtrace::BacktraceLock>::print::DisplayBacktrace as core[a373ad73a504971]::fmt::Display>::fmt
[INFO] [stdout]    1:     0x58577a46ed2a - core[a373ad73a504971]::fmt::write
[INFO] [stdout]    2:     0x58577a45d55c - <alloc[2e1b2a31b91974c5]::vec::Vec<u8> as core[a373ad73a504971]::io::write::Write>::write_fmt
[INFO] [stdout]    3:     0x58577a432a56 - std[617be2ca0a6fd877]::panicking::default_hook::{closure#0}
[INFO] [stdout]    4:     0x58577a450069 - std[617be2ca0a6fd877]::panicking::default_hook
[INFO] [stdout]    5:     0x58577a1c2cc0 - test[aada8e7e76ba119b]::test_main_inner::{closure#0}
[INFO] [stdout]    6:     0x58577a450392 - std[617be2ca0a6fd877]::panicking::panic_with_hook
[INFO] [stdout]    7:     0x58577a432b02 - std[617be2ca0a6fd877]::panicking::panic_handler::{closure#0}
[INFO] [stdout]    8:     0x58577a42b499 - std[617be2ca0a6fd877]::sys::backtrace::__rust_end_short_backtrace::<std[617be2ca0a6fd877]::panicking::panic_handler::{closure#0}, !>
[INFO] [stdout]    9:     0x58577a43370d - __rustc[ea4f61d10b84890b]::rust_begin_unwind
[INFO] [stdout]   10:     0x58577a46f48c - core[a373ad73a504971]::panicking::panic_fmt
[INFO] [stdout]   11:     0x58577a46f262 - core[a373ad73a504971]::result::unwrap_failed
[INFO] [stdout]   12:     0x58577a17450e - database_tests[b227c5e477f6e1ea]::test_run_migrations_creates_schema::{closure#0}
[INFO] [stdout]   13:     0x58577a1a5f7b - <tokio[8ef40640139a7c50]::runtime::scheduler::current_thread::CurrentThread>::block_on::<core[a373ad73a504971]::pin::Pin<&mut dyn core[a373ad73a504971]::future::future::Future<Output = ()>>>
[INFO] [stdout]   14:     0x58577a1b2702 - <tokio[8ef40640139a7c50]::runtime::runtime::Runtime>::block_on::<core[a373ad73a504971]::pin::Pin<&mut dyn core[a373ad73a504971]::future::future::Future<Output = ()>>>
[INFO] [stdout]   15:     0x58577a17daae - <database_tests[b227c5e477f6e1ea]::test_run_migrations_creates_schema::{closure#0} as core[a373ad73a504971]::ops::function::FnOnce<()>>::call_once
[INFO] [stdout]   16:     0x58577a1b610b - test[aada8e7e76ba119b]::__rust_begin_short_backtrace::<core[a373ad73a504971]::result::Result<(), alloc[2e1b2a31b91974c5]::string::String>, fn() -> core[a373ad73a504971]::result::Result<(), alloc[2e1b2a31b91974c5]::string::String>>
[INFO] [stdout]   17:     0x58577a1c32e5 - test[aada8e7e76ba119b]::run_test::{closure#0}
[INFO] [stdout]   18:     0x58577a1bcbd4 - std[617be2ca0a6fd877]::sys::backtrace::__rust_begin_short_backtrace::<test[aada8e7e76ba119b]::run_test::{closure#1}, ()>
[INFO] [stdout]   19:     0x58577a1c6372 - <std[617be2ca0a6fd877]::thread::lifecycle::spawn_unchecked<test[aada8e7e76ba119b]::run_test::{closure#1}, ()>::{closure#1} as core[a373ad73a504971]::ops::function::FnOnce<()>>::call_once::{shim:vtable#0}
[INFO] [stdout]   20:     0x58577a4580df - <std[617be2ca0a6fd877]::sys::thread::unix::Thread>::new::thread_start
[INFO] [stdout]   21:     0x7fcc3be10dfa - <unknown>
[INFO] [stdout]   22:     0x7fcc3bea43d4 - clone
[INFO] [stdout]   23:                0x0 - <unknown>
[INFO] [stdout] 
[INFO] [stdout] ---- test_run_migrations_on_closed_db_errors stdout ----
[INFO] [stdout] 
[INFO] [stdout] thread 'test_run_migrations_on_closed_db_errors' (2077) panicked at tests/database_tests.rs:508:56:
[INFO] [stdout] called `Result::unwrap()` on an `Err` value: Sqlx(Database(SqliteError { code: 14, message: "unable to open database file" }))
[INFO] [stdout] stack backtrace:
[INFO] [stdout]    0:     0x58577a458e01 - <<std[617be2ca0a6fd877]::sys::backtrace::BacktraceLock>::print::DisplayBacktrace as core[a373ad73a504971]::fmt::Display>::fmt
[INFO] [stdout]    1:     0x58577a46ed2a - core[a373ad73a504971]::fmt::write
[INFO] [stdout]    2:     0x58577a45d55c - <alloc[2e1b2a31b91974c5]::vec::Vec<u8> as core[a373ad73a504971]::io::write::Write>::write_fmt
[INFO] [stdout]    3:     0x58577a432a56 - std[617be2ca0a6fd877]::panicking::default_hook::{closure#0}
[INFO] [stdout]    4:     0x58577a450069 - std[617be2ca0a6fd877]::panicking::default_hook
[INFO] [stdout]    5:     0x58577a1c2cc0 - test[aada8e7e76ba119b]::test_main_inner::{closure#0}
[INFO] [stdout]    6:     0x58577a450392 - std[617be2ca0a6fd877]::panicking::panic_with_hook
[INFO] [stdout]    7:     0x58577a432b02 - std[617be2ca0a6fd877]::panicking::panic_handler::{closure#0}
[INFO] [stdout]    8:     0x58577a42b499 - std[617be2ca0a6fd877]::sys::backtrace::__rust_end_short_backtrace::<std[617be2ca0a6fd877]::panicking::panic_handler::{closure#0}, !>
[INFO] [stdout]    9:     0x58577a43370d - __rustc[ea4f61d10b84890b]::rust_begin_unwind
[INFO] [stdout]   10:     0x58577a46f48c - core[a373ad73a504971]::panicking::panic_fmt
[INFO] [stdout]   11:     0x58577a46f262 - core[a373ad73a504971]::result::unwrap_failed
[INFO] [stdout]   12:     0x58577a174d54 - database_tests[b227c5e477f6e1ea]::test_run_migrations_on_closed_db_errors::{closure#0}
[INFO] [stdout]   13:     0x58577a1a5f7b - <tokio[8ef40640139a7c50]::runtime::scheduler::current_thread::CurrentThread>::block_on::<core[a373ad73a504971]::pin::Pin<&mut dyn core[a373ad73a504971]::future::future::Future<Output = ()>>>
[INFO] [stdout]   14:     0x58577a1b2702 - <tokio[8ef40640139a7c50]::runtime::runtime::Runtime>::block_on::<core[a373ad73a504971]::pin::Pin<&mut dyn core[a373ad73a504971]::future::future::Future<Output = ()>>>
[INFO] [stdout]   15:     0x58577a17dc0e - <database_tests[b227c5e477f6e1ea]::test_run_migrations_on_closed_db_errors::{closure#0} as core[a373ad73a504971]::ops::function::FnOnce<()>>::call_once
[INFO] [stdout]   16:     0x58577a1b610b - test[aada8e7e76ba119b]::__rust_begin_short_backtrace::<core[a373ad73a504971]::result::Result<(), alloc[2e1b2a31b91974c5]::string::String>, fn() -> core[a373ad73a504971]::result::Result<(), alloc[2e1b2a31b91974c5]::string::String>>
[INFO] [stdout]   17:     0x58577a1c32e5 - test[aada8e7e76ba119b]::run_test::{closure#0}
[INFO] [stdout]   18:     0x58577a1bcbd4 - std[617be2ca0a6fd877]::sys::backtrace::__rust_begin_short_backtrace::<test[aada8e7e76ba119b]::run_test::{closure#1}, ()>
[INFO] [stdout]   19:     0x58577a1c6372 - <std[617be2ca0a6fd877]::thread::lifecycle::spawn_unchecked<test[aada8e7e76ba119b]::run_test::{closure#1}, ()>::{closure#1} as core[a373ad73a504971]::ops::function::FnOnce<()>>::call_once::{shim:vtable#0}
[INFO] [stdout]   20:     0x58577a4580df - <std[617be2ca0a6fd877]::sys::thread::unix::Thread>::new::thread_start
[INFO] [stdout]   21:     0x7fcc3be10dfa - <unknown>
[INFO] [stdout]   22:     0x7fcc3bea43d4 - clone
[INFO] [stdout]   23:                0x0 - <unknown>
[INFO] [stdout] 
[INFO] [stdout] ---- test_remove stdout ----
[INFO] [stdout] 
[INFO] [stdout] thread 'test_remove' (2070) panicked at tests/database_tests.rs:167:61:
[INFO] [stdout] called `Result::unwrap()` on an `Err` value: Sqlx(Database(SqliteError { code: 14, message: "unable to open database file" }))
[INFO] [stdout] stack backtrace:
[INFO] [stdout]    0:     0x58577a458e01 - <<std[617be2ca0a6fd877]::sys::backtrace::BacktraceLock>::print::DisplayBacktrace as core[a373ad73a504971]::fmt::Display>::fmt
[INFO] [stdout]    1:     0x58577a46ed2a - core[a373ad73a504971]::fmt::write
[INFO] [stdout]    2:     0x58577a45d55c - <alloc[2e1b2a31b91974c5]::vec::Vec<u8> as core[a373ad73a504971]::io::write::Write>::write_fmt
[INFO] [stdout]    3:     0x58577a432a56 - std[617be2ca0a6fd877]::panicking::default_hook::{closure#0}
[INFO] [stdout]    4:     0x58577a450069 - std[617be2ca0a6fd877]::panicking::default_hook
[INFO] [stdout]    5:     0x58577a1c2cc0 - test[aada8e7e76ba119b]::test_main_inner::{closure#0}
[INFO] [stdout]    6:     0x58577a450392 - std[617be2ca0a6fd877]::panicking::panic_with_hook
[INFO] [stdout]    7:     0x58577a432b02 - std[617be2ca0a6fd877]::panicking::panic_handler::{closure#0}
[INFO] [stdout]    8:     0x58577a42b499 - std[617be2ca0a6fd877]::sys::backtrace::__rust_end_short_backtrace::<std[617be2ca0a6fd877]::panicking::panic_handler::{closure#0}, !>
[INFO] [stdout]    9:     0x58577a43370d - __rustc[ea4f61d10b84890b]::rust_begin_unwind
[INFO] [stdout]   10:     0x58577a46f48c - core[a373ad73a504971]::panicking::panic_fmt
[INFO] [stdout]   11:     0x58577a46f262 - core[a373ad73a504971]::result::unwrap_failed
[INFO] [stdout]   12:     0x58577a16d6c6 - database_tests[b227c5e477f6e1ea]::test_remove::{closure#0}
[INFO] [stdout]   13:     0x58577a1a5f7b - <tokio[8ef40640139a7c50]::runtime::scheduler::current_thread::CurrentThread>::block_on::<core[a373ad73a504971]::pin::Pin<&mut dyn core[a373ad73a504971]::future::future::Future<Output = ()>>>
[INFO] [stdout]   14:     0x58577a1b2702 - <tokio[8ef40640139a7c50]::runtime::runtime::Runtime>::block_on::<core[a373ad73a504971]::pin::Pin<&mut dyn core[a373ad73a504971]::future::future::Future<Output = ()>>>
[INFO] [stdout]   15:     0x58577a17cb8e - <database_tests[b227c5e477f6e1ea]::test_remove::{closure#0} as core[a373ad73a504971]::ops::function::FnOnce<()>>::call_once
[INFO] [stdout]   16:     0x58577a1b610b - test[aada8e7e76ba119b]::__rust_begin_short_backtrace::<core[a373ad73a504971]::result::Result<(), alloc[2e1b2a31b91974c5]::string::String>, fn() -> core[a373ad73a504971]::result::Result<(), alloc[2e1b2a31b91974c5]::string::String>>
[INFO] [stdout]   17:     0x58577a1c32e5 - test[aada8e7e76ba119b]::run_test::{closure#0}
[INFO] [stdout]   18:     0x58577a1bcbd4 - std[617be2ca0a6fd877]::sys::backtrace::__rust_begin_short_backtrace::<test[aada8e7e76ba119b]::run_test::{closure#1}, ()>
[INFO] [stdout]   19:     0x58577a1c6372 - <std[617be2ca0a6fd877]::thread::lifecycle::spawn_unchecked<test[aada8e7e76ba119b]::run_test::{closure#1}, ()>::{closure#1} as core[a373ad73a504971]::ops::function::FnOnce<()>>::call_once::{shim:vtable#0}
[INFO] [stdout]   20:     0x58577a4580df - <std[617be2ca0a6fd877]::sys::thread::unix::Thread>::new::thread_start
[INFO] [stdout]   21:     0x7fcc3be10dfa - <unknown>
[INFO] [stdout]   22:     0x7fcc3bea43d4 - clone
[INFO] [stdout]   23:                0x0 - <unknown>
[INFO] [stdout] 
[INFO] [stdout] ---- test_run_migrations_idempotent stdout ----
[INFO] [stdout] 
[INFO] [stdout] thread 'test_run_migrations_idempotent' (2074) panicked at tests/database_tests.rs:452:56:
[INFO] [stdout] called `Result::unwrap()` on an `Err` value: Sqlx(Database(SqliteError { code: 14, message: "unable to open database file" }))
[INFO] [stdout] stack backtrace:
[INFO] [stdout]    0:     0x58577a458e01 - <<std[617be2ca0a6fd877]::sys::backtrace::BacktraceLock>::print::DisplayBacktrace as core[a373ad73a504971]::fmt::Display>::fmt
[INFO] [stdout]    1:     0x58577a46ed2a - core[a373ad73a504971]::fmt::write
[INFO] [stdout]    2:     0x58577a45d55c - <alloc[2e1b2a31b91974c5]::vec::Vec<u8> as core[a373ad73a504971]::io::write::Write>::write_fmt
[INFO] [stdout]    3:     0x58577a432a56 - std[617be2ca0a6fd877]::panicking::default_hook::{closure#0}
[INFO] [stdout]    4:     0x58577a450069 - std[617be2ca0a6fd877]::panicking::default_hook
[INFO] [stdout]    5:     0x58577a1c2cc0 - test[aada8e7e76ba119b]::test_main_inner::{closure#0}
[INFO] [stdout]    6:     0x58577a450392 - std[617be2ca0a6fd877]::panicking::panic_with_hook
[INFO] [stdout]    7:     0x58577a432b02 - std[617be2ca0a6fd877]::panicking::panic_handler::{closure#0}
[INFO] [stdout]    8:     0x58577a42b499 - std[617be2ca0a6fd877]::sys::backtrace::__rust_end_short_backtrace::<std[617be2ca0a6fd877]::panicking::panic_handler::{closure#0}, !>
[INFO] [stdout]    9:     0x58577a43370d - __rustc[ea4f61d10b84890b]::rust_begin_unwind
[INFO] [stdout]   10:     0x58577a46f48c - core[a373ad73a504971]::panicking::panic_fmt
[INFO] [stdout]   11:     0x58577a46f262 - core[a373ad73a504971]::result::unwrap_failed
[INFO] [stdout]   12:     0x58577a1722fe - database_tests[b227c5e477f6e1ea]::test_run_migrations_idempotent::{closure#0}
[INFO] [stdout]   13:     0x58577a1a5f7b - <tokio[8ef40640139a7c50]::runtime::scheduler::current_thread::CurrentThread>::block_on::<core[a373ad73a504971]::pin::Pin<&mut dyn core[a373ad73a504971]::future::future::Future<Output = ()>>>
[INFO] [stdout]   14:     0x58577a1b2702 - <tokio[8ef40640139a7c50]::runtime::runtime::Runtime>::block_on::<core[a373ad73a504971]::pin::Pin<&mut dyn core[a373ad73a504971]::future::future::Future<Output = ()>>>
[INFO] [stdout]   15:     0x58577a17d68e - <database_tests[b227c5e477f6e1ea]::test_run_migrations_idempotent::{closure#0} as core[a373ad73a504971]::ops::function::FnOnce<()>>::call_once
[INFO] [stdout]   16:     0x58577a1b610b - test[aada8e7e76ba119b]::__rust_begin_short_backtrace::<core[a373ad73a504971]::result::Result<(), alloc[2e1b2a31b91974c5]::string::String>, fn() -> core[a373ad73a504971]::result::Result<(), alloc[2e1b2a31b91974c5]::string::String>>
[INFO] [stdout]   17:     0x58577a1c32e5 - test[aada8e7e76ba119b]::run_test::{closure#0}
[INFO] [stdout]   18:     0x58577a1bcbd4 - std[617be2ca0a6fd877]::sys::backtrace::__rust_begin_short_backtrace::<test[aada8e7e76ba119b]::run_test::{closure#1}, ()>
[INFO] [stdout]   19:     0x58577a1c6372 - <std[617be2ca0a6fd877]::thread::lifecycle::spawn_unchecked<test[aada8e7e76ba119b]::run_test::{closure#1}, ()>::{closure#1} as core[a373ad73a504971]::ops::function::FnOnce<()>>::call_once::{shim:vtable#0}
[INFO] [stdout]   20:     0x58577a4580df - <std[617be2ca0a6fd877]::sys::thread::unix::Thread>::new::thread_start
[INFO] [stdout]   21:     0x7fcc3be10dfa - <unknown>
[INFO] [stdout]   22:     0x7fcc3bea43d4 - clone
[INFO] [stdout]   23:                0x0 - <unknown>
[INFO] [stdout] 
[INFO] [stdout] ---- test_run_migrations_tracks_in_sqlx_table stdout ----
[INFO] [stdout] 
[INFO] [stdout] thread 'test_run_migrations_tracks_in_sqlx_table' (2078) panicked at tests/database_tests.rs:481:56:
[INFO] [stdout] called `Result::unwrap()` on an `Err` value: Sqlx(Database(SqliteError { code: 14, message: "unable to open database file" }))
[INFO] [stdout] stack backtrace:
[INFO] [stdout]    0:     0x58577a458e01 - <<std[617be2ca0a6fd877]::sys::backtrace::BacktraceLock>::print::DisplayBacktrace as core[a373ad73a504971]::fmt::Display>::fmt
[INFO] [stdout]    1:     0x58577a46ed2a - core[a373ad73a504971]::fmt::write
[INFO] [stdout]    2:     0x58577a45d55c - <alloc[2e1b2a31b91974c5]::vec::Vec<u8> as core[a373ad73a504971]::io::write::Write>::write_fmt
[INFO] [stdout]    3:     0x58577a432a56 - std[617be2ca0a6fd877]::panicking::default_hook::{closure#0}
[INFO] [stdout]    4:     0x58577a450069 - std[617be2ca0a6fd877]::panicking::default_hook
[INFO] [stdout]    5:     0x58577a1c2cc0 - test[aada8e7e76ba119b]::test_main_inner::{closure#0}
[INFO] [stdout]    6:     0x58577a450392 - std[617be2ca0a6fd877]::panicking::panic_with_hook
[INFO] [stdout]    7:     0x58577a432b02 - std[617be2ca0a6fd877]::panicking::panic_handler::{closure#0}
[INFO] [stdout]    8:     0x58577a42b499 - std[617be2ca0a6fd877]::sys::backtrace::__rust_end_short_backtrace::<std[617be2ca0a6fd877]::panicking::panic_handler::{closure#0}, !>
[INFO] [stdout]    9:     0x58577a43370d - __rustc[ea4f61d10b84890b]::rust_begin_unwind
[INFO] [stdout]   10:     0x58577a46f48c - core[a373ad73a504971]::panicking::panic_fmt
[INFO] [stdout]   11:     0x58577a46f262 - core[a373ad73a504971]::result::unwrap_failed
[INFO] [stdout]   12:     0x58577a17556e - database_tests[b227c5e477f6e1ea]::test_run_migrations_tracks_in_sqlx_table::{closure#0}
[INFO] [stdout]   13:     0x58577a1a5f7b - <tokio[8ef40640139a7c50]::runtime::scheduler::current_thread::CurrentThread>::block_on::<core[a373ad73a504971]::pin::Pin<&mut dyn core[a373ad73a504971]::future::future::Future<Output = ()>>>
[INFO] [stdout]   14:     0x58577a1b2702 - <tokio[8ef40640139a7c50]::runtime::runtime::Runtime>::block_on::<core[a373ad73a504971]::pin::Pin<&mut dyn core[a373ad73a504971]::future::future::Future<Output = ()>>>
[INFO] [stdout]   15:     0x58577a17dd6e - <database_tests[b227c5e477f6e1ea]::test_run_migrations_tracks_in_sqlx_table::{closure#0} as core[a373ad73a504971]::ops::function::FnOnce<()>>::call_once
[INFO] [stdout]   16:     0x58577a1b610b - test[aada8e7e76ba119b]::__rust_begin_short_backtrace::<core[a373ad73a504971]::result::Result<(), alloc[2e1b2a31b91974c5]::string::String>, fn() -> core[a373ad73a504971]::result::Result<(), alloc[2e1b2a31b91974c5]::string::String>>
[INFO] [stdout]   17:     0x58577a1c32e5 - test[aada8e7e76ba119b]::run_test::{closure#0}
[INFO] [stdout]   18:     0x58577a1bcbd4 - std[617be2ca0a6fd877]::sys::backtrace::__rust_begin_short_backtrace::<test[aada8e7e76ba119b]::run_test::{closure#1}, ()>
[INFO] [stdout]   19:     0x58577a1c6372 - <std[617be2ca0a6fd877]::thread::lifecycle::spawn_unchecked<test[aada8e7e76ba119b]::run_test::{closure#1}, ()>::{closure#1} as core[a373ad73a504971]::ops::function::FnOnce<()>>::call_once::{shim:vtable#0}
[INFO] [stdout]   20:     0x58577a4580df - <std[617be2ca0a6fd877]::sys::thread::unix::Thread>::new::thread_start
[INFO] [stdout]   21:     0x7fcc3be10dfa - <unknown>
[INFO] [stdout]   22:     0x7fcc3bea43d4 - clone
[INFO] [stdout]   23:                0x0 - <unknown>
[INFO] [stdout] 
[INFO] [stdout] ---- test_run_migrations_with_invalid_sql_fails stdout ----
[INFO] [stdout] 
[INFO] [stdout] thread 'test_run_migrations_with_invalid_sql_fails' (2080) panicked at tests/database_tests.rs:528:56:
[INFO] [stdout] called `Result::unwrap()` on an `Err` value: Sqlx(Database(SqliteError { code: 14, message: "unable to open database file" }))
[INFO] [stdout] stack backtrace:
[INFO] [stdout]    0:     0x58577a458e01 - <<std[617be2ca0a6fd877]::sys::backtrace::BacktraceLock>::print::DisplayBacktrace as core[a373ad73a504971]::fmt::Display>::fmt
[INFO] [stdout]    1:     0x58577a46ed2a - core[a373ad73a504971]::fmt::write
[INFO] [stdout]    2:     0x58577a45d55c - <alloc[2e1b2a31b91974c5]::vec::Vec<u8> as core[a373ad73a504971]::io::write::Write>::write_fmt
[INFO] [stdout]    3:     0x58577a432a56 - std[617be2ca0a6fd877]::panicking::default_hook::{closure#0}
[INFO] [stdout]    4:     0x58577a450069 - std[617be2ca0a6fd877]::panicking::default_hook
[INFO] [stdout]    5:     0x58577a1c2cc0 - test[aada8e7e76ba119b]::test_main_inner::{closure#0}
[INFO] [stdout]    6:     0x58577a450392 - std[617be2ca0a6fd877]::panicking::panic_with_hook
[INFO] [stdout]    7:     0x58577a432b02 - std[617be2ca0a6fd877]::panicking::panic_handler::{closure#0}
[INFO] [stdout]    8:     0x58577a42b499 - std[617be2ca0a6fd877]::sys::backtrace::__rust_end_short_backtrace::<std[617be2ca0a6fd877]::panicking::panic_handler::{closure#0}, !>
[INFO] [stdout]    9:     0x58577a43370d - __rustc[ea4f61d10b84890b]::rust_begin_unwind
[INFO] [stdout]   10:     0x58577a46f48c - core[a373ad73a504971]::panicking::panic_fmt
[INFO] [stdout]   11:     0x58577a46f262 - core[a373ad73a504971]::result::unwrap_failed
[INFO] [stdout]   12:     0x58577a175ddf - database_tests[b227c5e477f6e1ea]::test_run_migrations_with_invalid_sql_fails::{closure#0}
[INFO] [stdout]   13:     0x58577a1a5f7b - <tokio[8ef40640139a7c50]::runtime::scheduler::current_thread::CurrentThread>::block_on::<core[a373ad73a504971]::pin::Pin<&mut dyn core[a373ad73a504971]::future::future::Future<Output = ()>>>
[INFO] [stdout]   14:     0x58577a1b2702 - <tokio[8ef40640139a7c50]::runtime::runtime::Runtime>::block_on::<core[a373ad73a504971]::pin::Pin<&mut dyn core[a373ad73a504971]::future::future::Future<Output = ()>>>
[INFO] [stdout]   15:     0x58577a17dece - <database_tests[b227c5e477f6e1ea]::test_run_migrations_with_invalid_sql_fails::{closure#0} as core[a373ad73a504971]::ops::function::FnOnce<()>>::call_once
[INFO] [stdout]   16:     0x58577a1b610b - test[aada8e7e76ba119b]::__rust_begin_short_backtrace::<core[a373ad73a504971]::result::Result<(), alloc[2e1b2a31b91974c5]::string::String>, fn() -> core[a373ad73a504971]::result::Result<(), alloc[2e1b2a31b91974c5]::string::String>>
[INFO] [stdout]   17:     0x58577a1c32e5 - test[aada8e7e76ba119b]::run_test::{closure#0}
[INFO] [stdout]   18:     0x58577a1bcbd4 - std[617be2ca0a6fd877]::sys::backtrace::__rust_begin_short_backtrace::<test[aada8e7e76ba119b]::run_test::{closure#1}, ()>
[INFO] [stdout]   19:     0x58577a1c6372 - <std[617be2ca0a6fd877]::thread::lifecycle::spawn_unchecked<test[aada8e7e76ba119b]::run_test::{closure#1}, ()>::{closure#1} as core[a373ad73a504971]::ops::function::FnOnce<()>>::call_once::{shim:vtable#0}
[INFO] [stdout]   20:     0x58577a4580df - <std[617be2ca0a6fd877]::sys::thread::unix::Thread>::new::thread_start
[INFO] [stdout]   21:     0x7fcc3be10dfa - <unknown>
[INFO] [stdout]   22:     0x7fcc3bea43d4 - clone
[INFO] [stdout]   23:                0x0 - <unknown>
[INFO] [stdout] 
[INFO] [stdout] ---- test_wal_checkpoint_on_close stdout ----
[INFO] [stdout] 
[INFO] [stdout] thread 'test_wal_checkpoint_on_close' (2085) panicked at tests/database_tests.rs:127:61:
[INFO] [stdout] called `Result::unwrap()` on an `Err` value: Sqlx(Database(SqliteError { code: 14, message: "unable to open database file" }))
[INFO] [stdout] stack backtrace:
[INFO] [stdout]    0:     0x58577a458e01 - <<std[617be2ca0a6fd877]::sys::backtrace::BacktraceLock>::print::DisplayBacktrace as core[a373ad73a504971]::fmt::Display>::fmt
[INFO] [stdout]    1:     0x58577a46ed2a - core[a373ad73a504971]::fmt::write
[INFO] [stdout]    2:     0x58577a45d55c - <alloc[2e1b2a31b91974c5]::vec::Vec<u8> as core[a373ad73a504971]::io::write::Write>::write_fmt
[INFO] [stdout]    3:     0x58577a432a56 - std[617be2ca0a6fd877]::panicking::default_hook::{closure#0}
[INFO] [stdout]    4:     0x58577a450069 - std[617be2ca0a6fd877]::panicking::default_hook
[INFO] [stdout]    5:     0x58577a1c2cc0 - test[aada8e7e76ba119b]::test_main_inner::{closure#0}
[INFO] [stdout]    6:     0x58577a450392 - std[617be2ca0a6fd877]::panicking::panic_with_hook
[INFO] [stdout]    7:     0x58577a432b02 - std[617be2ca0a6fd877]::panicking::panic_handler::{closure#0}
[INFO] [stdout]    8:     0x58577a42b499 - std[617be2ca0a6fd877]::sys::backtrace::__rust_end_short_backtrace::<std[617be2ca0a6fd877]::panicking::panic_handler::{closure#0}, !>
[INFO] [stdout]    9:     0x58577a43370d - __rustc[ea4f61d10b84890b]::rust_begin_unwind
[INFO] [stdout]   10:     0x58577a46f48c - core[a373ad73a504971]::panicking::panic_fmt
[INFO] [stdout]   11:     0x58577a46f262 - core[a373ad73a504971]::result::unwrap_failed
[INFO] [stdout]   12:     0x58577a1705c8 - database_tests[b227c5e477f6e1ea]::test_wal_checkpoint_on_close::{closure#0}
[INFO] [stdout]   13:     0x58577a1a5f7b - <tokio[8ef40640139a7c50]::runtime::scheduler::current_thread::CurrentThread>::block_on::<core[a373ad73a504971]::pin::Pin<&mut dyn core[a373ad73a504971]::future::future::Future<Output = ()>>>
[INFO] [stdout]   14:     0x58577a1b2702 - <tokio[8ef40640139a7c50]::runtime::runtime::Runtime>::block_on::<core[a373ad73a504971]::pin::Pin<&mut dyn core[a373ad73a504971]::future::future::Future<Output = ()>>>
[INFO] [stdout]   15:     0x58577a17d3ce - <database_tests[b227c5e477f6e1ea]::test_wal_checkpoint_on_close::{closure#0} as core[a373ad73a504971]::ops::function::FnOnce<()>>::call_once
[INFO] [stdout]   16:     0x58577a1b610b - test[aada8e7e76ba119b]::__rust_begin_short_backtrace::<core[a373ad73a504971]::result::Result<(), alloc[2e1b2a31b91974c5]::string::String>, fn() -> core[a373ad73a504971]::result::Result<(), alloc[2e1b2a31b91974c5]::string::String>>
[INFO] [stdout]   17:     0x58577a1c32e5 - test[aada8e7e76ba119b]::run_test::{closure#0}
[INFO] [stdout]   18:     0x58577a1bcbd4 - std[617be2ca0a6fd877]::sys::backtrace::__rust_begin_short_backtrace::<test[aada8e7e76ba119b]::run_test::{closure#1}, ()>
[INFO] [stdout]   19:     0x58577a1c6372 - <std[617be2ca0a6fd877]::thread::lifecycle::spawn_unchecked<test[aada8e7e76ba119b]::run_test::{closure#1}, ()>::{closure#1} as core[a373ad73a504971]::ops::function::FnOnce<()>>::call_once::{shim:vtable#0}
[INFO] [stdout]   20:     0x58577a4580df - <std[617be2ca0a6fd877]::sys::thread::unix::Thread>::new::thread_start
[INFO] [stdout]   21:     0x7fcc3be10dfa - <unknown>
[INFO] [stdout]   22:     0x7fcc3bea43d4 - clone
[INFO] [stdout]   23:                0x0 - <unknown>
[INFO] [stdout] 
[INFO] [stdout] ---- test_write_serialization stdout ----
[INFO] [stdout] 
[INFO] [stdout] thread 'test_write_serialization' (2090) panicked at tests/database_tests.rs:272:56:
[INFO] [stdout] called `Result::unwrap()` on an `Err` value: Sqlx(Database(SqliteError { code: 14, message: "unable to open database file" }))
[INFO] [stdout] stack backtrace:
[INFO] [stdout]    0:     0x58577a458e01 - <<std[617be2ca0a6fd877]::sys::backtrace::BacktraceLock>::print::DisplayBacktrace as core[a373ad73a504971]::fmt::Display>::fmt
[INFO] [stdout]    1:     0x58577a46ed2a - core[a373ad73a504971]::fmt::write
[INFO] [stdout]    2:     0x58577a45d55c - <alloc[2e1b2a31b91974c5]::vec::Vec<u8> as core[a373ad73a504971]::io::write::Write>::write_fmt
[INFO] [stdout]    3:     0x58577a432a56 - std[617be2ca0a6fd877]::panicking::default_hook::{closure#0}
[INFO] [stdout]    4:     0x58577a450069 - std[617be2ca0a6fd877]::panicking::default_hook
[INFO] [stdout]    5:     0x58577a1c2cc0 - test[aada8e7e76ba119b]::test_main_inner::{closure#0}
[INFO] [stdout]    6:     0x58577a450392 - std[617be2ca0a6fd877]::panicking::panic_with_hook
[INFO] [stdout]    7:     0x58577a432b02 - std[617be2ca0a6fd877]::panicking::panic_handler::{closure#0}
[INFO] [stdout]    8:     0x58577a42b499 - std[617be2ca0a6fd877]::sys::backtrace::__rust_end_short_backtrace::<std[617be2ca0a6fd877]::panicking::panic_handler::{closure#0}, !>
[INFO] [stdout]    9:     0x58577a43370d - __rustc[ea4f61d10b84890b]::rust_begin_unwind
[INFO] [stdout]   10:     0x58577a46f48c - core[a373ad73a504971]::panicking::panic_fmt
[INFO] [stdout]   11:     0x58577a46f262 - core[a373ad73a504971]::result::unwrap_failed
[INFO] [stdout]   12:     0x58577a16eed4 - database_tests[b227c5e477f6e1ea]::test_write_serialization::{closure#0}
[INFO] [stdout]   13:     0x58577a1a5f7b - <tokio[8ef40640139a7c50]::runtime::scheduler::current_thread::CurrentThread>::block_on::<core[a373ad73a504971]::pin::Pin<&mut dyn core[a373ad73a504971]::future::future::Future<Output = ()>>>
[INFO] [stdout]   14:     0x58577a1b2702 - <tokio[8ef40640139a7c50]::runtime::runtime::Runtime>::block_on::<core[a373ad73a504971]::pin::Pin<&mut dyn core[a373ad73a504971]::future::future::Future<Output = ()>>>
[INFO] [stdout]   15:     0x58577a17d10e - <database_tests[b227c5e477f6e1ea]::test_write_serialization::{closure#0} as core[a373ad73a504971]::ops::function::FnOnce<()>>::call_once
[INFO] [stdout]   16:     0x58577a1b610b - test[aada8e7e76ba119b]::__rust_begin_short_backtrace::<core[a373ad73a504971]::result::Result<(), alloc[2e1b2a31b91974c5]::string::String>, fn() -> core[a373ad73a504971]::result::Result<(), alloc[2e1b2a31b91974c5]::string::String>>
[INFO] [stdout]   17:     0x58577a1c32e5 - test[aada8e7e76ba119b]::run_test::{closure#0}
[INFO] [stdout]   18:     0x58577a1bcbd4 - std[617be2ca0a6fd877]::sys::backtrace::__rust_begin_short_backtrace::<test[aada8e7e76ba119b]::run_test::{closure#1}, ()>
[INFO] [stdout]   19:     0x58577a1c6372 - <std[617be2ca0a6fd877]::thread::lifecycle::spawn_unchecked<test[aada8e7e76ba119b]::run_test::{closure#1}, ()>::{closure#1} as core[a373ad73a504971]::ops::function::FnOnce<()>>::call_once::{shim:vtable#0}
[INFO] [stdout]   20:     0x58577a4580df - <std[617be2ca0a6fd877]::sys::thread::unix::Thread>::new::thread_start
[INFO] [stdout]   21:     0x7fcc3be10dfa - <unknown>
[INFO] [stdout]   22:     0x7fcc3bea43d4 - clone
[INFO] [stdout]   23:                0x0 - <unknown>
[INFO] [stdout] 
[INFO] [stdout] ---- test_wal_mode_initialization stdout ----
[INFO] [stdout] 
[INFO] [stdout] thread 'test_wal_mode_initialization' (2087) panicked at tests/database_tests.rs:213:61:
[INFO] [stdout] called `Result::unwrap()` on an `Err` value: Sqlx(Database(SqliteError { code: 14, message: "unable to open database file" }))
[INFO] [stdout] stack backtrace:
[INFO] [stdout]    0:     0x58577a458e01 - <<std[617be2ca0a6fd877]::sys::backtrace::BacktraceLock>::print::DisplayBacktrace as core[a373ad73a504971]::fmt::Display>::fmt
[INFO] [stdout]    1:     0x58577a46ed2a - core[a373ad73a504971]::fmt::write
[INFO] [stdout]    2:     0x58577a45d55c - <alloc[2e1b2a31b91974c5]::vec::Vec<u8> as core[a373ad73a504971]::io::write::Write>::write_fmt
[INFO] [stdout]    3:     0x58577a432a56 - std[617be2ca0a6fd877]::panicking::default_hook::{closure#0}
[INFO] [stdout]    4:     0x58577a450069 - std[617be2ca0a6fd877]::panicking::default_hook
[INFO] [stdout]    5:     0x58577a1c2cc0 - test[aada8e7e76ba119b]::test_main_inner::{closure#0}
[INFO] [stdout]    6:     0x58577a450392 - std[617be2ca0a6fd877]::panicking::panic_with_hook
[INFO] [stdout]    7:     0x58577a432b02 - std[617be2ca0a6fd877]::panicking::panic_handler::{closure#0}
[INFO] [stdout]    8:     0x58577a42b499 - std[617be2ca0a6fd877]::sys::backtrace::__rust_end_short_backtrace::<std[617be2ca0a6fd877]::panicking::panic_handler::{closure#0}, !>
[INFO] [stdout]    9:     0x58577a43370d - __rustc[ea4f61d10b84890b]::rust_begin_unwind
[INFO] [stdout]   10:     0x58577a46f48c - core[a373ad73a504971]::panicking::panic_fmt
[INFO] [stdout]   11:     0x58577a46f262 - core[a373ad73a504971]::result::unwrap_failed
[INFO] [stdout]   12:     0x58577a171634 - database_tests[b227c5e477f6e1ea]::test_wal_mode_initialization::{closure#0}
[INFO] [stdout]   13:     0x58577a1a5f7b - <tokio[8ef40640139a7c50]::runtime::scheduler::current_thread::CurrentThread>::block_on::<core[a373ad73a504971]::pin::Pin<&mut dyn core[a373ad73a504971]::future::future::Future<Output = ()>>>
[INFO] [stdout]   14:     0x58577a1b2702 - <tokio[8ef40640139a7c50]::runtime::runtime::Runtime>::block_on::<core[a373ad73a504971]::pin::Pin<&mut dyn core[a373ad73a504971]::future::future::Future<Output = ()>>>
[INFO] [stdout]   15:     0x58577a17d52e - <database_tests[b227c5e477f6e1ea]::test_wal_mode_initialization::{closure#0} as core[a373ad73a504971]::ops::function::FnOnce<()>>::call_once
[INFO] [stdout]   16:     0x58577a1b610b - test[aada8e7e76ba119b]::__rust_begin_short_backtrace::<core[a373ad73a504971]::result::Result<(), alloc[2e1b2a31b91974c5]::string::String>, fn() -> core[a373ad73a504971]::result::Result<(), alloc[2e1b2a31b91974c5]::string::String>>
[INFO] [stdout]   17:     0x58577a1c32e5 - test[aada8e7e76ba119b]::run_test::{closure#0}
[INFO] [stdout]   18:     0x58577a1bcbd4 - std[617be2ca0a6fd877]::sys::backtrace::__rust_begin_short_backtrace::<test[aada8e7e76ba119b]::run_test::{closure#1}, ()>
[INFO] [stdout]   19:     0x58577a1c6372 - <std[617be2ca0a6fd877]::thread::lifecycle::spawn_unchecked<test[aada8e7e76ba119b]::run_test::{closure#1}, ()>::{closure#1} as core[a373ad73a504971]::ops::function::FnOnce<()>>::call_once::{shim:vtable#0}
[INFO] [stdout]   20:     0x58577a4580df - <std[617be2ca0a6fd877]::sys::thread::unix::Thread>::new::thread_start
[INFO] [stdout]   21:     0x7fcc3be10dfa - <unknown>
[INFO] [stdout]   22:     0x7fcc3bea43d4 - clone
[INFO] [stdout]   23:                0x0 - <unknown>
[INFO] [stdout] 
[INFO] [stdout] 
[INFO] [stdout] failures:
[INFO] [stdout]     test_concurrent_reads_and_writes
[INFO] [stdout]     test_custom_config
[INFO] [stdout]     test_database_closed_error
[INFO] [stdout]     test_db_instance_caching
[INFO] [stdout]     test_remove
[INFO] [stdout]     test_run_migrations_creates_schema
[INFO] [stdout]     test_run_migrations_idempotent
[INFO] [stdout]     test_run_migrations_on_closed_db_errors
[INFO] [stdout]     test_run_migrations_tracks_in_sqlx_table
[INFO] [stdout]     test_run_migrations_with_invalid_sql_fails
[INFO] [stdout]     test_wal_checkpoint_on_close
[INFO] [stdout]     test_wal_mode_initialization
[INFO] [stdout]     test_write_serialization
[INFO] [stdout] 
[INFO] [stdout] test result: FAILED. 2 passed; 13 failed; 0 ignored; 0 measured; 0 filtered out; finished in 0.03s
[INFO] [stdout] 
[INFO] running `Command { std: "docker" "inspect" "497a004feecf3bf3d5a8a7f556ec629ef00b00650c9e74e119d5c0aed1cda9f6", kill_on_drop: false }`
[INFO] running `Command { std: "docker" "rm" "-f" "497a004feecf3bf3d5a8a7f556ec629ef00b00650c9e74e119d5c0aed1cda9f6", kill_on_drop: false }`
[INFO] [stdout] 497a004feecf3bf3d5a8a7f556ec629ef00b00650c9e74e119d5c0aed1cda9f6
