[INFO] fetching crate sqlx-helper-macros 0.3.1...
[INFO] testing sqlx-helper-macros-0.3.1 against 1.99.0-beta.8+cargoflags=--release for beta-release-1.100-2
[INFO] extracting crate sqlx-helper-macros 0.3.1 into /workspace/builds/worker-3-tc1/source
[INFO] started tweaking crates.io crate sqlx-helper-macros 0.3.1
[INFO] finished tweaking crates.io crate sqlx-helper-macros 0.3.1
[INFO] tweaked toml for crates.io crate sqlx-helper-macros 0.3.1 written to /workspace/builds/worker-3-tc1/source/Cargo.toml
[INFO] validating manifest of crates.io crate sqlx-helper-macros 0.3.1 on toolchain 1.99.0-beta.8
[INFO] running `Command { std: CARGO_HOME="/workspace/cargo-home" RUSTUP_HOME="/workspace/rustup-home" "/workspace/cargo-home/bin/cargo" "+1.99.0-beta.8" "metadata" "--manifest-path" "Cargo.toml" "--no-deps", kill_on_drop: false }`
[INFO] crate crates.io crate sqlx-helper-macros 0.3.1 already has a lockfile, it will not be regenerated
[INFO] running `Command { std: CARGO_HOME="/workspace/cargo-home" RUSTUP_HOME="/workspace/rustup-home" "/workspace/cargo-home/bin/cargo" "+1.99.0-beta.8" "fetch" "--manifest-path" "Cargo.toml", kill_on_drop: false }`
[INFO] [stderr]  Downloading crates ...
[INFO] [stderr]   Downloaded zerovec v0.11.7
[INFO] [stderr]   Downloaded zerovec-derive v0.11.4
[INFO] running `Command { std: "docker" "create" "-v" "/var/lib/crater-agent-workspace/builds/worker-3-tc1/source:/opt/rustwide/workdir:ro,Z" "-v" "/var/lib/crater-agent-workspace/builds/worker-3-tc1/target:/opt/rustwide/target:rw,Z" "-v" "/var/lib/crater-agent-workspace/cargo-home:/opt/rustwide/cargo-home:ro,Z" "-v" "/var/lib/crater-agent-workspace/rustup-home:/opt/rustwide/rustup-home:ro,Z" "-m" "1610612736" "--network" "none" "ghcr.io/rust-lang/crates-build-env/linux@sha256:77db811e55d90add9212f6832c23229e3de5f1c1f9905e8cb07319ea15df73ac" "sleep" "infinity", kill_on_drop: false }`
[INFO] [stdout] f6009f80e506bfd9cb7cd8adfcce5e1fa165dd0d5f514769ee7c821c0f64be03
[INFO] running `Command { std: "docker" "start" "f6009f80e506bfd9cb7cd8adfcce5e1fa165dd0d5f514769ee7c821c0f64be03", kill_on_drop: false }`
[INFO] running `Command { std: "docker" "inspect" "f6009f80e506bfd9cb7cd8adfcce5e1fa165dd0d5f514769ee7c821c0f64be03", kill_on_drop: false }`
[INFO] running `Command { std: "docker" "exec" "-e" "SOURCE_DIR=/opt/rustwide/workdir" "-e" "CARGO_HOME=/opt/rustwide/cargo-home" "-e" "RUSTUP_HOME=/opt/rustwide/rustup-home" "-e" "CARGO_TARGET_DIR=/opt/rustwide/target" "-w" "/opt/rustwide/workdir" "--user" "0:0" "f6009f80e506bfd9cb7cd8adfcce5e1fa165dd0d5f514769ee7c821c0f64be03" "/opt/rustwide/cargo-home/bin/cargo" "+1.99.0-beta.8" "metadata" "--no-deps" "--format-version=1", kill_on_drop: false }`
[INFO] running `Command { std: "docker" "inspect" "f6009f80e506bfd9cb7cd8adfcce5e1fa165dd0d5f514769ee7c821c0f64be03", kill_on_drop: false }`
[INFO] running `Command { std: "docker" "exec" "-e" "SOURCE_DIR=/opt/rustwide/workdir" "-e" "CARGO_HOME=/opt/rustwide/cargo-home" "-e" "RUSTUP_HOME=/opt/rustwide/rustup-home" "-e" "CARGO_TARGET_DIR=/opt/rustwide/target" "-e" "CARGO_INCREMENTAL=0" "-e" "RUST_BACKTRACE=full" "-e" "RUSTFLAGS=--cap-lints=warn" "-e" "RUSTDOCFLAGS=--cap-lints=warn" "-w" "/opt/rustwide/workdir" "--user" "0:0" "f6009f80e506bfd9cb7cd8adfcce5e1fa165dd0d5f514769ee7c821c0f64be03" "/opt/rustwide/cargo-home/bin/cargo" "+1.99.0-beta.8" "build" "--frozen" "--message-format=json" "--release", kill_on_drop: false }`
[INFO] [stderr]    Compiling sqlx-helper-macros v0.3.1 (/opt/rustwide/workdir)
[INFO] [stderr]     Finished `release` profile [optimized] target(s) in 3.73s
[INFO] running `Command { std: "docker" "inspect" "f6009f80e506bfd9cb7cd8adfcce5e1fa165dd0d5f514769ee7c821c0f64be03", kill_on_drop: false }`
[INFO] running `Command { std: "docker" "exec" "-e" "SOURCE_DIR=/opt/rustwide/workdir" "-e" "CARGO_HOME=/opt/rustwide/cargo-home" "-e" "RUSTUP_HOME=/opt/rustwide/rustup-home" "-e" "CARGO_TARGET_DIR=/opt/rustwide/target" "-e" "CARGO_INCREMENTAL=0" "-e" "RUST_BACKTRACE=full" "-e" "RUSTFLAGS=--cap-lints=warn" "-e" "RUSTDOCFLAGS=--cap-lints=warn" "-w" "/opt/rustwide/workdir" "--user" "0:0" "f6009f80e506bfd9cb7cd8adfcce5e1fa165dd0d5f514769ee7c821c0f64be03" "/opt/rustwide/cargo-home/bin/cargo" "+1.99.0-beta.8" "test" "--frozen" "--no-run" "--message-format=json" "--release", kill_on_drop: false }`
[INFO] [stderr]    Compiling serde_core v1.0.229
[INFO] [stderr]    Compiling serde v1.0.229
[INFO] [stderr]    Compiling futures-core v0.3.34
[INFO] [stderr]    Compiling num-traits v0.2.19
[INFO] [stderr]    Compiling futures-sink v0.3.34
[INFO] [stderr]    Compiling zeroize v1.9.0
[INFO] [stderr]    Compiling syn v3.0.3
[INFO] [stderr]    Compiling getrandom v0.2.17
[INFO] [stderr]    Compiling zerocopy v0.8.56
[INFO] [stderr]    Compiling crypto-common v0.1.7
[INFO] [stderr]    Compiling socket2 v0.6.5
[INFO] [stderr]    Compiling mio v1.2.2
[INFO] [stderr]    Compiling crossbeam-utils v0.8.22
[INFO] [stderr]    Compiling zerofrom v0.1.8
[INFO] [stderr]    Compiling spin v0.9.9
[INFO] [stderr]    Compiling futures-task v0.3.34
[INFO] [stderr]    Compiling bytes v1.12.1
[INFO] [stderr]    Compiling futures-io v0.3.34
[INFO] [stderr]    Compiling serde_json v1.0.151
[INFO] [stderr]    Compiling digest v0.10.7
[INFO] [stderr]    Compiling thiserror v2.0.20
[INFO] [stderr]    Compiling crc-catalog v2.5.0
[INFO] [stderr]    Compiling der v0.7.10
[INFO] [stderr]    Compiling futures-util v0.3.34
[INFO] [stderr]    Compiling yoke v0.8.3
[INFO] [stderr]    Compiling log v0.4.33
[INFO] [stderr]    Compiling find-msvc-tools v0.1.11
[INFO] [stderr]    Compiling rand_core v0.6.4
[INFO] [stderr]    Compiling indexmap v2.14.0
[INFO] [stderr]    Compiling sha2 v0.10.9
[INFO] [stderr]    Compiling tracing v0.1.44
[INFO] [stderr]    Compiling cc v1.4.3
[INFO] [stderr]    Compiling event-listener v5.4.2
[INFO] [stderr]    Compiling tinyvec v1.12.0
[INFO] [stderr]    Compiling crc v3.4.0
[INFO] [stderr]    Compiling hmac v0.12.1
[INFO] [stderr]    Compiling lazy_static v1.5.0
[INFO] [stderr]    Compiling futures-channel v0.3.34
[INFO] [stderr]    Compiling hkdf v0.12.4
[INFO] [stderr]    Compiling crossbeam-queue v0.3.13
[INFO] [stderr]    Compiling signature v2.2.0
[INFO] [stderr]    Compiling md-5 v0.10.6
[INFO] [stderr]    Compiling sha1 v0.10.7
[INFO] [stderr]    Compiling flume v0.11.1
[INFO] [stderr]    Compiling sqlx-helper-macros v0.3.1 (/opt/rustwide/workdir)
[INFO] [stderr]    Compiling unicode-normalization v0.1.25
[INFO] [stderr]    Compiling num-integer v0.1.47
[INFO] [stderr]    Compiling atoi v2.0.0
[INFO] [stderr]    Compiling spki v0.7.3
[INFO] [stderr]    Compiling stringprep v0.1.5
[INFO] [stderr]    Compiling pkcs8 v0.10.2
[INFO] [stderr]    Compiling pkcs1 v0.7.5
[INFO] [stderr]    Compiling num-iter v0.1.46
[INFO] [stderr]    Compiling libsqlite3-sys v0.30.1
[INFO] [stderr]    Compiling futures-executor v0.3.34
[INFO] [stderr]    Compiling bitflags v2.13.1
[INFO] [stderr]    Compiling serde_derive v1.0.229
[INFO] [stderr]    Compiling zerovec-derive v0.11.4
[INFO] [stderr]    Compiling displaydoc v0.2.7
[INFO] [stderr]    Compiling tokio-macros v2.7.2
[INFO] [stderr]    Compiling thiserror-impl v2.0.20
[INFO] [stderr]    Compiling tokio v1.53.1
[INFO] [stderr]    Compiling ppv-lite86 v0.2.21
[INFO] [stderr]    Compiling zerotrie v0.2.5
[INFO] [stderr]    Compiling zerovec v0.11.7
[INFO] [stderr]    Compiling rand_chacha v0.3.1
[INFO] [stderr]    Compiling rand v0.8.7
[INFO] [stderr]    Compiling tinystr v0.8.4
[INFO] [stderr]    Compiling potential_utf v0.1.6
[INFO] [stderr]    Compiling icu_collections v2.3.0
[INFO] [stderr]    Compiling icu_locale_core v2.3.0
[INFO] [stderr]    Compiling smallvec v1.15.2
[INFO] [stderr]    Compiling either v1.17.0
[INFO] [stderr]    Compiling serde_urlencoded v0.7.1
[INFO] [stderr]    Compiling icu_provider v2.3.0
[INFO] [stderr]    Compiling parking_lot_core v0.9.12
[INFO] [stderr]    Compiling num-bigint-dig v0.8.6
[INFO] [stderr]    Compiling parking_lot v0.12.5
[INFO] [stderr]    Compiling icu_normalizer v2.3.0
[INFO] [stderr]    Compiling icu_properties v2.3.0
[INFO] [stderr]    Compiling futures-intrusive v0.5.0
[INFO] [stderr]    Compiling idna_adapter v1.2.2
[INFO] [stderr]    Compiling idna v1.1.0
[INFO] [stderr]    Compiling url v2.5.8
[INFO] [stderr]    Compiling rsa v0.9.10
[INFO] [stderr]    Compiling tokio-stream v0.1.19
[INFO] [stderr]    Compiling sqlx-core v0.8.6
[INFO] [stderr]    Compiling sqlx-mysql v0.8.6
[INFO] [stderr]    Compiling sqlx-postgres v0.8.6
[INFO] [stderr]    Compiling sqlx-sqlite v0.8.6
[INFO] [stderr]    Compiling sqlx-macros-core v0.8.6
[INFO] [stderr]    Compiling sqlx-macros v0.8.6
[INFO] [stderr]    Compiling sqlx v0.8.6
[INFO] [stderr]     Finished `release` profile [optimized] target(s) in 54.09s
[INFO] running `Command { std: "docker" "inspect" "f6009f80e506bfd9cb7cd8adfcce5e1fa165dd0d5f514769ee7c821c0f64be03", kill_on_drop: false }`
[INFO] running `Command { std: "docker" "exec" "-e" "SOURCE_DIR=/opt/rustwide/workdir" "-e" "CARGO_HOME=/opt/rustwide/cargo-home" "-e" "RUSTUP_HOME=/opt/rustwide/rustup-home" "-e" "CARGO_TARGET_DIR=/opt/rustwide/target" "-e" "CARGO_INCREMENTAL=0" "-e" "RUST_BACKTRACE=full" "-e" "RUSTFLAGS=--cap-lints=warn" "-e" "RUSTDOCFLAGS=--cap-lints=warn" "-w" "/opt/rustwide/workdir" "--user" "0:0" "f6009f80e506bfd9cb7cd8adfcce5e1fa165dd0d5f514769ee7c821c0f64be03" "/opt/rustwide/cargo-home/bin/cargo" "+1.99.0-beta.8" "test" "--frozen" "--release", kill_on_drop: false }`
[INFO] [stderr]     Finished `release` profile [optimized] target(s) in 0.22s
[INFO] [stderr]      Running unittests src/lib.rs (/opt/rustwide/target/release/deps/sqlx_helper_macros-0c2cdce60a916e84)
[INFO] [stdout] 
[INFO] [stdout] running 28 tests
[INFO] [stdout] test tests::bind_expands_to_a_consuming_destructure_and_query ... ok
[INFO] [stdout] test tests::rejects_non_literal_fragments ... ok
[INFO] [stdout] test tests::classifies_struct_and_scalar_sections ... ok
[INFO] [stdout] test tests::extracts_columns_in_statement_order ... ok
[INFO] [stdout] test tests::expands_to_a_destructure_and_query ... ok
[INFO] [stdout] test tests::bind_returning_type_expands_to_query_as ... ok
[INFO] [stdout] test tests::rejects_fragment_count_mismatch ... ok
[INFO] [stdout] test tests::extracts_update_columns_per_clause ... ok
[INFO] [stdout] test tests::rejects_placeholders_in_returning ... ok
[INFO] [stdout] test tests::rejects_update_statements_it_cannot_read ... ok
[INFO] [stdout] test tests::rejects_placeholders_without_a_column ... ok
[INFO] [stdout] test tests::rejects_statements_it_cannot_read ... ok
[INFO] [stdout] test tests::update_binds_scalar_sections_as_single_values ... ok
[INFO] [stdout] test tests::update_bind_expands_to_consuming_destructures ... ok
[INFO] [stdout] test tests::update_query_aliases_name_the_wrong_clause ... ok
[INFO] [stdout] test tests::update_bind_aliases_expand_with_the_other_side_empty ... ok
[INFO] [stdout] test tests::update_accepts_unit_for_zero_placeholder_sections ... ok
[INFO] [stdout] test tests::update_rejects_scalar_sections_with_multiple_placeholders ... ok
[INFO] [stdout] test tests::update_query_aliases_expand_with_the_other_side_empty ... ok
[INFO] [stdout] test tests::select_splices_fragments_before_passing_binds ... ok
[INFO] [stdout] test tests::returning_is_excluded_from_update_clauses ... ok
[INFO] [stdout] test tests::rejects_stray_template_braces ... ok
[INFO] [stdout] test tests::update_bind_moves_scalar_sections ... ok
[INFO] [stdout] test tests::update_returning_types_expand_to_query_as ... ok
[INFO] [stdout] test tests::returning_type_expands_to_query_as ... ok
[INFO] [stdout] test tests::update_rejects_unit_sections_with_placeholders ... ok
[INFO] [stdout] test tests::update_expands_to_destructures_and_query ... ok
[INFO] [stdout] test tests::update_keywords_inside_string_literals_are_ignored ... ok
[INFO] [stdout] 
[INFO] [stdout] test result: ok. 28 passed; 0 failed; 0 ignored; 0 measured; 0 filtered out; finished in 0.01s
[INFO] [stdout] 
[INFO] [stderr]    Doc-tests sqlx_helper_macros
[INFO] [stdout] 
[INFO] [stdout] running 9 tests
[INFO] [stdout] test src/lib.rs - insert_bind (line 96) - compile ... ok
[INFO] [stdout] test src/lib.rs - update_set_query (line 193) - compile ... FAILED
[INFO] [stdout] test src/lib.rs - update_where_query (line 221) - compile ... FAILED
[INFO] [stdout] test src/lib.rs - insert_query (line 68) - compile ... FAILED
[INFO] [stdout] test src/lib.rs - insert_query (line 49) - compile ... FAILED
[INFO] [stdout] test src/lib.rs - select_query (line 24) - compile ... FAILED
[INFO] [stdout] test src/lib.rs - update_bind (line 247) - compile ... ok
[INFO] [stdout] test src/lib.rs - insert_bind (line 115) - compile ... ok
[INFO] [stdout] test src/lib.rs - update_query (line 154) - compile ... FAILED
[INFO] [stdout] 
[INFO] [stdout] failures:
[INFO] [stdout] 
[INFO] [stdout] ---- src/lib.rs - update_set_query (line 193) stdout ----
[INFO] [stdout] error: set `DATABASE_URL` to use query macros online, or run `cargo sqlx prepare` to update the query cache
[INFO] [stdout]    --> src/lib.rs:198:1
[INFO] [stdout]     |
[INFO] [stdout] 198 | / update_set_query!(
[INFO] [stdout] 199 | |     i64,
[INFO] [stdout] 200 | |     "UPDATE users SET signed_in_at = ? WHERE kind = 'zero'",
[INFO] [stdout] 201 | |     signed_in_at
[INFO] [stdout] 202 | | )
[INFO] [stdout]     | |_^
[INFO] [stdout]     |
[INFO] [stdout]     = note: this error originates in the macro `$crate::sqlx_macros::expand_query` which comes from the expansion of the macro `update_set_query` (in Nightly builds, run with -Z macro-backtrace for more info)
[INFO] [stdout] 
[INFO] [stdout] error: aborting due to 1 previous error
[INFO] [stdout] 
[INFO] [stdout] Couldn't compile the test.
[INFO] [stdout] ---- src/lib.rs - update_where_query (line 221) stdout ----
[INFO] [stdout] error: set `DATABASE_URL` to use query macros online, or run `cargo sqlx prepare` to update the query cache
[INFO] [stdout]    --> src/lib.rs:226:1
[INFO] [stdout]     |
[INFO] [stdout] 226 | update_where_query!(i64, "UPDATE users SET signed_in_at = 1 WHERE id = ?", id)
[INFO] [stdout]     | ^^^^^^^^^^^^^^^^^^^^^^^^^^^^^^^^^^^^^^^^^^^^^^^^^^^^^^^^^^^^^^^^^^^^^^^^^^^^^^
[INFO] [stdout]     |
[INFO] [stdout]     = note: this error originates in the macro `$crate::sqlx_macros::expand_query` which comes from the expansion of the macro `update_where_query` (in Nightly builds, run with -Z macro-backtrace for more info)
[INFO] [stdout] 
[INFO] [stdout] error: aborting due to 1 previous error
[INFO] [stdout] 
[INFO] [stdout] Couldn't compile the test.
[INFO] [stdout] ---- src/lib.rs - insert_query (line 68) stdout ----
[INFO] [stdout] error: set `DATABASE_URL` to use query macros online, or run `cargo sqlx prepare` to update the query cache
[INFO] [stdout]   --> src/lib.rs:75:32
[INFO] [stdout]    |
[INFO] [stdout] 75 |   let inserted: InsertedWidget = insert_query!(
[INFO] [stdout]    |  ________________________________^
[INFO] [stdout] 76 | |     Widget,
[INFO] [stdout] 77 | |     "INSERT INTO widgets (id, name, enabled) VALUES (?, ?, ?) RETURNING id, name, enabled",
[INFO] [stdout] 78 | |     widget,
[INFO] [stdout] 79 | |     InsertedWidget,
[INFO] [stdout] 80 | | )
[INFO] [stdout]    | |_^
[INFO] [stdout]    |
[INFO] [stdout]    = note: this error originates in the macro `$crate::sqlx_macros::expand_query` which comes from the expansion of the macro `insert_query` (in Nightly builds, run with -Z macro-backtrace for more info)
[INFO] [stdout] 
[INFO] [stdout] error: aborting due to 1 previous error
[INFO] [stdout] 
[INFO] [stdout] Couldn't compile the test.
[INFO] [stdout] ---- src/lib.rs - insert_query (line 49) stdout ----
[INFO] [stdout] error: set `DATABASE_URL` to use query macros online, or run `cargo sqlx prepare` to update the query cache
[INFO] [stdout]   --> src/lib.rs:55:1
[INFO] [stdout]    |
[INFO] [stdout] 55 | insert_query!(Widget, "INSERT INTO widgets (id, name, enabled) VALUES (?, ?, ?)", widget)
[INFO] [stdout]    | ^^^^^^^^^^^^^^^^^^^^^^^^^^^^^^^^^^^^^^^^^^^^^^^^^^^^^^^^^^^^^^^^^^^^^^^^^^^^^^^^^^^^^^^^^
[INFO] [stdout]    |
[INFO] [stdout]    = note: this error originates in the macro `$crate::sqlx_macros::expand_query` which comes from the expansion of the macro `insert_query` (in Nightly builds, run with -Z macro-backtrace for more info)
[INFO] [stdout] 
[INFO] [stdout] error: aborting due to 1 previous error
[INFO] [stdout] 
[INFO] [stdout] Couldn't compile the test.
[INFO] [stdout] ---- src/lib.rs - select_query (line 24) stdout ----
[INFO] [stdout] error: set `DATABASE_URL` to use query macros online, or run `cargo sqlx prepare` to update the query cache
[INFO] [stdout]   --> src/lib.rs:31:9
[INFO] [stdout]    |
[INFO] [stdout] 31 |         select_query!(Widget, $template, r#"id AS "id!: i64", name AS "name!: String", enabled AS "enabled!: bool""#, $($bind),*)
[INFO] [stdout]    |         ^^^^^^^^^^^^^^^^^^^^^^^^^^^^^^^^^^^^^^^^^^^^^^^^^^^^^^^^^^^^^^^^^^^^^^^^^^^^^^^^^^^^^^^^^^^^^^^^^^^^^^^^^^^^^^^^^^^^^^^^^
[INFO] [stdout] ...
[INFO] [stdout] 34 | let widget = widget_query!("SELECT {} FROM widgets WHERE id = ?", id)
[INFO] [stdout]    |              -------------------------------------------------------- in this macro invocation
[INFO] [stdout]    |
[INFO] [stdout]    = note: this error originates in the macro `$crate::sqlx_macros::expand_query` which comes from the expansion of the macro `widget_query` (in Nightly builds, run with -Z macro-backtrace for more info)
[INFO] [stdout] 
[INFO] [stdout] error: aborting due to 1 previous error
[INFO] [stdout] 
[INFO] [stdout] Couldn't compile the test.
[INFO] [stdout] ---- src/lib.rs - update_query (line 154) stdout ----
[INFO] [stdout] error: set `DATABASE_URL` to use query macros online, or run `cargo sqlx prepare` to update the query cache
[INFO] [stdout]    --> src/lib.rs:161:1
[INFO] [stdout]     |
[INFO] [stdout] 161 | / update_query!(
[INFO] [stdout] 162 | |     WidgetChanges,
[INFO] [stdout] 163 | |     i64,
[INFO] [stdout] 164 | |     "UPDATE widgets SET name = ?, enabled = ? WHERE id = ?",
[INFO] [stdout] 165 | |     changes,
[INFO] [stdout] 166 | |     id
[INFO] [stdout] 167 | | )
[INFO] [stdout]     | |_^
[INFO] [stdout]     |
[INFO] [stdout]     = note: this error originates in the macro `$crate::sqlx_macros::expand_query` which comes from the expansion of the macro `update_query` (in Nightly builds, run with -Z macro-backtrace for more info)
[INFO] [stdout] 
[INFO] [stdout] error: aborting due to 1 previous error
[INFO] [stdout] 
[INFO] [stdout] Couldn't compile the test.
[INFO] [stdout] 
[INFO] [stdout] failures:
[INFO] [stdout]     src/lib.rs - insert_query (line 49)
[INFO] [stdout]     src/lib.rs - insert_query (line 68)
[INFO] [stdout]     src/lib.rs - select_query (line 24)
[INFO] [stdout]     src/lib.rs - update_query (line 154)
[INFO] [stdout]     src/lib.rs - update_set_query (line 193)
[INFO] [stdout]     src/lib.rs - update_where_query (line 221)
[INFO] [stdout] 
[INFO] [stdout] test result: FAILED. 3 passed; 6 failed; 0 ignored; 0 measured; 0 filtered out; finished in 0.39s
[INFO] [stdout] 
[INFO] [stdout] all doctests ran in 0.64s; merged doctests compilation took 0.23s
[INFO] [stderr] error: doctest failed, to rerun pass `--doc`
[INFO] running `Command { std: "docker" "inspect" "f6009f80e506bfd9cb7cd8adfcce5e1fa165dd0d5f514769ee7c821c0f64be03", kill_on_drop: false }`
[INFO] running `Command { std: "docker" "rm" "-f" "f6009f80e506bfd9cb7cd8adfcce5e1fa165dd0d5f514769ee7c821c0f64be03", kill_on_drop: false }`
[INFO] [stdout] f6009f80e506bfd9cb7cd8adfcce5e1fa165dd0d5f514769ee7c821c0f64be03
