[INFO] fetching crate sqlx-data-macros 0.1.0...
[INFO] testing sqlx-data-macros-0.1.0 against 1.99.0-beta.8+cargoflags=--release for beta-release-1.100-2
[INFO] extracting crate sqlx-data-macros 0.1.0 into /workspace/builds/worker-1-tc1/source
[INFO] started tweaking crates.io crate sqlx-data-macros 0.1.0
[INFO] finished tweaking crates.io crate sqlx-data-macros 0.1.0
[INFO] tweaked toml for crates.io crate sqlx-data-macros 0.1.0 written to /workspace/builds/worker-1-tc1/source/Cargo.toml
[INFO] validating manifest of crates.io crate sqlx-data-macros 0.1.0 on toolchain 1.99.0-beta.8
[INFO] running `Command { std: CARGO_HOME="/workspace/cargo-home" RUSTUP_HOME="/workspace/rustup-home" "/workspace/cargo-home/bin/cargo" "+1.99.0-beta.8" "metadata" "--manifest-path" "Cargo.toml" "--no-deps", kill_on_drop: false }`
[INFO] crate crates.io crate sqlx-data-macros 0.1.0 already has a lockfile, it will not be regenerated
[INFO] running `Command { std: CARGO_HOME="/workspace/cargo-home" RUSTUP_HOME="/workspace/rustup-home" "/workspace/cargo-home/bin/cargo" "+1.99.0-beta.8" "fetch" "--manifest-path" "Cargo.toml", kill_on_drop: false }`
[INFO] [stderr]     Updating crates.io index
[INFO] [stderr]  Downloading crates ...
[INFO] [stderr]   Downloaded sqlx-data-integration v0.1.0
[INFO] [stderr]   Downloaded mac_address v1.1.8
[INFO] [stderr]   Downloaded borsh-derive v1.6.0
[INFO] [stderr]   Downloaded sqlx-data-params v0.1.0
[INFO] [stderr]   Downloaded ipnetwork v0.20.0
[INFO] [stderr]   Downloaded rustls-pki-types v1.13.2
[INFO] [stderr]   Downloaded toml_parser v1.0.6+spec-1.1.0
[INFO] [stderr]   Downloaded crc-catalog v2.4.0
[INFO] [stderr]   Downloaded sqlx-data-parser v0.1.0
[INFO] [stderr]   Downloaded sqlx v0.8.6
[INFO] [stderr]   Downloaded crc v3.3.0
[INFO] [stderr]   Downloaded icu_properties v2.1.1
[INFO] [stderr]   Downloaded toml_edit v0.23.10+spec-1.0.0
[INFO] [stderr]   Downloaded openssl-sys v0.9.111
[INFO] [stderr]   Downloaded sqlx-sqlite v0.8.6
[INFO] [stderr]   Downloaded rustls-webpki v0.103.8
[INFO] [stderr]   Downloaded cc v1.2.45
[INFO] [stderr]   Downloaded borsh v1.6.0
[INFO] [stderr]   Downloaded atoi v2.0.0
[INFO] [stderr]   Downloaded sqlx-core v0.8.6
[INFO] [stderr]   Downloaded icu_properties_data v2.1.1
[INFO] [stderr]   Downloaded rust_decimal v1.39.0
[INFO] [stderr]   Downloaded openssl v0.10.75
[INFO] [stderr]   Downloaded flume v0.11.1
[INFO] [stderr]   Downloaded sqlx-postgres v0.8.6
[INFO] [stderr]   Downloaded rustls v0.23.35
[INFO] [stderr]   Downloaded etcetera v0.8.0
[INFO] [stderr]   Downloaded rsa v0.9.8
[INFO] [stderr]   Downloaded sqlx-mysql v0.8.6
[INFO] [stderr]   Downloaded tagptr v0.2.0
[INFO] [stderr]   Downloaded sqlx-macros-core v0.8.6
[INFO] [stderr]   Downloaded dashmap v6.1.0
[INFO] [stderr]   Downloaded sqlx-macros v0.8.6
[INFO] [stderr]   Downloaded sqlparser v0.60.0
[INFO] [stderr]   Downloaded moka v0.12.11
[INFO] running `Command { std: "docker" "create" "-v" "/var/lib/crater-agent-workspace/builds/worker-1-tc1/source:/opt/rustwide/workdir:ro,Z" "-v" "/var/lib/crater-agent-workspace/builds/worker-1-tc1/target:/opt/rustwide/target:rw,Z" "-v" "/var/lib/crater-agent-workspace/cargo-home:/opt/rustwide/cargo-home:ro,Z" "-v" "/var/lib/crater-agent-workspace/rustup-home:/opt/rustwide/rustup-home:ro,Z" "-m" "1610612736" "--network" "none" "ghcr.io/rust-lang/crates-build-env/linux@sha256:77db811e55d90add9212f6832c23229e3de5f1c1f9905e8cb07319ea15df73ac" "sleep" "infinity", kill_on_drop: false }`
[INFO] [stdout] d8f625c745c435842b4839a9917be79d1fcd80cbbf5afa6c702b6bbd2e534b68
[INFO] running `Command { std: "docker" "start" "d8f625c745c435842b4839a9917be79d1fcd80cbbf5afa6c702b6bbd2e534b68", kill_on_drop: false }`
[INFO] running `Command { std: "docker" "inspect" "d8f625c745c435842b4839a9917be79d1fcd80cbbf5afa6c702b6bbd2e534b68", kill_on_drop: false }`
[INFO] running `Command { std: "docker" "exec" "-e" "SOURCE_DIR=/opt/rustwide/workdir" "-e" "CARGO_HOME=/opt/rustwide/cargo-home" "-e" "RUSTUP_HOME=/opt/rustwide/rustup-home" "-e" "CARGO_TARGET_DIR=/opt/rustwide/target" "-w" "/opt/rustwide/workdir" "--user" "0:0" "d8f625c745c435842b4839a9917be79d1fcd80cbbf5afa6c702b6bbd2e534b68" "/opt/rustwide/cargo-home/bin/cargo" "+1.99.0-beta.8" "metadata" "--no-deps" "--format-version=1", kill_on_drop: false }`
[INFO] running `Command { std: "docker" "inspect" "d8f625c745c435842b4839a9917be79d1fcd80cbbf5afa6c702b6bbd2e534b68", kill_on_drop: false }`
[INFO] running `Command { std: "docker" "exec" "-e" "SOURCE_DIR=/opt/rustwide/workdir" "-e" "CARGO_HOME=/opt/rustwide/cargo-home" "-e" "RUSTUP_HOME=/opt/rustwide/rustup-home" "-e" "CARGO_TARGET_DIR=/opt/rustwide/target" "-e" "CARGO_INCREMENTAL=0" "-e" "RUST_BACKTRACE=full" "-e" "RUSTFLAGS=--cap-lints=warn" "-e" "RUSTDOCFLAGS=--cap-lints=warn" "-w" "/opt/rustwide/workdir" "--user" "0:0" "d8f625c745c435842b4839a9917be79d1fcd80cbbf5afa6c702b6bbd2e534b68" "/opt/rustwide/cargo-home/bin/cargo" "+1.99.0-beta.8" "build" "--frozen" "--message-format=json" "--release", kill_on_drop: false }`
[INFO] [stderr]    Compiling libc v0.2.177
[INFO] [stderr]    Compiling proc-macro2 v1.0.103
[INFO] [stderr]    Compiling quote v1.0.42
[INFO] [stderr]    Compiling unicode-ident v1.0.22
[INFO] [stderr]    Compiling getrandom v0.3.4
[INFO] [stderr]    Compiling smallvec v1.15.1
[INFO] [stderr]    Compiling portable-atomic v1.11.1
[INFO] [stderr]    Compiling zerocopy v0.8.27
[INFO] [stderr]    Compiling memchr v2.7.6
[INFO] [stderr]    Compiling moka v0.12.11
[INFO] [stderr]    Compiling thiserror v2.0.17
[INFO] [stderr]    Compiling once_cell v1.21.3
[INFO] [stderr]    Compiling crossbeam-utils v0.8.21
[INFO] [stderr]    Compiling ahash v0.8.12
[INFO] [stderr]    Compiling tagptr v0.2.0
[INFO] [stderr]    Compiling hashbrown v0.14.5
[INFO] [stderr]    Compiling log v0.4.28
[INFO] [stderr]    Compiling bit-vec v0.8.0
[INFO] [stderr]    Compiling prettyplease v0.2.37
[INFO] [stderr]    Compiling regex-syntax v0.8.8
[INFO] [stderr]    Compiling bit-set v0.8.0
[INFO] [stderr]    Compiling sqlparser v0.60.0
[INFO] [stderr]    Compiling crossbeam-epoch v0.9.18
[INFO] [stderr]    Compiling crossbeam-channel v0.5.15
[INFO] [stderr]    Compiling aho-corasick v1.1.4
[INFO] [stderr]    Compiling syn v2.0.110
[INFO] [stderr]    Compiling parking_lot_core v0.9.12
[INFO] [stderr]    Compiling parking_lot v0.12.5
[INFO] [stderr]    Compiling dashmap v6.1.0
[INFO] [stderr]    Compiling uuid v1.19.0
[INFO] [stderr]    Compiling regex-automata v0.4.13
[INFO] [stderr]    Compiling fancy-regex v0.17.0
[INFO] [stderr]    Compiling thiserror-impl v2.0.17
[INFO] [stderr]    Compiling sqlx-data-parser v0.1.0
[INFO] [stderr]    Compiling sqlx-data-macros v0.1.0 (/opt/rustwide/workdir)
[INFO] [stderr]     Finished `release` profile [optimized] target(s) in 46.28s
[INFO] running `Command { std: "docker" "inspect" "d8f625c745c435842b4839a9917be79d1fcd80cbbf5afa6c702b6bbd2e534b68", kill_on_drop: false }`
[INFO] running `Command { std: "docker" "exec" "-e" "SOURCE_DIR=/opt/rustwide/workdir" "-e" "CARGO_HOME=/opt/rustwide/cargo-home" "-e" "RUSTUP_HOME=/opt/rustwide/rustup-home" "-e" "CARGO_TARGET_DIR=/opt/rustwide/target" "-e" "CARGO_INCREMENTAL=0" "-e" "RUST_BACKTRACE=full" "-e" "RUSTFLAGS=--cap-lints=warn" "-e" "RUSTDOCFLAGS=--cap-lints=warn" "-w" "/opt/rustwide/workdir" "--user" "0:0" "d8f625c745c435842b4839a9917be79d1fcd80cbbf5afa6c702b6bbd2e534b68" "/opt/rustwide/cargo-home/bin/cargo" "+1.99.0-beta.8" "test" "--frozen" "--no-run" "--message-format=json" "--release", kill_on_drop: false }`
[INFO] [stderr]    Compiling sqlx-data-macros v0.1.0 (/opt/rustwide/workdir)
[INFO] [stderr]     Finished `release` profile [optimized] target(s) in 23.33s
[INFO] running `Command { std: "docker" "inspect" "d8f625c745c435842b4839a9917be79d1fcd80cbbf5afa6c702b6bbd2e534b68", kill_on_drop: false }`
[INFO] running `Command { std: "docker" "exec" "-e" "SOURCE_DIR=/opt/rustwide/workdir" "-e" "CARGO_HOME=/opt/rustwide/cargo-home" "-e" "RUSTUP_HOME=/opt/rustwide/rustup-home" "-e" "CARGO_TARGET_DIR=/opt/rustwide/target" "-e" "CARGO_INCREMENTAL=0" "-e" "RUST_BACKTRACE=full" "-e" "RUSTFLAGS=--cap-lints=warn" "-e" "RUSTDOCFLAGS=--cap-lints=warn" "-w" "/opt/rustwide/workdir" "--user" "0:0" "d8f625c745c435842b4839a9917be79d1fcd80cbbf5afa6c702b6bbd2e534b68" "/opt/rustwide/cargo-home/bin/cargo" "+1.99.0-beta.8" "test" "--frozen" "--release", kill_on_drop: false }`
[INFO] [stderr]     Finished `release` profile [optimized] target(s) in 0.14s
[INFO] [stderr]      Running unittests src/lib.rs (/opt/rustwide/target/release/deps/sqlx_data_macros-d406be600f2535ad)
[INFO] [stdout] 
[INFO] [stdout] running 69 tests
[INFO] [stdout] test alias_system::tests::test_parse_alias_attributes ... ok
[INFO] [stdout] test code_generator::tests::test_extract_column_name ... ok
[INFO] [stdout] test alias_system::tests::test_circular_reference_detection ... ok
[INFO] [stdout] test dml::tests::test_cache_behavior ... ok
[INFO] [stdout] test constants::tests::test_named_param_regex_matching ... ok
[INFO] [stdout] test constants::tests::test_named_param_regex_complex_sql ... ok
[INFO] [stdout] test constants::tests::test_named_param_regex_replacement ... ok
[INFO] [stdout] test constants::tests::test_named_param_regex_edge_cases_that_should_fail ... ok
[INFO] [stdout] test constants::tests::test_named_param_regex_performance ... ok
[INFO] [stdout] test alias_system::tests::test_multiple_alias_substitution ... ok
[INFO] [stdout] test alias_system::tests::test_nested_alias_substitution ... ok
[INFO] [stdout] test alias_system::tests::test_unresolved_alias_error ... ok
[INFO] [stdout] test alias_system::tests::test_simple_alias_substitution ... ok
[INFO] [stdout] test dml::tests::test_pagination_return_types ... ok
[INFO] [stdout] test dml::tests::test_detects_impl_executor ... ok
[INFO] [stdout] test dml::tests::test_rejects_generic_without_executor_bound ... ok
[INFO] [stdout] test dml::tests::test_detects_pool_reference ... ok
[INFO] [stdout] test dml::tests::test_complex_nested_types ... ok
[INFO] [stdout] test dml::tests::test_inline_bound_executor ... ok
[INFO] [stdout] test constants::tests::test_named_param_regex_stress_edge_cases ... ok
[INFO] [stdout] test dml::tests::test_debug_generic_t_tostring ... ok
[INFO] [stdout] test dml::tests::test_detects_generic_executor ... ok
[INFO] [stdout] test dml::tests::test_rejects_non_executor ... ok
[INFO] [stdout] test dml::tests::test_scalar_return_types ... ok
[INFO] [stdout] test dml::tests::test_stream_return_types ... ok
[INFO] [stdout] test method_variants::tests::test_generate_variant_parameter ... ok
[INFO] [stdout] test method_variants::tests::test_single_variant_generation ... ok
[INFO] [stdout] test dml::tests::test_struct_and_tuple_return_types ... ok
[INFO] [stdout] test scope_system::tests::test_apply_having_scopes ... ok
[INFO] [stdout] test repo_system::tests::test_repo_processor_basic ... ok
[INFO] [stdout] test scope_system::tests::test_apply_from_scopes ... ok
[INFO] [stdout] test scope_system::tests::test_apply_no_scopes ... ok
[INFO] [stdout] test constants::tests::test_sqlx_negative_cases ... ok
[INFO] [stdout] test scope_system::tests::test_apply_order_by_scopes_only ... ok
[INFO] [stdout] test method_variants::tests::test_parse_variant_config ... ok
[INFO] [stdout] test constants::tests::test_sqlx_cast_replacement ... ok
[INFO] [stdout] test code_generator::tests::test_clean_sqlx_cast_syntax ... ok
[INFO] [stdout] test scope_system::tests::test_apply_scopes_to_sql ... ok
[INFO] [stdout] test scope_system::tests::test_deserialization ... ok
[INFO] [stdout] test scope_system::tests::test_apply_where_scopes_only ... ok
[INFO] [stdout] test scope_system::tests::test_scope_target_from_string ... ok
[INFO] [stdout] test scope_system::tests::test_scopes_grouped_by_target ... ok
[INFO] [stdout] test scope_system::tests::test_serialization ... ok
[INFO] [stdout] test scope_system::tests::test_scope_ignore ... ok
[INFO] [stdout] test scope_system::tests::test_substitute_scope_aliases ... ok
[INFO] [stdout] test constants::tests::test_redos_vulnerability ... ok
[INFO] [stdout] test scope_system::tests::test_apply_scopes_with_sql_parser ... ok
[INFO] [stdout] test test_framework::tests::test_framework_comprehensive ... ok
[INFO] [stdout] test type_analyzer::tests::test_has_explicit_sqlx_type ... ok
[INFO] [stdout] test test_framework::tests::test_individual_code_generation ... ok
[INFO] [stdout] test type_analyzer::tests::test_extract_sqlx_explicit_type ... ok
[INFO] [stdout] test test_framework::tests::test_individual_type_analysis ... ok
[INFO] [stdout] test constants::tests::test_sqlx_cast_regex_all_cases ... ok
[INFO] [stdout] test method_variants::tests::test_variant_suffix ... ok
[INFO] [stdout] test test_framework::tests::test_individual_query_strategies ... ok
[INFO] [stdout] test type_analyzer::tests::test_query_strategy_determination ... ok
[INFO] [stdout] test tests::test_dml_macro_with_flatten ... ok
[INFO] [stdout] test repo_system::tests::test_repo_processor_with_scopes ... ok
[INFO] [stdout] test tests::test_documentation_generation ... ok
[INFO] [stdout] test scope_system::tests::test_add_scope_with_custom_target ... ok
[INFO] [stdout] test scope_system::tests::test_add_scope_with_default_target ... ok
[INFO] [stdout] test tests::test_dml_macro_basic ... ok
[INFO] [stdout] test type_analyzer::tests::test_is_scalar_comprehensive ... ok
[INFO] [stdout] test scope_system::tests::test_apply_group_by_scopes ... ok
[INFO] [stdout] test type_analyzer::tests::test_scalar_type_analysis ... ok
[INFO] [stdout] test type_analyzer::tests::test_vec_type_analysis ... ok
[INFO] [stdout] test type_analyzer::tests::test_option_type_analysis ... ok
[INFO] [stdout] test scope_system::tests::test_apply_join_scopes ... FAILED
[INFO] [stdout] test scope_system::tests::test_apply_complex_mixed_scopes ... FAILED
[INFO] [stdout] 
[INFO] [stdout] failures:
[INFO] [stdout] 
[INFO] [stdout] ---- scope_system::tests::test_apply_join_scopes stdout ----
[INFO] [stdout] 
[INFO] [stdout] thread 'scope_system::tests::test_apply_join_scopes' (998) panicked at src/scope_system.rs:1156:70:
[INFO] [stdout] called `Result::unwrap()` on an `Err` value: Error("Failed to parse SQL")
[INFO] [stdout] stack backtrace:
[INFO] [stdout]    0:     0x71c45beea821 - std[70759c8f55707aa4]::backtrace_rs::backtrace::libunwind::trace
[INFO] [stdout]                                at /rustc/dfb0accb7f508ae8be965d8629557221c889dd98/library/std/src/../../backtrace/src/backtrace/libunwind.rs:117:9
[INFO] [stdout]    1:     0x71c45beea821 - std[70759c8f55707aa4]::backtrace_rs::backtrace::trace_unsynchronized::<std[70759c8f55707aa4]::sys::backtrace::_print_fmt::{closure#1}>
[INFO] [stdout]                                at /rustc/dfb0accb7f508ae8be965d8629557221c889dd98/library/std/src/../../backtrace/src/backtrace/mod.rs:66:14
[INFO] [stdout]    2:     0x71c45beea821 - std[70759c8f55707aa4]::sys::backtrace::_print_fmt
[INFO] [stderr] error: test failed, to rerun pass `--lib`
[INFO] [stdout]                                at /rustc/dfb0accb7f508ae8be965d8629557221c889dd98/library/std/src/sys/backtrace.rs:74:9
[INFO] [stdout]    3:     0x71c45beea821 - <<std[70759c8f55707aa4]::sys::backtrace::BacktraceLock>::print::DisplayBacktrace as core[df12db4294e9bfd3]::fmt::Display>::fmt
[INFO] [stdout]                                at /rustc/dfb0accb7f508ae8be965d8629557221c889dd98/library/std/src/sys/backtrace.rs:44:26
[INFO] [stdout]    4:     0x71c45bf31aea - <core[df12db4294e9bfd3]::fmt::rt::Argument>::fmt
[INFO] [stdout]                                at /rustc/dfb0accb7f508ae8be965d8629557221c889dd98/library/core/src/fmt/rt.rs:152:76
[INFO] [stdout]    5:     0x71c45bf31aea - core[df12db4294e9bfd3]::fmt::write
[INFO] [stdout]    6:     0x71c45befb7cc - core[df12db4294e9bfd3]::io::write::default_write_fmt::<alloc[2182bb758b4b3781]::vec::Vec<u8>>
[INFO] [stdout]                                at /rustc/dfb0accb7f508ae8be965d8629557221c889dd98/library/core/src/io/write.rs:402:11
[INFO] [stdout]    7:     0x71c45befb7cc - <alloc[2182bb758b4b3781]::vec::Vec<u8> as core[df12db4294e9bfd3]::io::write::Write>::write_fmt
[INFO] [stdout]                                at /rustc/dfb0accb7f508ae8be965d8629557221c889dd98/library/core/src/io/write.rs:335:13
[INFO] [stdout]    8:     0x71c45beb41a6 - <std[70759c8f55707aa4]::sys::backtrace::BacktraceLock>::print
[INFO] [stdout]                                at /rustc/dfb0accb7f508ae8be965d8629557221c889dd98/library/std/src/sys/backtrace.rs:47:9
[INFO] [stdout]    9:     0x71c45beb41a6 - std[70759c8f55707aa4]::panicking::default_hook::{closure#0}
[INFO] [stdout]                                at /rustc/dfb0accb7f508ae8be965d8629557221c889dd98/library/std/src/panicking.rs:292:27
[INFO] [stdout]   10:     0x71c45bedb2a9 - std[70759c8f55707aa4]::panicking::default_hook
[INFO] [stdout]                                at /rustc/dfb0accb7f508ae8be965d8629557221c889dd98/library/std/src/panicking.rs:316:9
[INFO] [stdout]   11:     0x6328ba423020 - test[9d35eded1c95d3be]::test_main_inner::<test[9d35eded1c95d3be]::test_main_static::{closure#0}>::{closure#0}
[INFO] [stdout]   12:     0x71c45bedb5d2 - <alloc[2182bb758b4b3781]::boxed::Box<dyn for<'a, 'b> core[df12db4294e9bfd3]::ops::function::Fn<(&'a std[70759c8f55707aa4]::panic::PanicHookInfo<'b>,), Output = ()> + core[df12db4294e9bfd3]::marker::Send + core[df12db4294e9bfd3]::marker::Sync> as core[df12db4294e9bfd3]::ops::function::Fn<(&std[70759c8f55707aa4]::panic::PanicHookInfo,)>>::call
[INFO] [stdout]                                at /rustc/dfb0accb7f508ae8be965d8629557221c889dd98/library/alloc/src/boxed.rs:2334:9
[INFO] [stdout]   13:     0x71c45bedb5d2 - std[70759c8f55707aa4]::panicking::panic_with_hook
[INFO] [stdout]                                at /rustc/dfb0accb7f508ae8be965d8629557221c889dd98/library/std/src/panicking.rs:823:13
[INFO] [stdout]   14:     0x71c45beb4252 - std[70759c8f55707aa4]::panicking::panic_handler::{closure#0}
[INFO] [stdout]                                at /rustc/dfb0accb7f508ae8be965d8629557221c889dd98/library/std/src/panicking.rs:688:13
[INFO] [stdout]   15:     0x71c45beab8a9 - std[70759c8f55707aa4]::sys::backtrace::__rust_end_short_backtrace::<std[70759c8f55707aa4]::panicking::panic_handler::{closure#0}, !>
[INFO] [stdout]                                at /rustc/dfb0accb7f508ae8be965d8629557221c889dd98/library/std/src/sys/backtrace.rs:182:18
[INFO] [stdout]   16:     0x71c45beb5b5d - __rustc[8fa7c3cbc660c2b3]::rust_begin_unwind
[INFO] [stdout]                                at /rustc/dfb0accb7f508ae8be965d8629557221c889dd98/library/std/src/panicking.rs:679:5
[INFO] [stdout]   17:     0x71c45bf3257c - core[df12db4294e9bfd3]::panicking::panic_fmt
[INFO] [stdout]                                at /rustc/dfb0accb7f508ae8be965d8629557221c889dd98/library/core/src/panicking.rs:80:14
[INFO] [stdout]   18:     0x71c45bf32262 - core[df12db4294e9bfd3]::result::unwrap_failed
[INFO] [stdout]                                at /rustc/dfb0accb7f508ae8be965d8629557221c889dd98/library/core/src/result.rs:1871:5
[INFO] [stdout]   19:     0x6328ba172d04 - sqlx_data_macros[725138f7a8b3ce99]::scope_system::tests::test_apply_join_scopes
[INFO] [stdout]   20:     0x6328ba132919 - <sqlx_data_macros[725138f7a8b3ce99]::scope_system::tests::test_apply_join_scopes::{closure#0} as core[df12db4294e9bfd3]::ops::function::FnOnce<()>>::call_once
[INFO] [stdout]   21:     0x6328ba41630b - test[9d35eded1c95d3be]::__rust_begin_short_backtrace::<core[df12db4294e9bfd3]::result::Result<(), alloc[2182bb758b4b3781]::string::String>, fn() -> core[df12db4294e9bfd3]::result::Result<(), alloc[2182bb758b4b3781]::string::String>>
[INFO] [stdout]   22:     0x6328ba423975 - test[9d35eded1c95d3be]::run_test::{closure#0}
[INFO] [stdout]   23:     0x6328ba41d234 - std[70759c8f55707aa4]::sys::backtrace::__rust_begin_short_backtrace::<test[9d35eded1c95d3be]::run_test::{closure#1}, ()>
[INFO] [stdout]   24:     0x6328ba426ad2 - <std[70759c8f55707aa4]::thread::lifecycle::spawn_unchecked<test[9d35eded1c95d3be]::run_test::{closure#1}, ()>::{closure#1} as core[df12db4294e9bfd3]::ops::function::FnOnce<()>>::call_once::{shim:vtable#0}
[INFO] [stdout]   25:     0x71c45bee6df9 - <alloc[2182bb758b4b3781]::boxed::Box<dyn core[df12db4294e9bfd3]::ops::function::FnOnce<(), Output = ()> + core[df12db4294e9bfd3]::marker::Send> as core[df12db4294e9bfd3]::ops::function::FnOnce<()>>::call_once
[INFO] [stdout]                                at /rustc/dfb0accb7f508ae8be965d8629557221c889dd98/library/alloc/src/boxed.rs:2320:9
[INFO] [stdout]   26:     0x71c45bee6df9 - <std[70759c8f55707aa4]::sys::thread::unix::Thread>::new::thread_start
[INFO] [stdout]                                at /rustc/dfb0accb7f508ae8be965d8629557221c889dd98/library/std/src/sys/thread/unix.rs:123:17
[INFO] [stdout]   27:     0x71c45bc43dfa - <unknown>
[INFO] [stdout]   28:     0x71c45bcd73d4 - clone
[INFO] [stdout]   29:                0x0 - <unknown>
[INFO] [stdout] 
[INFO] [stdout] ---- scope_system::tests::test_apply_complex_mixed_scopes stdout ----
[INFO] [stdout] 
[INFO] [stdout] thread 'scope_system::tests::test_apply_complex_mixed_scopes' (994) panicked at src/scope_system.rs:1205:70:
[INFO] [stdout] called `Result::unwrap()` on an `Err` value: Error("Failed to parse SQL")
[INFO] [stdout] stack backtrace:
[INFO] [stdout]    0:     0x71c45beea821 - std[70759c8f55707aa4]::backtrace_rs::backtrace::libunwind::trace
[INFO] [stdout]                                at /rustc/dfb0accb7f508ae8be965d8629557221c889dd98/library/std/src/../../backtrace/src/backtrace/libunwind.rs:117:9
[INFO] [stdout]    1:     0x71c45beea821 - std[70759c8f55707aa4]::backtrace_rs::backtrace::trace_unsynchronized::<std[70759c8f55707aa4]::sys::backtrace::_print_fmt::{closure#1}>
[INFO] [stdout]                                at /rustc/dfb0accb7f508ae8be965d8629557221c889dd98/library/std/src/../../backtrace/src/backtrace/mod.rs:66:14
[INFO] [stdout]    2:     0x71c45beea821 - std[70759c8f55707aa4]::sys::backtrace::_print_fmt
[INFO] [stdout]                                at /rustc/dfb0accb7f508ae8be965d8629557221c889dd98/library/std/src/sys/backtrace.rs:74:9
[INFO] [stdout]    3:     0x71c45beea821 - <<std[70759c8f55707aa4]::sys::backtrace::BacktraceLock>::print::DisplayBacktrace as core[df12db4294e9bfd3]::fmt::Display>::fmt
[INFO] [stdout]                                at /rustc/dfb0accb7f508ae8be965d8629557221c889dd98/library/std/src/sys/backtrace.rs:44:26
[INFO] [stdout]    4:     0x71c45bf31aea - <core[df12db4294e9bfd3]::fmt::rt::Argument>::fmt
[INFO] [stdout]                                at /rustc/dfb0accb7f508ae8be965d8629557221c889dd98/library/core/src/fmt/rt.rs:152:76
[INFO] [stdout]    5:     0x71c45bf31aea - core[df12db4294e9bfd3]::fmt::write
[INFO] [stdout]    6:     0x71c45befb7cc - core[df12db4294e9bfd3]::io::write::default_write_fmt::<alloc[2182bb758b4b3781]::vec::Vec<u8>>
[INFO] [stdout]                                at /rustc/dfb0accb7f508ae8be965d8629557221c889dd98/library/core/src/io/write.rs:402:11
[INFO] [stdout]    7:     0x71c45befb7cc - <alloc[2182bb758b4b3781]::vec::Vec<u8> as core[df12db4294e9bfd3]::io::write::Write>::write_fmt
[INFO] [stdout]                                at /rustc/dfb0accb7f508ae8be965d8629557221c889dd98/library/core/src/io/write.rs:335:13
[INFO] [stdout]    8:     0x71c45beb41a6 - <std[70759c8f55707aa4]::sys::backtrace::BacktraceLock>::print
[INFO] [stdout]                                at /rustc/dfb0accb7f508ae8be965d8629557221c889dd98/library/std/src/sys/backtrace.rs:47:9
[INFO] [stdout]    9:     0x71c45beb41a6 - std[70759c8f55707aa4]::panicking::default_hook::{closure#0}
[INFO] [stdout]                                at /rustc/dfb0accb7f508ae8be965d8629557221c889dd98/library/std/src/panicking.rs:292:27
[INFO] [stdout]   10:     0x71c45bedb2a9 - std[70759c8f55707aa4]::panicking::default_hook
[INFO] [stdout]                                at /rustc/dfb0accb7f508ae8be965d8629557221c889dd98/library/std/src/panicking.rs:316:9
[INFO] [stdout]   11:     0x6328ba423020 - test[9d35eded1c95d3be]::test_main_inner::<test[9d35eded1c95d3be]::test_main_static::{closure#0}>::{closure#0}
[INFO] [stdout]   12:     0x71c45bedb5d2 - <alloc[2182bb758b4b3781]::boxed::Box<dyn for<'a, 'b> core[df12db4294e9bfd3]::ops::function::Fn<(&'a std[70759c8f55707aa4]::panic::PanicHookInfo<'b>,), Output = ()> + core[df12db4294e9bfd3]::marker::Send + core[df12db4294e9bfd3]::marker::Sync> as core[df12db4294e9bfd3]::ops::function::Fn<(&std[70759c8f55707aa4]::panic::PanicHookInfo,)>>::call
[INFO] [stdout]                                at /rustc/dfb0accb7f508ae8be965d8629557221c889dd98/library/alloc/src/boxed.rs:2334:9
[INFO] [stdout]   13:     0x71c45bedb5d2 - std[70759c8f55707aa4]::panicking::panic_with_hook
[INFO] [stdout]                                at /rustc/dfb0accb7f508ae8be965d8629557221c889dd98/library/std/src/panicking.rs:823:13
[INFO] [stdout]   14:     0x71c45beb4252 - std[70759c8f55707aa4]::panicking::panic_handler::{closure#0}
[INFO] [stdout]                                at /rustc/dfb0accb7f508ae8be965d8629557221c889dd98/library/std/src/panicking.rs:688:13
[INFO] [stdout]   15:     0x71c45beab8a9 - std[70759c8f55707aa4]::sys::backtrace::__rust_end_short_backtrace::<std[70759c8f55707aa4]::panicking::panic_handler::{closure#0}, !>
[INFO] [stdout]                                at /rustc/dfb0accb7f508ae8be965d8629557221c889dd98/library/std/src/sys/backtrace.rs:182:18
[INFO] [stdout]   16:     0x71c45beb5b5d - __rustc[8fa7c3cbc660c2b3]::rust_begin_unwind
[INFO] [stdout]                                at /rustc/dfb0accb7f508ae8be965d8629557221c889dd98/library/std/src/panicking.rs:679:5
[INFO] [stdout]   17:     0x71c45bf3257c - core[df12db4294e9bfd3]::panicking::panic_fmt
[INFO] [stdout]                                at /rustc/dfb0accb7f508ae8be965d8629557221c889dd98/library/core/src/panicking.rs:80:14
[INFO] [stdout]   18:     0x71c45bf32262 - core[df12db4294e9bfd3]::result::unwrap_failed
[INFO] [stdout]                                at /rustc/dfb0accb7f508ae8be965d8629557221c889dd98/library/core/src/result.rs:1871:5
[INFO] [stdout]   19:     0x6328ba176584 - sqlx_data_macros[725138f7a8b3ce99]::scope_system::tests::test_apply_complex_mixed_scopes
[INFO] [stdout]   20:     0x6328ba132a19 - <sqlx_data_macros[725138f7a8b3ce99]::scope_system::tests::test_apply_complex_mixed_scopes::{closure#0} as core[df12db4294e9bfd3]::ops::function::FnOnce<()>>::call_once
[INFO] [stdout]   21:     0x6328ba41630b - test[9d35eded1c95d3be]::__rust_begin_short_backtrace::<core[df12db4294e9bfd3]::result::Result<(), alloc[2182bb758b4b3781]::string::String>, fn() -> core[df12db4294e9bfd3]::result::Result<(), alloc[2182bb758b4b3781]::string::String>>
[INFO] [stdout]   22:     0x6328ba423975 - test[9d35eded1c95d3be]::run_test::{closure#0}
[INFO] [stdout]   23:     0x6328ba41d234 - std[70759c8f55707aa4]::sys::backtrace::__rust_begin_short_backtrace::<test[9d35eded1c95d3be]::run_test::{closure#1}, ()>
[INFO] [stdout]   24:     0x6328ba426ad2 - <std[70759c8f55707aa4]::thread::lifecycle::spawn_unchecked<test[9d35eded1c95d3be]::run_test::{closure#1}, ()>::{closure#1} as core[df12db4294e9bfd3]::ops::function::FnOnce<()>>::call_once::{shim:vtable#0}
[INFO] [stdout]   25:     0x71c45bee6df9 - <alloc[2182bb758b4b3781]::boxed::Box<dyn core[df12db4294e9bfd3]::ops::function::FnOnce<(), Output = ()> + core[df12db4294e9bfd3]::marker::Send> as core[df12db4294e9bfd3]::ops::function::FnOnce<()>>::call_once
[INFO] [stdout]                                at /rustc/dfb0accb7f508ae8be965d8629557221c889dd98/library/alloc/src/boxed.rs:2320:9
[INFO] [stdout]   26:     0x71c45bee6df9 - <std[70759c8f55707aa4]::sys::thread::unix::Thread>::new::thread_start
[INFO] [stdout]                                at /rustc/dfb0accb7f508ae8be965d8629557221c889dd98/library/std/src/sys/thread/unix.rs:123:17
[INFO] [stdout]   27:     0x71c45bc43dfa - <unknown>
[INFO] [stdout]   28:     0x71c45bcd73d4 - clone
[INFO] [stdout]   29:                0x0 - <unknown>
[INFO] [stdout] 
[INFO] [stdout] 
[INFO] [stdout] failures:
[INFO] [stdout]     scope_system::tests::test_apply_complex_mixed_scopes
[INFO] [stdout]     scope_system::tests::test_apply_join_scopes
[INFO] [stdout] 
[INFO] [stdout] test result: FAILED. 67 passed; 2 failed; 0 ignored; 0 measured; 0 filtered out; finished in 0.09s
[INFO] [stdout] 
[INFO] running `Command { std: "docker" "inspect" "d8f625c745c435842b4839a9917be79d1fcd80cbbf5afa6c702b6bbd2e534b68", kill_on_drop: false }`
[INFO] running `Command { std: "docker" "rm" "-f" "d8f625c745c435842b4839a9917be79d1fcd80cbbf5afa6c702b6bbd2e534b68", kill_on_drop: false }`
[INFO] [stdout] d8f625c745c435842b4839a9917be79d1fcd80cbbf5afa6c702b6bbd2e534b68
