[INFO] fetching crate sqlmap-rs 0.3.4...
[INFO] testing sqlmap-rs-0.3.4 against 1.100.0-beta.1+cargoflags=--release for beta-release-1.100-2
[INFO] extracting crate sqlmap-rs 0.3.4 into /workspace/builds/worker-6-tc2/source
[INFO] started tweaking crates.io crate sqlmap-rs 0.3.4
[INFO] removed 0 missing examples
[INFO] removed 0 missing tests
[INFO] finished tweaking crates.io crate sqlmap-rs 0.3.4
[INFO] tweaked toml for crates.io crate sqlmap-rs 0.3.4 written to /workspace/builds/worker-6-tc2/source/Cargo.toml
[INFO] validating manifest of crates.io crate sqlmap-rs 0.3.4 on toolchain 1.100.0-beta.1
[INFO] running `Command { std: CARGO_HOME="/workspace/cargo-home" RUSTUP_HOME="/workspace/rustup-home" "/workspace/cargo-home/bin/cargo" "+1.100.0-beta.1" "metadata" "--manifest-path" "Cargo.toml" "--no-deps", kill_on_drop: false }`
[INFO] crate crates.io crate sqlmap-rs 0.3.4 already has a lockfile, it will not be regenerated
[INFO] running `Command { std: CARGO_HOME="/workspace/cargo-home" RUSTUP_HOME="/workspace/rustup-home" "/workspace/cargo-home/bin/cargo" "+1.100.0-beta.1" "fetch" "--manifest-path" "Cargo.toml", kill_on_drop: false }`
[INFO] [stderr]     Blocking waiting for file lock on package cache
[INFO] running `Command { std: "docker" "create" "-v" "/var/lib/crater-agent-workspace/builds/worker-6-tc2/source:/opt/rustwide/workdir:ro,Z" "-v" "/var/lib/crater-agent-workspace/builds/worker-6-tc2/target:/opt/rustwide/target:rw,Z" "-v" "/var/lib/crater-agent-workspace/cargo-home:/opt/rustwide/cargo-home:ro,Z" "-v" "/var/lib/crater-agent-workspace/rustup-home:/opt/rustwide/rustup-home:ro,Z" "-m" "1610612736" "--network" "none" "ghcr.io/rust-lang/crates-build-env/linux@sha256:77db811e55d90add9212f6832c23229e3de5f1c1f9905e8cb07319ea15df73ac" "sleep" "infinity", kill_on_drop: false }`
[INFO] [stdout] 6dbe2abe11515a7c5c600c55d2d3c87da6c70da6f521d3a52c7171da5e16df11
[INFO] running `Command { std: "docker" "start" "6dbe2abe11515a7c5c600c55d2d3c87da6c70da6f521d3a52c7171da5e16df11", kill_on_drop: false }`
[INFO] running `Command { std: "docker" "inspect" "6dbe2abe11515a7c5c600c55d2d3c87da6c70da6f521d3a52c7171da5e16df11", kill_on_drop: false }`
[INFO] running `Command { std: "docker" "exec" "-e" "SOURCE_DIR=/opt/rustwide/workdir" "-e" "CARGO_HOME=/opt/rustwide/cargo-home" "-e" "RUSTUP_HOME=/opt/rustwide/rustup-home" "-e" "CARGO_TARGET_DIR=/opt/rustwide/target" "-w" "/opt/rustwide/workdir" "--user" "0:0" "6dbe2abe11515a7c5c600c55d2d3c87da6c70da6f521d3a52c7171da5e16df11" "/opt/rustwide/cargo-home/bin/cargo" "+1.100.0-beta.1" "metadata" "--no-deps" "--format-version=1", kill_on_drop: false }`
[INFO] running `Command { std: "docker" "inspect" "6dbe2abe11515a7c5c600c55d2d3c87da6c70da6f521d3a52c7171da5e16df11", kill_on_drop: false }`
[INFO] running `Command { std: "docker" "exec" "-e" "SOURCE_DIR=/opt/rustwide/workdir" "-e" "CARGO_HOME=/opt/rustwide/cargo-home" "-e" "RUSTUP_HOME=/opt/rustwide/rustup-home" "-e" "CARGO_TARGET_DIR=/opt/rustwide/target" "-e" "CARGO_INCREMENTAL=0" "-e" "RUST_BACKTRACE=full" "-e" "RUSTFLAGS=--cap-lints=warn" "-e" "RUSTDOCFLAGS=--cap-lints=warn" "-w" "/opt/rustwide/workdir" "--user" "0:0" "6dbe2abe11515a7c5c600c55d2d3c87da6c70da6f521d3a52c7171da5e16df11" "/opt/rustwide/cargo-home/bin/cargo" "+1.100.0-beta.1" "build" "--frozen" "--message-format=json" "--release", kill_on_drop: false }`
[INFO] [stderr]    Compiling unicode-joining-type v1.0.0
[INFO] [stderr]    Compiling cc v1.2.67
[INFO] [stderr]    Compiling http v1.4.2
[INFO] [stderr]    Compiling rustls-pki-types v1.15.0
[INFO] [stderr]    Compiling futures-task v0.3.32
[INFO] [stderr]    Compiling slab v0.4.12
[INFO] [stderr]    Compiling unicode-bidi v0.3.18
[INFO] [stderr]    Compiling unicode-normalization v0.1.25
[INFO] [stderr]    Compiling syn v2.0.119
[INFO] [stderr]    Compiling mio v1.2.2
[INFO] [stderr]    Compiling socket2 v0.6.5
[INFO] [stderr]    Compiling futures-channel v0.3.32
[INFO] [stderr]    Compiling serde_json v1.0.150
[INFO] [stderr]    Compiling futures-util v0.3.32
[INFO] [stderr]    Compiling webpki-roots v1.0.8
[INFO] [stderr]    Compiling http-body v1.1.0
[INFO] [stderr]    Compiling http-body-util v0.1.4
[INFO] [stderr]    Compiling idna_mapping v1.1.0
[INFO] [stderr]    Compiling ring v0.17.14
[INFO] [stderr]    Compiling idna_adapter v1.1.0
[INFO] [stderr]    Compiling idna v1.1.0
[INFO] [stderr]    Compiling url v2.5.8
[INFO] [stderr]    Compiling tokio-macros v2.7.1
[INFO] [stderr]    Compiling tracing-attributes v0.1.31
[INFO] [stderr]    Compiling serde_derive v1.0.228
[INFO] [stderr]    Compiling thiserror-impl v1.0.69
[INFO] [stderr]    Compiling tokio v1.53.0
[INFO] [stderr]    Compiling thiserror v1.0.69
[INFO] [stderr]    Compiling tracing v0.1.44
[INFO] [stderr]    Compiling serde v1.0.228
[INFO] [stderr]    Compiling serde_urlencoded v0.7.1
[INFO] [stderr]    Compiling rustls v0.23.42
[INFO] [stderr]    Compiling hyper v1.10.1
[INFO] [stderr]    Compiling tower v0.5.3
[INFO] [stderr]    Compiling rustls-webpki v0.103.13
[INFO] [stderr]    Compiling tower-http v0.6.11
[INFO] [stderr]    Compiling hyper-util v0.1.20
[INFO] [stderr]    Compiling tokio-rustls v0.26.4
[INFO] [stderr]    Compiling hyper-rustls v0.27.9
[INFO] [stderr]    Compiling reqwest v0.12.28
[INFO] [stderr]    Compiling sqlmap-rs v0.3.4 (/opt/rustwide/workdir)
[INFO] [stderr]     Finished `release` profile [optimized] target(s) in 55.30s
[INFO] running `Command { std: "docker" "inspect" "6dbe2abe11515a7c5c600c55d2d3c87da6c70da6f521d3a52c7171da5e16df11", kill_on_drop: false }`
[INFO] running `Command { std: "docker" "exec" "-e" "SOURCE_DIR=/opt/rustwide/workdir" "-e" "CARGO_HOME=/opt/rustwide/cargo-home" "-e" "RUSTUP_HOME=/opt/rustwide/rustup-home" "-e" "CARGO_TARGET_DIR=/opt/rustwide/target" "-e" "CARGO_INCREMENTAL=0" "-e" "RUST_BACKTRACE=full" "-e" "RUSTFLAGS=--cap-lints=warn" "-e" "RUSTDOCFLAGS=--cap-lints=warn" "-w" "/opt/rustwide/workdir" "--user" "0:0" "6dbe2abe11515a7c5c600c55d2d3c87da6c70da6f521d3a52c7171da5e16df11" "/opt/rustwide/cargo-home/bin/cargo" "+1.100.0-beta.1" "test" "--frozen" "--no-run" "--message-format=json" "--release", kill_on_drop: false }`
[INFO] [stderr]    Compiling zerocopy v0.8.54
[INFO] [stderr]    Compiling num-traits v0.2.19
[INFO] [stderr]    Compiling getrandom v0.4.3
[INFO] [stderr]    Compiling wait-timeout v0.2.1
[INFO] [stderr]    Compiling rand_xorshift v0.4.0
[INFO] [stderr]    Compiling rand v0.9.5
[INFO] [stderr]    Compiling tower-http v0.6.11
[INFO] [stderr]    Compiling tempfile v3.27.0
[INFO] [stderr]    Compiling rusty-fork v0.3.1
[INFO] [stderr]    Compiling reqwest v0.12.28
[INFO] [stderr]    Compiling sqlmap-rs v0.3.4 (/opt/rustwide/workdir)
[INFO] [stderr]    Compiling ppv-lite86 v0.2.21
[INFO] [stderr]    Compiling rand_chacha v0.9.0
[INFO] [stderr]    Compiling proptest v1.11.0
[INFO] [stderr]     Finished `release` profile [optimized] target(s) in 34.78s
[INFO] running `Command { std: "docker" "inspect" "6dbe2abe11515a7c5c600c55d2d3c87da6c70da6f521d3a52c7171da5e16df11", kill_on_drop: false }`
[INFO] running `Command { std: "docker" "exec" "-e" "SOURCE_DIR=/opt/rustwide/workdir" "-e" "CARGO_HOME=/opt/rustwide/cargo-home" "-e" "RUSTUP_HOME=/opt/rustwide/rustup-home" "-e" "CARGO_TARGET_DIR=/opt/rustwide/target" "-e" "CARGO_INCREMENTAL=0" "-e" "RUST_BACKTRACE=full" "-e" "RUSTFLAGS=--cap-lints=warn" "-e" "RUSTDOCFLAGS=--cap-lints=warn" "-w" "/opt/rustwide/workdir" "--user" "0:0" "6dbe2abe11515a7c5c600c55d2d3c87da6c70da6f521d3a52c7171da5e16df11" "/opt/rustwide/cargo-home/bin/cargo" "+1.100.0-beta.1" "test" "--frozen" "--release", kill_on_drop: false }`
[INFO] [stderr]     Finished `release` profile [optimized] target(s) in 0.16s
[INFO] [stderr]      Running unittests src/lib.rs (/opt/rustwide/target/release/build/sqlmap-rs/ac6e52343a54ea20/out/sqlmap_rs-ac6e52343a54ea20)
[INFO] [stdout] 
[INFO] [stderr]      Running tests/adversarial.rs (/opt/rustwide/target/release/build/sqlmap-rs/655277c92b78e8df/out/adversarial-655277c92b78e8df)
[INFO] [stdout] running 12 tests
[INFO] [stdout] test types::tests::format_markdown_output ... ok
[INFO] [stdout] test types::tests::format_csv_output ... ok
[INFO] [stdout] test types::tests::finding_display ... ok
[INFO] [stdout] test types::tests::builder_pattern_serializes_correctly ... ok
[INFO] [stdout] test types::tests::tech_serializes_as_technique ... ok
[INFO] [stdout] test types::tests::format_plain_empty ... ok
[INFO] [stdout] test types::tests::new_options_fields_serialize ... ok
[INFO] [stdout] test types::tests::type_1_chunk_edge_cases ... ok
[INFO] [stdout] test types::tests::type_0_chunks_ignored ... ok
[INFO] [stdout] test types::tests::type_1_chunk_parsed_as_finding ... ok
[INFO] [stdout] test types::tests::type_1_nested_techniques_expanded ... ok
[INFO] [stdout] test types::tests::empty_data_response_gives_no_findings ... ok
[INFO] [stdout] 
[INFO] [stdout] test result: ok. 12 passed; 0 failed; 0 ignored; 0 measured; 0 filtered out; finished in 0.00s
[INFO] [stdout] 
[INFO] [stdout] 
[INFO] [stdout] running 13 tests
[INFO] [stdout] test adversarial_empty_data_array_yields_no_findings ... ok
[INFO] [stdout] test adversarial_csv_quotes_lone_carriage_return ... ok
[INFO] [stdout] test adversarial_nested_techniques_empty_data_array ... ok
[INFO] [stdout] test adversarial_empty_title_with_payload_not_a_finding ... ok
[INFO] [stdout] test adversarial_whitespace_technique_with_payload_not_a_finding ... ok
[INFO] [stdout] test adversarial_markdown_escapes_pipe_in_payload ... ok
[INFO] [stdout] test adversarial_markdown_escapes_backtick_in_cells ... ok
[INFO] [stdout] test adversarial_incomplete_parameter_only_object_not_fabricated ... ok
[INFO] [stdout] test adversarial_nullish_chunk_value_shapes ... ok
[INFO] [stdout] test adversarial_markdown_replaces_newlines_in_cells ... ok
[INFO] [stdout] test adversarial_csv_escapes_comma_quote_newline ... ok
[INFO] [stdout] test adversarial_outer_dict_shaped_type1_matches_array_fixture ... ok
[INFO] [stdout] test adversarial_dict_shaped_techniques_matches_list_fixture ... ok
[INFO] [stdout] 
[INFO] [stderr]      Running tests/contract.rs (/opt/rustwide/target/release/build/sqlmap-rs/7bbae6e869365633/out/contract-7bbae6e869365633)
[INFO] [stdout] test result: ok. 13 passed; 0 failed; 0 ignored; 0 measured; 0 filtered out; finished in 0.01s
[INFO] [stdout] 
[INFO] [stdout] 
[INFO] [stdout] running 12 tests
[INFO] [stdout] test contract_log_response_success_false_deserializes ... ok
[INFO] [stdout] test contract_full_scan_example_requires_cli_target ... ok
[INFO] [stdout] test contract_malformed_response_display_is_stable ... ok
[INFO] [stdout] test contract_binary_not_found_display_mentions_sqlmapapi_only ... ok
[INFO] [stdout] test contract_categories_include_api_bindings ... ok
[INFO] [stdout] test contract_invalid_task_display_includes_task_id ... ok
[INFO] [stdout] test contract_repository_is_santhreal_sqlmap_rs ... ok
[INFO] [stdout] test contract_readme_setup_ab_github_only ... ok
[INFO] [stdout] test contract_readme_version_matches_cargo_toml ... FAILED
[INFO] [stdout] test contract_tech_serializes_as_technique_not_tech ... ok
[INFO] [stdout] test contract_rust_version_is_1_85 ... ok
[INFO] [stdout] test contract_data_response_success_false_deserializes ... ok
[INFO] [stdout] 
[INFO] [stdout] failures:
[INFO] [stdout] 
[INFO] [stdout] ---- contract_readme_version_matches_cargo_toml stdout ----
[INFO] [stdout] 
[INFO] [stdout] thread 'contract_readme_version_matches_cargo_toml' (1682) panicked at tests/contract.rs:45:5:
[INFO] [stdout] assertion `left == right` failed: Cargo.toml version pin
[INFO] [stdout]   left: "=1.1.0"
[INFO] [stdout]  right: "0.3.4"
[INFO] [stdout] stack backtrace:
[INFO] [stdout]    0:     0x5e0ab7ac4b61 - <<std[617be2ca0a6fd877]::sys::backtrace::BacktraceLock>::print::DisplayBacktrace as core[a373ad73a504971]::fmt::Display>::fmt
[INFO] [stdout]    1:     0x5e0ab7ad91ca - core[a373ad73a504971]::fmt::write
[INFO] [stdout]    2:     0x5e0ab7ac8d7c - <alloc[2e1b2a31b91974c5]::vec::Vec<u8> as core[a373ad73a504971]::io::write::Write>::write_fmt
[INFO] [stdout]    3:     0x5e0ab7aa0c66 - std[617be2ca0a6fd877]::panicking::default_hook::{closure#0}
[INFO] [stdout]    4:     0x5e0ab7abce99 - std[617be2ca0a6fd877]::panicking::default_hook
[INFO] [stdout]    5:     0x5e0ab7a536e0 - test[aada8e7e76ba119b]::test_main_inner::{closure#0}
[INFO] [stdout]    6:     0x5e0ab7abd052 - std[617be2ca0a6fd877]::panicking::panic_with_hook
[INFO] [stdout]    7:     0x5e0ab7aa0d12 - std[617be2ca0a6fd877]::panicking::panic_handler::{closure#0}
[INFO] [stdout]    8:     0x5e0ab7a99899 - std[617be2ca0a6fd877]::sys::backtrace::__rust_end_short_backtrace::<std[617be2ca0a6fd877]::panicking::panic_handler::{closure#0}, !>
[INFO] [stdout]    9:     0x5e0ab7aa191d - __rustc[ea4f61d10b84890b]::rust_begin_unwind
[INFO] [stdout]   10:     0x5e0ab7ad98fc - core[a373ad73a504971]::panicking::panic_fmt
[INFO] [stdout]   11:     0x5e0ab7ad9873 - core[a373ad73a504971]::panicking::assert_failed_inner
[INFO] [stdout]   12:     0x5e0ab7a4541c - core[a373ad73a504971]::panicking::assert_failed::<alloc[2e1b2a31b91974c5]::string::String, &str>
[INFO] [stdout]   13:     0x5e0ab7a403b7 - <contract[b5b1b663ce8a58b1]::contract_readme_version_matches_cargo_toml::{closure#0} as core[a373ad73a504971]::ops::function::FnOnce<()>>::call_once
[INFO] [stdout]   14:     0x5e0ab7a46b2b - test[aada8e7e76ba119b]::__rust_begin_short_backtrace::<core[a373ad73a504971]::result::Result<(), alloc[2e1b2a31b91974c5]::string::String>, fn() -> core[a373ad73a504971]::result::Result<(), alloc[2e1b2a31b91974c5]::string::String>>
[INFO] [stdout]   15:     0x5e0ab7a53d05 - test[aada8e7e76ba119b]::run_test::{closure#0}
[INFO] [stdout]   16:     0x5e0ab7a4d5f4 - std[617be2ca0a6fd877]::sys::backtrace::__rust_begin_short_backtrace::<test[aada8e7e76ba119b]::run_test::{closure#1}, ()>
[INFO] [stdout]   17:     0x5e0ab7a56d92 - <std[617be2ca0a6fd877]::thread::lifecycle::spawn_unchecked<test[aada8e7e76ba119b]::run_test::{closure#1}, ()>::{closure#1} as core[a373ad73a504971]::ops::function::FnOnce<()>>::call_once::{shim:vtable#0}
[INFO] [stdout]   18:     0x5e0ab7ac405f - <std[617be2ca0a6fd877]::sys::thread::unix::Thread>::new::thread_start
[INFO] [stdout]   19:     0x7cec06d47dfa - <unknown>
[INFO] [stdout]   20:     0x7cec06ddb3d4 - clone
[INFO] [stdout]   21:                0x0 - <unknown>
[INFO] [stdout] 
[INFO] [stdout] 
[INFO] [stdout] failures:
[INFO] [stdout]     contract_readme_version_matches_cargo_toml
[INFO] [stdout] 
[INFO] [stdout] test result: FAILED. 11 passed; 1 failed; 0 ignored; 0 measured; 0 filtered out; finished in 0.00s
[INFO] [stdout] 
[INFO] [stderr] error: test failed, to rerun pass `--test contract`
[INFO] running `Command { std: "docker" "inspect" "6dbe2abe11515a7c5c600c55d2d3c87da6c70da6f521d3a52c7171da5e16df11", kill_on_drop: false }`
[INFO] running `Command { std: "docker" "rm" "-f" "6dbe2abe11515a7c5c600c55d2d3c87da6c70da6f521d3a52c7171da5e16df11", kill_on_drop: false }`
[INFO] [stdout] 6dbe2abe11515a7c5c600c55d2d3c87da6c70da6f521d3a52c7171da5e16df11
