[INFO] fetching crate sqllogictest 0.29.1...
[INFO] testing sqllogictest-0.29.1 against 1.100.0-beta.1+cargoflags=--release for beta-release-1.100-2
[INFO] extracting crate sqllogictest 0.29.1 into /workspace/builds/worker-3-tc2/source
[INFO] started tweaking crates.io crate sqllogictest 0.29.1
[INFO] finished tweaking crates.io crate sqllogictest 0.29.1
[INFO] tweaked toml for crates.io crate sqllogictest 0.29.1 written to /workspace/builds/worker-3-tc2/source/Cargo.toml
[INFO] validating manifest of crates.io crate sqllogictest 0.29.1 on toolchain 1.100.0-beta.1
[INFO] running `Command { std: CARGO_HOME="/workspace/cargo-home" RUSTUP_HOME="/workspace/rustup-home" "/workspace/cargo-home/bin/cargo" "+1.100.0-beta.1" "metadata" "--manifest-path" "Cargo.toml" "--no-deps", kill_on_drop: false }`
[INFO] crate crates.io crate sqllogictest 0.29.1 already has a lockfile, it will not be regenerated
[INFO] running `Command { std: CARGO_HOME="/workspace/cargo-home" RUSTUP_HOME="/workspace/rustup-home" "/workspace/cargo-home/bin/cargo" "+1.100.0-beta.1" "fetch" "--manifest-path" "Cargo.toml", kill_on_drop: false }`
[INFO] [stderr] warning: `package.homepage` is redundant with `package.repository`
[INFO] [stderr]   --> Cargo.toml:68:12
[INFO] [stderr]    |
[INFO] [stderr] 68 | homepage = "https://github.com/risinglightdb/sqllogictest-rs"
[INFO] [stderr]    |            ^^^^^^^^^^^^^^^^^^^^^^^^^^^^^^^^^^^^^^^^^^^^^^^^^^
[INFO] [stderr] ...
[INFO] [stderr] 73 | repository = "https://github.com/risinglightdb/sqllogictest-rs"
[INFO] [stderr]    |              --------------------------------------------------
[INFO] [stderr]    |
[INFO] [stderr]    = note: `cargo::redundant_homepage` is set to `warn` by default
[INFO] [stderr] help: consider removing `package.homepage`
[INFO] [stderr] warning: `sqllogictest` (manifest) generated 1 warning
[INFO] running `Command { std: "docker" "create" "-v" "/var/lib/crater-agent-workspace/builds/worker-3-tc2/source:/opt/rustwide/workdir:ro,Z" "-v" "/var/lib/crater-agent-workspace/builds/worker-3-tc2/target:/opt/rustwide/target:rw,Z" "-v" "/var/lib/crater-agent-workspace/cargo-home:/opt/rustwide/cargo-home:ro,Z" "-v" "/var/lib/crater-agent-workspace/rustup-home:/opt/rustwide/rustup-home:ro,Z" "-m" "1610612736" "--network" "none" "ghcr.io/rust-lang/crates-build-env/linux@sha256:77db811e55d90add9212f6832c23229e3de5f1c1f9905e8cb07319ea15df73ac" "sleep" "infinity", kill_on_drop: false }`
[INFO] [stdout] 8cea6de435e0313e5133e0be0c462020146830304c5de05b49a87f2f4e14cf04
[INFO] running `Command { std: "docker" "start" "8cea6de435e0313e5133e0be0c462020146830304c5de05b49a87f2f4e14cf04", kill_on_drop: false }`
[INFO] running `Command { std: "docker" "inspect" "8cea6de435e0313e5133e0be0c462020146830304c5de05b49a87f2f4e14cf04", kill_on_drop: false }`
[INFO] running `Command { std: "docker" "exec" "-e" "SOURCE_DIR=/opt/rustwide/workdir" "-e" "CARGO_HOME=/opt/rustwide/cargo-home" "-e" "RUSTUP_HOME=/opt/rustwide/rustup-home" "-e" "CARGO_TARGET_DIR=/opt/rustwide/target" "-w" "/opt/rustwide/workdir" "--user" "0:0" "8cea6de435e0313e5133e0be0c462020146830304c5de05b49a87f2f4e14cf04" "/opt/rustwide/cargo-home/bin/cargo" "+1.100.0-beta.1" "metadata" "--no-deps" "--format-version=1", kill_on_drop: false }`
[INFO] running `Command { std: "docker" "inspect" "8cea6de435e0313e5133e0be0c462020146830304c5de05b49a87f2f4e14cf04", kill_on_drop: false }`
[INFO] running `Command { std: "docker" "exec" "-e" "SOURCE_DIR=/opt/rustwide/workdir" "-e" "CARGO_HOME=/opt/rustwide/cargo-home" "-e" "RUSTUP_HOME=/opt/rustwide/rustup-home" "-e" "CARGO_TARGET_DIR=/opt/rustwide/target" "-e" "CARGO_INCREMENTAL=0" "-e" "RUST_BACKTRACE=full" "-e" "RUSTFLAGS=--cap-lints=warn" "-e" "RUSTDOCFLAGS=--cap-lints=warn" "-w" "/opt/rustwide/workdir" "--user" "0:0" "8cea6de435e0313e5133e0be0c462020146830304c5de05b49a87f2f4e14cf04" "/opt/rustwide/cargo-home/bin/cargo" "+1.100.0-beta.1" "build" "--frozen" "--message-format=json" "--release", kill_on_drop: false }`
[INFO] [stderr] warning: `package.homepage` is redundant with `package.repository`
[INFO] [stderr]   --> Cargo.toml:68:12
[INFO] [stderr]    |
[INFO] [stderr] 68 | homepage = "https://github.com/risinglightdb/sqllogictest-rs"
[INFO] [stderr]    |            ^^^^^^^^^^^^^^^^^^^^^^^^^^^^^^^^^^^^^^^^^^^^^^^^^^
[INFO] [stderr] ...
[INFO] [stderr] 73 | repository = "https://github.com/risinglightdb/sqllogictest-rs"
[INFO] [stderr]    |              --------------------------------------------------
[INFO] [stderr]    |
[INFO] [stderr]    = note: `cargo::redundant_homepage` is set to `warn` by default
[INFO] [stderr] help: consider removing `package.homepage`
[INFO] [stderr] warning: `sqllogictest` (manifest) generated 1 warning
[INFO] [stderr]    Compiling proc-macro2 v1.0.92
[INFO] [stderr]    Compiling unicode-ident v1.0.14
[INFO] [stderr]    Compiling libc v0.2.168
[INFO] [stderr]    Compiling slab v0.4.9
[INFO] [stderr]    Compiling anstyle-query v1.1.2
[INFO] [stderr]    Compiling anstyle-parse v0.2.6
[INFO] [stderr]    Compiling anstyle v1.0.10
[INFO] [stderr]    Compiling pin-project-lite v0.2.15
[INFO] [stderr]    Compiling colorchoice v1.0.3
[INFO] [stderr]    Compiling clap_lex v0.7.4
[INFO] [stderr]    Compiling rustix v0.38.42
[INFO] [stderr]    Compiling once_cell v1.20.2
[INFO] [stderr]    Compiling fs-err v3.0.0
[INFO] [stderr]    Compiling anstream v0.6.18
[INFO] [stderr]    Compiling aho-corasick v1.1.3
[INFO] [stderr]    Compiling thiserror v2.0.7
[INFO] [stderr]    Compiling owo-colors v4.1.0
[INFO] [stderr]    Compiling regex-syntax v0.8.5
[INFO] [stderr]    Compiling tracing-core v0.1.33
[INFO] [stderr]    Compiling escape8259 v0.5.3
[INFO] [stderr]    Compiling clap_builder v4.5.23
[INFO] [stderr]    Compiling unicode-width v0.1.14
[INFO] [stderr]    Compiling quote v1.0.37
[INFO] [stderr]    Compiling getrandom v0.2.15
[INFO] [stderr]    Compiling syn v2.0.90
[INFO] [stderr]    Compiling subst v0.3.7
[INFO] [stderr]    Compiling rand_core v0.6.4
[INFO] [stderr]    Compiling md-5 v0.10.6
[INFO] [stderr]    Compiling glob v0.3.1
[INFO] [stderr]    Compiling similar v2.6.0
[INFO] [stderr]    Compiling humantime v2.1.0
[INFO] [stderr]    Compiling regex-automata v0.4.9
[INFO] [stderr]    Compiling tempfile v3.14.0
[INFO] [stderr]    Compiling zerocopy-derive v0.7.35
[INFO] [stderr]    Compiling futures-macro v0.3.31
[INFO] [stderr]    Compiling enum-ordinalize-derive v4.3.1
[INFO] [stderr]    Compiling clap_derive v4.5.18
[INFO] [stderr]    Compiling zerocopy v0.7.35
[INFO] [stderr]    Compiling enum-ordinalize v4.3.0
[INFO] [stderr]    Compiling tracing-attributes v0.1.28
[INFO] [stderr]    Compiling futures-util v0.3.31
[INFO] [stderr]    Compiling ppv-lite86 v0.2.20
[INFO] [stderr]    Compiling thiserror-impl v2.0.7
[INFO] [stderr]    Compiling rand_chacha v0.3.1
[INFO] [stderr]    Compiling tracing v0.1.41
[INFO] [stderr]    Compiling clap v4.5.23
[INFO] [stderr]    Compiling libtest-mimic v0.8.1
[INFO] [stderr]    Compiling rand v0.8.5
[INFO] [stderr]    Compiling educe v0.6.0
[INFO] [stderr]    Compiling async-trait v0.1.83
[INFO] [stderr]    Compiling regex v1.11.1
[INFO] [stderr]    Compiling futures-executor v0.3.31
[INFO] [stderr]    Compiling futures v0.3.31
[INFO] [stderr]    Compiling sqllogictest v0.29.1 (/opt/rustwide/workdir)
[INFO] [stderr] warning: unused dependency `educe`
[INFO] [stderr]  --> Cargo.toml:4:15
[INFO] [stderr]   |
[INFO] [stderr] 4 | [dependencies.educe]
[INFO] [stderr]   |               ^^^^^^
[INFO] [stderr]   |
[INFO] [stderr]   = note: `cargo::unused_dependencies` is set to `warn` by default
[INFO] [stderr] help: consider removing the dependency on `educe`
[INFO] [stderr] warning: `sqllogictest` (manifest) generated 1 warning
[INFO] [stderr]     Finished `release` profile [optimized] target(s) in 1m 25s
[INFO] running `Command { std: "docker" "inspect" "8cea6de435e0313e5133e0be0c462020146830304c5de05b49a87f2f4e14cf04", kill_on_drop: false }`
[INFO] running `Command { std: "docker" "exec" "-e" "SOURCE_DIR=/opt/rustwide/workdir" "-e" "CARGO_HOME=/opt/rustwide/cargo-home" "-e" "RUSTUP_HOME=/opt/rustwide/rustup-home" "-e" "CARGO_TARGET_DIR=/opt/rustwide/target" "-e" "CARGO_INCREMENTAL=0" "-e" "RUST_BACKTRACE=full" "-e" "RUSTFLAGS=--cap-lints=warn" "-e" "RUSTDOCFLAGS=--cap-lints=warn" "-w" "/opt/rustwide/workdir" "--user" "0:0" "8cea6de435e0313e5133e0be0c462020146830304c5de05b49a87f2f4e14cf04" "/opt/rustwide/cargo-home/bin/cargo" "+1.100.0-beta.1" "test" "--frozen" "--no-run" "--message-format=json" "--release", kill_on_drop: false }`
[INFO] [stderr] warning: `package.homepage` is redundant with `package.repository`
[INFO] [stderr]   --> Cargo.toml:68:12
[INFO] [stderr]    |
[INFO] [stderr] 68 | homepage = "https://github.com/risinglightdb/sqllogictest-rs"
[INFO] [stderr]    |            ^^^^^^^^^^^^^^^^^^^^^^^^^^^^^^^^^^^^^^^^^^^^^^^^^^
[INFO] [stderr] ...
[INFO] [stderr] 73 | repository = "https://github.com/risinglightdb/sqllogictest-rs"
[INFO] [stderr]    |              --------------------------------------------------
[INFO] [stderr]    |
[INFO] [stderr]    = note: `cargo::redundant_homepage` is set to `warn` by default
[INFO] [stderr] help: consider removing `package.homepage`
[INFO] [stderr] warning: `sqllogictest` (manifest) generated 1 warning
[INFO] [stderr]    Compiling sqllogictest v0.29.1 (/opt/rustwide/workdir)
[INFO] [stderr] warning: unused dependency `educe`
[INFO] [stderr]  --> Cargo.toml:4:15
[INFO] [stderr]   |
[INFO] [stderr] 4 | [dependencies.educe]
[INFO] [stderr]   |               ^^^^^^
[INFO] [stderr]   |
[INFO] [stderr]   = note: `cargo::unused_dependencies` is set to `warn` by default
[INFO] [stderr] help: consider removing the dependency on `educe`
[INFO] [stderr] warning: `sqllogictest` (manifest) generated 1 warning
[INFO] [stderr]     Finished `release` profile [optimized] target(s) in 6.33s
[INFO] running `Command { std: "docker" "inspect" "8cea6de435e0313e5133e0be0c462020146830304c5de05b49a87f2f4e14cf04", kill_on_drop: false }`
[INFO] running `Command { std: "docker" "exec" "-e" "SOURCE_DIR=/opt/rustwide/workdir" "-e" "CARGO_HOME=/opt/rustwide/cargo-home" "-e" "RUSTUP_HOME=/opt/rustwide/rustup-home" "-e" "CARGO_TARGET_DIR=/opt/rustwide/target" "-e" "CARGO_INCREMENTAL=0" "-e" "RUST_BACKTRACE=full" "-e" "RUSTFLAGS=--cap-lints=warn" "-e" "RUSTDOCFLAGS=--cap-lints=warn" "-w" "/opt/rustwide/workdir" "--user" "0:0" "8cea6de435e0313e5133e0be0c462020146830304c5de05b49a87f2f4e14cf04" "/opt/rustwide/cargo-home/bin/cargo" "+1.100.0-beta.1" "test" "--frozen" "--release", kill_on_drop: false }`
[INFO] [stderr] warning: `package.homepage` is redundant with `package.repository`
[INFO] [stderr]   --> Cargo.toml:68:12
[INFO] [stderr]    |
[INFO] [stderr] 68 | homepage = "https://github.com/risinglightdb/sqllogictest-rs"
[INFO] [stderr]    |            ^^^^^^^^^^^^^^^^^^^^^^^^^^^^^^^^^^^^^^^^^^^^^^^^^^
[INFO] [stderr] ...
[INFO] [stderr] 73 | repository = "https://github.com/risinglightdb/sqllogictest-rs"
[INFO] [stderr]    |              --------------------------------------------------
[INFO] [stderr]    |
[INFO] [stderr]    = note: `cargo::redundant_homepage` is set to `warn` by default
[INFO] [stderr] help: consider removing `package.homepage`
[INFO] [stderr] warning: `sqllogictest` (manifest) generated 1 warning
[INFO] [stderr] warning: unused dependency `educe`
[INFO] [stderr]  --> Cargo.toml:4:15
[INFO] [stderr]   |
[INFO] [stderr] 4 | [dependencies.educe]
[INFO] [stderr]   |               ^^^^^^
[INFO] [stderr]   |
[INFO] [stderr]   = note: `cargo::unused_dependencies` is set to `warn` by default
[INFO] [stderr] help: consider removing the dependency on `educe`
[INFO] [stderr] warning: `sqllogictest` (manifest) generated 1 warning
[INFO] [stderr]     Finished `release` profile [optimized] target(s) in 0.14s
[INFO] [stderr]      Running unittests src/lib.rs (/opt/rustwide/target/release/build/sqllogictest/f7881c25c257fcb5/out/sqllogictest-f7881c25c257fcb5)
[INFO] [stdout] 
[INFO] [stdout] running 45 tests
[INFO] [stdout] test parser::tests::test_basic ... FAILED
[INFO] [stdout] test parser::tests::test_condition ... FAILED
[INFO] [stdout] test parser::tests::test_expected_error_sqlstate_format ... ok
[INFO] [stdout] test parser::tests::test_fail_unknown_type ... ok
[INFO] [stdout] test parser::tests::test_let_parsing ... ok
[INFO] [stdout] test parser::tests::test_file_level_sort_mode ... FAILED
[INFO] [stdout] test parser::tests::test_include_glob ... FAILED
[INFO] [stdout] test parser::tests::test_is_valid_variable_name ... ok
[INFO] [stdout] test parser::tests::test_query_retry ... FAILED
[INFO] [stdout] test parser::tests::test_let_parsing_error_empty_vars ... ok
[INFO] [stdout] test parser::tests::test_let_parsing_error_invalid_var_name ... ok
[INFO] [stdout] test parser::tests::test_custom_type ... FAILED
[INFO] [stdout] test parser::tests::test_rowsort ... FAILED
[INFO] [stdout] test parser::tests::test_statement_retry ... FAILED
[INFO] [stdout] test parser::tests::test_test_dir_escape ... FAILED
[INFO] [stdout] test parser::tests::test_valuesort ... FAILED
[INFO] [stdout] test runner::tests::test_default_validator_ignore_fail ... ok
[INFO] [stdout] test parser::tests::test_let_parsing_roundtrip ... ok
[INFO] [stdout] test parser::tests::test_let_parsing_multiple_vars ... ok
[INFO] [stdout] test parser::tests::test_substitution ... FAILED
[INFO] [stdout] test parser::tests::test_trailing_comment ... ok
[INFO] [stdout] test runner::tests::test_default_validator_ignore_simple ... ok
[INFO] [stdout] test runner::tests::test_default_validator_ignore_multiple_fragments ... ok
[INFO] [stdout] test runner::tests::test_query_replacement ... ok
[INFO] [stdout] test runner::tests::test_query_replacement_error ... ok
[INFO] [stdout] test runner::tests::test_query_error_special_chars_when_matches ... ok
[INFO] [stdout] test parser::tests::test_system_command ... FAILED
[INFO] [stdout] test runner::tests::test_query_replacement_no_changes ... ok
[INFO] [stdout] test runner::tests::test_query_error_special_chars ... ok
[INFO] [stdout] test runner::tests::test_query_replacement_error_multiline ... ok
[INFO] [stdout] test runner::tests::test_query_replacement_no_input ... ok
[INFO] [stdout] test runner::tests::test_query_replacement_no_output ... ok
[INFO] [stdout] test runner::tests::test_query_statement_output ... ok
[INFO] [stdout] test runner::tests::test_statement_error_ok_to_error_multiline ... ok
[INFO] [stdout] test runner::tests::test_statement_error_special_chars ... ok
[INFO] [stdout] test runner::tests::test_statement_error_to_ok ... ok
[INFO] [stdout] test runner::tests::test_statement_error_ok_to_error ... ok
[INFO] [stdout] test runner::tests::test_statement_error_new_error ... ok
[INFO] [stdout] test runner::tests::test_statement_output ... ok
[INFO] [stdout] test runner::tests::test_statement_error_new_error_multiline ... ok
[INFO] [stdout] test runner::tests::test_statement_query_output ... ok
[INFO] [stdout] test runner::tests::test_statement_error_no_error ... ok
[INFO] [stdout] test runner::tests::test_statement_keep_error_regex_when_matches ... ok
[INFO] [stdout] test parser::tests::test_parse_no_types ... ok
[INFO] [stderr] error: test failed, to rerun pass `--lib`
[INFO] [stdout] test parser::tests::test_validator ... FAILED
[INFO] [stdout] 
[INFO] [stdout] failures:
[INFO] [stdout] 
[INFO] [stdout] ---- parser::tests::test_basic stdout ----
[INFO] [stdout] 
[INFO] [stdout] thread 'parser::tests::test_basic' (1165) panicked at src/parser.rs:1266:9:
[INFO] [stdout] parsing to complete: ParseError { kind: FileNotFound, loc: Location { file: "../tests/slt/basic.slt", line: 0, upper: None } }
[INFO] [stdout] stack backtrace:
[INFO] [stdout]    0:     0x58a32423f381 - <<std[617be2ca0a6fd877]::sys::backtrace::BacktraceLock>::print::DisplayBacktrace as core[a373ad73a504971]::fmt::Display>::fmt
[INFO] [stdout]    1:     0x58a324254dca - core[a373ad73a504971]::fmt::write
[INFO] [stdout]    2:     0x58a32424388c - <alloc[2e1b2a31b91974c5]::vec::Vec<u8> as core[a373ad73a504971]::io::write::Write>::write_fmt
[INFO] [stdout]    3:     0x58a32421aad6 - std[617be2ca0a6fd877]::panicking::default_hook::{closure#0}
[INFO] [stdout]    4:     0x58a324237239 - std[617be2ca0a6fd877]::panicking::default_hook
[INFO] [stdout]    5:     0x58a324109f50 - test[aada8e7e76ba119b]::test_main_inner::{closure#0}
[INFO] [stdout]    6:     0x58a3242373f2 - std[617be2ca0a6fd877]::panicking::panic_with_hook
[INFO] [stdout]    7:     0x58a32421ab82 - std[617be2ca0a6fd877]::panicking::panic_handler::{closure#0}
[INFO] [stdout]    8:     0x58a3242135b9 - std[617be2ca0a6fd877]::sys::backtrace::__rust_end_short_backtrace::<std[617be2ca0a6fd877]::panicking::panic_handler::{closure#0}, !>
[INFO] [stdout]    9:     0x58a32421b78d - __rustc[ea4f61d10b84890b]::rust_begin_unwind
[INFO] [stdout]   10:     0x58a3242555ac - core[a373ad73a504971]::panicking::panic_fmt
[INFO] [stdout]   11:     0x58a324255382 - core[a373ad73a504971]::result::unwrap_failed
[INFO] [stdout]   12:     0x58a3240ee99b - sqllogictest[8d19eff42ad627bf]::parser::tests::parse_roundtrip::<sqllogictest[8d19eff42ad627bf]::column_type::DefaultColumnType, &str>
[INFO] [stdout]   13:     0x58a3240ef0ec - <sqllogictest[8d19eff42ad627bf]::parser::tests::test_basic::{closure#0} as core[a373ad73a504971]::ops::function::FnOnce<()>>::call_once
[INFO] [stdout]   14:     0x58a3240fd39b - test[aada8e7e76ba119b]::__rust_begin_short_backtrace::<core[a373ad73a504971]::result::Result<(), alloc[2e1b2a31b91974c5]::string::String>, fn() -> core[a373ad73a504971]::result::Result<(), alloc[2e1b2a31b91974c5]::string::String>>
[INFO] [stdout]   15:     0x58a32410a575 - test[aada8e7e76ba119b]::run_test::{closure#0}
[INFO] [stdout]   16:     0x58a324103e64 - std[617be2ca0a6fd877]::sys::backtrace::__rust_begin_short_backtrace::<test[aada8e7e76ba119b]::run_test::{closure#1}, ()>
[INFO] [stdout]   17:     0x58a32410d602 - <std[617be2ca0a6fd877]::thread::lifecycle::spawn_unchecked<test[aada8e7e76ba119b]::run_test::{closure#1}, ()>::{closure#1} as core[a373ad73a504971]::ops::function::FnOnce<()>>::call_once::{shim:vtable#0}
[INFO] [stdout]   18:     0x58a32423e84f - <std[617be2ca0a6fd877]::sys::thread::unix::Thread>::new::thread_start
[INFO] [stdout]   19:     0x7f809c159dfa - <unknown>
[INFO] [stdout]   20:     0x7f809c1ed3d4 - clone
[INFO] [stdout]   21:                0x0 - <unknown>
[INFO] [stdout] 
[INFO] [stdout] ---- parser::tests::test_condition stdout ----
[INFO] [stdout] 
[INFO] [stdout] thread 'parser::tests::test_condition' (1166) panicked at src/parser.rs:1271:9:
[INFO] [stdout] parsing to complete: ParseError { kind: FileNotFound, loc: Location { file: "../tests/slt/condition.slt", line: 0, upper: None } }
[INFO] [stdout] stack backtrace:
[INFO] [stdout]    0:     0x58a32423f381 - <<std[617be2ca0a6fd877]::sys::backtrace::BacktraceLock>::print::DisplayBacktrace as core[a373ad73a504971]::fmt::Display>::fmt
[INFO] [stdout]    1:     0x58a324254dca - core[a373ad73a504971]::fmt::write
[INFO] [stdout]    2:     0x58a32424388c - <alloc[2e1b2a31b91974c5]::vec::Vec<u8> as core[a373ad73a504971]::io::write::Write>::write_fmt
[INFO] [stdout]    3:     0x58a32421aad6 - std[617be2ca0a6fd877]::panicking::default_hook::{closure#0}
[INFO] [stdout]    4:     0x58a324237239 - std[617be2ca0a6fd877]::panicking::default_hook
[INFO] [stdout]    5:     0x58a324109f50 - test[aada8e7e76ba119b]::test_main_inner::{closure#0}
[INFO] [stdout]    6:     0x58a3242373f2 - std[617be2ca0a6fd877]::panicking::panic_with_hook
[INFO] [stdout]    7:     0x58a32421ab82 - std[617be2ca0a6fd877]::panicking::panic_handler::{closure#0}
[INFO] [stdout]    8:     0x58a3242135b9 - std[617be2ca0a6fd877]::sys::backtrace::__rust_end_short_backtrace::<std[617be2ca0a6fd877]::panicking::panic_handler::{closure#0}, !>
[INFO] [stdout]    9:     0x58a32421b78d - __rustc[ea4f61d10b84890b]::rust_begin_unwind
[INFO] [stdout]   10:     0x58a3242555ac - core[a373ad73a504971]::panicking::panic_fmt
[INFO] [stdout]   11:     0x58a324255382 - core[a373ad73a504971]::result::unwrap_failed
[INFO] [stdout]   12:     0x58a3240ee99b - sqllogictest[8d19eff42ad627bf]::parser::tests::parse_roundtrip::<sqllogictest[8d19eff42ad627bf]::column_type::DefaultColumnType, &str>
[INFO] [stdout]   13:     0x58a3240ef14c - <sqllogictest[8d19eff42ad627bf]::parser::tests::test_condition::{closure#0} as core[a373ad73a504971]::ops::function::FnOnce<()>>::call_once
[INFO] [stdout]   14:     0x58a3240fd39b - test[aada8e7e76ba119b]::__rust_begin_short_backtrace::<core[a373ad73a504971]::result::Result<(), alloc[2e1b2a31b91974c5]::string::String>, fn() -> core[a373ad73a504971]::result::Result<(), alloc[2e1b2a31b91974c5]::string::String>>
[INFO] [stdout]   15:     0x58a32410a575 - test[aada8e7e76ba119b]::run_test::{closure#0}
[INFO] [stdout]   16:     0x58a324103e64 - std[617be2ca0a6fd877]::sys::backtrace::__rust_begin_short_backtrace::<test[aada8e7e76ba119b]::run_test::{closure#1}, ()>
[INFO] [stdout]   17:     0x58a32410d602 - <std[617be2ca0a6fd877]::thread::lifecycle::spawn_unchecked<test[aada8e7e76ba119b]::run_test::{closure#1}, ()>::{closure#1} as core[a373ad73a504971]::ops::function::FnOnce<()>>::call_once::{shim:vtable#0}
[INFO] [stdout]   18:     0x58a32423e84f - <std[617be2ca0a6fd877]::sys::thread::unix::Thread>::new::thread_start
[INFO] [stdout]   19:     0x7f809c159dfa - <unknown>
[INFO] [stdout]   20:     0x7f809c1ed3d4 - clone
[INFO] [stdout]   21:                0x0 - <unknown>
[INFO] [stdout] 
[INFO] [stdout] ---- parser::tests::test_file_level_sort_mode stdout ----
[INFO] [stdout] 
[INFO] [stdout] thread 'parser::tests::test_file_level_sort_mode' (1170) panicked at src/parser.rs:1276:9:
[INFO] [stdout] parsing to complete: ParseError { kind: FileNotFound, loc: Location { file: "../tests/slt/file_level_sort_mode.slt", line: 0, upper: None } }
[INFO] [stdout] stack backtrace:
[INFO] [stdout]    0:     0x58a32423f381 - <<std[617be2ca0a6fd877]::sys::backtrace::BacktraceLock>::print::DisplayBacktrace as core[a373ad73a504971]::fmt::Display>::fmt
[INFO] [stdout]    1:     0x58a324254dca - core[a373ad73a504971]::fmt::write
[INFO] [stdout]    2:     0x58a32424388c - <alloc[2e1b2a31b91974c5]::vec::Vec<u8> as core[a373ad73a504971]::io::write::Write>::write_fmt
[INFO] [stdout]    3:     0x58a32421aad6 - std[617be2ca0a6fd877]::panicking::default_hook::{closure#0}
[INFO] [stdout]    4:     0x58a324237239 - std[617be2ca0a6fd877]::panicking::default_hook
[INFO] [stdout]    5:     0x58a324109f50 - test[aada8e7e76ba119b]::test_main_inner::{closure#0}
[INFO] [stdout]    6:     0x58a3242373f2 - std[617be2ca0a6fd877]::panicking::panic_with_hook
[INFO] [stdout]    7:     0x58a32421ab82 - std[617be2ca0a6fd877]::panicking::panic_handler::{closure#0}
[INFO] [stdout]    8:     0x58a3242135b9 - std[617be2ca0a6fd877]::sys::backtrace::__rust_end_short_backtrace::<std[617be2ca0a6fd877]::panicking::panic_handler::{closure#0}, !>
[INFO] [stdout]    9:     0x58a32421b78d - __rustc[ea4f61d10b84890b]::rust_begin_unwind
[INFO] [stdout]   10:     0x58a3242555ac - core[a373ad73a504971]::panicking::panic_fmt
[INFO] [stdout]   11:     0x58a324255382 - core[a373ad73a504971]::result::unwrap_failed
[INFO] [stdout]   12:     0x58a3240ee99b - sqllogictest[8d19eff42ad627bf]::parser::tests::parse_roundtrip::<sqllogictest[8d19eff42ad627bf]::column_type::DefaultColumnType, &str>
[INFO] [stdout]   13:     0x58a3240f080c - <sqllogictest[8d19eff42ad627bf]::parser::tests::test_file_level_sort_mode::{closure#0} as core[a373ad73a504971]::ops::function::FnOnce<()>>::call_once
[INFO] [stdout]   14:     0x58a3240fd39b - test[aada8e7e76ba119b]::__rust_begin_short_backtrace::<core[a373ad73a504971]::result::Result<(), alloc[2e1b2a31b91974c5]::string::String>, fn() -> core[a373ad73a504971]::result::Result<(), alloc[2e1b2a31b91974c5]::string::String>>
[INFO] [stdout]   15:     0x58a32410a575 - test[aada8e7e76ba119b]::run_test::{closure#0}
[INFO] [stdout]   16:     0x58a324103e64 - std[617be2ca0a6fd877]::sys::backtrace::__rust_begin_short_backtrace::<test[aada8e7e76ba119b]::run_test::{closure#1}, ()>
[INFO] [stdout]   17:     0x58a32410d602 - <std[617be2ca0a6fd877]::thread::lifecycle::spawn_unchecked<test[aada8e7e76ba119b]::run_test::{closure#1}, ()>::{closure#1} as core[a373ad73a504971]::ops::function::FnOnce<()>>::call_once::{shim:vtable#0}
[INFO] [stdout]   18:     0x58a32423e84f - <std[617be2ca0a6fd877]::sys::thread::unix::Thread>::new::thread_start
[INFO] [stdout]   19:     0x7f809c159dfa - <unknown>
[INFO] [stdout]   20:     0x7f809c1ed3d4 - clone
[INFO] [stdout]   21:                0x0 - <unknown>
[INFO] [stdout] 
[INFO] [stdout] ---- parser::tests::test_include_glob stdout ----
[INFO] [stdout] 
[INFO] [stdout] thread 'parser::tests::test_include_glob' (1171) panicked at src/parser.rs:1260:83:
[INFO] [stdout] called `Result::unwrap()` on an `Err` value: ParseError { kind: FileNotFound, loc: Location { file: "../tests/slt/include/include_1.slt", line: 0, upper: None } }
[INFO] [stdout] stack backtrace:
[INFO] [stdout]    0:     0x58a32423f381 - <<std[617be2ca0a6fd877]::sys::backtrace::BacktraceLock>::print::DisplayBacktrace as core[a373ad73a504971]::fmt::Display>::fmt
[INFO] [stdout]    1:     0x58a324254dca - core[a373ad73a504971]::fmt::write
[INFO] [stdout]    2:     0x58a32424388c - <alloc[2e1b2a31b91974c5]::vec::Vec<u8> as core[a373ad73a504971]::io::write::Write>::write_fmt
[INFO] [stdout]    3:     0x58a32421aad6 - std[617be2ca0a6fd877]::panicking::default_hook::{closure#0}
[INFO] [stdout]    4:     0x58a324237239 - std[617be2ca0a6fd877]::panicking::default_hook
[INFO] [stdout]    5:     0x58a324109f50 - test[aada8e7e76ba119b]::test_main_inner::{closure#0}
[INFO] [stdout]    6:     0x58a3242373f2 - std[617be2ca0a6fd877]::panicking::panic_with_hook
[INFO] [stdout]    7:     0x58a32421ab82 - std[617be2ca0a6fd877]::panicking::panic_handler::{closure#0}
[INFO] [stdout]    8:     0x58a3242135b9 - std[617be2ca0a6fd877]::sys::backtrace::__rust_end_short_backtrace::<std[617be2ca0a6fd877]::panicking::panic_handler::{closure#0}, !>
[INFO] [stdout]    9:     0x58a32421b78d - __rustc[ea4f61d10b84890b]::rust_begin_unwind
[INFO] [stdout]   10:     0x58a3242555ac - core[a373ad73a504971]::panicking::panic_fmt
[INFO] [stdout]   11:     0x58a324255382 - core[a373ad73a504971]::result::unwrap_failed
[INFO] [stdout]   12:     0x58a3240efde5 - <sqllogictest[8d19eff42ad627bf]::parser::tests::test_include_glob::{closure#0} as core[a373ad73a504971]::ops::function::FnOnce<()>>::call_once
[INFO] [stdout]   13:     0x58a3240fd39b - test[aada8e7e76ba119b]::__rust_begin_short_backtrace::<core[a373ad73a504971]::result::Result<(), alloc[2e1b2a31b91974c5]::string::String>, fn() -> core[a373ad73a504971]::result::Result<(), alloc[2e1b2a31b91974c5]::string::String>>
[INFO] [stdout]   14:     0x58a32410a575 - test[aada8e7e76ba119b]::run_test::{closure#0}
[INFO] [stdout]   15:     0x58a324103e64 - std[617be2ca0a6fd877]::sys::backtrace::__rust_begin_short_backtrace::<test[aada8e7e76ba119b]::run_test::{closure#1}, ()>
[INFO] [stdout]   16:     0x58a32410d602 - <std[617be2ca0a6fd877]::thread::lifecycle::spawn_unchecked<test[aada8e7e76ba119b]::run_test::{closure#1}, ()>::{closure#1} as core[a373ad73a504971]::ops::function::FnOnce<()>>::call_once::{shim:vtable#0}
[INFO] [stdout]   17:     0x58a32423e84f - <std[617be2ca0a6fd877]::sys::thread::unix::Thread>::new::thread_start
[INFO] [stdout]   18:     0x7f809c159dfa - <unknown>
[INFO] [stdout]   19:     0x7f809c1ed3d4 - clone
[INFO] [stdout]   20:                0x0 - <unknown>
[INFO] [stdout] 
[INFO] [stdout] ---- parser::tests::test_query_retry stdout ----
[INFO] [stdout] 
[INFO] [stdout] thread 'parser::tests::test_query_retry' (1179) panicked at src/parser.rs:1467:9:
[INFO] [stdout] parsing to complete: ParseError { kind: FileNotFound, loc: Location { file: "../tests/no_run/query_retry.slt", line: 0, upper: None } }
[INFO] [stdout] stack backtrace:
[INFO] [stdout]    0:     0x58a32423f381 - <<std[617be2ca0a6fd877]::sys::backtrace::BacktraceLock>::print::DisplayBacktrace as core[a373ad73a504971]::fmt::Display>::fmt
[INFO] [stdout]    1:     0x58a324254dca - core[a373ad73a504971]::fmt::write
[INFO] [stdout]    2:     0x58a32424388c - <alloc[2e1b2a31b91974c5]::vec::Vec<u8> as core[a373ad73a504971]::io::write::Write>::write_fmt
[INFO] [stdout]    3:     0x58a32421aad6 - std[617be2ca0a6fd877]::panicking::default_hook::{closure#0}
[INFO] [stdout]    4:     0x58a324237239 - std[617be2ca0a6fd877]::panicking::default_hook
[INFO] [stdout]    5:     0x58a324109f50 - test[aada8e7e76ba119b]::test_main_inner::{closure#0}
[INFO] [stdout]    6:     0x58a3242373f2 - std[617be2ca0a6fd877]::panicking::panic_with_hook
[INFO] [stdout]    7:     0x58a32421ab82 - std[617be2ca0a6fd877]::panicking::panic_handler::{closure#0}
[INFO] [stdout]    8:     0x58a3242135b9 - std[617be2ca0a6fd877]::sys::backtrace::__rust_end_short_backtrace::<std[617be2ca0a6fd877]::panicking::panic_handler::{closure#0}, !>
[INFO] [stdout]    9:     0x58a32421b78d - __rustc[ea4f61d10b84890b]::rust_begin_unwind
[INFO] [stdout]   10:     0x58a3242555ac - core[a373ad73a504971]::panicking::panic_fmt
[INFO] [stdout]   11:     0x58a324255382 - core[a373ad73a504971]::result::unwrap_failed
[INFO] [stdout]   12:     0x58a3240ee99b - sqllogictest[8d19eff42ad627bf]::parser::tests::parse_roundtrip::<sqllogictest[8d19eff42ad627bf]::column_type::DefaultColumnType, &str>
[INFO] [stdout]   13:     0x58a3240efbcc - <sqllogictest[8d19eff42ad627bf]::parser::tests::test_query_retry::{closure#0} as core[a373ad73a504971]::ops::function::FnOnce<()>>::call_once
[INFO] [stdout]   14:     0x58a3240fd39b - test[aada8e7e76ba119b]::__rust_begin_short_backtrace::<core[a373ad73a504971]::result::Result<(), alloc[2e1b2a31b91974c5]::string::String>, fn() -> core[a373ad73a504971]::result::Result<(), alloc[2e1b2a31b91974c5]::string::String>>
[INFO] [stdout]   15:     0x58a32410a575 - test[aada8e7e76ba119b]::run_test::{closure#0}
[INFO] [stdout]   16:     0x58a324103e64 - std[617be2ca0a6fd877]::sys::backtrace::__rust_begin_short_backtrace::<test[aada8e7e76ba119b]::run_test::{closure#1}, ()>
[INFO] [stdout]   17:     0x58a32410d602 - <std[617be2ca0a6fd877]::thread::lifecycle::spawn_unchecked<test[aada8e7e76ba119b]::run_test::{closure#1}, ()>::{closure#1} as core[a373ad73a504971]::ops::function::FnOnce<()>>::call_once::{shim:vtable#0}
[INFO] [stdout]   18:     0x58a32423e84f - <std[617be2ca0a6fd877]::sys::thread::unix::Thread>::new::thread_start
[INFO] [stdout]   19:     0x7f809c159dfa - <unknown>
[INFO] [stdout]   20:     0x7f809c1ed3d4 - clone
[INFO] [stdout]   21:                0x0 - <unknown>
[INFO] [stdout] 
[INFO] [stdout] ---- parser::tests::test_custom_type stdout ----
[INFO] [stdout] 
[INFO] [stdout] thread 'parser::tests::test_custom_type' (1167) panicked at src/parser.rs:1306:9:
[INFO] [stdout] parsing to complete: ParseError { kind: FileNotFound, loc: Location { file: "../tests/custom_type/custom_type.slt", line: 0, upper: None } }
[INFO] [stdout] stack backtrace:
[INFO] [stdout]    0:     0x58a32423f381 - <<std[617be2ca0a6fd877]::sys::backtrace::BacktraceLock>::print::DisplayBacktrace as core[a373ad73a504971]::fmt::Display>::fmt
[INFO] [stdout]    1:     0x58a324254dca - core[a373ad73a504971]::fmt::write
[INFO] [stdout]    2:     0x58a32424388c - <alloc[2e1b2a31b91974c5]::vec::Vec<u8> as core[a373ad73a504971]::io::write::Write>::write_fmt
[INFO] [stdout]    3:     0x58a32421aad6 - std[617be2ca0a6fd877]::panicking::default_hook::{closure#0}
[INFO] [stdout]    4:     0x58a324237239 - std[617be2ca0a6fd877]::panicking::default_hook
[INFO] [stdout]    5:     0x58a324109f50 - test[aada8e7e76ba119b]::test_main_inner::{closure#0}
[INFO] [stdout]    6:     0x58a3242373f2 - std[617be2ca0a6fd877]::panicking::panic_with_hook
[INFO] [stdout]    7:     0x58a32421ab82 - std[617be2ca0a6fd877]::panicking::panic_handler::{closure#0}
[INFO] [stdout]    8:     0x58a3242135b9 - std[617be2ca0a6fd877]::sys::backtrace::__rust_end_short_backtrace::<std[617be2ca0a6fd877]::panicking::panic_handler::{closure#0}, !>
[INFO] [stdout]    9:     0x58a32421b78d - __rustc[ea4f61d10b84890b]::rust_begin_unwind
[INFO] [stdout]   10:     0x58a3242555ac - core[a373ad73a504971]::panicking::panic_fmt
[INFO] [stdout]   11:     0x58a324255382 - core[a373ad73a504971]::result::unwrap_failed
[INFO] [stdout]   12:     0x58a3240ef61d - <sqllogictest[8d19eff42ad627bf]::parser::tests::test_custom_type::{closure#0} as core[a373ad73a504971]::ops::function::FnOnce<()>>::call_once
[INFO] [stdout]   13:     0x58a3240fd39b - test[aada8e7e76ba119b]::__rust_begin_short_backtrace::<core[a373ad73a504971]::result::Result<(), alloc[2e1b2a31b91974c5]::string::String>, fn() -> core[a373ad73a504971]::result::Result<(), alloc[2e1b2a31b91974c5]::string::String>>
[INFO] [stdout]   14:     0x58a32410a575 - test[aada8e7e76ba119b]::run_test::{closure#0}
[INFO] [stdout]   15:     0x58a324103e64 - std[617be2ca0a6fd877]::sys::backtrace::__rust_begin_short_backtrace::<test[aada8e7e76ba119b]::run_test::{closure#1}, ()>
[INFO] [stdout]   16:     0x58a32410d602 - <std[617be2ca0a6fd877]::thread::lifecycle::spawn_unchecked<test[aada8e7e76ba119b]::run_test::{closure#1}, ()>::{closure#1} as core[a373ad73a504971]::ops::function::FnOnce<()>>::call_once::{shim:vtable#0}
[INFO] [stdout]   17:     0x58a32423e84f - <std[617be2ca0a6fd877]::sys::thread::unix::Thread>::new::thread_start
[INFO] [stdout]   18:     0x7f809c159dfa - <unknown>
[INFO] [stdout]   19:     0x7f809c1ed3d4 - clone
[INFO] [stdout]   20:                0x0 - <unknown>
[INFO] [stdout] 
[INFO] [stdout] ---- parser::tests::test_rowsort stdout ----
[INFO] [stdout] 
[INFO] [stdout] thread 'parser::tests::test_rowsort' (1180) panicked at src/parser.rs:1281:9:
[INFO] [stdout] parsing to complete: ParseError { kind: FileNotFound, loc: Location { file: "../tests/slt/rowsort.slt", line: 0, upper: None } }
[INFO] [stdout] stack backtrace:
[INFO] [stdout]    0:     0x58a32423f381 - <<std[617be2ca0a6fd877]::sys::backtrace::BacktraceLock>::print::DisplayBacktrace as core[a373ad73a504971]::fmt::Display>::fmt
[INFO] [stdout]    1:     0x58a324254dca - core[a373ad73a504971]::fmt::write
[INFO] [stdout]    2:     0x58a32424388c - <alloc[2e1b2a31b91974c5]::vec::Vec<u8> as core[a373ad73a504971]::io::write::Write>::write_fmt
[INFO] [stdout]    3:     0x58a32421aad6 - std[617be2ca0a6fd877]::panicking::default_hook::{closure#0}
[INFO] [stdout]    4:     0x58a324237239 - std[617be2ca0a6fd877]::panicking::default_hook
[INFO] [stdout]    5:     0x58a324109f50 - test[aada8e7e76ba119b]::test_main_inner::{closure#0}
[INFO] [stdout]    6:     0x58a3242373f2 - std[617be2ca0a6fd877]::panicking::panic_with_hook
[INFO] [stdout]    7:     0x58a32421ab82 - std[617be2ca0a6fd877]::panicking::panic_handler::{closure#0}
[INFO] [stdout]    8:     0x58a3242135b9 - std[617be2ca0a6fd877]::sys::backtrace::__rust_end_short_backtrace::<std[617be2ca0a6fd877]::panicking::panic_handler::{closure#0}, !>
[INFO] [stdout]    9:     0x58a32421b78d - __rustc[ea4f61d10b84890b]::rust_begin_unwind
[INFO] [stdout]   10:     0x58a3242555ac - core[a373ad73a504971]::panicking::panic_fmt
[INFO] [stdout]   11:     0x58a324255382 - core[a373ad73a504971]::result::unwrap_failed
[INFO] [stdout]   12:     0x58a3240ee99b - sqllogictest[8d19eff42ad627bf]::parser::tests::parse_roundtrip::<sqllogictest[8d19eff42ad627bf]::column_type::DefaultColumnType, &str>
[INFO] [stdout]   13:     0x58a3240ef11c - <sqllogictest[8d19eff42ad627bf]::parser::tests::test_rowsort::{closure#0} as core[a373ad73a504971]::ops::function::FnOnce<()>>::call_once
[INFO] [stdout]   14:     0x58a3240fd39b - test[aada8e7e76ba119b]::__rust_begin_short_backtrace::<core[a373ad73a504971]::result::Result<(), alloc[2e1b2a31b91974c5]::string::String>, fn() -> core[a373ad73a504971]::result::Result<(), alloc[2e1b2a31b91974c5]::string::String>>
[INFO] [stdout]   15:     0x58a32410a575 - test[aada8e7e76ba119b]::run_test::{closure#0}
[INFO] [stdout]   16:     0x58a324103e64 - std[617be2ca0a6fd877]::sys::backtrace::__rust_begin_short_backtrace::<test[aada8e7e76ba119b]::run_test::{closure#1}, ()>
[INFO] [stdout]   17:     0x58a32410d602 - <std[617be2ca0a6fd877]::thread::lifecycle::spawn_unchecked<test[aada8e7e76ba119b]::run_test::{closure#1}, ()>::{closure#1} as core[a373ad73a504971]::ops::function::FnOnce<()>>::call_once::{shim:vtable#0}
[INFO] [stdout]   18:     0x58a32423e84f - <std[617be2ca0a6fd877]::sys::thread::unix::Thread>::new::thread_start
[INFO] [stdout]   19:     0x7f809c159dfa - <unknown>
[INFO] [stdout]   20:     0x7f809c1ed3d4 - clone
[INFO] [stdout]   21:                0x0 - <unknown>
[INFO] [stdout] 
[INFO] [stdout] ---- parser::tests::test_statement_retry stdout ----
[INFO] [stdout] 
[INFO] [stdout] thread 'parser::tests::test_statement_retry' (1181) panicked at src/parser.rs:1462:9:
[INFO] [stdout] parsing to complete: ParseError { kind: FileNotFound, loc: Location { file: "../tests/no_run/statement_retry.slt", line: 0, upper: None } }
[INFO] [stdout] stack backtrace:
[INFO] [stdout]    0:     0x58a32423f381 - <<std[617be2ca0a6fd877]::sys::backtrace::BacktraceLock>::print::DisplayBacktrace as core[a373ad73a504971]::fmt::Display>::fmt
[INFO] [stdout]    1:     0x58a324254dca - core[a373ad73a504971]::fmt::write
[INFO] [stdout]    2:     0x58a32424388c - <alloc[2e1b2a31b91974c5]::vec::Vec<u8> as core[a373ad73a504971]::io::write::Write>::write_fmt
[INFO] [stdout]    3:     0x58a32421aad6 - std[617be2ca0a6fd877]::panicking::default_hook::{closure#0}
[INFO] [stdout]    4:     0x58a324237239 - std[617be2ca0a6fd877]::panicking::default_hook
[INFO] [stdout]    5:     0x58a324109f50 - test[aada8e7e76ba119b]::test_main_inner::{closure#0}
[INFO] [stdout]    6:     0x58a3242373f2 - std[617be2ca0a6fd877]::panicking::panic_with_hook
[INFO] [stdout]    7:     0x58a32421ab82 - std[617be2ca0a6fd877]::panicking::panic_handler::{closure#0}
[INFO] [stdout]    8:     0x58a3242135b9 - std[617be2ca0a6fd877]::sys::backtrace::__rust_end_short_backtrace::<std[617be2ca0a6fd877]::panicking::panic_handler::{closure#0}, !>
[INFO] [stdout]    9:     0x58a32421b78d - __rustc[ea4f61d10b84890b]::rust_begin_unwind
[INFO] [stdout]   10:     0x58a3242555ac - core[a373ad73a504971]::panicking::panic_fmt
[INFO] [stdout]   11:     0x58a324255382 - core[a373ad73a504971]::result::unwrap_failed
[INFO] [stdout]   12:     0x58a3240ee99b - sqllogictest[8d19eff42ad627bf]::parser::tests::parse_roundtrip::<sqllogictest[8d19eff42ad627bf]::column_type::DefaultColumnType, &str>
[INFO] [stdout]   13:     0x58a3240f02ec - <sqllogictest[8d19eff42ad627bf]::parser::tests::test_statement_retry::{closure#0} as core[a373ad73a504971]::ops::function::FnOnce<()>>::call_once
[INFO] [stdout]   14:     0x58a3240fd39b - test[aada8e7e76ba119b]::__rust_begin_short_backtrace::<core[a373ad73a504971]::result::Result<(), alloc[2e1b2a31b91974c5]::string::String>, fn() -> core[a373ad73a504971]::result::Result<(), alloc[2e1b2a31b91974c5]::string::String>>
[INFO] [stdout]   15:     0x58a32410a575 - test[aada8e7e76ba119b]::run_test::{closure#0}
[INFO] [stdout]   16:     0x58a324103e64 - std[617be2ca0a6fd877]::sys::backtrace::__rust_begin_short_backtrace::<test[aada8e7e76ba119b]::run_test::{closure#1}, ()>
[INFO] [stdout]   17:     0x58a32410d602 - <std[617be2ca0a6fd877]::thread::lifecycle::spawn_unchecked<test[aada8e7e76ba119b]::run_test::{closure#1}, ()>::{closure#1} as core[a373ad73a504971]::ops::function::FnOnce<()>>::call_once::{shim:vtable#0}
[INFO] [stdout]   18:     0x58a32423e84f - <std[617be2ca0a6fd877]::sys::thread::unix::Thread>::new::thread_start
[INFO] [stdout]   19:     0x7f809c159dfa - <unknown>
[INFO] [stdout]   20:     0x7f809c1ed3d4 - clone
[INFO] [stdout]   21:                0x0 - <unknown>
[INFO] [stdout] 
[INFO] [stdout] ---- parser::tests::test_test_dir_escape stdout ----
[INFO] [stdout] 
[INFO] [stdout] thread 'parser::tests::test_test_dir_escape' (1184) panicked at src/parser.rs:1296:9:
[INFO] [stdout] parsing to complete: ParseError { kind: FileNotFound, loc: Location { file: "../tests/test_dir_escape/test_dir_escape.slt", line: 0, upper: None } }
[INFO] [stdout] stack backtrace:
[INFO] [stdout]    0:     0x58a32423f381 - <<std[617be2ca0a6fd877]::sys::backtrace::BacktraceLock>::print::DisplayBacktrace as core[a373ad73a504971]::fmt::Display>::fmt
[INFO] [stdout]    1:     0x58a324254dca - core[a373ad73a504971]::fmt::write
[INFO] [stdout]    2:     0x58a32424388c - <alloc[2e1b2a31b91974c5]::vec::Vec<u8> as core[a373ad73a504971]::io::write::Write>::write_fmt
[INFO] [stdout]    3:     0x58a32421aad6 - std[617be2ca0a6fd877]::panicking::default_hook::{closure#0}
[INFO] [stdout]    4:     0x58a324237239 - std[617be2ca0a6fd877]::panicking::default_hook
[INFO] [stdout]    5:     0x58a324109f50 - test[aada8e7e76ba119b]::test_main_inner::{closure#0}
[INFO] [stdout]    6:     0x58a3242373f2 - std[617be2ca0a6fd877]::panicking::panic_with_hook
[INFO] [stdout]    7:     0x58a32421ab82 - std[617be2ca0a6fd877]::panicking::panic_handler::{closure#0}
[INFO] [stdout]    8:     0x58a3242135b9 - std[617be2ca0a6fd877]::sys::backtrace::__rust_end_short_backtrace::<std[617be2ca0a6fd877]::panicking::panic_handler::{closure#0}, !>
[INFO] [stdout]    9:     0x58a32421b78d - __rustc[ea4f61d10b84890b]::rust_begin_unwind
[INFO] [stdout]   10:     0x58a3242555ac - core[a373ad73a504971]::panicking::panic_fmt
[INFO] [stdout]   11:     0x58a324255382 - core[a373ad73a504971]::result::unwrap_failed
[INFO] [stdout]   12:     0x58a3240ee99b - sqllogictest[8d19eff42ad627bf]::parser::tests::parse_roundtrip::<sqllogictest[8d19eff42ad627bf]::column_type::DefaultColumnType, &str>
[INFO] [stdout]   13:     0x58a3240f031c - <sqllogictest[8d19eff42ad627bf]::parser::tests::test_test_dir_escape::{closure#0} as core[a373ad73a504971]::ops::function::FnOnce<()>>::call_once
[INFO] [stdout]   14:     0x58a3240fd39b - test[aada8e7e76ba119b]::__rust_begin_short_backtrace::<core[a373ad73a504971]::result::Result<(), alloc[2e1b2a31b91974c5]::string::String>, fn() -> core[a373ad73a504971]::result::Result<(), alloc[2e1b2a31b91974c5]::string::String>>
[INFO] [stdout]   15:     0x58a32410a575 - test[aada8e7e76ba119b]::run_test::{closure#0}
[INFO] [stdout]   16:     0x58a324103e64 - std[617be2ca0a6fd877]::sys::backtrace::__rust_begin_short_backtrace::<test[aada8e7e76ba119b]::run_test::{closure#1}, ()>
[INFO] [stdout]   17:     0x58a32410d602 - <std[617be2ca0a6fd877]::thread::lifecycle::spawn_unchecked<test[aada8e7e76ba119b]::run_test::{closure#1}, ()>::{closure#1} as core[a373ad73a504971]::ops::function::FnOnce<()>>::call_once::{shim:vtable#0}
[INFO] [stdout]   18:     0x58a32423e84f - <std[617be2ca0a6fd877]::sys::thread::unix::Thread>::new::thread_start
[INFO] [stdout]   19:     0x7f809c159dfa - <unknown>
[INFO] [stdout]   20:     0x7f809c1ed3d4 - clone
[INFO] [stdout]   21:                0x0 - <unknown>
[INFO] [stdout] 
[INFO] [stdout] ---- parser::tests::test_valuesort stdout ----
[INFO] [stdout] 
[INFO] [stdout] thread 'parser::tests::test_valuesort' (1187) panicked at src/parser.rs:1286:9:
[INFO] [stdout] parsing to complete: ParseError { kind: FileNotFound, loc: Location { file: "../tests/slt/valuesort.slt", line: 0, upper: None } }
[INFO] [stdout] stack backtrace:
[INFO] [stdout]    0:     0x58a32423f381 - <<std[617be2ca0a6fd877]::sys::backtrace::BacktraceLock>::print::DisplayBacktrace as core[a373ad73a504971]::fmt::Display>::fmt
[INFO] [stdout]    1:     0x58a324254dca - core[a373ad73a504971]::fmt::write
[INFO] [stdout]    2:     0x58a32424388c - <alloc[2e1b2a31b91974c5]::vec::Vec<u8> as core[a373ad73a504971]::io::write::Write>::write_fmt
[INFO] [stdout]    3:     0x58a32421aad6 - std[617be2ca0a6fd877]::panicking::default_hook::{closure#0}
[INFO] [stdout]    4:     0x58a324237239 - std[617be2ca0a6fd877]::panicking::default_hook
[INFO] [stdout]    5:     0x58a324109f50 - test[aada8e7e76ba119b]::test_main_inner::{closure#0}
[INFO] [stdout]    6:     0x58a3242373f2 - std[617be2ca0a6fd877]::panicking::panic_with_hook
[INFO] [stdout]    7:     0x58a32421ab82 - std[617be2ca0a6fd877]::panicking::panic_handler::{closure#0}
[INFO] [stdout]    8:     0x58a3242135b9 - std[617be2ca0a6fd877]::sys::backtrace::__rust_end_short_backtrace::<std[617be2ca0a6fd877]::panicking::panic_handler::{closure#0}, !>
[INFO] [stdout]    9:     0x58a32421b78d - __rustc[ea4f61d10b84890b]::rust_begin_unwind
[INFO] [stdout]   10:     0x58a3242555ac - core[a373ad73a504971]::panicking::panic_fmt
[INFO] [stdout]   11:     0x58a324255382 - core[a373ad73a504971]::result::unwrap_failed
[INFO] [stdout]   12:     0x58a3240ee99b - sqllogictest[8d19eff42ad627bf]::parser::tests::parse_roundtrip::<sqllogictest[8d19eff42ad627bf]::column_type::DefaultColumnType, &str>
[INFO] [stdout]   13:     0x58a3240ef1ac - <sqllogictest[8d19eff42ad627bf]::parser::tests::test_valuesort::{closure#0} as core[a373ad73a504971]::ops::function::FnOnce<()>>::call_once
[INFO] [stdout]   14:     0x58a3240fd39b - test[aada8e7e76ba119b]::__rust_begin_short_backtrace::<core[a373ad73a504971]::result::Result<(), alloc[2e1b2a31b91974c5]::string::String>, fn() -> core[a373ad73a504971]::result::Result<(), alloc[2e1b2a31b91974c5]::string::String>>
[INFO] [stdout]   15:     0x58a32410a575 - test[aada8e7e76ba119b]::run_test::{closure#0}
[INFO] [stdout]   16:     0x58a324103e64 - std[617be2ca0a6fd877]::sys::backtrace::__rust_begin_short_backtrace::<test[aada8e7e76ba119b]::run_test::{closure#1}, ()>
[INFO] [stdout]   17:     0x58a32410d602 - <std[617be2ca0a6fd877]::thread::lifecycle::spawn_unchecked<test[aada8e7e76ba119b]::run_test::{closure#1}, ()>::{closure#1} as core[a373ad73a504971]::ops::function::FnOnce<()>>::call_once::{shim:vtable#0}
[INFO] [stdout]   18:     0x58a32423e84f - <std[617be2ca0a6fd877]::sys::thread::unix::Thread>::new::thread_start
[INFO] [stdout]   19:     0x7f809c159dfa - <unknown>
[INFO] [stdout]   20:     0x7f809c1ed3d4 - clone
[INFO] [stdout]   21:                0x0 - <unknown>
[INFO] [stdout] 
[INFO] [stdout] ---- parser::tests::test_substitution stdout ----
[INFO] [stdout] 
[INFO] [stdout] thread 'parser::tests::test_substitution' (1182) panicked at src/parser.rs:1291:9:
[INFO] [stdout] parsing to complete: ParseError { kind: FileNotFound, loc: Location { file: "../tests/substitution/basic.slt", line: 0, upper: None } }
[INFO] [stdout] stack backtrace:
[INFO] [stdout]    0:     0x58a32423f381 - <<std[617be2ca0a6fd877]::sys::backtrace::BacktraceLock>::print::DisplayBacktrace as core[a373ad73a504971]::fmt::Display>::fmt
[INFO] [stdout]    1:     0x58a324254dca - core[a373ad73a504971]::fmt::write
[INFO] [stdout]    2:     0x58a32424388c - <alloc[2e1b2a31b91974c5]::vec::Vec<u8> as core[a373ad73a504971]::io::write::Write>::write_fmt
[INFO] [stdout]    3:     0x58a32421aad6 - std[617be2ca0a6fd877]::panicking::default_hook::{closure#0}
[INFO] [stdout]    4:     0x58a324237239 - std[617be2ca0a6fd877]::panicking::default_hook
[INFO] [stdout]    5:     0x58a324109f50 - test[aada8e7e76ba119b]::test_main_inner::{closure#0}
[INFO] [stdout]    6:     0x58a3242373f2 - std[617be2ca0a6fd877]::panicking::panic_with_hook
[INFO] [stdout]    7:     0x58a32421ab82 - std[617be2ca0a6fd877]::panicking::panic_handler::{closure#0}
[INFO] [stdout]    8:     0x58a3242135b9 - std[617be2ca0a6fd877]::sys::backtrace::__rust_end_short_backtrace::<std[617be2ca0a6fd877]::panicking::panic_handler::{closure#0}, !>
[INFO] [stdout]    9:     0x58a32421b78d - __rustc[ea4f61d10b84890b]::rust_begin_unwind
[INFO] [stdout]   10:     0x58a3242555ac - core[a373ad73a504971]::panicking::panic_fmt
[INFO] [stdout]   11:     0x58a324255382 - core[a373ad73a504971]::result::unwrap_failed
[INFO] [stdout]   12:     0x58a3240ee99b - sqllogictest[8d19eff42ad627bf]::parser::tests::parse_roundtrip::<sqllogictest[8d19eff42ad627bf]::column_type::DefaultColumnType, &str>
[INFO] [stdout]   13:     0x58a3240efeac - <sqllogictest[8d19eff42ad627bf]::parser::tests::test_substitution::{closure#0} as core[a373ad73a504971]::ops::function::FnOnce<()>>::call_once
[INFO] [stdout]   14:     0x58a3240fd39b - test[aada8e7e76ba119b]::__rust_begin_short_backtrace::<core[a373ad73a504971]::result::Result<(), alloc[2e1b2a31b91974c5]::string::String>, fn() -> core[a373ad73a504971]::result::Result<(), alloc[2e1b2a31b91974c5]::string::String>>
[INFO] [stdout]   15:     0x58a32410a575 - test[aada8e7e76ba119b]::run_test::{closure#0}
[INFO] [stdout]   16:     0x58a324103e64 - std[617be2ca0a6fd877]::sys::backtrace::__rust_begin_short_backtrace::<test[aada8e7e76ba119b]::run_test::{closure#1}, ()>
[INFO] [stdout]   17:     0x58a32410d602 - <std[617be2ca0a6fd877]::thread::lifecycle::spawn_unchecked<test[aada8e7e76ba119b]::run_test::{closure#1}, ()>::{closure#1} as core[a373ad73a504971]::ops::function::FnOnce<()>>::call_once::{shim:vtable#0}
[INFO] [stdout]   18:     0x58a32423e84f - <std[617be2ca0a6fd877]::sys::thread::unix::Thread>::new::thread_start
[INFO] [stdout]   19:     0x7f809c159dfa - <unknown>
[INFO] [stdout]   20:     0x7f809c1ed3d4 - clone
[INFO] [stdout]   21:                0x0 - <unknown>
[INFO] [stdout] 
[INFO] [stdout] ---- parser::tests::test_system_command stdout ----
[INFO] [stdout] 
[INFO] [stdout] thread 'parser::tests::test_system_command' (1183) panicked at src/parser.rs:1311:9:
[INFO] [stdout] parsing to complete: ParseError { kind: FileNotFound, loc: Location { file: "../tests/system_command/system_command.slt", line: 0, upper: None } }
[INFO] [stdout] stack backtrace:
[INFO] [stdout]    0:     0x58a32423f381 - <<std[617be2ca0a6fd877]::sys::backtrace::BacktraceLock>::print::DisplayBacktrace as core[a373ad73a504971]::fmt::Display>::fmt
[INFO] [stdout]    1:     0x58a324254dca - core[a373ad73a504971]::fmt::write
[INFO] [stdout]    2:     0x58a32424388c - <alloc[2e1b2a31b91974c5]::vec::Vec<u8> as core[a373ad73a504971]::io::write::Write>::write_fmt
[INFO] [stdout]    3:     0x58a32421aad6 - std[617be2ca0a6fd877]::panicking::default_hook::{closure#0}
[INFO] [stdout]    4:     0x58a324237239 - std[617be2ca0a6fd877]::panicking::default_hook
[INFO] [stdout]    5:     0x58a324109f50 - test[aada8e7e76ba119b]::test_main_inner::{closure#0}
[INFO] [stdout]    6:     0x58a3242373f2 - std[617be2ca0a6fd877]::panicking::panic_with_hook
[INFO] [stdout]    7:     0x58a32421ab82 - std[617be2ca0a6fd877]::panicking::panic_handler::{closure#0}
[INFO] [stdout]    8:     0x58a3242135b9 - std[617be2ca0a6fd877]::sys::backtrace::__rust_end_short_backtrace::<std[617be2ca0a6fd877]::panicking::panic_handler::{closure#0}, !>
[INFO] [stdout]    9:     0x58a32421b78d - __rustc[ea4f61d10b84890b]::rust_begin_unwind
[INFO] [stdout]   10:     0x58a3242555ac - core[a373ad73a504971]::panicking::panic_fmt
[INFO] [stdout]   11:     0x58a324255382 - core[a373ad73a504971]::result::unwrap_failed
[INFO] [stdout]   12:     0x58a3240ee99b - sqllogictest[8d19eff42ad627bf]::parser::tests::parse_roundtrip::<sqllogictest[8d19eff42ad627bf]::column_type::DefaultColumnType, &str>
[INFO] [stdout]   13:     0x58a3240f02bc - <sqllogictest[8d19eff42ad627bf]::parser::tests::test_system_command::{closure#0} as core[a373ad73a504971]::ops::function::FnOnce<()>>::call_once
[INFO] [stdout]   14:     0x58a3240fd39b - test[aada8e7e76ba119b]::__rust_begin_short_backtrace::<core[a373ad73a504971]::result::Result<(), alloc[2e1b2a31b91974c5]::string::String>, fn() -> core[a373ad73a504971]::result::Result<(), alloc[2e1b2a31b91974c5]::string::String>>
[INFO] [stdout]   15:     0x58a32410a575 - test[aada8e7e76ba119b]::run_test::{closure#0}
[INFO] [stdout]   16:     0x58a324103e64 - std[617be2ca0a6fd877]::sys::backtrace::__rust_begin_short_backtrace::<test[aada8e7e76ba119b]::run_test::{closure#1}, ()>
[INFO] [stdout]   17:     0x58a32410d602 - <std[617be2ca0a6fd877]::thread::lifecycle::spawn_unchecked<test[aada8e7e76ba119b]::run_test::{closure#1}, ()>::{closure#1} as core[a373ad73a504971]::ops::function::FnOnce<()>>::call_once::{shim:vtable#0}
[INFO] [stdout]   18:     0x58a32423e84f - <std[617be2ca0a6fd877]::sys::thread::unix::Thread>::new::thread_start
[INFO] [stdout]   19:     0x7f809c159dfa - <unknown>
[INFO] [stdout]   20:     0x7f809c1ed3d4 - clone
[INFO] [stdout]   21:                0x0 - <unknown>
[INFO] [stdout] 
[INFO] [stdout] ---- parser::tests::test_validator stdout ----
[INFO] [stdout] 
[INFO] [stdout] thread 'parser::tests::test_validator' (1186) panicked at src/parser.rs:1301:9:
[INFO] [stdout] parsing to complete: ParseError { kind: FileNotFound, loc: Location { file: "../tests/validator/validator.slt", line: 0, upper: None } }
[INFO] [stdout] stack backtrace:
[INFO] [stdout]    0:     0x58a32423f381 - <<std[617be2ca0a6fd877]::sys::backtrace::BacktraceLock>::print::DisplayBacktrace as core[a373ad73a504971]::fmt::Display>::fmt
[INFO] [stdout]    1:     0x58a324254dca - core[a373ad73a504971]::fmt::write
[INFO] [stdout]    2:     0x58a32424388c - <alloc[2e1b2a31b91974c5]::vec::Vec<u8> as core[a373ad73a504971]::io::write::Write>::write_fmt
[INFO] [stdout]    3:     0x58a32421aad6 - std[617be2ca0a6fd877]::panicking::default_hook::{closure#0}
[INFO] [stdout]    4:     0x58a324237239 - std[617be2ca0a6fd877]::panicking::default_hook
[INFO] [stdout]    5:     0x58a324109f50 - test[aada8e7e76ba119b]::test_main_inner::{closure#0}
[INFO] [stdout]    6:     0x58a3242373f2 - std[617be2ca0a6fd877]::panicking::panic_with_hook
[INFO] [stdout]    7:     0x58a32421ab82 - std[617be2ca0a6fd877]::panicking::panic_handler::{closure#0}
[INFO] [stdout]    8:     0x58a3242135b9 - std[617be2ca0a6fd877]::sys::backtrace::__rust_end_short_backtrace::<std[617be2ca0a6fd877]::panicking::panic_handler::{closure#0}, !>
[INFO] [stdout]    9:     0x58a32421b78d - __rustc[ea4f61d10b84890b]::rust_begin_unwind
[INFO] [stdout]   10:     0x58a3242555ac - core[a373ad73a504971]::panicking::panic_fmt
[INFO] [stdout]   11:     0x58a324255382 - core[a373ad73a504971]::result::unwrap_failed
[INFO] [stdout]   12:     0x58a3240ee99b - sqllogictest[8d19eff42ad627bf]::parser::tests::parse_roundtrip::<sqllogictest[8d19eff42ad627bf]::column_type::DefaultColumnType, &str>
[INFO] [stdout]   13:     0x58a3240ef17c - <sqllogictest[8d19eff42ad627bf]::parser::tests::test_validator::{closure#0} as core[a373ad73a504971]::ops::function::FnOnce<()>>::call_once
[INFO] [stdout]   14:     0x58a3240fd39b - test[aada8e7e76ba119b]::__rust_begin_short_backtrace::<core[a373ad73a504971]::result::Result<(), alloc[2e1b2a31b91974c5]::string::String>, fn() -> core[a373ad73a504971]::result::Result<(), alloc[2e1b2a31b91974c5]::string::String>>
[INFO] [stdout]   15:     0x58a32410a575 - test[aada8e7e76ba119b]::run_test::{closure#0}
[INFO] [stdout]   16:     0x58a324103e64 - std[617be2ca0a6fd877]::sys::backtrace::__rust_begin_short_backtrace::<test[aada8e7e76ba119b]::run_test::{closure#1}, ()>
[INFO] [stdout]   17:     0x58a32410d602 - <std[617be2ca0a6fd877]::thread::lifecycle::spawn_unchecked<test[aada8e7e76ba119b]::run_test::{closure#1}, ()>::{closure#1} as core[a373ad73a504971]::ops::function::FnOnce<()>>::call_once::{shim:vtable#0}
[INFO] [stdout]   18:     0x58a32423e84f - <std[617be2ca0a6fd877]::sys::thread::unix::Thread>::new::thread_start
[INFO] [stdout]   19:     0x7f809c159dfa - <unknown>
[INFO] [stdout]   20:     0x7f809c1ed3d4 - clone
[INFO] [stdout]   21:                0x0 - <unknown>
[INFO] [stdout] 
[INFO] [stdout] 
[INFO] [stdout] failures:
[INFO] [stdout]     parser::tests::test_basic
[INFO] [stdout]     parser::tests::test_condition
[INFO] [stdout]     parser::tests::test_custom_type
[INFO] [stdout]     parser::tests::test_file_level_sort_mode
[INFO] [stdout]     parser::tests::test_include_glob
[INFO] [stdout]     parser::tests::test_query_retry
[INFO] [stdout]     parser::tests::test_rowsort
[INFO] [stdout]     parser::tests::test_statement_retry
[INFO] [stdout]     parser::tests::test_substitution
[INFO] [stdout]     parser::tests::test_system_command
[INFO] [stdout]     parser::tests::test_test_dir_escape
[INFO] [stdout]     parser::tests::test_validator
[INFO] [stdout]     parser::tests::test_valuesort
[INFO] [stdout] 
[INFO] [stdout] test result: FAILED. 32 passed; 13 failed; 0 ignored; 0 measured; 0 filtered out; finished in 0.06s
[INFO] [stdout] 
[INFO] running `Command { std: "docker" "inspect" "8cea6de435e0313e5133e0be0c462020146830304c5de05b49a87f2f4e14cf04", kill_on_drop: false }`
[INFO] running `Command { std: "docker" "rm" "-f" "8cea6de435e0313e5133e0be0c462020146830304c5de05b49a87f2f4e14cf04", kill_on_drop: false }`
[INFO] [stdout] 8cea6de435e0313e5133e0be0c462020146830304c5de05b49a87f2f4e14cf04
