[INFO] fetching crate sqlite_pages 0.4.0...
[INFO] testing sqlite_pages-0.4.0 against 1.99.0-beta.8+cargoflags=--release for beta-release-1.100-2
[INFO] extracting crate sqlite_pages 0.4.0 into /workspace/builds/worker-5-tc1/source
[INFO] removed /workspace/builds/worker-5-tc1/source/.cargo/config.toml
[INFO] started tweaking crates.io crate sqlite_pages 0.4.0
[INFO] removed 0 missing tests
[INFO] finished tweaking crates.io crate sqlite_pages 0.4.0
[INFO] tweaked toml for crates.io crate sqlite_pages 0.4.0 written to /workspace/builds/worker-5-tc1/source/Cargo.toml
[INFO] validating manifest of crates.io crate sqlite_pages 0.4.0 on toolchain 1.99.0-beta.8
[INFO] running `Command { std: CARGO_HOME="/workspace/cargo-home" RUSTUP_HOME="/workspace/rustup-home" "/workspace/cargo-home/bin/cargo" "+1.99.0-beta.8" "metadata" "--manifest-path" "Cargo.toml" "--no-deps", kill_on_drop: false }`
[INFO] crate crates.io crate sqlite_pages 0.4.0 already has a lockfile, it will not be regenerated
[INFO] running `Command { std: CARGO_HOME="/workspace/cargo-home" RUSTUP_HOME="/workspace/rustup-home" "/workspace/cargo-home/bin/cargo" "+1.99.0-beta.8" "fetch" "--manifest-path" "Cargo.toml", kill_on_drop: false }`
[INFO] [stderr]     Updating crates.io index
[INFO] [stderr]  Downloading crates ...
[INFO] [stderr]   Downloaded sqlite_test_utils v0.2.0
[INFO] [stderr]   Downloaded zerocopy v0.8.30
[INFO] [stderr]   Downloaded zerocopy-derive v0.8.30
[INFO] [stderr]   Downloaded rusqlite v0.37.0
[INFO] [stderr]   Downloaded libsqlite3-sys v0.35.0
[INFO] running `Command { std: "docker" "create" "-v" "/var/lib/crater-agent-workspace/builds/worker-5-tc1/source:/opt/rustwide/workdir:ro,Z" "-v" "/var/lib/crater-agent-workspace/builds/worker-5-tc1/target:/opt/rustwide/target:rw,Z" "-v" "/var/lib/crater-agent-workspace/cargo-home:/opt/rustwide/cargo-home:ro,Z" "-v" "/var/lib/crater-agent-workspace/rustup-home:/opt/rustwide/rustup-home:ro,Z" "-m" "1610612736" "--network" "none" "ghcr.io/rust-lang/crates-build-env/linux@sha256:77db811e55d90add9212f6832c23229e3de5f1c1f9905e8cb07319ea15df73ac" "sleep" "infinity", kill_on_drop: false }`
[INFO] [stdout] 3500f668cb482e5195d645c0218ea862d20523b840124ee86632c6cc546ba48d
[INFO] running `Command { std: "docker" "start" "3500f668cb482e5195d645c0218ea862d20523b840124ee86632c6cc546ba48d", kill_on_drop: false }`
[INFO] running `Command { std: "docker" "inspect" "3500f668cb482e5195d645c0218ea862d20523b840124ee86632c6cc546ba48d", kill_on_drop: false }`
[INFO] running `Command { std: "docker" "exec" "-e" "SOURCE_DIR=/opt/rustwide/workdir" "-e" "CARGO_HOME=/opt/rustwide/cargo-home" "-e" "RUSTUP_HOME=/opt/rustwide/rustup-home" "-e" "CARGO_TARGET_DIR=/opt/rustwide/target" "-w" "/opt/rustwide/workdir" "--user" "0:0" "3500f668cb482e5195d645c0218ea862d20523b840124ee86632c6cc546ba48d" "/opt/rustwide/cargo-home/bin/cargo" "+1.99.0-beta.8" "metadata" "--no-deps" "--format-version=1", kill_on_drop: false }`
[INFO] running `Command { std: "docker" "inspect" "3500f668cb482e5195d645c0218ea862d20523b840124ee86632c6cc546ba48d", kill_on_drop: false }`
[INFO] running `Command { std: "docker" "exec" "-e" "SOURCE_DIR=/opt/rustwide/workdir" "-e" "CARGO_HOME=/opt/rustwide/cargo-home" "-e" "RUSTUP_HOME=/opt/rustwide/rustup-home" "-e" "CARGO_TARGET_DIR=/opt/rustwide/target" "-e" "CARGO_INCREMENTAL=0" "-e" "RUST_BACKTRACE=full" "-e" "RUSTFLAGS=--cap-lints=warn" "-e" "RUSTDOCFLAGS=--cap-lints=warn" "-w" "/opt/rustwide/workdir" "--user" "0:0" "3500f668cb482e5195d645c0218ea862d20523b840124ee86632c6cc546ba48d" "/opt/rustwide/cargo-home/bin/cargo" "+1.99.0-beta.8" "build" "--frozen" "--message-format=json" "--release", kill_on_drop: false }`
[INFO] [stderr]    Compiling syn v2.0.110
[INFO] [stderr]    Compiling find-msvc-tools v0.1.5
[INFO] [stderr]    Compiling smallvec v1.15.1
[INFO] [stderr]    Compiling foldhash v0.1.5
[INFO] [stderr]    Compiling percent-encoding v2.3.2
[INFO] [stderr]    Compiling bitflags v2.10.0
[INFO] [stderr]    Compiling form_urlencoded v1.2.2
[INFO] [stderr]    Compiling cc v1.2.46
[INFO] [stderr]    Compiling hashbrown v0.15.5
[INFO] [stderr]    Compiling hashlink v0.10.0
[INFO] [stderr]    Compiling libsqlite3-sys v0.35.0
[INFO] [stderr]    Compiling synstructure v0.13.2
[INFO] [stderr]    Compiling zerofrom-derive v0.1.6
[INFO] [stderr]    Compiling yoke-derive v0.8.1
[INFO] [stderr]    Compiling zerovec-derive v0.11.2
[INFO] [stderr]    Compiling displaydoc v0.2.5
[INFO] [stderr]    Compiling tokio-macros v2.6.0
[INFO] [stderr]    Compiling snafu-derive v0.8.9
[INFO] [stderr]    Compiling tokio v1.48.0
[INFO] [stderr]    Compiling zerofrom v0.1.6
[INFO] [stderr]    Compiling yoke v0.8.1
[INFO] [stderr]    Compiling zerovec v0.11.5
[INFO] [stderr]    Compiling zerotrie v0.2.3
[INFO] [stderr]    Compiling snafu v0.8.9
[INFO] [stderr]    Compiling tinystr v0.8.2
[INFO] [stderr]    Compiling potential_utf v0.1.4
[INFO] [stderr]    Compiling icu_collections v2.1.1
[INFO] [stderr]    Compiling icu_locale_core v2.1.1
[INFO] [stderr]    Compiling icu_provider v2.1.1
[INFO] [stderr]    Compiling icu_normalizer v2.1.1
[INFO] [stderr]    Compiling icu_properties v2.1.2
[INFO] [stderr]    Compiling idna_adapter v1.2.1
[INFO] [stderr]    Compiling idna v1.1.0
[INFO] [stderr]    Compiling url v2.5.8
[INFO] [stderr]    Compiling rusqlite v0.37.0
[INFO] [stderr]    Compiling sqlite_pages v0.4.0 (/opt/rustwide/workdir)
[INFO] [stderr]     Finished `release` profile [optimized] target(s) in 1m 43s
[INFO] running `Command { std: "docker" "inspect" "3500f668cb482e5195d645c0218ea862d20523b840124ee86632c6cc546ba48d", kill_on_drop: false }`
[INFO] running `Command { std: "docker" "exec" "-e" "SOURCE_DIR=/opt/rustwide/workdir" "-e" "CARGO_HOME=/opt/rustwide/cargo-home" "-e" "RUSTUP_HOME=/opt/rustwide/rustup-home" "-e" "CARGO_TARGET_DIR=/opt/rustwide/target" "-e" "CARGO_INCREMENTAL=0" "-e" "RUST_BACKTRACE=full" "-e" "RUSTFLAGS=--cap-lints=warn" "-e" "RUSTDOCFLAGS=--cap-lints=warn" "-w" "/opt/rustwide/workdir" "--user" "0:0" "3500f668cb482e5195d645c0218ea862d20523b840124ee86632c6cc546ba48d" "/opt/rustwide/cargo-home/bin/cargo" "+1.99.0-beta.8" "test" "--frozen" "--no-run" "--message-format=json" "--release", kill_on_drop: false }`
[INFO] [stderr]    Compiling libc v0.2.177
[INFO] [stderr]    Compiling bitflags v2.10.0
[INFO] [stderr]    Compiling rustix v1.1.2
[INFO] [stderr]    Compiling zerocopy v0.8.30
[INFO] [stderr]    Compiling linux-raw-sys v0.11.0
[INFO] [stderr]    Compiling num-traits v0.2.19
[INFO] [stderr]    Compiling regex-syntax v0.8.8
[INFO] [stderr]    Compiling rusqlite v0.37.0
[INFO] [stderr]    Compiling sqlite_test_utils v0.2.0
[INFO] [stderr]    Compiling sqlite_pages v0.4.0 (/opt/rustwide/workdir)
[INFO] [stderr]    Compiling getrandom v0.3.4
[INFO] [stderr]    Compiling wait-timeout v0.2.1
[INFO] [stderr]    Compiling rand_core v0.9.3
[INFO] [stderr]    Compiling rand_xorshift v0.4.0
[INFO] [stderr]    Compiling rand v0.9.2
[INFO] [stderr]    Compiling tempfile v3.23.0
[INFO] [stderr]    Compiling rusty-fork v0.3.1
[INFO] [stderr]    Compiling ppv-lite86 v0.2.21
[INFO] [stderr]    Compiling rand_chacha v0.9.0
[INFO] [stderr]    Compiling proptest v1.9.0
[INFO] [stderr]     Finished `release` profile [optimized] target(s) in 26.65s
[INFO] running `Command { std: "docker" "inspect" "3500f668cb482e5195d645c0218ea862d20523b840124ee86632c6cc546ba48d", kill_on_drop: false }`
[INFO] running `Command { std: "docker" "exec" "-e" "SOURCE_DIR=/opt/rustwide/workdir" "-e" "CARGO_HOME=/opt/rustwide/cargo-home" "-e" "RUSTUP_HOME=/opt/rustwide/rustup-home" "-e" "CARGO_TARGET_DIR=/opt/rustwide/target" "-e" "CARGO_INCREMENTAL=0" "-e" "RUST_BACKTRACE=full" "-e" "RUSTFLAGS=--cap-lints=warn" "-e" "RUSTDOCFLAGS=--cap-lints=warn" "-w" "/opt/rustwide/workdir" "--user" "0:0" "3500f668cb482e5195d645c0218ea862d20523b840124ee86632c6cc546ba48d" "/opt/rustwide/cargo-home/bin/cargo" "+1.99.0-beta.8" "test" "--frozen" "--release", kill_on_drop: false }`
[INFO] [stderr]     Finished `release` profile [optimized] target(s) in 0.10s
[INFO] [stderr]      Running unittests src/lib.rs (/opt/rustwide/target/release/deps/sqlite_pages-f8dba9861ea645fa)
[INFO] [stdout] 
[INFO] [stdout] running 47 tests
[INFO] [stdout] test async_api::tests::test_inner_already_taken_error ... ok
[INFO] [stdout] test async_api::tests::test_mutex_poisoned_error ... ok
[INFO] [stdout] test blocking::tests::test_in_transaction_debug_fmt ... ok
[INFO] [stdout] test async_api::tests::test_debug_fmt ... ok
[INFO] [stdout] test async_api::tests::test_transaction_commit_and_persist ... FAILED
[INFO] [stdout] test blocking::tests::test_invalid_page_range ... ok
[INFO] [stdout] test blocking::tests::test_page_count ... ok
[INFO] [stdout] test async_api::tests::test_with_connection_in_transaction ... ok
[INFO] [stdout] test async_api::tests::test_transaction_page_map_and_count ... FAILED
[INFO] [stdout] test blocking::tests::test_concurrent_readers ... FAILED
[INFO] [stdout] test blocking::tests::test_database_persistence_across_connections ... FAILED
[INFO] [stdout] test blocking::tests::test_page_map_ascending_order ... FAILED
[INFO] [stdout] test async_api::tests::test_transaction_rollback ... FAILED
[INFO] [stdout] test tests::proptests::test_invalid_page_size ... ok
[INFO] [stdout] test blocking::tests::test_clone_database ... FAILED
[INFO] [stdout] test tests::proptests::test_resolve_full_range ... ok
[INFO] [stdout] test async_api::tests::test_transaction_types ... ok
[INFO] [stdout] test tests::proptests::test_resolve_unbounded_start ... ok
[INFO] [stdout] test tests::proptests::test_resolve_page_range_properties ... ok
[INFO] [stdout] test tests::proptests::test_resolve_unbounded_end ... ok
[INFO] [stdout] test tests::test_configure_db_connection ... ok
[INFO] [stdout] test tests::test_extract_path_from_uri ... ok
[INFO] [stdout] test tests::test_page_is_empty ... ok
[INFO] [stdout] test async_api::tests::test_with_connection_normal ... ok
[INFO] [stdout] test tests::test_page_debug_fmt ... ok
[INFO] [stdout] test tests::test_resolve_page_range_empty_database ... ok
[INFO] [stdout] test tests::test_resolve_page_range_excluded_start ... ok
[INFO] [stdout] test tests::test_resolve_page_range_exclusive ... ok
[INFO] [stdout] test tests::test_resolve_page_range_full ... ok
[INFO] [stdout] test tests::test_resolve_page_range_single_page ... ok
[INFO] [stdout] test tests::test_resolve_page_range_from ... ok
[INFO] [stdout] test tests::test_resolve_page_range_inclusive ... ok
[INFO] [stdout] test tests::test_resolve_page_range_to ... ok
[INFO] [stdout] test tests::test_resolve_page_range_to_inclusive ... ok
[INFO] [stdout] test blocking::tests::test_sqlite_io_debug_fmt ... ok
[INFO] [stdout] test blocking::tests::test_page_map_empty_database ... FAILED
[INFO] [stdout] test blocking::tests::test_page_map_basic ... FAILED
[INFO] [stdout] test async_api::tests::test_multiple_operations_on_normal ... FAILED
[INFO] [stdout] test blocking::tests::test_page_map_boundary_condition ... FAILED
[INFO] [stdout] test tests::test_open_and_attach_empty_vs_non_empty ... ok
[INFO] [stdout] test blocking::tests::test_concurrent_read_write_isolation ... FAILED
[INFO] [stdout] test blocking::tests::test_typestate_prevents_reuse ... ok
[INFO] [stdout] test blocking::tests::test_transaction_rollback ... FAILED
[INFO] [stdout] test blocking::tests::test_transaction_page_map ... FAILED
[INFO] [stdout] test blocking::tests::test_page_map_with_transaction ... FAILED
[INFO] [stdout] test blocking::tests::test_transaction_create_and_commit ... FAILED
[INFO] [stdout] test blocking::tests::test_transaction_explicit_rollback ... ok
[INFO] [stderr] error: test failed, to rerun pass `--lib`
[INFO] [stdout] 
[INFO] [stdout] failures:
[INFO] [stdout] 
[INFO] [stdout] ---- async_api::tests::test_transaction_commit_and_persist stdout ----
[INFO] [stdout] Row count after init_test_db: 100
[INFO] [stdout] 
[INFO] [stdout] thread 'async_api::tests::test_transaction_commit_and_persist' (1247) panicked at src/async_api.rs:499:47:
[INFO] [stdout] called `Result::unwrap()` on an `Err` value: Sql { source: SqliteFailure(Error { code: Unknown, extended_code: 1 }, Some("no such table: sqlite_dbpage")) }
[INFO] [stdout] stack backtrace:
[INFO] [stdout]    0:     0x566cb3f6a541 - <<std[70759c8f55707aa4]::sys::backtrace::BacktraceLock>::print::DisplayBacktrace as core[df12db4294e9bfd3]::fmt::Display>::fmt
[INFO] [stdout]    1:     0x566cb3f8032a - core[df12db4294e9bfd3]::fmt::write
[INFO] [stdout]    2:     0x566cb3f6f11c - <alloc[2182bb758b4b3781]::vec::Vec<u8> as core[df12db4294e9bfd3]::io::write::Write>::write_fmt
[INFO] [stdout]    3:     0x566cb3f44846 - std[70759c8f55707aa4]::panicking::default_hook::{closure#0}
[INFO] [stdout]    4:     0x566cb3f62329 - std[70759c8f55707aa4]::panicking::default_hook
[INFO] [stdout]    5:     0x566cb3d2f260 - test[9d35eded1c95d3be]::test_main_inner::<test[9d35eded1c95d3be]::test_main_static::{closure#0}>::{closure#0}
[INFO] [stdout]    6:     0x566cb3f624e2 - std[70759c8f55707aa4]::panicking::panic_with_hook
[INFO] [stdout]    7:     0x566cb3f448f2 - std[70759c8f55707aa4]::panicking::panic_handler::{closure#0}
[INFO] [stdout]    8:     0x566cb3f3d529 - std[70759c8f55707aa4]::sys::backtrace::__rust_end_short_backtrace::<std[70759c8f55707aa4]::panicking::panic_handler::{closure#0}, !>
[INFO] [stdout]    9:     0x566cb3f454ed - __rustc[8fa7c3cbc660c2b3]::rust_begin_unwind
[INFO] [stdout]   10:     0x566cb3f80a8c - core[df12db4294e9bfd3]::panicking::panic_fmt
[INFO] [stdout]   11:     0x566cb3f80862 - core[df12db4294e9bfd3]::result::unwrap_failed
[INFO] [stdout]   12:     0x566cb3ccf322 - sqlite_pages[79ca815ea265f353]::async_api::tests::test_transaction_commit_and_persist::{closure#0}
[INFO] [stdout]   13:     0x566cb3d01683 - <tokio[af695b3458b5547b]::runtime::scheduler::current_thread::Context>::enter::<core[df12db4294e9bfd3]::task::poll::Poll<()>, <tokio[af695b3458b5547b]::runtime::scheduler::current_thread::CoreGuard>::block_on<core[df12db4294e9bfd3]::pin::Pin<&mut core[df12db4294e9bfd3]::pin::Pin<&mut dyn core[df12db4294e9bfd3]::future::future::Future<Output = ()>>>>::{closure#0}::{closure#0}>
[INFO] [stdout]   14:     0x566cb3ce947c - <tokio[af695b3458b5547b]::runtime::context::scoped::Scoped<tokio[af695b3458b5547b]::runtime::scheduler::Context>>::set::<<tokio[af695b3458b5547b]::runtime::scheduler::current_thread::CoreGuard>::enter<<tokio[af695b3458b5547b]::runtime::scheduler::current_thread::CoreGuard>::block_on<core[df12db4294e9bfd3]::pin::Pin<&mut core[df12db4294e9bfd3]::pin::Pin<&mut dyn core[df12db4294e9bfd3]::future::future::Future<Output = ()>>>>::{closure#0}, core[df12db4294e9bfd3]::option::Option<()>>::{closure#0}, (alloc[2182bb758b4b3781]::boxed::Box<tokio[af695b3458b5547b]::runtime::scheduler::current_thread::Core>, core[df12db4294e9bfd3]::option::Option<()>)>
[INFO] [stdout]   15:     0x566cb3d019d7 - <tokio[af695b3458b5547b]::runtime::scheduler::current_thread::CoreGuard>::block_on::<core[df12db4294e9bfd3]::pin::Pin<&mut core[df12db4294e9bfd3]::pin::Pin<&mut dyn core[df12db4294e9bfd3]::future::future::Future<Output = ()>>>>
[INFO] [stdout]   16:     0x566cb3d000d7 - tokio[af695b3458b5547b]::runtime::context::runtime::enter_runtime::<<tokio[af695b3458b5547b]::runtime::scheduler::current_thread::CurrentThread>::block_on<core[df12db4294e9bfd3]::pin::Pin<&mut dyn core[df12db4294e9bfd3]::future::future::Future<Output = ()>>>::{closure#0}, ()>
[INFO] [stdout]   17:     0x566cb3ceb355 - <tokio[af695b3458b5547b]::runtime::runtime::Runtime>::block_on::<core[df12db4294e9bfd3]::pin::Pin<&mut dyn core[df12db4294e9bfd3]::future::future::Future<Output = ()>>>
[INFO] [stdout]   18:     0x566cb3cd2891 - sqlite_pages[79ca815ea265f353]::async_api::tests::test_transaction_commit_and_persist
[INFO] [stdout]   19:     0x566cb3ce6019 - <sqlite_pages[79ca815ea265f353]::async_api::tests::test_transaction_commit_and_persist::{closure#0} as core[df12db4294e9bfd3]::ops::function::FnOnce<()>>::call_once
[INFO] [stdout]   20:     0x566cb3d2254b - test[9d35eded1c95d3be]::__rust_begin_short_backtrace::<core[df12db4294e9bfd3]::result::Result<(), alloc[2182bb758b4b3781]::string::String>, fn() -> core[df12db4294e9bfd3]::result::Result<(), alloc[2182bb758b4b3781]::string::String>>
[INFO] [stdout]   21:     0x566cb3d2fbb5 - test[9d35eded1c95d3be]::run_test::{closure#0}
[INFO] [stdout]   22:     0x566cb3d29474 - std[70759c8f55707aa4]::sys::backtrace::__rust_begin_short_backtrace::<test[9d35eded1c95d3be]::run_test::{closure#1}, ()>
[INFO] [stdout]   23:     0x566cb3d32d12 - <std[70759c8f55707aa4]::thread::lifecycle::spawn_unchecked<test[9d35eded1c95d3be]::run_test::{closure#1}, ()>::{closure#1} as core[df12db4294e9bfd3]::ops::function::FnOnce<()>>::call_once::{shim:vtable#0}
[INFO] [stdout]   24:     0x566cb3f69e19 - <std[70759c8f55707aa4]::sys::thread::unix::Thread>::new::thread_start
[INFO] [stdout]   25:     0x758de033cdfa - <unknown>
[INFO] [stdout]   26:     0x758de03d03d4 - clone
[INFO] [stdout]   27:                0x0 - <unknown>
[INFO] [stdout] 
[INFO] [stdout] ---- async_api::tests::test_transaction_page_map_and_count stdout ----
[INFO] [stdout] Row count after init_test_db: 100
[INFO] [stdout] 
[INFO] [stdout] thread 'async_api::tests::test_transaction_page_map_and_count' (1248) panicked at src/async_api.rs:573:10:
[INFO] [stdout] called `Result::unwrap()` on an `Err` value: Sql { source: SqliteFailure(Error { code: Unknown, extended_code: 1 }, Some("no such table: sqlite_dbpage")) }
[INFO] [stdout] stack backtrace:
[INFO] [stdout]    0:     0x566cb3f6a541 - <<std[70759c8f55707aa4]::sys::backtrace::BacktraceLock>::print::DisplayBacktrace as core[df12db4294e9bfd3]::fmt::Display>::fmt
[INFO] [stdout]    1:     0x566cb3f8032a - core[df12db4294e9bfd3]::fmt::write
[INFO] [stdout]    2:     0x566cb3f6f11c - <alloc[2182bb758b4b3781]::vec::Vec<u8> as core[df12db4294e9bfd3]::io::write::Write>::write_fmt
[INFO] [stdout]    3:     0x566cb3f44846 - std[70759c8f55707aa4]::panicking::default_hook::{closure#0}
[INFO] [stdout]    4:     0x566cb3f62329 - std[70759c8f55707aa4]::panicking::default_hook
[INFO] [stdout]    5:     0x566cb3d2f260 - test[9d35eded1c95d3be]::test_main_inner::<test[9d35eded1c95d3be]::test_main_static::{closure#0}>::{closure#0}
[INFO] [stdout]    6:     0x566cb3f624e2 - std[70759c8f55707aa4]::panicking::panic_with_hook
[INFO] [stdout]    7:     0x566cb3f448f2 - std[70759c8f55707aa4]::panicking::panic_handler::{closure#0}
[INFO] [stdout]    8:     0x566cb3f3d529 - std[70759c8f55707aa4]::sys::backtrace::__rust_end_short_backtrace::<std[70759c8f55707aa4]::panicking::panic_handler::{closure#0}, !>
[INFO] [stdout]    9:     0x566cb3f454ed - __rustc[8fa7c3cbc660c2b3]::rust_begin_unwind
[INFO] [stdout]   10:     0x566cb3f80a8c - core[df12db4294e9bfd3]::panicking::panic_fmt
[INFO] [stdout]   11:     0x566cb3f80862 - core[df12db4294e9bfd3]::result::unwrap_failed
[INFO] [stdout]   12:     0x566cb3cd05d4 - sqlite_pages[79ca815ea265f353]::async_api::tests::test_transaction_page_map_and_count::{closure#0}
[INFO] [stdout]   13:     0x566cb3d01683 - <tokio[af695b3458b5547b]::runtime::scheduler::current_thread::Context>::enter::<core[df12db4294e9bfd3]::task::poll::Poll<()>, <tokio[af695b3458b5547b]::runtime::scheduler::current_thread::CoreGuard>::block_on<core[df12db4294e9bfd3]::pin::Pin<&mut core[df12db4294e9bfd3]::pin::Pin<&mut dyn core[df12db4294e9bfd3]::future::future::Future<Output = ()>>>>::{closure#0}::{closure#0}>
[INFO] [stdout]   14:     0x566cb3ce947c - <tokio[af695b3458b5547b]::runtime::context::scoped::Scoped<tokio[af695b3458b5547b]::runtime::scheduler::Context>>::set::<<tokio[af695b3458b5547b]::runtime::scheduler::current_thread::CoreGuard>::enter<<tokio[af695b3458b5547b]::runtime::scheduler::current_thread::CoreGuard>::block_on<core[df12db4294e9bfd3]::pin::Pin<&mut core[df12db4294e9bfd3]::pin::Pin<&mut dyn core[df12db4294e9bfd3]::future::future::Future<Output = ()>>>>::{closure#0}, core[df12db4294e9bfd3]::option::Option<()>>::{closure#0}, (alloc[2182bb758b4b3781]::boxed::Box<tokio[af695b3458b5547b]::runtime::scheduler::current_thread::Core>, core[df12db4294e9bfd3]::option::Option<()>)>
[INFO] [stdout]   15:     0x566cb3d019d7 - <tokio[af695b3458b5547b]::runtime::scheduler::current_thread::CoreGuard>::block_on::<core[df12db4294e9bfd3]::pin::Pin<&mut core[df12db4294e9bfd3]::pin::Pin<&mut dyn core[df12db4294e9bfd3]::future::future::Future<Output = ()>>>>
[INFO] [stdout]   16:     0x566cb3d000d7 - tokio[af695b3458b5547b]::runtime::context::runtime::enter_runtime::<<tokio[af695b3458b5547b]::runtime::scheduler::current_thread::CurrentThread>::block_on<core[df12db4294e9bfd3]::pin::Pin<&mut dyn core[df12db4294e9bfd3]::future::future::Future<Output = ()>>>::{closure#0}, ()>
[INFO] [stdout]   17:     0x566cb3ceb355 - <tokio[af695b3458b5547b]::runtime::runtime::Runtime>::block_on::<core[df12db4294e9bfd3]::pin::Pin<&mut dyn core[df12db4294e9bfd3]::future::future::Future<Output = ()>>>
[INFO] [stdout]   18:     0x566cb3cd29d1 - sqlite_pages[79ca815ea265f353]::async_api::tests::test_transaction_page_map_and_count
[INFO] [stdout]   19:     0x566cb3ce6039 - <sqlite_pages[79ca815ea265f353]::async_api::tests::test_transaction_page_map_and_count::{closure#0} as core[df12db4294e9bfd3]::ops::function::FnOnce<()>>::call_once
[INFO] [stdout]   20:     0x566cb3d2254b - test[9d35eded1c95d3be]::__rust_begin_short_backtrace::<core[df12db4294e9bfd3]::result::Result<(), alloc[2182bb758b4b3781]::string::String>, fn() -> core[df12db4294e9bfd3]::result::Result<(), alloc[2182bb758b4b3781]::string::String>>
[INFO] [stdout]   21:     0x566cb3d2fbb5 - test[9d35eded1c95d3be]::run_test::{closure#0}
[INFO] [stdout]   22:     0x566cb3d29474 - std[70759c8f55707aa4]::sys::backtrace::__rust_begin_short_backtrace::<test[9d35eded1c95d3be]::run_test::{closure#1}, ()>
[INFO] [stdout]   23:     0x566cb3d32d12 - <std[70759c8f55707aa4]::thread::lifecycle::spawn_unchecked<test[9d35eded1c95d3be]::run_test::{closure#1}, ()>::{closure#1} as core[df12db4294e9bfd3]::ops::function::FnOnce<()>>::call_once::{shim:vtable#0}
[INFO] [stdout]   24:     0x566cb3f69e19 - <std[70759c8f55707aa4]::sys::thread::unix::Thread>::new::thread_start
[INFO] [stdout]   25:     0x758de033cdfa - <unknown>
[INFO] [stdout]   26:     0x758de03d03d4 - clone
[INFO] [stdout]   27:                0x0 - <unknown>
[INFO] [stdout] 
[INFO] [stdout] ---- blocking::tests::test_concurrent_readers stdout ----
[INFO] [stdout] Row count after init_test_db: 100
[INFO] [stdout] 
[INFO] [stdout] thread '<unnamed>' (1276) panicked at src/blocking.rs:828:18:
[INFO] [stdout] called `Result::unwrap()` on an `Err` value: Sql { source: SqliteFailure(Error { code: Unknown, extended_code: 1 }, Some("no such table: sqlite_dbpage")) }
[INFO] [stdout] stack backtrace:
[INFO] [stdout]    0:     0x566cb3f6a541 - <<std[70759c8f55707aa4]::sys::backtrace::BacktraceLock>::print::DisplayBacktrace as core[df12db4294e9bfd3]::fmt::Display>::fmt
[INFO] [stdout]    1:     0x566cb3f8032a - core[df12db4294e9bfd3]::fmt::write
[INFO] [stdout]    2:     0x566cb3f6f11c - <alloc[2182bb758b4b3781]::vec::Vec<u8> as core[df12db4294e9bfd3]::io::write::Write>::write_fmt
[INFO] [stdout]    3:     0x566cb3f44846 - std[70759c8f55707aa4]::panicking::default_hook::{closure#0}
[INFO] [stdout]    4:     0x566cb3f62329 - std[70759c8f55707aa4]::panicking::default_hook
[INFO] [stdout]    5:     0x566cb3d2f260 - test[9d35eded1c95d3be]::test_main_inner::<test[9d35eded1c95d3be]::test_main_static::{closure#0}>::{closure#0}
[INFO] [stdout]    6:     0x566cb3f624e2 - std[70759c8f55707aa4]::panicking::panic_with_hook
[INFO] [stdout]    7:     0x566cb3f448f2 - std[70759c8f55707aa4]::panicking::panic_handler::{closure#0}
[INFO] [stdout]    8:     0x566cb3f3d529 - std[70759c8f55707aa4]::sys::backtrace::__rust_end_short_backtrace::<std[70759c8f55707aa4]::panicking::panic_handler::{closure#0}, !>
[INFO] [stdout]    9:     0x566cb3f454ed - __rustc[8fa7c3cbc660c2b3]::rust_begin_unwind
[INFO] [stdout]   10:     0x566cb3f80a8c - core[df12db4294e9bfd3]::panicking::panic_fmt
[INFO] [stdout]   11:     0x566cb3f80862 - core[df12db4294e9bfd3]::result::unwrap_failed
[INFO] [stdout]   12:     0x566cb3d030d6 - std[70759c8f55707aa4]::sys::backtrace::__rust_begin_short_backtrace::<sqlite_pages[79ca815ea265f353]::blocking::tests::test_concurrent_readers::{closure#0}, (i32, i32)>
[INFO] [stdout]   13:     0x566cb3ced347 - <std[70759c8f55707aa4]::thread::lifecycle::spawn_unchecked<sqlite_pages[79ca815ea265f353]::blocking::tests::test_concurrent_readers::{closure#0}, (i32, i32)>::{closure#1} as core[df12db4294e9bfd3]::ops::function::FnOnce<()>>::call_once::{shim:vtable#0}
[INFO] [stdout]   14:     0x566cb3f69e19 - <std[70759c8f55707aa4]::sys::thread::unix::Thread>::new::thread_start
[INFO] [stdout]   15:     0x758de033cdfa - <unknown>
[INFO] [stdout]   16:     0x758de03d03d4 - clone
[INFO] [stdout]   17:                0x0 - <unknown>
[INFO] [stdout] 
[INFO] [stdout] thread 'blocking::tests::test_concurrent_readers' (1256) panicked at src/blocking.rs:837:52:
[INFO] [stdout] called `Result::unwrap()` on an `Err` value: Any { .. }
[INFO] [stdout] stack backtrace:
[INFO] [stdout]    0:     0x566cb3f6a541 - <<std[70759c8f55707aa4]::sys::backtrace::BacktraceLock>::print::DisplayBacktrace as core[df12db4294e9bfd3]::fmt::Display>::fmt
[INFO] [stdout]    1:     0x566cb3f8032a - core[df12db4294e9bfd3]::fmt::write
[INFO] [stdout]    2:     0x566cb3f6f11c - <alloc[2182bb758b4b3781]::vec::Vec<u8> as core[df12db4294e9bfd3]::io::write::Write>::write_fmt
[INFO] [stdout]    3:     0x566cb3f44846 - std[70759c8f55707aa4]::panicking::default_hook::{closure#0}
[INFO] [stdout]    4:     0x566cb3f62329 - std[70759c8f55707aa4]::panicking::default_hook
[INFO] [stdout]    5:     0x566cb3d2f260 - test[9d35eded1c95d3be]::test_main_inner::<test[9d35eded1c95d3be]::test_main_static::{closure#0}>::{closure#0}
[INFO] [stdout]    6:     0x566cb3f624e2 - std[70759c8f55707aa4]::panicking::panic_with_hook
[INFO] [stdout]    7:     0x566cb3f448f2 - std[70759c8f55707aa4]::panicking::panic_handler::{closure#0}
[INFO] [stdout]    8:     0x566cb3f3d529 - std[70759c8f55707aa4]::sys::backtrace::__rust_end_short_backtrace::<std[70759c8f55707aa4]::panicking::panic_handler::{closure#0}, !>
[INFO] [stdout]    9:     0x566cb3f454ed - __rustc[8fa7c3cbc660c2b3]::rust_begin_unwind
[INFO] [stdout]   10:     0x566cb3f80a8c - core[df12db4294e9bfd3]::panicking::panic_fmt
[INFO] [stdout]   11:     0x566cb3f80862 - core[df12db4294e9bfd3]::result::unwrap_failed
[INFO] [stdout]   12:     0x566cb3cd7225 - sqlite_pages[79ca815ea265f353]::blocking::tests::test_concurrent_readers
[INFO] [stdout]   13:     0x566cb3ce5d59 - <sqlite_pages[79ca815ea265f353]::blocking::tests::test_concurrent_readers::{closure#0} as core[df12db4294e9bfd3]::ops::function::FnOnce<()>>::call_once
[INFO] [stdout]   14:     0x566cb3d2254b - test[9d35eded1c95d3be]::__rust_begin_short_backtrace::<core[df12db4294e9bfd3]::result::Result<(), alloc[2182bb758b4b3781]::string::String>, fn() -> core[df12db4294e9bfd3]::result::Result<(), alloc[2182bb758b4b3781]::string::String>>
[INFO] [stdout]   15:     0x566cb3d2fbb5 - test[9d35eded1c95d3be]::run_test::{closure#0}
[INFO] [stdout]   16:     0x566cb3d29474 - std[70759c8f55707aa4]::sys::backtrace::__rust_begin_short_backtrace::<test[9d35eded1c95d3be]::run_test::{closure#1}, ()>
[INFO] [stdout]   17:     0x566cb3d32d12 - <std[70759c8f55707aa4]::thread::lifecycle::spawn_unchecked<test[9d35eded1c95d3be]::run_test::{closure#1}, ()>::{closure#1} as core[df12db4294e9bfd3]::ops::function::FnOnce<()>>::call_once::{shim:vtable#0}
[INFO] [stdout]   18:     0x566cb3f69e19 - <std[70759c8f55707aa4]::sys::thread::unix::Thread>::new::thread_start
[INFO] [stdout]   19:     0x758de033cdfa - <unknown>
[INFO] [stdout]   20:     0x758de03d03d4 - clone
[INFO] [stdout]   21:                0x0 - <unknown>
[INFO] [stdout] 
[INFO] [stdout] thread '<unnamed>' (1279) panicked at src/blocking.rs:828:18:
[INFO] [stdout] called `Result::unwrap()` on an `Err` value: Sql { source: SqliteFailure(Error { code: Unknown, extended_code: 1 }, Some("no such table: sqlite_dbpage")) }
[INFO] [stdout] stack backtrace:
[INFO] [stdout]    0:     0x566cb3f6a541 - <<std[70759c8f55707aa4]::sys::backtrace::BacktraceLock>::print::DisplayBacktrace as core[df12db4294e9bfd3]::fmt::Display>::fmt
[INFO] [stdout]    1:     0x566cb3f8032a - core[df12db4294e9bfd3]::fmt::write
[INFO] [stdout]    2:     0x566cb3f6f11c - <alloc[2182bb758b4b3781]::vec::Vec<u8> as core[df12db4294e9bfd3]::io::write::Write>::write_fmt
[INFO] [stdout]    3:     0x566cb3f44846 - std[70759c8f55707aa4]::panicking::default_hook::{closure#0}
[INFO] [stdout]    4:     0x566cb3f62329 - std[70759c8f55707aa4]::panicking::default_hook
[INFO] [stdout]    5:     0x566cb3d2f260 - test[9d35eded1c95d3be]::test_main_inner::<test[9d35eded1c95d3be]::test_main_static::{closure#0}>::{closure#0}
[INFO] [stdout]    6:     0x566cb3f624e2 - std[70759c8f55707aa4]::panicking::panic_with_hook
[INFO] [stdout]    7:     0x566cb3f448f2 - std[70759c8f55707aa4]::panicking::panic_handler::{closure#0}
[INFO] [stdout]    8:     0x566cb3f3d529 - std[70759c8f55707aa4]::sys::backtrace::__rust_end_short_backtrace::<std[70759c8f55707aa4]::panicking::panic_handler::{closure#0}, !>
[INFO] [stdout]    9:     0x566cb3f454ed - __rustc[8fa7c3cbc660c2b3]::rust_begin_unwind
[INFO] [stdout]   10:     0x566cb3f80a8c - core[df12db4294e9bfd3]::panicking::panic_fmt
[INFO] [stdout]   11:     0x566cb3f80862 - core[df12db4294e9bfd3]::result::unwrap_failed
[INFO] [stdout]   12:     0x566cb3d030d6 - std[70759c8f55707aa4]::sys::backtrace::__rust_begin_short_backtrace::<sqlite_pages[79ca815ea265f353]::blocking::tests::test_concurrent_readers::{closure#0}, (i32, i32)>
[INFO] [stdout]   13:     0x566cb3ced347 - <std[70759c8f55707aa4]::thread::lifecycle::spawn_unchecked<sqlite_pages[79ca815ea265f353]::blocking::tests::test_concurrent_readers::{closure#0}, (i32, i32)>::{closure#1} as core[df12db4294e9bfd3]::ops::function::FnOnce<()>>::call_once::{shim:vtable#0}
[INFO] [stdout]   14:     0x566cb3f69e19 - <std[70759c8f55707aa4]::sys::thread::unix::Thread>::new::thread_start
[INFO] [stdout]   15:     0x758de033cdfa - <unknown>
[INFO] [stdout]   16:     0x758de03d03d4 - clone
[INFO] [stdout]   17:                0x0 - <unknown>
[INFO] [stdout] 
[INFO] [stdout] ---- blocking::tests::test_database_persistence_across_connections stdout ----
[INFO] [stdout] Row count after init_test_db: 1000
[INFO] [stdout] 
[INFO] [stdout] thread 'blocking::tests::test_database_persistence_across_connections' (1257) panicked at src/blocking.rs:388:45:
[INFO] [stdout] called `Result::unwrap()` on an `Err` value: Sql { source: SqliteFailure(Error { code: Unknown, extended_code: 1 }, Some("no such table: sqlite_dbpage")) }
[INFO] [stdout] stack backtrace:
[INFO] [stdout]    0:     0x566cb3f6a541 - <<std[70759c8f55707aa4]::sys::backtrace::BacktraceLock>::print::DisplayBacktrace as core[df12db4294e9bfd3]::fmt::Display>::fmt
[INFO] [stdout]    1:     0x566cb3f8032a - core[df12db4294e9bfd3]::fmt::write
[INFO] [stdout]    2:     0x566cb3f6f11c - <alloc[2182bb758b4b3781]::vec::Vec<u8> as core[df12db4294e9bfd3]::io::write::Write>::write_fmt
[INFO] [stdout]    3:     0x566cb3f44846 - std[70759c8f55707aa4]::panicking::default_hook::{closure#0}
[INFO] [stdout]    4:     0x566cb3f62329 - std[70759c8f55707aa4]::panicking::default_hook
[INFO] [stdout]    5:     0x566cb3d2f260 - test[9d35eded1c95d3be]::test_main_inner::<test[9d35eded1c95d3be]::test_main_static::{closure#0}>::{closure#0}
[INFO] [stdout]    6:     0x566cb3f624e2 - std[70759c8f55707aa4]::panicking::panic_with_hook
[INFO] [stdout]    7:     0x566cb3f448f2 - std[70759c8f55707aa4]::panicking::panic_handler::{closure#0}
[INFO] [stdout]    8:     0x566cb3f3d529 - std[70759c8f55707aa4]::sys::backtrace::__rust_end_short_backtrace::<std[70759c8f55707aa4]::panicking::panic_handler::{closure#0}, !>
[INFO] [stdout]    9:     0x566cb3f454ed - __rustc[8fa7c3cbc660c2b3]::rust_begin_unwind
[INFO] [stdout]   10:     0x566cb3f80a8c - core[df12db4294e9bfd3]::panicking::panic_fmt
[INFO] [stdout]   11:     0x566cb3f80862 - core[df12db4294e9bfd3]::result::unwrap_failed
[INFO] [stdout]   12:     0x566cb3cdde25 - sqlite_pages[79ca815ea265f353]::blocking::tests::test_database_persistence_across_connections
[INFO] [stdout]   13:     0x566cb3ce5f19 - <sqlite_pages[79ca815ea265f353]::blocking::tests::test_database_persistence_across_connections::{closure#0} as core[df12db4294e9bfd3]::ops::function::FnOnce<()>>::call_once
[INFO] [stdout]   14:     0x566cb3d2254b - test[9d35eded1c95d3be]::__rust_begin_short_backtrace::<core[df12db4294e9bfd3]::result::Result<(), alloc[2182bb758b4b3781]::string::String>, fn() -> core[df12db4294e9bfd3]::result::Result<(), alloc[2182bb758b4b3781]::string::String>>
[INFO] [stdout]   15:     0x566cb3d2fbb5 - test[9d35eded1c95d3be]::run_test::{closure#0}
[INFO] [stdout]   16:     0x566cb3d29474 - std[70759c8f55707aa4]::sys::backtrace::__rust_begin_short_backtrace::<test[9d35eded1c95d3be]::run_test::{closure#1}, ()>
[INFO] [stdout]   17:     0x566cb3d32d12 - <std[70759c8f55707aa4]::thread::lifecycle::spawn_unchecked<test[9d35eded1c95d3be]::run_test::{closure#1}, ()>::{closure#1} as core[df12db4294e9bfd3]::ops::function::FnOnce<()>>::call_once::{shim:vtable#0}
[INFO] [stdout]   18:     0x566cb3f69e19 - <std[70759c8f55707aa4]::sys::thread::unix::Thread>::new::thread_start
[INFO] [stdout]   19:     0x758de033cdfa - <unknown>
[INFO] [stdout]   20:     0x758de03d03d4 - clone
[INFO] [stdout]   21:                0x0 - <unknown>
[INFO] [stdout] 
[INFO] [stdout] ---- blocking::tests::test_page_map_ascending_order stdout ----
[INFO] [stdout] Row count after init_test_db: 100
[INFO] [stdout] 
[INFO] [stdout] thread 'blocking::tests::test_page_map_ascending_order' (1261) panicked at src/blocking.rs:478:10:
[INFO] [stdout] called `Result::unwrap()` on an `Err` value: Sql { source: SqliteFailure(Error { code: Unknown, extended_code: 1 }, Some("no such table: sqlite_dbpage")) }
[INFO] [stdout] stack backtrace:
[INFO] [stdout]    0:     0x566cb3f6a541 - <<std[70759c8f55707aa4]::sys::backtrace::BacktraceLock>::print::DisplayBacktrace as core[df12db4294e9bfd3]::fmt::Display>::fmt
[INFO] [stdout]    1:     0x566cb3f8032a - core[df12db4294e9bfd3]::fmt::write
[INFO] [stdout]    2:     0x566cb3f6f11c - <alloc[2182bb758b4b3781]::vec::Vec<u8> as core[df12db4294e9bfd3]::io::write::Write>::write_fmt
[INFO] [stdout]    3:     0x566cb3f44846 - std[70759c8f55707aa4]::panicking::default_hook::{closure#0}
[INFO] [stdout]    4:     0x566cb3f62329 - std[70759c8f55707aa4]::panicking::default_hook
[INFO] [stdout]    5:     0x566cb3d2f260 - test[9d35eded1c95d3be]::test_main_inner::<test[9d35eded1c95d3be]::test_main_static::{closure#0}>::{closure#0}
[INFO] [stdout]    6:     0x566cb3f624e2 - std[70759c8f55707aa4]::panicking::panic_with_hook
[INFO] [stdout]    7:     0x566cb3f448f2 - std[70759c8f55707aa4]::panicking::panic_handler::{closure#0}
[INFO] [stdout]    8:     0x566cb3f3d529 - std[70759c8f55707aa4]::sys::backtrace::__rust_end_short_backtrace::<std[70759c8f55707aa4]::panicking::panic_handler::{closure#0}, !>
[INFO] [stdout]    9:     0x566cb3f454ed - __rustc[8fa7c3cbc660c2b3]::rust_begin_unwind
[INFO] [stdout]   10:     0x566cb3f80a8c - core[df12db4294e9bfd3]::panicking::panic_fmt
[INFO] [stdout]   11:     0x566cb3f80862 - core[df12db4294e9bfd3]::result::unwrap_failed
[INFO] [stdout]   12:     0x566cb3cd9e60 - sqlite_pages[79ca815ea265f353]::blocking::tests::test_page_map_ascending_order
[INFO] [stdout]   13:     0x566cb3ce5e39 - <sqlite_pages[79ca815ea265f353]::blocking::tests::test_page_map_ascending_order::{closure#0} as core[df12db4294e9bfd3]::ops::function::FnOnce<()>>::call_once
[INFO] [stdout]   14:     0x566cb3d2254b - test[9d35eded1c95d3be]::__rust_begin_short_backtrace::<core[df12db4294e9bfd3]::result::Result<(), alloc[2182bb758b4b3781]::string::String>, fn() -> core[df12db4294e9bfd3]::result::Result<(), alloc[2182bb758b4b3781]::string::String>>
[INFO] [stdout]   15:     0x566cb3d2fbb5 - test[9d35eded1c95d3be]::run_test::{closure#0}
[INFO] [stdout]   16:     0x566cb3d29474 - std[70759c8f55707aa4]::sys::backtrace::__rust_begin_short_backtrace::<test[9d35eded1c95d3be]::run_test::{closure#1}, ()>
[INFO] [stdout]   17:     0x566cb3d32d12 - <std[70759c8f55707aa4]::thread::lifecycle::spawn_unchecked<test[9d35eded1c95d3be]::run_test::{closure#1}, ()>::{closure#1} as core[df12db4294e9bfd3]::ops::function::FnOnce<()>>::call_once::{shim:vtable#0}
[INFO] [stdout]   18:     0x566cb3f69e19 - <std[70759c8f55707aa4]::sys::thread::unix::Thread>::new::thread_start
[INFO] [stdout]   19:     0x758de033cdfa - <unknown>
[INFO] [stdout]   20:     0x758de03d03d4 - clone
[INFO] [stdout]   21:                0x0 - <unknown>
[INFO] [stdout] 
[INFO] [stdout] ---- async_api::tests::test_transaction_rollback stdout ----
[INFO] [stdout] Row count after init_test_db: 100
[INFO] [stdout] 
[INFO] [stdout] thread 'async_api::tests::test_transaction_rollback' (1249) panicked at src/async_api.rs:520:50:
[INFO] [stdout] called `Result::unwrap()` on an `Err` value: Sql { source: SqliteFailure(Error { code: Unknown, extended_code: 1 }, Some("no such table: sqlite_dbpage")) }
[INFO] [stdout] stack backtrace:
[INFO] [stdout]    0:     0x566cb3f6a541 - <<std[70759c8f55707aa4]::sys::backtrace::BacktraceLock>::print::DisplayBacktrace as core[df12db4294e9bfd3]::fmt::Display>::fmt
[INFO] [stdout]    1:     0x566cb3f8032a - core[df12db4294e9bfd3]::fmt::write
[INFO] [stdout]    2:     0x566cb3f6f11c - <alloc[2182bb758b4b3781]::vec::Vec<u8> as core[df12db4294e9bfd3]::io::write::Write>::write_fmt
[INFO] [stdout]    3:     0x566cb3f44846 - std[70759c8f55707aa4]::panicking::default_hook::{closure#0}
[INFO] [stdout]    4:     0x566cb3f62329 - std[70759c8f55707aa4]::panicking::default_hook
[INFO] [stdout]    5:     0x566cb3d2f260 - test[9d35eded1c95d3be]::test_main_inner::<test[9d35eded1c95d3be]::test_main_static::{closure#0}>::{closure#0}
[INFO] [stdout]    6:     0x566cb3f624e2 - std[70759c8f55707aa4]::panicking::panic_with_hook
[INFO] [stdout]    7:     0x566cb3f448f2 - std[70759c8f55707aa4]::panicking::panic_handler::{closure#0}
[INFO] [stdout]    8:     0x566cb3f3d529 - std[70759c8f55707aa4]::sys::backtrace::__rust_end_short_backtrace::<std[70759c8f55707aa4]::panicking::panic_handler::{closure#0}, !>
[INFO] [stdout]    9:     0x566cb3f454ed - __rustc[8fa7c3cbc660c2b3]::rust_begin_unwind
[INFO] [stdout]   10:     0x566cb3f80a8c - core[df12db4294e9bfd3]::panicking::panic_fmt
[INFO] [stdout]   11:     0x566cb3f80862 - core[df12db4294e9bfd3]::result::unwrap_failed
[INFO] [stdout]   12:     0x566cb3ccc100 - sqlite_pages[79ca815ea265f353]::async_api::tests::test_transaction_rollback::{closure#0}
[INFO] [stdout]   13:     0x566cb3d01683 - <tokio[af695b3458b5547b]::runtime::scheduler::current_thread::Context>::enter::<core[df12db4294e9bfd3]::task::poll::Poll<()>, <tokio[af695b3458b5547b]::runtime::scheduler::current_thread::CoreGuard>::block_on<core[df12db4294e9bfd3]::pin::Pin<&mut core[df12db4294e9bfd3]::pin::Pin<&mut dyn core[df12db4294e9bfd3]::future::future::Future<Output = ()>>>>::{closure#0}::{closure#0}>
[INFO] [stdout]   14:     0x566cb3ce947c - <tokio[af695b3458b5547b]::runtime::context::scoped::Scoped<tokio[af695b3458b5547b]::runtime::scheduler::Context>>::set::<<tokio[af695b3458b5547b]::runtime::scheduler::current_thread::CoreGuard>::enter<<tokio[af695b3458b5547b]::runtime::scheduler::current_thread::CoreGuard>::block_on<core[df12db4294e9bfd3]::pin::Pin<&mut core[df12db4294e9bfd3]::pin::Pin<&mut dyn core[df12db4294e9bfd3]::future::future::Future<Output = ()>>>>::{closure#0}, core[df12db4294e9bfd3]::option::Option<()>>::{closure#0}, (alloc[2182bb758b4b3781]::boxed::Box<tokio[af695b3458b5547b]::runtime::scheduler::current_thread::Core>, core[df12db4294e9bfd3]::option::Option<()>)>
[INFO] [stdout]   15:     0x566cb3d019d7 - <tokio[af695b3458b5547b]::runtime::scheduler::current_thread::CoreGuard>::block_on::<core[df12db4294e9bfd3]::pin::Pin<&mut core[df12db4294e9bfd3]::pin::Pin<&mut dyn core[df12db4294e9bfd3]::future::future::Future<Output = ()>>>>
[INFO] [stdout]   16:     0x566cb3d000d7 - tokio[af695b3458b5547b]::runtime::context::runtime::enter_runtime::<<tokio[af695b3458b5547b]::runtime::scheduler::current_thread::CurrentThread>::block_on<core[df12db4294e9bfd3]::pin::Pin<&mut dyn core[df12db4294e9bfd3]::future::future::Future<Output = ()>>>::{closure#0}, ()>
[INFO] [stdout]   17:     0x566cb3ceb355 - <tokio[af695b3458b5547b]::runtime::runtime::Runtime>::block_on::<core[df12db4294e9bfd3]::pin::Pin<&mut dyn core[df12db4294e9bfd3]::future::future::Future<Output = ()>>>
[INFO] [stdout]   18:     0x566cb3cd21f1 - sqlite_pages[79ca815ea265f353]::async_api::tests::test_transaction_rollback
[INFO] [stdout]   19:     0x566cb3ce5f99 - <sqlite_pages[79ca815ea265f353]::async_api::tests::test_transaction_rollback::{closure#0} as core[df12db4294e9bfd3]::ops::function::FnOnce<()>>::call_once
[INFO] [stdout]   20:     0x566cb3d2254b - test[9d35eded1c95d3be]::__rust_begin_short_backtrace::<core[df12db4294e9bfd3]::result::Result<(), alloc[2182bb758b4b3781]::string::String>, fn() -> core[df12db4294e9bfd3]::result::Result<(), alloc[2182bb758b4b3781]::string::String>>
[INFO] [stdout]   21:     0x566cb3d2fbb5 - test[9d35eded1c95d3be]::run_test::{closure#0}
[INFO] [stdout]   22:     0x566cb3d29474 - std[70759c8f55707aa4]::sys::backtrace::__rust_begin_short_backtrace::<test[9d35eded1c95d3be]::run_test::{closure#1}, ()>
[INFO] [stdout]   23:     0x566cb3d32d12 - <std[70759c8f55707aa4]::thread::lifecycle::spawn_unchecked<test[9d35eded1c95d3be]::run_test::{closure#1}, ()>::{closure#1} as core[df12db4294e9bfd3]::ops::function::FnOnce<()>>::call_once::{shim:vtable#0}
[INFO] [stdout]   24:     0x566cb3f69e19 - <std[70759c8f55707aa4]::sys::thread::unix::Thread>::new::thread_start
[INFO] [stdout]   25:     0x758de033cdfa - <unknown>
[INFO] [stdout]   26:     0x758de03d03d4 - clone
[INFO] [stdout]   27:                0x0 - <unknown>
[INFO] [stdout] 
[INFO] [stdout] ---- blocking::tests::test_clone_database stdout ----
[INFO] [stdout] Row count after init_test_db: 1000
[INFO] [stdout] 
[INFO] [stdout] thread 'blocking::tests::test_clone_database' (1254) panicked at src/blocking.rs:566:14:
[INFO] [stdout] called `Result::unwrap()` on an `Err` value: Sql { source: SqliteFailure(Error { code: Unknown, extended_code: 1 }, Some("no such table: sqlite_dbpage")) }
[INFO] [stdout] stack backtrace:
[INFO] [stdout]    0:     0x566cb3f6a541 - <<std[70759c8f55707aa4]::sys::backtrace::BacktraceLock>::print::DisplayBacktrace as core[df12db4294e9bfd3]::fmt::Display>::fmt
[INFO] [stdout]    1:     0x566cb3f8032a - core[df12db4294e9bfd3]::fmt::write
[INFO] [stdout]    2:     0x566cb3f6f11c - <alloc[2182bb758b4b3781]::vec::Vec<u8> as core[df12db4294e9bfd3]::io::write::Write>::write_fmt
[INFO] [stdout]    3:     0x566cb3f44846 - std[70759c8f55707aa4]::panicking::default_hook::{closure#0}
[INFO] [stdout]    4:     0x566cb3f62329 - std[70759c8f55707aa4]::panicking::default_hook
[INFO] [stdout]    5:     0x566cb3d2f260 - test[9d35eded1c95d3be]::test_main_inner::<test[9d35eded1c95d3be]::test_main_static::{closure#0}>::{closure#0}
[INFO] [stdout]    6:     0x566cb3f624e2 - std[70759c8f55707aa4]::panicking::panic_with_hook
[INFO] [stdout]    7:     0x566cb3f448f2 - std[70759c8f55707aa4]::panicking::panic_handler::{closure#0}
[INFO] [stdout]    8:     0x566cb3f3d529 - std[70759c8f55707aa4]::sys::backtrace::__rust_end_short_backtrace::<std[70759c8f55707aa4]::panicking::panic_handler::{closure#0}, !>
[INFO] [stdout]    9:     0x566cb3f454ed - __rustc[8fa7c3cbc660c2b3]::rust_begin_unwind
[INFO] [stdout]   10:     0x566cb3f80a8c - core[df12db4294e9bfd3]::panicking::panic_fmt
[INFO] [stdout]   11:     0x566cb3f80862 - core[df12db4294e9bfd3]::result::unwrap_failed
[INFO] [stdout]   12:     0x566cb3cd59ca - sqlite_pages[79ca815ea265f353]::blocking::tests::test_clone_database
[INFO] [stdout]   13:     0x566cb3ce5d19 - <sqlite_pages[79ca815ea265f353]::blocking::tests::test_clone_database::{closure#0} as core[df12db4294e9bfd3]::ops::function::FnOnce<()>>::call_once
[INFO] [stdout]   14:     0x566cb3d2254b - test[9d35eded1c95d3be]::__rust_begin_short_backtrace::<core[df12db4294e9bfd3]::result::Result<(), alloc[2182bb758b4b3781]::string::String>, fn() -> core[df12db4294e9bfd3]::result::Result<(), alloc[2182bb758b4b3781]::string::String>>
[INFO] [stdout]   15:     0x566cb3d2fbb5 - test[9d35eded1c95d3be]::run_test::{closure#0}
[INFO] [stdout]   16:     0x566cb3d29474 - std[70759c8f55707aa4]::sys::backtrace::__rust_begin_short_backtrace::<test[9d35eded1c95d3be]::run_test::{closure#1}, ()>
[INFO] [stdout]   17:     0x566cb3d32d12 - <std[70759c8f55707aa4]::thread::lifecycle::spawn_unchecked<test[9d35eded1c95d3be]::run_test::{closure#1}, ()>::{closure#1} as core[df12db4294e9bfd3]::ops::function::FnOnce<()>>::call_once::{shim:vtable#0}
[INFO] [stdout]   18:     0x566cb3f69e19 - <std[70759c8f55707aa4]::sys::thread::unix::Thread>::new::thread_start
[INFO] [stdout]   19:     0x758de033cdfa - <unknown>
[INFO] [stdout]   20:     0x758de03d03d4 - clone
[INFO] [stdout]   21:                0x0 - <unknown>
[INFO] [stdout] 
[INFO] [stdout] ---- blocking::tests::test_page_map_empty_database stdout ----
[INFO] [stdout] Row count after init_test_db: 0
[INFO] [stdout] 
[INFO] [stdout] thread 'blocking::tests::test_page_map_empty_database' (1266) panicked at src/blocking.rs:441:10:
[INFO] [stdout] called `Result::unwrap()` on an `Err` value: Sql { source: SqliteFailure(Error { code: Unknown, extended_code: 1 }, Some("no such table: sqlite_dbpage")) }
[INFO] [stdout] stack backtrace:
[INFO] [stdout]    0:     0x566cb3f6a541 - <<std[70759c8f55707aa4]::sys::backtrace::BacktraceLock>::print::DisplayBacktrace as core[df12db4294e9bfd3]::fmt::Display>::fmt
[INFO] [stdout]    1:     0x566cb3f8032a - core[df12db4294e9bfd3]::fmt::write
[INFO] [stdout]    2:     0x566cb3f6f11c - <alloc[2182bb758b4b3781]::vec::Vec<u8> as core[df12db4294e9bfd3]::io::write::Write>::write_fmt
[INFO] [stdout]    3:     0x566cb3f44846 - std[70759c8f55707aa4]::panicking::default_hook::{closure#0}
[INFO] [stdout]    4:     0x566cb3f62329 - std[70759c8f55707aa4]::panicking::default_hook
[INFO] [stdout]    5:     0x566cb3d2f260 - test[9d35eded1c95d3be]::test_main_inner::<test[9d35eded1c95d3be]::test_main_static::{closure#0}>::{closure#0}
[INFO] [stdout]    6:     0x566cb3f624e2 - std[70759c8f55707aa4]::panicking::panic_with_hook
[INFO] [stdout]    7:     0x566cb3f448f2 - std[70759c8f55707aa4]::panicking::panic_handler::{closure#0}
[INFO] [stdout]    8:     0x566cb3f3d529 - std[70759c8f55707aa4]::sys::backtrace::__rust_end_short_backtrace::<std[70759c8f55707aa4]::panicking::panic_handler::{closure#0}, !>
[INFO] [stdout]    9:     0x566cb3f454ed - __rustc[8fa7c3cbc660c2b3]::rust_begin_unwind
[INFO] [stdout]   10:     0x566cb3f80a8c - core[df12db4294e9bfd3]::panicking::panic_fmt
[INFO] [stdout]   11:     0x566cb3f80862 - core[df12db4294e9bfd3]::result::unwrap_failed
[INFO] [stdout]   12:     0x566cb3cd914b - sqlite_pages[79ca815ea265f353]::blocking::tests::test_page_map_empty_database
[INFO] [stdout]   13:     0x566cb3ce5df9 - <sqlite_pages[79ca815ea265f353]::blocking::tests::test_page_map_empty_database::{closure#0} as core[df12db4294e9bfd3]::ops::function::FnOnce<()>>::call_once
[INFO] [stdout]   14:     0x566cb3d2254b - test[9d35eded1c95d3be]::__rust_begin_short_backtrace::<core[df12db4294e9bfd3]::result::Result<(), alloc[2182bb758b4b3781]::string::String>, fn() -> core[df12db4294e9bfd3]::result::Result<(), alloc[2182bb758b4b3781]::string::String>>
[INFO] [stdout]   15:     0x566cb3d2fbb5 - test[9d35eded1c95d3be]::run_test::{closure#0}
[INFO] [stdout]   16:     0x566cb3d29474 - std[70759c8f55707aa4]::sys::backtrace::__rust_begin_short_backtrace::<test[9d35eded1c95d3be]::run_test::{closure#1}, ()>
[INFO] [stdout]   17:     0x566cb3d32d12 - <std[70759c8f55707aa4]::thread::lifecycle::spawn_unchecked<test[9d35eded1c95d3be]::run_test::{closure#1}, ()>::{closure#1} as core[df12db4294e9bfd3]::ops::function::FnOnce<()>>::call_once::{shim:vtable#0}
[INFO] [stdout]   18:     0x566cb3f69e19 - <std[70759c8f55707aa4]::sys::thread::unix::Thread>::new::thread_start
[INFO] [stdout]   19:     0x758de033cdfa - <unknown>
[INFO] [stdout]   20:     0x758de03d03d4 - clone
[INFO] [stdout]   21:                0x0 - <unknown>
[INFO] [stdout] 
[INFO] [stdout] ---- blocking::tests::test_page_map_basic stdout ----
[INFO] [stdout] Row count after init_test_db: 1000
[INFO] [stdout] 
[INFO] [stdout] thread 'blocking::tests::test_page_map_basic' (1262) panicked at src/blocking.rs:419:10:
[INFO] [stdout] called `Result::unwrap()` on an `Err` value: Sql { source: SqliteFailure(Error { code: Unknown, extended_code: 1 }, Some("no such table: sqlite_dbpage")) }
[INFO] [stdout] stack backtrace:
[INFO] [stdout]    0:     0x566cb3f6a541 - <<std[70759c8f55707aa4]::sys::backtrace::BacktraceLock>::print::DisplayBacktrace as core[df12db4294e9bfd3]::fmt::Display>::fmt
[INFO] [stdout]    1:     0x566cb3f8032a - core[df12db4294e9bfd3]::fmt::write
[INFO] [stdout]    2:     0x566cb3f6f11c - <alloc[2182bb758b4b3781]::vec::Vec<u8> as core[df12db4294e9bfd3]::io::write::Write>::write_fmt
[INFO] [stdout]    3:     0x566cb3f44846 - std[70759c8f55707aa4]::panicking::default_hook::{closure#0}
[INFO] [stdout]    4:     0x566cb3f62329 - std[70759c8f55707aa4]::panicking::default_hook
[INFO] [stdout]    5:     0x566cb3d2f260 - test[9d35eded1c95d3be]::test_main_inner::<test[9d35eded1c95d3be]::test_main_static::{closure#0}>::{closure#0}
[INFO] [stdout]    6:     0x566cb3f624e2 - std[70759c8f55707aa4]::panicking::panic_with_hook
[INFO] [stdout]    7:     0x566cb3f448f2 - std[70759c8f55707aa4]::panicking::panic_handler::{closure#0}
[INFO] [stdout]    8:     0x566cb3f3d529 - std[70759c8f55707aa4]::sys::backtrace::__rust_end_short_backtrace::<std[70759c8f55707aa4]::panicking::panic_handler::{closure#0}, !>
[INFO] [stdout]    9:     0x566cb3f454ed - __rustc[8fa7c3cbc660c2b3]::rust_begin_unwind
[INFO] [stdout]   10:     0x566cb3f80a8c - core[df12db4294e9bfd3]::panicking::panic_fmt
[INFO] [stdout]   11:     0x566cb3f80862 - core[df12db4294e9bfd3]::result::unwrap_failed
[INFO] [stdout]   12:     0x566cb3cd6a20 - sqlite_pages[79ca815ea265f353]::blocking::tests::test_page_map_basic
[INFO] [stdout]   13:     0x566cb3ce5d39 - <sqlite_pages[79ca815ea265f353]::blocking::tests::test_page_map_basic::{closure#0} as core[df12db4294e9bfd3]::ops::function::FnOnce<()>>::call_once
[INFO] [stdout]   14:     0x566cb3d2254b - test[9d35eded1c95d3be]::__rust_begin_short_backtrace::<core[df12db4294e9bfd3]::result::Result<(), alloc[2182bb758b4b3781]::string::String>, fn() -> core[df12db4294e9bfd3]::result::Result<(), alloc[2182bb758b4b3781]::string::String>>
[INFO] [stdout]   15:     0x566cb3d2fbb5 - test[9d35eded1c95d3be]::run_test::{closure#0}
[INFO] [stdout]   16:     0x566cb3d29474 - std[70759c8f55707aa4]::sys::backtrace::__rust_begin_short_backtrace::<test[9d35eded1c95d3be]::run_test::{closure#1}, ()>
[INFO] [stdout]   17:     0x566cb3d32d12 - <std[70759c8f55707aa4]::thread::lifecycle::spawn_unchecked<test[9d35eded1c95d3be]::run_test::{closure#1}, ()>::{closure#1} as core[df12db4294e9bfd3]::ops::function::FnOnce<()>>::call_once::{shim:vtable#0}
[INFO] [stdout]   18:     0x566cb3f69e19 - <std[70759c8f55707aa4]::sys::thread::unix::Thread>::new::thread_start
[INFO] [stdout]   19:     0x758de033cdfa - <unknown>
[INFO] [stdout]   20:     0x758de03d03d4 - clone
[INFO] [stdout]   21:                0x0 - <unknown>
[INFO] [stdout] 
[INFO] [stdout] ---- async_api::tests::test_multiple_operations_on_normal stdout ----
[INFO] [stdout] Row count after init_test_db: 100
[INFO] [stdout] 
[INFO] [stdout] thread 'async_api::tests::test_multiple_operations_on_normal' (1245) panicked at src/async_api.rs:485:10:
[INFO] [stdout] called `Result::unwrap()` on an `Err` value: Sql { source: SqliteFailure(Error { code: Unknown, extended_code: 1 }, Some("no such table: sqlite_dbpage")) }
[INFO] [stdout] stack backtrace:
[INFO] [stdout]    0:     0x566cb3f6a541 - <<std[70759c8f55707aa4]::sys::backtrace::BacktraceLock>::print::DisplayBacktrace as core[df12db4294e9bfd3]::fmt::Display>::fmt
[INFO] [stdout]    1:     0x566cb3f8032a - core[df12db4294e9bfd3]::fmt::write
[INFO] [stdout]    2:     0x566cb3f6f11c - <alloc[2182bb758b4b3781]::vec::Vec<u8> as core[df12db4294e9bfd3]::io::write::Write>::write_fmt
[INFO] [stdout]    3:     0x566cb3f44846 - std[70759c8f55707aa4]::panicking::default_hook::{closure#0}
[INFO] [stdout]    4:     0x566cb3f62329 - std[70759c8f55707aa4]::panicking::default_hook
[INFO] [stdout]    5:     0x566cb3d2f260 - test[9d35eded1c95d3be]::test_main_inner::<test[9d35eded1c95d3be]::test_main_static::{closure#0}>::{closure#0}
[INFO] [stdout]    6:     0x566cb3f624e2 - std[70759c8f55707aa4]::panicking::panic_with_hook
[INFO] [stdout]    7:     0x566cb3f448f2 - std[70759c8f55707aa4]::panicking::panic_handler::{closure#0}
[INFO] [stdout]    8:     0x566cb3f3d529 - std[70759c8f55707aa4]::sys::backtrace::__rust_end_short_backtrace::<std[70759c8f55707aa4]::panicking::panic_handler::{closure#0}, !>
[INFO] [stdout]    9:     0x566cb3f454ed - __rustc[8fa7c3cbc660c2b3]::rust_begin_unwind
[INFO] [stdout]   10:     0x566cb3f80a8c - core[df12db4294e9bfd3]::panicking::panic_fmt
[INFO] [stdout]   11:     0x566cb3f80862 - core[df12db4294e9bfd3]::result::unwrap_failed
[INFO] [stdout]   12:     0x566cb3cce6a2 - sqlite_pages[79ca815ea265f353]::async_api::tests::test_multiple_operations_on_normal::{closure#0}
[INFO] [stdout]   13:     0x566cb3d01683 - <tokio[af695b3458b5547b]::runtime::scheduler::current_thread::Context>::enter::<core[df12db4294e9bfd3]::task::poll::Poll<()>, <tokio[af695b3458b5547b]::runtime::scheduler::current_thread::CoreGuard>::block_on<core[df12db4294e9bfd3]::pin::Pin<&mut core[df12db4294e9bfd3]::pin::Pin<&mut dyn core[df12db4294e9bfd3]::future::future::Future<Output = ()>>>>::{closure#0}::{closure#0}>
[INFO] [stdout]   14:     0x566cb3ce947c - <tokio[af695b3458b5547b]::runtime::context::scoped::Scoped<tokio[af695b3458b5547b]::runtime::scheduler::Context>>::set::<<tokio[af695b3458b5547b]::runtime::scheduler::current_thread::CoreGuard>::enter<<tokio[af695b3458b5547b]::runtime::scheduler::current_thread::CoreGuard>::block_on<core[df12db4294e9bfd3]::pin::Pin<&mut core[df12db4294e9bfd3]::pin::Pin<&mut dyn core[df12db4294e9bfd3]::future::future::Future<Output = ()>>>>::{closure#0}, core[df12db4294e9bfd3]::option::Option<()>>::{closure#0}, (alloc[2182bb758b4b3781]::boxed::Box<tokio[af695b3458b5547b]::runtime::scheduler::current_thread::Core>, core[df12db4294e9bfd3]::option::Option<()>)>
[INFO] [stdout]   15:     0x566cb3d019d7 - <tokio[af695b3458b5547b]::runtime::scheduler::current_thread::CoreGuard>::block_on::<core[df12db4294e9bfd3]::pin::Pin<&mut core[df12db4294e9bfd3]::pin::Pin<&mut dyn core[df12db4294e9bfd3]::future::future::Future<Output = ()>>>>
[INFO] [stdout]   16:     0x566cb3d000d7 - tokio[af695b3458b5547b]::runtime::context::runtime::enter_runtime::<<tokio[af695b3458b5547b]::runtime::scheduler::current_thread::CurrentThread>::block_on<core[df12db4294e9bfd3]::pin::Pin<&mut dyn core[df12db4294e9bfd3]::future::future::Future<Output = ()>>>::{closure#0}, ()>
[INFO] [stdout]   17:     0x566cb3ceb355 - <tokio[af695b3458b5547b]::runtime::runtime::Runtime>::block_on::<core[df12db4294e9bfd3]::pin::Pin<&mut dyn core[df12db4294e9bfd3]::future::future::Future<Output = ()>>>
[INFO] [stdout]   18:     0x566cb3cd2751 - sqlite_pages[79ca815ea265f353]::async_api::tests::test_multiple_operations_on_normal
[INFO] [stdout]   19:     0x566cb3ce5ff9 - <sqlite_pages[79ca815ea265f353]::async_api::tests::test_multiple_operations_on_normal::{closure#0} as core[df12db4294e9bfd3]::ops::function::FnOnce<()>>::call_once
[INFO] [stdout]   20:     0x566cb3d2254b - test[9d35eded1c95d3be]::__rust_begin_short_backtrace::<core[df12db4294e9bfd3]::result::Result<(), alloc[2182bb758b4b3781]::string::String>, fn() -> core[df12db4294e9bfd3]::result::Result<(), alloc[2182bb758b4b3781]::string::String>>
[INFO] [stdout]   21:     0x566cb3d2fbb5 - test[9d35eded1c95d3be]::run_test::{closure#0}
[INFO] [stdout]   22:     0x566cb3d29474 - std[70759c8f55707aa4]::sys::backtrace::__rust_begin_short_backtrace::<test[9d35eded1c95d3be]::run_test::{closure#1}, ()>
[INFO] [stdout]   23:     0x566cb3d32d12 - <std[70759c8f55707aa4]::thread::lifecycle::spawn_unchecked<test[9d35eded1c95d3be]::run_test::{closure#1}, ()>::{closure#1} as core[df12db4294e9bfd3]::ops::function::FnOnce<()>>::call_once::{shim:vtable#0}
[INFO] [stdout]   24:     0x566cb3f69e19 - <std[70759c8f55707aa4]::sys::thread::unix::Thread>::new::thread_start
[INFO] [stdout]   25:     0x758de033cdfa - <unknown>
[INFO] [stdout]   26:     0x758de03d03d4 - clone
[INFO] [stdout]   27:                0x0 - <unknown>
[INFO] [stdout] 
[INFO] [stdout] ---- blocking::tests::test_page_map_boundary_condition stdout ----
[INFO] [stdout] Row count after init_test_db: 100
[INFO] [stdout] 
[INFO] [stdout] thread 'blocking::tests::test_page_map_boundary_condition' (1263) panicked at src/blocking.rs:766:10:
[INFO] [stdout] called `Result::unwrap()` on an `Err` value: Sql { source: SqliteFailure(Error { code: Unknown, extended_code: 1 }, Some("no such table: sqlite_dbpage")) }
[INFO] [stdout] stack backtrace:
[INFO] [stdout]    0:     0x566cb3f6a541 - <<std[70759c8f55707aa4]::sys::backtrace::BacktraceLock>::print::DisplayBacktrace as core[df12db4294e9bfd3]::fmt::Display>::fmt
[INFO] [stdout]    1:     0x566cb3f8032a - core[df12db4294e9bfd3]::fmt::write
[INFO] [stdout]    2:     0x566cb3f6f11c - <alloc[2182bb758b4b3781]::vec::Vec<u8> as core[df12db4294e9bfd3]::io::write::Write>::write_fmt
[INFO] [stdout]    3:     0x566cb3f44846 - std[70759c8f55707aa4]::panicking::default_hook::{closure#0}
[INFO] [stdout]    4:     0x566cb3f62329 - std[70759c8f55707aa4]::panicking::default_hook
[INFO] [stdout]    5:     0x566cb3d2f260 - test[9d35eded1c95d3be]::test_main_inner::<test[9d35eded1c95d3be]::test_main_static::{closure#0}>::{closure#0}
[INFO] [stdout]    6:     0x566cb3f624e2 - std[70759c8f55707aa4]::panicking::panic_with_hook
[INFO] [stdout]    7:     0x566cb3f448f2 - std[70759c8f55707aa4]::panicking::panic_handler::{closure#0}
[INFO] [stdout]    8:     0x566cb3f3d529 - std[70759c8f55707aa4]::sys::backtrace::__rust_end_short_backtrace::<std[70759c8f55707aa4]::panicking::panic_handler::{closure#0}, !>
[INFO] [stdout]    9:     0x566cb3f454ed - __rustc[8fa7c3cbc660c2b3]::rust_begin_unwind
[INFO] [stdout]   10:     0x566cb3f80a8c - core[df12db4294e9bfd3]::panicking::panic_fmt
[INFO] [stdout]   11:     0x566cb3f80862 - core[df12db4294e9bfd3]::result::unwrap_failed
[INFO] [stdout]   12:     0x566cb3cdb760 - sqlite_pages[79ca815ea265f353]::blocking::tests::test_page_map_boundary_condition
[INFO] [stdout]   13:     0x566cb3ce5e99 - <sqlite_pages[79ca815ea265f353]::blocking::tests::test_page_map_boundary_condition::{closure#0} as core[df12db4294e9bfd3]::ops::function::FnOnce<()>>::call_once
[INFO] [stdout]   14:     0x566cb3d2254b - test[9d35eded1c95d3be]::__rust_begin_short_backtrace::<core[df12db4294e9bfd3]::result::Result<(), alloc[2182bb758b4b3781]::string::String>, fn() -> core[df12db4294e9bfd3]::result::Result<(), alloc[2182bb758b4b3781]::string::String>>
[INFO] [stdout]   15:     0x566cb3d2fbb5 - test[9d35eded1c95d3be]::run_test::{closure#0}
[INFO] [stdout]   16:     0x566cb3d29474 - std[70759c8f55707aa4]::sys::backtrace::__rust_begin_short_backtrace::<test[9d35eded1c95d3be]::run_test::{closure#1}, ()>
[INFO] [stdout]   17:     0x566cb3d32d12 - <std[70759c8f55707aa4]::thread::lifecycle::spawn_unchecked<test[9d35eded1c95d3be]::run_test::{closure#1}, ()>::{closure#1} as core[df12db4294e9bfd3]::ops::function::FnOnce<()>>::call_once::{shim:vtable#0}
[INFO] [stdout]   18:     0x566cb3f69e19 - <std[70759c8f55707aa4]::sys::thread::unix::Thread>::new::thread_start
[INFO] [stdout]   19:     0x758de033cdfa - <unknown>
[INFO] [stdout]   20:     0x758de03d03d4 - clone
[INFO] [stdout]   21:                0x0 - <unknown>
[INFO] [stdout] 
[INFO] [stdout] ---- blocking::tests::test_concurrent_read_write_isolation stdout ----
[INFO] [stdout] Row count after init_test_db: 100
[INFO] [stdout] 
[INFO] [stdout] thread '<unnamed>' (1269) panicked at src/blocking.rs:894:14:
[INFO] [stdout] called `Result::unwrap()` on an `Err` value: Sql { source: SqliteFailure(Error { code: Unknown, extended_code: 1 }, Some("no such table: sqlite_dbpage")) }
[INFO] [stdout] stack backtrace:
[INFO] [stdout]    0:     0x566cb3f6a541 - <<std[70759c8f55707aa4]::sys::backtrace::BacktraceLock>::print::DisplayBacktrace as core[df12db4294e9bfd3]::fmt::Display>::fmt
[INFO] [stdout]    1:     0x566cb3f8032a - core[df12db4294e9bfd3]::fmt::write
[INFO] [stdout]    2:     0x566cb3f6f11c - <alloc[2182bb758b4b3781]::vec::Vec<u8> as core[df12db4294e9bfd3]::io::write::Write>::write_fmt
[INFO] [stdout]    3:     0x566cb3f44846 - std[70759c8f55707aa4]::panicking::default_hook::{closure#0}
[INFO] [stdout]    4:     0x566cb3f62329 - std[70759c8f55707aa4]::panicking::default_hook
[INFO] [stdout]    5:     0x566cb3d2f260 - test[9d35eded1c95d3be]::test_main_inner::<test[9d35eded1c95d3be]::test_main_static::{closure#0}>::{closure#0}
[INFO] [stdout]    6:     0x566cb3f624e2 - std[70759c8f55707aa4]::panicking::panic_with_hook
[INFO] [stdout]    7:     0x566cb3f448f2 - std[70759c8f55707aa4]::panicking::panic_handler::{closure#0}
[INFO] [stdout]    8:     0x566cb3f3d529 - std[70759c8f55707aa4]::sys::backtrace::__rust_end_short_backtrace::<std[70759c8f55707aa4]::panicking::panic_handler::{closure#0}, !>
[INFO] [stdout]    9:     0x566cb3f454ed - __rustc[8fa7c3cbc660c2b3]::rust_begin_unwind
[INFO] [stdout]   10:     0x566cb3f80a8c - core[df12db4294e9bfd3]::panicking::panic_fmt
[INFO] [stdout]   11:     0x566cb3f80862 - core[df12db4294e9bfd3]::result::unwrap_failed
[INFO] [stdout]   12:     0x566cb3d038e4 - std[70759c8f55707aa4]::sys::backtrace::__rust_begin_short_backtrace::<sqlite_pages[79ca815ea265f353]::blocking::tests::test_concurrent_read_write_isolation::{closure#1}, i32>
[INFO] [stdout]   13:     0x566cb3ced63a - <std[70759c8f55707aa4]::thread::lifecycle::spawn_unchecked<sqlite_pages[79ca815ea265f353]::blocking::tests::test_concurrent_read_write_isolation::{closure#1}, i32>::{closure#1} as core[df12db4294e9bfd3]::ops::function::FnOnce<()>>::call_once::{shim:vtable#0}
[INFO] [stdout]   14:     0x566cb3f69e19 - <std[70759c8f55707aa4]::sys::thread::unix::Thread>::new::thread_start
[INFO] [stdout]   15:     0x758de033cdfa - <unknown>
[INFO] [stdout]   16:     0x758de03d03d4 - clone
[INFO] [stdout]   17:                0x0 - <unknown>
[INFO] [stdout] 
[INFO] [stdout] thread '<unnamed>' (1268) panicked at src/blocking.rs:873:44:
[INFO] [stdout] called `Result::unwrap()` on an `Err` value: Sql { source: SqliteFailure(Error { code: Unknown, extended_code: 1 }, Some("no such table: sqlite_dbpage")) }
[INFO] [stdout] stack backtrace:
[INFO] [stdout]    0:     0x566cb3f6a541 - <<std[70759c8f55707aa4]::sys::backtrace::BacktraceLock>::print::DisplayBacktrace as core[df12db4294e9bfd3]::fmt::Display>::fmt
[INFO] [stdout]    1:     0x566cb3f8032a - core[df12db4294e9bfd3]::fmt::write
[INFO] [stdout]    2:     0x566cb3f6f11c - <alloc[2182bb758b4b3781]::vec::Vec<u8> as core[df12db4294e9bfd3]::io::write::Write>::write_fmt
[INFO] [stdout]    3:     0x566cb3f44846 - std[70759c8f55707aa4]::panicking::default_hook::{closure#0}
[INFO] [stdout]    4:     0x566cb3f62329 - std[70759c8f55707aa4]::panicking::default_hook
[INFO] [stdout]    5:     0x566cb3d2f260 - test[9d35eded1c95d3be]::test_main_inner::<test[9d35eded1c95d3be]::test_main_static::{closure#0}>::{closure#0}
[INFO] [stdout]    6:     0x566cb3f624e2 - std[70759c8f55707aa4]::panicking::panic_with_hook
[INFO] [stdout]    7:     0x566cb3f448f2 - std[70759c8f55707aa4]::panicking::panic_handler::{closure#0}
[INFO] [stdout]    8:     0x566cb3f3d529 - std[70759c8f55707aa4]::sys::backtrace::__rust_end_short_backtrace::<std[70759c8f55707aa4]::panicking::panic_handler::{closure#0}, !>
[INFO] [stdout]    9:     0x566cb3f454ed - __rustc[8fa7c3cbc660c2b3]::rust_begin_unwind
[INFO] [stdout]   10:     0x566cb3f80a8c - core[df12db4294e9bfd3]::panicking::panic_fmt
[INFO] [stdout]   11:     0x566cb3f80862 - core[df12db4294e9bfd3]::result::unwrap_failed
[INFO] [stdout]   12:     0x566cb3d034d8 - std[70759c8f55707aa4]::sys::backtrace::__rust_begin_short_backtrace::<sqlite_pages[79ca815ea265f353]::blocking::tests::test_concurrent_read_write_isolation::{closure#0}, ()>
[INFO] [stdout]   13:     0x566cb3ced4ca - <std[70759c8f55707aa4]::thread::lifecycle::spawn_unchecked<sqlite_pages[79ca815ea265f353]::blocking::tests::test_concurrent_read_write_isolation::{closure#0}, ()>::{closure#1} as core[df12db4294e9bfd3]::ops::function::FnOnce<()>>::call_once::{shim:vtable#0}
[INFO] [stdout]   14:     0x566cb3f69e19 - <std[70759c8f55707aa4]::sys::thread::unix::Thread>::new::thread_start
[INFO] [stdout]   15:     0x758de033cdfa - <unknown>
[INFO] [stdout]   16:     0x758de03d03d4 - clone
[INFO] [stdout]   17:                0x0 - <unknown>
[INFO] [stdout] 
[INFO] [stdout] thread 'blocking::tests::test_concurrent_read_write_isolation' (1255) panicked at src/blocking.rs:899:23:
[INFO] [stdout] called `Result::unwrap()` on an `Err` value: Any { .. }
[INFO] [stdout] stack backtrace:
[INFO] [stdout]    0:     0x566cb3f6a541 - <<std[70759c8f55707aa4]::sys::backtrace::BacktraceLock>::print::DisplayBacktrace as core[df12db4294e9bfd3]::fmt::Display>::fmt
[INFO] [stdout]    1:     0x566cb3f8032a - core[df12db4294e9bfd3]::fmt::write
[INFO] [stdout]    2:     0x566cb3f6f11c - <alloc[2182bb758b4b3781]::vec::Vec<u8> as core[df12db4294e9bfd3]::io::write::Write>::write_fmt
[INFO] [stdout]    3:     0x566cb3f44846 - std[70759c8f55707aa4]::panicking::default_hook::{closure#0}
[INFO] [stdout]    4:     0x566cb3f62329 - std[70759c8f55707aa4]::panicking::default_hook
[INFO] [stdout]    5:     0x566cb3d2f260 - test[9d35eded1c95d3be]::test_main_inner::<test[9d35eded1c95d3be]::test_main_static::{closure#0}>::{closure#0}
[INFO] [stdout]    6:     0x566cb3f624e2 - std[70759c8f55707aa4]::panicking::panic_with_hook
[INFO] [stdout]    7:     0x566cb3f448f2 - std[70759c8f55707aa4]::panicking::panic_handler::{closure#0}
[INFO] [stdout]    8:     0x566cb3f3d529 - std[70759c8f55707aa4]::sys::backtrace::__rust_end_short_backtrace::<std[70759c8f55707aa4]::panicking::panic_handler::{closure#0}, !>
[INFO] [stdout]    9:     0x566cb3f454ed - __rustc[8fa7c3cbc660c2b3]::rust_begin_unwind
[INFO] [stdout]   10:     0x566cb3f80a8c - core[df12db4294e9bfd3]::panicking::panic_fmt
[INFO] [stdout]   11:     0x566cb3f80862 - core[df12db4294e9bfd3]::result::unwrap_failed
[INFO] [stdout]   12:     0x566cb3cdd5cc - sqlite_pages[79ca815ea265f353]::blocking::tests::test_concurrent_read_write_isolation
[INFO] [stdout]   13:     0x566cb3ce5ef9 - <sqlite_pages[79ca815ea265f353]::blocking::tests::test_concurrent_read_write_isolation::{closure#0} as core[df12db4294e9bfd3]::ops::function::FnOnce<()>>::call_once
[INFO] [stdout]   14:     0x566cb3d2254b - test[9d35eded1c95d3be]::__rust_begin_short_backtrace::<core[df12db4294e9bfd3]::result::Result<(), alloc[2182bb758b4b3781]::string::String>, fn() -> core[df12db4294e9bfd3]::result::Result<(), alloc[2182bb758b4b3781]::string::String>>
[INFO] [stdout]   15:     0x566cb3d2fbb5 - test[9d35eded1c95d3be]::run_test::{closure#0}
[INFO] [stdout]   16:     0x566cb3d29474 - std[70759c8f55707aa4]::sys::backtrace::__rust_begin_short_backtrace::<test[9d35eded1c95d3be]::run_test::{closure#1}, ()>
[INFO] [stdout]   17:     0x566cb3d32d12 - <std[70759c8f55707aa4]::thread::lifecycle::spawn_unchecked<test[9d35eded1c95d3be]::run_test::{closure#1}, ()>::{closure#1} as core[df12db4294e9bfd3]::ops::function::FnOnce<()>>::call_once::{shim:vtable#0}
[INFO] [stdout]   18:     0x566cb3f69e19 - <std[70759c8f55707aa4]::sys::thread::unix::Thread>::new::thread_start
[INFO] [stdout]   19:     0x758de033cdfa - <unknown>
[INFO] [stdout]   20:     0x758de03d03d4 - clone
[INFO] [stdout]   21:                0x0 - <unknown>
[INFO] [stdout] 
[INFO] [stdout] ---- blocking::tests::test_transaction_rollback stdout ----
[INFO] [stdout] Row count after init_test_db: 1000
[INFO] [stdout] 
[INFO] [stdout] thread 'blocking::tests::test_transaction_rollback' (1284) panicked at src/blocking.rs:361:37:
[INFO] [stdout] called `Result::unwrap()` on an `Err` value: Sql { source: SqliteFailure(Error { code: Unknown, extended_code: 1 }, Some("no such table: sqlite_dbpage")) }
[INFO] [stdout] stack backtrace:
[INFO] [stdout]    0:     0x566cb3f6a541 - <<std[70759c8f55707aa4]::sys::backtrace::BacktraceLock>::print::DisplayBacktrace as core[df12db4294e9bfd3]::fmt::Display>::fmt
[INFO] [stdout]    1:     0x566cb3f8032a - core[df12db4294e9bfd3]::fmt::write
[INFO] [stdout]    2:     0x566cb3f6f11c - <alloc[2182bb758b4b3781]::vec::Vec<u8> as core[df12db4294e9bfd3]::io::write::Write>::write_fmt
[INFO] [stdout]    3:     0x566cb3f44846 - std[70759c8f55707aa4]::panicking::default_hook::{closure#0}
[INFO] [stdout]    4:     0x566cb3f62329 - std[70759c8f55707aa4]::panicking::default_hook
[INFO] [stdout]    5:     0x566cb3d2f260 - test[9d35eded1c95d3be]::test_main_inner::<test[9d35eded1c95d3be]::test_main_static::{closure#0}>::{closure#0}
[INFO] [stdout]    6:     0x566cb3f624e2 - std[70759c8f55707aa4]::panicking::panic_with_hook
[INFO] [stdout]    7:     0x566cb3f448f2 - std[70759c8f55707aa4]::panicking::panic_handler::{closure#0}
[INFO] [stdout]    8:     0x566cb3f3d529 - std[70759c8f55707aa4]::sys::backtrace::__rust_end_short_backtrace::<std[70759c8f55707aa4]::panicking::panic_handler::{closure#0}, !>
[INFO] [stdout]    9:     0x566cb3f454ed - __rustc[8fa7c3cbc660c2b3]::rust_begin_unwind
[INFO] [stdout]   10:     0x566cb3f80a8c - core[df12db4294e9bfd3]::panicking::panic_fmt
[INFO] [stdout]   11:     0x566cb3f80862 - core[df12db4294e9bfd3]::result::unwrap_failed
[INFO] [stdout]   12:     0x566cb3cd8a0c - sqlite_pages[79ca815ea265f353]::blocking::tests::test_transaction_rollback
[INFO] [stdout]   13:     0x566cb3ce5dd9 - <sqlite_pages[79ca815ea265f353]::blocking::tests::test_transaction_rollback::{closure#0} as core[df12db4294e9bfd3]::ops::function::FnOnce<()>>::call_once
[INFO] [stdout]   14:     0x566cb3d2254b - test[9d35eded1c95d3be]::__rust_begin_short_backtrace::<core[df12db4294e9bfd3]::result::Result<(), alloc[2182bb758b4b3781]::string::String>, fn() -> core[df12db4294e9bfd3]::result::Result<(), alloc[2182bb758b4b3781]::string::String>>
[INFO] [stdout]   15:     0x566cb3d2fbb5 - test[9d35eded1c95d3be]::run_test::{closure#0}
[INFO] [stdout]   16:     0x566cb3d29474 - std[70759c8f55707aa4]::sys::backtrace::__rust_begin_short_backtrace::<test[9d35eded1c95d3be]::run_test::{closure#1}, ()>
[INFO] [stdout]   17:     0x566cb3d32d12 - <std[70759c8f55707aa4]::thread::lifecycle::spawn_unchecked<test[9d35eded1c95d3be]::run_test::{closure#1}, ()>::{closure#1} as core[df12db4294e9bfd3]::ops::function::FnOnce<()>>::call_once::{shim:vtable#0}
[INFO] [stdout]   18:     0x566cb3f69e19 - <std[70759c8f55707aa4]::sys::thread::unix::Thread>::new::thread_start
[INFO] [stdout]   19:     0x758de033cdfa - <unknown>
[INFO] [stdout]   20:     0x758de03d03d4 - clone
[INFO] [stdout]   21:                0x0 - <unknown>
[INFO] [stdout] 
[INFO] [stdout] ---- blocking::tests::test_transaction_page_map stdout ----
[INFO] [stdout] Row count after init_test_db: 100
[INFO] [stdout] 
[INFO] [stdout] thread 'blocking::tests::test_transaction_page_map' (1283) panicked at src/blocking.rs:918:10:
[INFO] [stdout] called `Result::unwrap()` on an `Err` value: Sql { source: SqliteFailure(Error { code: Unknown, extended_code: 1 }, Some("no such table: sqlite_dbpage")) }
[INFO] [stdout] stack backtrace:
[INFO] [stdout]    0:     0x566cb3f6a541 - <<std[70759c8f55707aa4]::sys::backtrace::BacktraceLock>::print::DisplayBacktrace as core[df12db4294e9bfd3]::fmt::Display>::fmt
[INFO] [stdout]    1:     0x566cb3f8032a - core[df12db4294e9bfd3]::fmt::write
[INFO] [stdout]    2:     0x566cb3f6f11c - <alloc[2182bb758b4b3781]::vec::Vec<u8> as core[df12db4294e9bfd3]::io::write::Write>::write_fmt
[INFO] [stdout]    3:     0x566cb3f44846 - std[70759c8f55707aa4]::panicking::default_hook::{closure#0}
[INFO] [stdout]    4:     0x566cb3f62329 - std[70759c8f55707aa4]::panicking::default_hook
[INFO] [stdout]    5:     0x566cb3d2f260 - test[9d35eded1c95d3be]::test_main_inner::<test[9d35eded1c95d3be]::test_main_static::{closure#0}>::{closure#0}
[INFO] [stdout]    6:     0x566cb3f624e2 - std[70759c8f55707aa4]::panicking::panic_with_hook
[INFO] [stdout]    7:     0x566cb3f448f2 - std[70759c8f55707aa4]::panicking::panic_handler::{closure#0}
[INFO] [stdout]    8:     0x566cb3f3d529 - std[70759c8f55707aa4]::sys::backtrace::__rust_end_short_backtrace::<std[70759c8f55707aa4]::panicking::panic_handler::{closure#0}, !>
[INFO] [stdout]    9:     0x566cb3f454ed - __rustc[8fa7c3cbc660c2b3]::rust_begin_unwind
[INFO] [stdout]   10:     0x566cb3f80a8c - core[df12db4294e9bfd3]::panicking::panic_fmt
[INFO] [stdout]   11:     0x566cb3f80862 - core[df12db4294e9bfd3]::result::unwrap_failed
[INFO] [stdout]   12:     0x566cb3cd823c - sqlite_pages[79ca815ea265f353]::blocking::tests::test_transaction_page_map
[INFO] [stdout]   13:     0x566cb3ce5db9 - <sqlite_pages[79ca815ea265f353]::blocking::tests::test_transaction_page_map::{closure#0} as core[df12db4294e9bfd3]::ops::function::FnOnce<()>>::call_once
[INFO] [stdout]   14:     0x566cb3d2254b - test[9d35eded1c95d3be]::__rust_begin_short_backtrace::<core[df12db4294e9bfd3]::result::Result<(), alloc[2182bb758b4b3781]::string::String>, fn() -> core[df12db4294e9bfd3]::result::Result<(), alloc[2182bb758b4b3781]::string::String>>
[INFO] [stdout]   15:     0x566cb3d2fbb5 - test[9d35eded1c95d3be]::run_test::{closure#0}
[INFO] [stdout]   16:     0x566cb3d29474 - std[70759c8f55707aa4]::sys::backtrace::__rust_begin_short_backtrace::<test[9d35eded1c95d3be]::run_test::{closure#1}, ()>
[INFO] [stdout]   17:     0x566cb3d32d12 - <std[70759c8f55707aa4]::thread::lifecycle::spawn_unchecked<test[9d35eded1c95d3be]::run_test::{closure#1}, ()>::{closure#1} as core[df12db4294e9bfd3]::ops::function::FnOnce<()>>::call_once::{shim:vtable#0}
[INFO] [stdout]   18:     0x566cb3f69e19 - <std[70759c8f55707aa4]::sys::thread::unix::Thread>::new::thread_start
[INFO] [stdout]   19:     0x758de033cdfa - <unknown>
[INFO] [stdout]   20:     0x758de03d03d4 - clone
[INFO] [stdout]   21:                0x0 - <unknown>
[INFO] [stdout] 
[INFO] [stdout] ---- blocking::tests::test_page_map_with_transaction stdout ----
[INFO] [stdout] Row count after init_test_db: 1000
[INFO] [stdout] 
[INFO] [stdout] thread 'blocking::tests::test_page_map_with_transaction' (1271) panicked at src/blocking.rs:506:18:
[INFO] [stdout] called `Result::unwrap()` on an `Err` value: SqliteFailure(Error { code: Unknown, extended_code: 1 }, Some("no such table: sqlite_dbpage"))
[INFO] [stdout] stack backtrace:
[INFO] [stdout]    0:     0x566cb3f6a541 - <<std[70759c8f55707aa4]::sys::backtrace::BacktraceLock>::print::DisplayBacktrace as core[df12db4294e9bfd3]::fmt::Display>::fmt
[INFO] [stdout]    1:     0x566cb3f8032a - core[df12db4294e9bfd3]::fmt::write
[INFO] [stdout]    2:     0x566cb3f6f11c - <alloc[2182bb758b4b3781]::vec::Vec<u8> as core[df12db4294e9bfd3]::io::write::Write>::write_fmt
[INFO] [stdout]    3:     0x566cb3f44846 - std[70759c8f55707aa4]::panicking::default_hook::{closure#0}
[INFO] [stdout]    4:     0x566cb3f62329 - std[70759c8f55707aa4]::panicking::default_hook
[INFO] [stdout]    5:     0x566cb3d2f260 - test[9d35eded1c95d3be]::test_main_inner::<test[9d35eded1c95d3be]::test_main_static::{closure#0}>::{closure#0}
[INFO] [stdout]    6:     0x566cb3f624e2 - std[70759c8f55707aa4]::panicking::panic_with_hook
[INFO] [stdout]    7:     0x566cb3f448f2 - std[70759c8f55707aa4]::panicking::panic_handler::{closure#0}
[INFO] [stdout]    8:     0x566cb3f3d529 - std[70759c8f55707aa4]::sys::backtrace::__rust_end_short_backtrace::<std[70759c8f55707aa4]::panicking::panic_handler::{closure#0}, !>
[INFO] [stdout]    9:     0x566cb3f454ed - __rustc[8fa7c3cbc660c2b3]::rust_begin_unwind
[INFO] [stdout]   10:     0x566cb3f80a8c - core[df12db4294e9bfd3]::panicking::panic_fmt
[INFO] [stdout]   11:     0x566cb3f80862 - core[df12db4294e9bfd3]::result::unwrap_failed
[INFO] [stdout]   12:     0x566cb3cdad7f - sqlite_pages[79ca815ea265f353]::blocking::tests::test_page_map_with_transaction
[INFO] [stdout]   13:     0x566cb3ce5e79 - <sqlite_pages[79ca815ea265f353]::blocking::tests::test_page_map_with_transaction::{closure#0} as core[df12db4294e9bfd3]::ops::function::FnOnce<()>>::call_once
[INFO] [stdout]   14:     0x566cb3d2254b - test[9d35eded1c95d3be]::__rust_begin_short_backtrace::<core[df12db4294e9bfd3]::result::Result<(), alloc[2182bb758b4b3781]::string::String>, fn() -> core[df12db4294e9bfd3]::result::Result<(), alloc[2182bb758b4b3781]::string::String>>
[INFO] [stdout]   15:     0x566cb3d2fbb5 - test[9d35eded1c95d3be]::run_test::{closure#0}
[INFO] [stdout]   16:     0x566cb3d29474 - std[70759c8f55707aa4]::sys::backtrace::__rust_begin_short_backtrace::<test[9d35eded1c95d3be]::run_test::{closure#1}, ()>
[INFO] [stdout]   17:     0x566cb3d32d12 - <std[70759c8f55707aa4]::thread::lifecycle::spawn_unchecked<test[9d35eded1c95d3be]::run_test::{closure#1}, ()>::{closure#1} as core[df12db4294e9bfd3]::ops::function::FnOnce<()>>::call_once::{shim:vtable#0}
[INFO] [stdout]   18:     0x566cb3f69e19 - <std[70759c8f55707aa4]::sys::thread::unix::Thread>::new::thread_start
[INFO] [stdout]   19:     0x758de033cdfa - <unknown>
[INFO] [stdout]   20:     0x758de03d03d4 - clone
[INFO] [stdout]   21:                0x0 - <unknown>
[INFO] [stdout] 
[INFO] [stdout] ---- blocking::tests::test_transaction_create_and_commit stdout ----
[INFO] [stdout] Row count after init_test_db: 1000
[INFO] [stdout] 
[INFO] [stdout] thread 'blocking::tests::test_transaction_create_and_commit' (1273) panicked at src/blocking.rs:342:40:
[INFO] [stdout] called `Result::unwrap()` on an `Err` value: Sql { source: SqliteFailure(Error { code: Unknown, extended_code: 1 }, Some("no such table: sqlite_dbpage")) }
[INFO] [stdout] stack backtrace:
[INFO] [stdout]    0:     0x566cb3f6a541 - <<std[70759c8f55707aa4]::sys::backtrace::BacktraceLock>::print::DisplayBacktrace as core[df12db4294e9bfd3]::fmt::Display>::fmt
[INFO] [stdout]    1:     0x566cb3f8032a - core[df12db4294e9bfd3]::fmt::write
[INFO] [stdout]    2:     0x566cb3f6f11c - <alloc[2182bb758b4b3781]::vec::Vec<u8> as core[df12db4294e9bfd3]::io::write::Write>::write_fmt
[INFO] [stdout]    3:     0x566cb3f44846 - std[70759c8f55707aa4]::panicking::default_hook::{closure#0}
[INFO] [stdout]    4:     0x566cb3f62329 - std[70759c8f55707aa4]::panicking::default_hook
[INFO] [stdout]    5:     0x566cb3d2f260 - test[9d35eded1c95d3be]::test_main_inner::<test[9d35eded1c95d3be]::test_main_static::{closure#0}>::{closure#0}
[INFO] [stdout]    6:     0x566cb3f624e2 - std[70759c8f55707aa4]::panicking::panic_with_hook
[INFO] [stdout]    7:     0x566cb3f448f2 - std[70759c8f55707aa4]::panicking::panic_handler::{closure#0}
[INFO] [stdout]    8:     0x566cb3f3d529 - std[70759c8f55707aa4]::sys::backtrace::__rust_end_short_backtrace::<std[70759c8f55707aa4]::panicking::panic_handler::{closure#0}, !>
[INFO] [stdout]    9:     0x566cb3f454ed - __rustc[8fa7c3cbc660c2b3]::rust_begin_unwind
[INFO] [stdout]   10:     0x566cb3f80a8c - core[df12db4294e9bfd3]::panicking::panic_fmt
[INFO] [stdout]   11:     0x566cb3f80862 - core[df12db4294e9bfd3]::result::unwrap_failed
[INFO] [stdout]   12:     0x566cb3cdbec4 - sqlite_pages[79ca815ea265f353]::blocking::tests::test_transaction_create_and_commit
[INFO] [stdout]   13:     0x566cb3ce5eb9 - <sqlite_pages[79ca815ea265f353]::blocking::tests::test_transaction_create_and_commit::{closure#0} as core[df12db4294e9bfd3]::ops::function::FnOnce<()>>::call_once
[INFO] [stdout]   14:     0x566cb3d2254b - test[9d35eded1c95d3be]::__rust_begin_short_backtrace::<core[df12db4294e9bfd3]::result::Result<(), alloc[2182bb758b4b3781]::string::String>, fn() -> core[df12db4294e9bfd3]::result::Result<(), alloc[2182bb758b4b3781]::string::String>>
[INFO] [stdout]   15:     0x566cb3d2fbb5 - test[9d35eded1c95d3be]::run_test::{closure#0}
[INFO] [stdout]   16:     0x566cb3d29474 - std[70759c8f55707aa4]::sys::backtrace::__rust_begin_short_backtrace::<test[9d35eded1c95d3be]::run_test::{closure#1}, ()>
[INFO] [stdout]   17:     0x566cb3d32d12 - <std[70759c8f55707aa4]::thread::lifecycle::spawn_unchecked<test[9d35eded1c95d3be]::run_test::{closure#1}, ()>::{closure#1} as core[df12db4294e9bfd3]::ops::function::FnOnce<()>>::call_once::{shim:vtable#0}
[INFO] [stdout]   18:     0x566cb3f69e19 - <std[70759c8f55707aa4]::sys::thread::unix::Thread>::new::thread_start
[INFO] [stdout]   19:     0x758de033cdfa - <unknown>
[INFO] [stdout]   20:     0x758de03d03d4 - clone
[INFO] [stdout]   21:                0x0 - <unknown>
[INFO] [stdout] 
[INFO] [stdout] 
[INFO] [stdout] failures:
[INFO] [stdout]     async_api::tests::test_multiple_operations_on_normal
[INFO] [stdout]     async_api::tests::test_transaction_commit_and_persist
[INFO] [stdout]     async_api::tests::test_transaction_page_map_and_count
[INFO] [stdout]     async_api::tests::test_transaction_rollback
[INFO] [stdout]     blocking::tests::test_clone_database
[INFO] [stdout]     blocking::tests::test_concurrent_read_write_isolation
[INFO] [stdout]     blocking::tests::test_concurrent_readers
[INFO] [stdout]     blocking::tests::test_database_persistence_across_connections
[INFO] [stdout]     blocking::tests::test_page_map_ascending_order
[INFO] [stdout]     blocking::tests::test_page_map_basic
[INFO] [stdout]     blocking::tests::test_page_map_boundary_condition
[INFO] [stdout]     blocking::tests::test_page_map_empty_database
[INFO] [stdout]     blocking::tests::test_page_map_with_transaction
[INFO] [stdout]     blocking::tests::test_transaction_create_and_commit
[INFO] [stdout]     blocking::tests::test_transaction_page_map
[INFO] [stdout]     blocking::tests::test_transaction_rollback
[INFO] [stdout] 
[INFO] [stdout] test result: FAILED. 31 passed; 16 failed; 0 ignored; 0 measured; 0 filtered out; finished in 0.25s
[INFO] [stdout] 
[INFO] running `Command { std: "docker" "inspect" "3500f668cb482e5195d645c0218ea862d20523b840124ee86632c6cc546ba48d", kill_on_drop: false }`
[INFO] running `Command { std: "docker" "rm" "-f" "3500f668cb482e5195d645c0218ea862d20523b840124ee86632c6cc546ba48d", kill_on_drop: false }`
[INFO] [stdout] 3500f668cb482e5195d645c0218ea862d20523b840124ee86632c6cc546ba48d
