[INFO] fetching crate sqlite-xsv 0.2.1-alpha.10...
[INFO] testing sqlite-xsv-0.2.1-alpha.10 against 1.99.0-beta.8+cargoflags=--release for beta-release-1.100-2
[INFO] extracting crate sqlite-xsv 0.2.1-alpha.10 into /workspace/builds/worker-7-tc1/source
[INFO] started tweaking crates.io crate sqlite-xsv 0.2.1-alpha.10
[INFO] finished tweaking crates.io crate sqlite-xsv 0.2.1-alpha.10
[INFO] tweaked toml for crates.io crate sqlite-xsv 0.2.1-alpha.10 written to /workspace/builds/worker-7-tc1/source/Cargo.toml
[INFO] validating manifest of crates.io crate sqlite-xsv 0.2.1-alpha.10 on toolchain 1.99.0-beta.8
[INFO] running `Command { std: CARGO_HOME="/workspace/cargo-home" RUSTUP_HOME="/workspace/rustup-home" "/workspace/cargo-home/bin/cargo" "+1.99.0-beta.8" "metadata" "--manifest-path" "Cargo.toml" "--no-deps", kill_on_drop: false }`
[INFO] running `Command { std: CARGO_HOME="/workspace/cargo-home" RUSTUP_HOME="/workspace/rustup-home" "/workspace/cargo-home/bin/cargo" "+1.99.0-beta.8" "generate-lockfile" "--manifest-path" "Cargo.toml", kill_on_drop: false }`
[INFO] [stderr]     Updating crates.io index
[INFO] [stderr]      Locking 98 packages to highest compatible versions
[INFO] [stderr]       Adding cbindgen v0.24.5 (available: v0.29.4)
[INFO] [stderr]       Adding zstd v0.12.4 (available: v0.14.3)
[INFO] running `Command { std: CARGO_HOME="/workspace/cargo-home" RUSTUP_HOME="/workspace/rustup-home" "/workspace/cargo-home/bin/cargo" "+1.99.0-beta.8" "fetch" "--manifest-path" "Cargo.toml", kill_on_drop: false }`
[INFO] [stderr]  Downloading crates ...
[INFO] [stderr]   Downloaded cbindgen v0.24.5
[INFO] running `Command { std: "docker" "create" "-v" "/var/lib/crater-agent-workspace/builds/worker-7-tc1/source:/opt/rustwide/workdir:ro,Z" "-v" "/var/lib/crater-agent-workspace/builds/worker-7-tc1/target:/opt/rustwide/target:rw,Z" "-v" "/var/lib/crater-agent-workspace/cargo-home:/opt/rustwide/cargo-home:ro,Z" "-v" "/var/lib/crater-agent-workspace/rustup-home:/opt/rustwide/rustup-home:ro,Z" "-m" "1610612736" "--network" "none" "ghcr.io/rust-lang/crates-build-env/linux@sha256:77db811e55d90add9212f6832c23229e3de5f1c1f9905e8cb07319ea15df73ac" "sleep" "infinity", kill_on_drop: false }`
[INFO] [stdout] e53d25e457b3c7e72dc2e459b02c1e24350eb68e267af1bb3d13ff09fd6f208a
[INFO] running `Command { std: "docker" "start" "e53d25e457b3c7e72dc2e459b02c1e24350eb68e267af1bb3d13ff09fd6f208a", kill_on_drop: false }`
[INFO] running `Command { std: "docker" "inspect" "e53d25e457b3c7e72dc2e459b02c1e24350eb68e267af1bb3d13ff09fd6f208a", kill_on_drop: false }`
[INFO] running `Command { std: "docker" "exec" "-e" "SOURCE_DIR=/opt/rustwide/workdir" "-e" "CARGO_HOME=/opt/rustwide/cargo-home" "-e" "RUSTUP_HOME=/opt/rustwide/rustup-home" "-e" "CARGO_TARGET_DIR=/opt/rustwide/target" "-w" "/opt/rustwide/workdir" "--user" "0:0" "e53d25e457b3c7e72dc2e459b02c1e24350eb68e267af1bb3d13ff09fd6f208a" "/opt/rustwide/cargo-home/bin/cargo" "+1.99.0-beta.8" "metadata" "--no-deps" "--format-version=1", kill_on_drop: false }`
[INFO] running `Command { std: "docker" "inspect" "e53d25e457b3c7e72dc2e459b02c1e24350eb68e267af1bb3d13ff09fd6f208a", kill_on_drop: false }`
[INFO] running `Command { std: "docker" "exec" "-e" "SOURCE_DIR=/opt/rustwide/workdir" "-e" "CARGO_HOME=/opt/rustwide/cargo-home" "-e" "RUSTUP_HOME=/opt/rustwide/rustup-home" "-e" "CARGO_TARGET_DIR=/opt/rustwide/target" "-e" "CARGO_INCREMENTAL=0" "-e" "RUST_BACKTRACE=full" "-e" "RUSTFLAGS=--cap-lints=warn" "-e" "RUSTDOCFLAGS=--cap-lints=warn" "-w" "/opt/rustwide/workdir" "--user" "0:0" "e53d25e457b3c7e72dc2e459b02c1e24350eb68e267af1bb3d13ff09fd6f208a" "/opt/rustwide/cargo-home/bin/cargo" "+1.99.0-beta.8" "build" "--frozen" "--message-format=json" "--release", kill_on_drop: false }`
[INFO] [stderr]    Compiling bitflags v2.13.2
[INFO] [stderr]    Compiling hashbrown v0.12.3
[INFO] [stderr]    Compiling os_str_bytes v6.6.1
[INFO] [stderr]    Compiling indexmap v1.9.3
[INFO] [stderr]    Compiling atty v0.2.14
[INFO] [stderr]    Compiling textwrap v0.16.4
[INFO] [stderr]    Compiling strsim v0.10.0
[INFO] [stderr]    Compiling bitflags v1.3.2
[INFO] [stderr]    Compiling log v0.4.34
[INFO] [stderr]    Compiling glob v0.3.4
[INFO] [stderr]    Compiling aho-corasick v1.1.5
[INFO] [stderr]    Compiling rustix v0.38.44
[INFO] [stderr]    Compiling regex-syntax v0.8.11
[INFO] [stderr]    Compiling serde_json v1.0.154
[INFO] [stderr]    Compiling minimal-lexical v0.2.1
[INFO] [stderr]    Compiling linux-raw-sys v0.4.15
[INFO] [stderr]    Compiling libloading v0.8.9
[INFO] [stderr]    Compiling either v1.19.0
[INFO] [stderr]    Compiling home v0.5.12
[INFO] [stderr]    Compiling bindgen v0.60.1
[INFO] [stderr]    Compiling serde_core v1.0.229
[INFO] [stderr]    Compiling humantime v2.4.0
[INFO] [stderr]    Compiling rustix v1.1.5
[INFO] [stderr]    Compiling clap_lex v0.2.4
[INFO] [stderr]    Compiling getrandom v0.4.3
[INFO] [stderr]    Compiling syn v1.0.109
[INFO] [stderr]    Compiling serde v1.0.229
[INFO] [stderr]    Compiling clang-sys v1.9.1
[INFO] [stderr]    Compiling lazy_static v1.5.1
[INFO] [stderr]    Compiling peeking_take_while v0.1.2
[INFO] [stderr]    Compiling lazycell v1.3.0
[INFO] [stderr]    Compiling rustc-hash v1.1.0
[INFO] [stderr]    Compiling nom v7.1.3
[INFO] [stderr]    Compiling once_cell v1.21.4
[INFO] [stderr]    Compiling cbindgen v0.24.5
[INFO] [stderr]    Compiling fastrand v2.5.0
[INFO] [stderr]    Compiling zstd-safe v6.0.6
[INFO] [stderr]    Compiling csv-core v0.1.13
[INFO] [stderr]    Compiling zstd v0.12.4
[INFO] [stderr]    Compiling toml v0.5.11
[INFO] [stderr]    Compiling clap v3.2.25
[INFO] [stderr]    Compiling which v4.4.2
[INFO] [stderr]    Compiling cexpr v0.6.0
[INFO] [stderr]    Compiling regex-automata v0.4.18
[INFO] [stderr]    Compiling tempfile v3.27.0
[INFO] [stderr]    Compiling csv v1.4.0
[INFO] [stderr]    Compiling sqlite-loadable-macros v0.0.2
[INFO] [stderr]    Compiling regex v1.13.1
[INFO] [stderr]    Compiling env_logger v0.9.3
[INFO] [stderr]    Compiling sqlite-xsv v0.2.1-alpha.10 (/opt/rustwide/workdir)
[INFO] [stderr]    Compiling sqlite3ext-sys v0.0.1
[INFO] [stderr]    Compiling sqlite-loadable v0.0.5
[INFO] [stdout] warning: hiding a lifetime that's elided elsewhere is confusing
[INFO] [stdout]    --> src/xsv_reader.rs:112:18
[INFO] [stdout]     |
[INFO] [stdout] 112 |         columns: &Vec<ColumnDeclaration>,
[INFO] [stdout]     |                  ^^^^^^^^^^^^^^^^^^^^^^^ the lifetime is elided here
[INFO] [stdout] 113 |         header: bool,
[INFO] [stdout] 114 |     ) -> Result<XsvReaderCursor> {
[INFO] [stdout]     |                 ^^^^^^^^^^^^^^^ the same lifetime is hidden here
[INFO] [stdout]     |
[INFO] [stdout]     = help: the same lifetime is referred to in inconsistent ways, making the signature confusing
[INFO] [stdout]     = note: `#[warn(mismatched_lifetime_syntaxes)]` on by default
[INFO] [stdout] help: use `'_` for type paths
[INFO] [stdout]     |
[INFO] [stdout] 114 |     ) -> Result<XsvReaderCursor<'_>> {
[INFO] [stdout]     |                                ++++
[INFO] [stdout] 
[INFO] [stdout] 
[INFO] [stderr]     Finished `release` profile [optimized] target(s) in 1m 17s
[INFO] running `Command { std: "docker" "inspect" "e53d25e457b3c7e72dc2e459b02c1e24350eb68e267af1bb3d13ff09fd6f208a", kill_on_drop: false }`
[INFO] running `Command { std: "docker" "exec" "-e" "SOURCE_DIR=/opt/rustwide/workdir" "-e" "CARGO_HOME=/opt/rustwide/cargo-home" "-e" "RUSTUP_HOME=/opt/rustwide/rustup-home" "-e" "CARGO_TARGET_DIR=/opt/rustwide/target" "-e" "CARGO_INCREMENTAL=0" "-e" "RUST_BACKTRACE=full" "-e" "RUSTFLAGS=--cap-lints=warn" "-e" "RUSTDOCFLAGS=--cap-lints=warn" "-w" "/opt/rustwide/workdir" "--user" "0:0" "e53d25e457b3c7e72dc2e459b02c1e24350eb68e267af1bb3d13ff09fd6f208a" "/opt/rustwide/cargo-home/bin/cargo" "+1.99.0-beta.8" "test" "--frozen" "--no-run" "--message-format=json" "--release", kill_on_drop: false }`
[INFO] [stderr]    Compiling sqlite-xsv v0.2.1-alpha.10 (/opt/rustwide/workdir)
[INFO] [stdout] warning: hiding a lifetime that's elided elsewhere is confusing
[INFO] [stdout]    --> src/xsv_reader.rs:112:18
[INFO] [stdout]     |
[INFO] [stdout] 112 |         columns: &Vec<ColumnDeclaration>,
[INFO] [stdout]     |                  ^^^^^^^^^^^^^^^^^^^^^^^ the lifetime is elided here
[INFO] [stdout] 113 |         header: bool,
[INFO] [stdout] 114 |     ) -> Result<XsvReaderCursor> {
[INFO] [stdout]     |                 ^^^^^^^^^^^^^^^ the same lifetime is hidden here
[INFO] [stdout]     |
[INFO] [stdout]     = help: the same lifetime is referred to in inconsistent ways, making the signature confusing
[INFO] [stdout]     = note: `#[warn(mismatched_lifetime_syntaxes)]` on by default
[INFO] [stdout] help: use `'_` for type paths
[INFO] [stdout]     |
[INFO] [stdout] 114 |     ) -> Result<XsvReaderCursor<'_>> {
[INFO] [stdout]     |                                ++++
[INFO] [stdout] 
[INFO] [stdout] 
[INFO] [stdout] warning: hiding a lifetime that's elided elsewhere is confusing
[INFO] [stdout]    --> src/xsv_reader.rs:112:18
[INFO] [stdout]     |
[INFO] [stdout] 112 |         columns: &Vec<ColumnDeclaration>,
[INFO] [stdout]     |                  ^^^^^^^^^^^^^^^^^^^^^^^ the lifetime is elided here
[INFO] [stdout] 113 |         header: bool,
[INFO] [stdout] 114 |     ) -> Result<XsvReaderCursor> {
[INFO] [stdout]     |                 ^^^^^^^^^^^^^^^ the same lifetime is hidden here
[INFO] [stdout]     |
[INFO] [stdout]     = help: the same lifetime is referred to in inconsistent ways, making the signature confusing
[INFO] [stdout]     = note: `#[warn(mismatched_lifetime_syntaxes)]` on by default
[INFO] [stdout] help: use `'_` for type paths
[INFO] [stdout]     |
[INFO] [stdout] 114 |     ) -> Result<XsvReaderCursor<'_>> {
[INFO] [stdout]     |                                ++++
[INFO] [stdout] 
[INFO] [stdout] 
[INFO] [stderr]     Finished `release` profile [optimized] target(s) in 1.41s
[INFO] running `Command { std: "docker" "inspect" "e53d25e457b3c7e72dc2e459b02c1e24350eb68e267af1bb3d13ff09fd6f208a", kill_on_drop: false }`
[INFO] running `Command { std: "docker" "exec" "-e" "SOURCE_DIR=/opt/rustwide/workdir" "-e" "CARGO_HOME=/opt/rustwide/cargo-home" "-e" "RUSTUP_HOME=/opt/rustwide/rustup-home" "-e" "CARGO_TARGET_DIR=/opt/rustwide/target" "-e" "CARGO_INCREMENTAL=0" "-e" "RUST_BACKTRACE=full" "-e" "RUSTFLAGS=--cap-lints=warn" "-e" "RUSTDOCFLAGS=--cap-lints=warn" "-w" "/opt/rustwide/workdir" "--user" "0:0" "e53d25e457b3c7e72dc2e459b02c1e24350eb68e267af1bb3d13ff09fd6f208a" "/opt/rustwide/cargo-home/bin/cargo" "+1.99.0-beta.8" "test" "--frozen" "--release", kill_on_drop: false }`
[INFO] [stderr] warning: hiding a lifetime that's elided elsewhere is confusing
[INFO] [stderr]    --> src/xsv_reader.rs:112:18
[INFO] [stderr]     |
[INFO] [stderr] 112 |         columns: &Vec<ColumnDeclaration>,
[INFO] [stderr]     |                  ^^^^^^^^^^^^^^^^^^^^^^^ the lifetime is elided here
[INFO] [stderr] 113 |         header: bool,
[INFO] [stderr] 114 |     ) -> Result<XsvReaderCursor> {
[INFO] [stderr]     |                 ^^^^^^^^^^^^^^^ the same lifetime is hidden here
[INFO] [stderr]     |
[INFO] [stderr]     = help: the same lifetime is referred to in inconsistent ways, making the signature confusing
[INFO] [stderr]     = note: `#[warn(mismatched_lifetime_syntaxes)]` on by default
[INFO] [stderr] help: use `'_` for type paths
[INFO] [stderr]     |
[INFO] [stderr] 114 |     ) -> Result<XsvReaderCursor<'_>> {
[INFO] [stderr]     |                                ++++
[INFO] [stderr] 
[INFO] [stderr] warning: `sqlite-xsv` (lib) generated 1 warning (run `cargo fix --lib -p sqlite-xsv` to apply 1 suggestion)
[INFO] [stderr] warning: `sqlite-xsv` (lib test) generated 1 warning (1 duplicate)
[INFO] [stderr]     Finished `release` profile [optimized] target(s) in 0.11s
[INFO] [stderr]      Running unittests src/lib.rs (/opt/rustwide/target/release/deps/sqlite_xsv-b6ccde4170648331)
[INFO] [stdout] 
[INFO] [stdout] running 2 tests
[INFO] [stdout] test xsv::tests::it_works ... ok
[INFO] [stderr] error: test failed, to rerun pass `--lib`
[INFO] [stdout] test xsv::tests::test_delimiter ... FAILED
[INFO] [stdout] 
[INFO] [stdout] failures:
[INFO] [stdout] 
[INFO] [stdout] ---- xsv::tests::test_delimiter stdout ----
[INFO] [stdout] 
[INFO] [stdout] thread 'xsv::tests::test_delimiter' (1252) panicked at src/xsv.rs:370:9:
[INFO] [stdout] assertion `left == right` failed
[INFO] [stdout]   left: Err(Error(Message("quote must have at least 1 character")))
[INFO] [stdout]  right: Err(Error(Message("delimiter must have at least 1 character")))
[INFO] [stdout] stack backtrace:
[INFO] [stdout]    0:     0x577e24f82e61 - <<std[70759c8f55707aa4]::sys::backtrace::BacktraceLock>::print::DisplayBacktrace as core[df12db4294e9bfd3]::fmt::Display>::fmt
[INFO] [stdout]    1:     0x577e24f97eea - core[df12db4294e9bfd3]::fmt::write
[INFO] [stdout]    2:     0x577e24f872fc - <alloc[2182bb758b4b3781]::vec::Vec<u8> as core[df12db4294e9bfd3]::io::write::Write>::write_fmt
[INFO] [stdout]    3:     0x577e24f5f456 - std[70759c8f55707aa4]::panicking::default_hook::{closure#0}
[INFO] [stdout]    4:     0x577e24f7b5c9 - std[70759c8f55707aa4]::panicking::default_hook
[INFO] [stdout]    5:     0x577e24f16cf0 - test[9d35eded1c95d3be]::test_main_inner::<test[9d35eded1c95d3be]::test_main_static::{closure#0}>::{closure#0}
[INFO] [stdout]    6:     0x577e24f7b782 - std[70759c8f55707aa4]::panicking::panic_with_hook
[INFO] [stdout]    7:     0x577e24f5f502 - std[70759c8f55707aa4]::panicking::panic_handler::{closure#0}
[INFO] [stdout]    8:     0x577e24f58289 - std[70759c8f55707aa4]::sys::backtrace::__rust_end_short_backtrace::<std[70759c8f55707aa4]::panicking::panic_handler::{closure#0}, !>
[INFO] [stdout]    9:     0x577e24f600fd - __rustc[8fa7c3cbc660c2b3]::rust_begin_unwind
[INFO] [stdout]   10:     0x577e24f9861c - core[df12db4294e9bfd3]::panicking::panic_fmt
[INFO] [stdout]   11:     0x577e24f98533 - core[df12db4294e9bfd3]::panicking::assert_failed_inner
[INFO] [stdout]   12:     0x577e24f06fbc - core[df12db4294e9bfd3]::panicking::assert_failed::<core[df12db4294e9bfd3]::result::Result<sqlite_xsv[fe5c39a88d65638f]::xsv::XsvArguments, sqlite_loadable[56bea6ec503f7365]::errors::Error>, core[df12db4294e9bfd3]::result::Result<sqlite_xsv[fe5c39a88d65638f]::xsv::XsvArguments, sqlite_loadable[56bea6ec503f7365]::errors::Error>>
[INFO] [stdout]   13:     0x577e24f08c30 - sqlite_xsv[fe5c39a88d65638f]::xsv::tests::test_delimiter
[INFO] [stdout]   14:     0x577e24f07909 - <sqlite_xsv[fe5c39a88d65638f]::xsv::tests::test_delimiter::{closure#0} as core[df12db4294e9bfd3]::ops::function::FnOnce<()>>::call_once
[INFO] [stdout]   15:     0x577e24f09fdb - test[9d35eded1c95d3be]::__rust_begin_short_backtrace::<core[df12db4294e9bfd3]::result::Result<(), alloc[2182bb758b4b3781]::string::String>, fn() -> core[df12db4294e9bfd3]::result::Result<(), alloc[2182bb758b4b3781]::string::String>>
[INFO] [stdout]   16:     0x577e24f17645 - test[9d35eded1c95d3be]::run_test::{closure#0}
[INFO] [stdout]   17:     0x577e24f10f04 - std[70759c8f55707aa4]::sys::backtrace::__rust_begin_short_backtrace::<test[9d35eded1c95d3be]::run_test::{closure#1}, ()>
[INFO] [stdout]   18:     0x577e24f1a7a2 - <std[70759c8f55707aa4]::thread::lifecycle::spawn_unchecked<test[9d35eded1c95d3be]::run_test::{closure#1}, ()>::{closure#1} as core[df12db4294e9bfd3]::ops::function::FnOnce<()>>::call_once::{shim:vtable#0}
[INFO] [stdout]   19:     0x577e24f82739 - <std[70759c8f55707aa4]::sys::thread::unix::Thread>::new::thread_start
[INFO] [stdout]   20:     0x7233598a2dfa - <unknown>
[INFO] [stdout]   21:     0x7233599363d4 - clone
[INFO] [stdout]   22:                0x0 - <unknown>
[INFO] [stdout] 
[INFO] [stdout] 
[INFO] [stdout] failures:
[INFO] [stdout]     xsv::tests::test_delimiter
[INFO] [stdout] 
[INFO] [stdout] test result: FAILED. 1 passed; 1 failed; 0 ignored; 0 measured; 0 filtered out; finished in 0.01s
[INFO] [stdout] 
[INFO] running `Command { std: "docker" "inspect" "e53d25e457b3c7e72dc2e459b02c1e24350eb68e267af1bb3d13ff09fd6f208a", kill_on_drop: false }`
[INFO] running `Command { std: "docker" "rm" "-f" "e53d25e457b3c7e72dc2e459b02c1e24350eb68e267af1bb3d13ff09fd6f208a", kill_on_drop: false }`
[INFO] [stdout] e53d25e457b3c7e72dc2e459b02c1e24350eb68e267af1bb3d13ff09fd6f208a
