[INFO] fetching crate sqlite-provider 0.0.2...
[INFO] testing sqlite-provider-0.0.2 against 1.99.0-beta.8+cargoflags=--release for beta-release-1.100-2
[INFO] extracting crate sqlite-provider 0.0.2 into /workspace/builds/worker-1-tc1/source
[INFO] started tweaking crates.io crate sqlite-provider 0.0.2
[INFO] removed 0 missing tests
[INFO] finished tweaking crates.io crate sqlite-provider 0.0.2
[INFO] tweaked toml for crates.io crate sqlite-provider 0.0.2 written to /workspace/builds/worker-1-tc1/source/Cargo.toml
[INFO] validating manifest of crates.io crate sqlite-provider 0.0.2 on toolchain 1.99.0-beta.8
[INFO] running `Command { std: CARGO_HOME="/workspace/cargo-home" RUSTUP_HOME="/workspace/rustup-home" "/workspace/cargo-home/bin/cargo" "+1.99.0-beta.8" "metadata" "--manifest-path" "Cargo.toml" "--no-deps", kill_on_drop: false }`
[INFO] crate crates.io crate sqlite-provider 0.0.2 already has a lockfile, it will not be regenerated
[INFO] running `Command { std: CARGO_HOME="/workspace/cargo-home" RUSTUP_HOME="/workspace/rustup-home" "/workspace/cargo-home/bin/cargo" "+1.99.0-beta.8" "fetch" "--manifest-path" "Cargo.toml", kill_on_drop: false }`
[INFO] running `Command { std: "docker" "create" "-v" "/var/lib/crater-agent-workspace/builds/worker-1-tc1/source:/opt/rustwide/workdir:ro,Z" "-v" "/var/lib/crater-agent-workspace/builds/worker-1-tc1/target:/opt/rustwide/target:rw,Z" "-v" "/var/lib/crater-agent-workspace/cargo-home:/opt/rustwide/cargo-home:ro,Z" "-v" "/var/lib/crater-agent-workspace/rustup-home:/opt/rustwide/rustup-home:ro,Z" "-m" "1610612736" "--network" "none" "ghcr.io/rust-lang/crates-build-env/linux@sha256:77db811e55d90add9212f6832c23229e3de5f1c1f9905e8cb07319ea15df73ac" "sleep" "infinity", kill_on_drop: false }`
[INFO] [stdout] 09fe44278fe1947f2dce16516dbb7bec669188d912f5169c8bada946a914214c
[INFO] running `Command { std: "docker" "start" "09fe44278fe1947f2dce16516dbb7bec669188d912f5169c8bada946a914214c", kill_on_drop: false }`
[INFO] running `Command { std: "docker" "inspect" "09fe44278fe1947f2dce16516dbb7bec669188d912f5169c8bada946a914214c", kill_on_drop: false }`
[INFO] running `Command { std: "docker" "exec" "-e" "SOURCE_DIR=/opt/rustwide/workdir" "-e" "CARGO_HOME=/opt/rustwide/cargo-home" "-e" "RUSTUP_HOME=/opt/rustwide/rustup-home" "-e" "CARGO_TARGET_DIR=/opt/rustwide/target" "-w" "/opt/rustwide/workdir" "--user" "0:0" "09fe44278fe1947f2dce16516dbb7bec669188d912f5169c8bada946a914214c" "/opt/rustwide/cargo-home/bin/cargo" "+1.99.0-beta.8" "metadata" "--no-deps" "--format-version=1", kill_on_drop: false }`
[INFO] running `Command { std: "docker" "inspect" "09fe44278fe1947f2dce16516dbb7bec669188d912f5169c8bada946a914214c", kill_on_drop: false }`
[INFO] running `Command { std: "docker" "exec" "-e" "SOURCE_DIR=/opt/rustwide/workdir" "-e" "CARGO_HOME=/opt/rustwide/cargo-home" "-e" "RUSTUP_HOME=/opt/rustwide/rustup-home" "-e" "CARGO_TARGET_DIR=/opt/rustwide/target" "-e" "CARGO_INCREMENTAL=0" "-e" "RUST_BACKTRACE=full" "-e" "RUSTFLAGS=--cap-lints=warn" "-e" "RUSTDOCFLAGS=--cap-lints=warn" "-w" "/opt/rustwide/workdir" "--user" "0:0" "09fe44278fe1947f2dce16516dbb7bec669188d912f5169c8bada946a914214c" "/opt/rustwide/cargo-home/bin/cargo" "+1.99.0-beta.8" "build" "--frozen" "--message-format=json" "--release", kill_on_drop: false }`
[INFO] [stderr]    Compiling sqlite-provider v0.0.2 (/opt/rustwide/workdir)
[INFO] [stderr]     Finished `release` profile [optimized] target(s) in 0.65s
[INFO] running `Command { std: "docker" "inspect" "09fe44278fe1947f2dce16516dbb7bec669188d912f5169c8bada946a914214c", kill_on_drop: false }`
[INFO] running `Command { std: "docker" "exec" "-e" "SOURCE_DIR=/opt/rustwide/workdir" "-e" "CARGO_HOME=/opt/rustwide/cargo-home" "-e" "RUSTUP_HOME=/opt/rustwide/rustup-home" "-e" "CARGO_TARGET_DIR=/opt/rustwide/target" "-e" "CARGO_INCREMENTAL=0" "-e" "RUST_BACKTRACE=full" "-e" "RUSTFLAGS=--cap-lints=warn" "-e" "RUSTDOCFLAGS=--cap-lints=warn" "-w" "/opt/rustwide/workdir" "--user" "0:0" "09fe44278fe1947f2dce16516dbb7bec669188d912f5169c8bada946a914214c" "/opt/rustwide/cargo-home/bin/cargo" "+1.99.0-beta.8" "test" "--frozen" "--no-run" "--message-format=json" "--release", kill_on_drop: false }`
[INFO] [stderr]    Compiling sqlite-provider v0.0.2 (/opt/rustwide/workdir)
[INFO] [stderr]     Finished `release` profile [optimized] target(s) in 2.96s
[INFO] running `Command { std: "docker" "inspect" "09fe44278fe1947f2dce16516dbb7bec669188d912f5169c8bada946a914214c", kill_on_drop: false }`
[INFO] running `Command { std: "docker" "exec" "-e" "SOURCE_DIR=/opt/rustwide/workdir" "-e" "CARGO_HOME=/opt/rustwide/cargo-home" "-e" "RUSTUP_HOME=/opt/rustwide/rustup-home" "-e" "CARGO_TARGET_DIR=/opt/rustwide/target" "-e" "CARGO_INCREMENTAL=0" "-e" "RUST_BACKTRACE=full" "-e" "RUSTFLAGS=--cap-lints=warn" "-e" "RUSTDOCFLAGS=--cap-lints=warn" "-w" "/opt/rustwide/workdir" "--user" "0:0" "09fe44278fe1947f2dce16516dbb7bec669188d912f5169c8bada946a914214c" "/opt/rustwide/cargo-home/bin/cargo" "+1.99.0-beta.8" "test" "--frozen" "--release", kill_on_drop: false }`
[INFO] [stderr]     Finished `release` profile [optimized] target(s) in 0.01s
[INFO] [stderr]      Running unittests src/lib.rs (/opt/rustwide/target/release/deps/sqlite_provider-aab1966878b4aea3)
[INFO] [stdout] 
[INFO] [stdout] running 11 tests
[INFO] [stdout] test connection::tests::trace_mask_bits ... ok
[INFO] [stdout] test value::tests::value_ref_to_owned ... ok
[INFO] [stdout] test vtab::tests::arg_buffer_heap ... ok
[INFO] [stdout] test connection::tests::authorizer_action_from_code ... ok
[INFO] [stdout] test connection::tests::authorizer_result_codes ... ok
[INFO] [stdout] test error::tests::error_code_mapping ... ok
[INFO] [stdout] test vtab::tests::best_index_info_is_pointer ... ok
[INFO] [stdout] test error::tests::feature_unavailable_message ... ok
[INFO] [stdout] test value::tests::value_ref_from_raw_text_falls_back_to_blob_when_invalid_utf8 ... ok
[INFO] [stdout] test function::tests::arg_buffer_inline ... ok
[INFO] [stdout] test vtab::tests::arg_buffer_inline ... ok
[INFO] [stdout] 
[INFO] [stdout] test result: ok. 11 passed; 0 failed; 0 ignored; 0 measured; 0 filtered out; finished in 0.01s
[INFO] [stdout] 
[INFO] [stderr]      Running tests/integration.rs (/opt/rustwide/target/release/deps/integration-32408e92c982f5c4)
[INFO] [stdout] 
[INFO] [stdout] running 41 tests
[INFO] [stdout] test aggregate_function_uses_context_state ... ok
[INFO] [stdout] test backup_wrapper_forwards_to_backup_spi ... ok
[INFO] [stdout] test aggregate_function_supports_over_aligned_state ... ok
[INFO] [stdout] test authorizer_callback_returns_sqlite_codes ... ok
[INFO] [stdout] test authorizer_drop_of_stale_handle_keeps_newer_registration ... ok
[INFO] [stdout] test aggregate_init_panic_is_caught ... ok
[INFO] [stdout] test authorizer_panic_is_fail_closed ... ok
[INFO] [stdout] test create_module_requires_feature ... ok
[INFO] [stdout] test invalid_utf8_row_text_falls_back_to_blob ... ok
[INFO] [stdout] test blob_wrapper_forwards_to_blob_spi ... ok
[INFO] [stdout] test metadata_wrappers_forward_to_metadata_spi ... ok
[INFO] [stdout] test open_with_key_and_rekey_forward_to_keying_spi ... ok
[INFO] [stdout] test create_module_reuses_cached_module_descriptor ... ok
[INFO] [stdout] test prepare_uses_v3_when_available ... ok
[INFO] [stdout] test progress_handler_drop_of_stale_handle_keeps_newer_registration ... ok
[INFO] [stdout] test progress_handler_panic_is_contained ... ok
[INFO] [stdout] test progress_handler_unregisters_on_drop ... ok
[INFO] [stdout] test register_authorizer_error_drops_callback_state ... ok
[INFO] [stdout] test register_progress_handler_error_does_not_register_callback ... ok
[INFO] [stdout] test register_trace_error_drops_callback_state ... ok
[INFO] [stdout] test scalar_function_registration_error_drops_callback_state ... ok
[INFO] [stdout] test scalar_function_trampoline_sets_result ... ok
[INFO] [stdout] test serialize_into_vec_frees_buffer ... ok
[INFO] [stdout] test open_with_key_failure_closes_connection ... ok
[INFO] [stdout] test step_and_read_row ... ok
[INFO] [stdout] test trace_drop_of_stale_handle_keeps_newer_registration ... ok
[INFO] [stdout] test vtab_create_and_open_panics_are_caught ... ok
[INFO] [stdout] test create_module_calls_provider ... ok
[INFO] [stdout] test trace_and_authorizer_unregister_on_drop ... ok
[INFO] [stdout] test scalar_function_sees_invalid_utf8_as_blob ... ok
[INFO] [stdout] test window_function_supports_over_aligned_state ... ok
[INFO] [stdout] test prepare_falls_back_to_v2 ... ok
[INFO] [stdout] test vtab_cursor_callback_panics_are_caught ... ok
[INFO] [stdout] test vtab_disconnect_panic_is_caught ... ok
[INFO] [stdout] test vtab_create_sets_out_err_on_connect_error ... ok
[INFO] [stdout] test window_function_registration_error_drops_callback_state ... ok
[INFO] [stdout] test wal_wrappers_forward_to_wal_spi ... ok
[INFO] [stdout] test window_function_requires_feature ... ok
[INFO] [stdout] test window_function_trampoline_updates_state ... ok
[INFO] [stdout] test vtab_create_sets_out_err_on_declare_vtab_error ... ok
[INFO] [stdout] test window_init_panic_is_caught_for_step_and_inverse ... ok
[INFO] [stdout] 
[INFO] [stdout] test result: ok. 41 passed; 0 failed; 0 ignored; 0 measured; 0 filtered out; finished in 0.01s
[INFO] [stdout] 
[INFO] [stderr]      Running tests/python_runner.rs (/opt/rustwide/target/release/deps/python_runner-11c652766239a4b2)
[INFO] [stdout] 
[INFO] [stdout] running 2 tests
[INFO] [stdout] test python_runtime_paths_do_not_reference_external_runner ... ok
[INFO] [stdout] test standalone_runner_supports_skip_and_tmp_path_without_external_runner ... FAILED
[INFO] [stdout] 
[INFO] [stdout] failures:
[INFO] [stdout] 
[INFO] [stdout] ---- standalone_runner_supports_skip_and_tmp_path_without_external_runner stdout ----
[INFO] [stdout] 
[INFO] [stdout] thread 'standalone_runner_supports_skip_and_tmp_path_without_external_runner' (268) panicked at tests/python_runner.rs:14:35:
[INFO] [stdout] called `Result::unwrap()` on an `Err` value: Os { code: 30, kind: ReadOnlyFilesystem, message: "Read-only file system" }
[INFO] [stdout] stack backtrace:
[INFO] [stdout]    0:     0x5af207725af1 - <<std[70759c8f55707aa4]::sys::backtrace::BacktraceLock>::print::DisplayBacktrace as core[df12db4294e9bfd3]::fmt::Display>::fmt
[INFO] [stdout]    1:     0x5af20773a45a - core[df12db4294e9bfd3]::fmt::write
[INFO] [stdout]    2:     0x5af20772a27c - <alloc[2182bb758b4b3781]::vec::Vec<u8> as core[df12db4294e9bfd3]::io::write::Write>::write_fmt
[INFO] [stdout]    3:     0x5af207700516 - std[70759c8f55707aa4]::panicking::default_hook::{closure#0}
[INFO] [stdout]    4:     0x5af20771d419 - std[70759c8f55707aa4]::panicking::default_hook
[INFO] [stdout]    5:     0x5af2076b8330 - test[9d35eded1c95d3be]::test_main_inner::<test[9d35eded1c95d3be]::test_main_static::{closure#0}>::{closure#0}
[INFO] [stdout]    6:     0x5af20771d5d2 - std[70759c8f55707aa4]::panicking::panic_with_hook
[INFO] [stdout]    7:     0x5af2077005c2 - std[70759c8f55707aa4]::panicking::panic_handler::{closure#0}
[INFO] [stdout]    8:     0x5af2076f8ff9 - std[70759c8f55707aa4]::sys::backtrace::__rust_end_short_backtrace::<std[70759c8f55707aa4]::panicking::panic_handler::{closure#0}, !>
[INFO] [stdout]    9:     0x5af2077011bd - __rustc[8fa7c3cbc660c2b3]::rust_begin_unwind
[INFO] [stdout]   10:     0x5af20773ab8c - core[df12db4294e9bfd3]::panicking::panic_fmt
[INFO] [stdout]   11:     0x5af20773a962 - core[df12db4294e9bfd3]::result::unwrap_failed
[INFO] [stdout]   12:     0x5af2076ab2da - <python_runner[b54dfe2e6cc08a43]::standalone_runner_supports_skip_and_tmp_path_without_external_runner::{closure#0} as core[df12db4294e9bfd3]::ops::function::FnOnce<()>>::call_once
[INFO] [stdout]   13:     0x5af2076ab61b - test[9d35eded1c95d3be]::__rust_begin_short_backtrace::<core[df12db4294e9bfd3]::result::Result<(), alloc[2182bb758b4b3781]::string::String>, fn() -> core[df12db4294e9bfd3]::result::Result<(), alloc[2182bb758b4b3781]::string::String>>
[INFO] [stdout]   14:     0x5af2076b8c85 - test[9d35eded1c95d3be]::run_test::{closure#0}
[INFO] [stdout]   15:     0x5af2076b2544 - std[70759c8f55707aa4]::sys::backtrace::__rust_begin_short_backtrace::<test[9d35eded1c95d3be]::run_test::{closure#1}, ()>
[INFO] [stdout]   16:     0x5af2076bbde2 - <std[70759c8f55707aa4]::thread::lifecycle::spawn_unchecked<test[9d35eded1c95d3be]::run_test::{closure#1}, ()>::{closure#1} as core[df12db4294e9bfd3]::ops::function::FnOnce<()>>::call_once::{shim:vtable#0}
[INFO] [stdout]   17:     0x5af207724e69 - <std[70759c8f55707aa4]::sys::thread::unix::Thread>::new::thread_start
[INFO] [stdout]   18:     0x7672e8642dfa - <unknown>
[INFO] [stdout]   19:     0x7672e86d63d4 - clone
[INFO] [stdout]   20:                0x0 - <unknown>
[INFO] [stdout] 
[INFO] [stdout] 
[INFO] [stdout] failures:
[INFO] [stdout]     standalone_runner_supports_skip_and_tmp_path_without_external_runner
[INFO] [stdout] 
[INFO] [stdout] test result: FAILED. 1 passed; 1 failed; 0 ignored; 0 measured; 0 filtered out; finished in 0.00s
[INFO] [stdout] 
[INFO] [stderr] error: test failed, to rerun pass `--test python_runner`
[INFO] running `Command { std: "docker" "inspect" "09fe44278fe1947f2dce16516dbb7bec669188d912f5169c8bada946a914214c", kill_on_drop: false }`
[INFO] running `Command { std: "docker" "rm" "-f" "09fe44278fe1947f2dce16516dbb7bec669188d912f5169c8bada946a914214c", kill_on_drop: false }`
[INFO] [stdout] 09fe44278fe1947f2dce16516dbb7bec669188d912f5169c8bada946a914214c
