[INFO] fetching crate sqlformater 1.0.11...
[INFO] testing sqlformater-1.0.11 against 1.100.0-beta.1+cargoflags=--release for beta-release-1.100-2
[INFO] extracting crate sqlformater 1.0.11 into /workspace/builds/worker-4-tc2/source
[INFO] started tweaking crates.io crate sqlformater 1.0.11
[INFO] removed 0 missing tests
[INFO] finished tweaking crates.io crate sqlformater 1.0.11
[INFO] tweaked toml for crates.io crate sqlformater 1.0.11 written to /workspace/builds/worker-4-tc2/source/Cargo.toml
[INFO] validating manifest of crates.io crate sqlformater 1.0.11 on toolchain 1.100.0-beta.1
[INFO] running `Command { std: CARGO_HOME="/workspace/cargo-home" RUSTUP_HOME="/workspace/rustup-home" "/workspace/cargo-home/bin/cargo" "+1.100.0-beta.1" "metadata" "--manifest-path" "Cargo.toml" "--no-deps", kill_on_drop: false }`
[INFO] crate crates.io crate sqlformater 1.0.11 already has a lockfile, it will not be regenerated
[INFO] running `Command { std: CARGO_HOME="/workspace/cargo-home" RUSTUP_HOME="/workspace/rustup-home" "/workspace/cargo-home/bin/cargo" "+1.100.0-beta.1" "fetch" "--manifest-path" "Cargo.toml", kill_on_drop: false }`
[INFO] running `Command { std: "docker" "create" "-v" "/var/lib/crater-agent-workspace/builds/worker-4-tc2/source:/opt/rustwide/workdir:ro,Z" "-v" "/var/lib/crater-agent-workspace/builds/worker-4-tc2/target:/opt/rustwide/target:rw,Z" "-v" "/var/lib/crater-agent-workspace/cargo-home:/opt/rustwide/cargo-home:ro,Z" "-v" "/var/lib/crater-agent-workspace/rustup-home:/opt/rustwide/rustup-home:ro,Z" "-m" "1610612736" "--network" "none" "ghcr.io/rust-lang/crates-build-env/linux@sha256:77db811e55d90add9212f6832c23229e3de5f1c1f9905e8cb07319ea15df73ac" "sleep" "infinity", kill_on_drop: false }`
[INFO] [stdout] c484ce15c120d2064aba6a43c91a3b07ec6c9c6bafcd3e5b7daaacefe257892f
[INFO] running `Command { std: "docker" "start" "c484ce15c120d2064aba6a43c91a3b07ec6c9c6bafcd3e5b7daaacefe257892f", kill_on_drop: false }`
[INFO] running `Command { std: "docker" "inspect" "c484ce15c120d2064aba6a43c91a3b07ec6c9c6bafcd3e5b7daaacefe257892f", kill_on_drop: false }`
[INFO] running `Command { std: "docker" "exec" "-e" "SOURCE_DIR=/opt/rustwide/workdir" "-e" "CARGO_HOME=/opt/rustwide/cargo-home" "-e" "RUSTUP_HOME=/opt/rustwide/rustup-home" "-e" "CARGO_TARGET_DIR=/opt/rustwide/target" "-w" "/opt/rustwide/workdir" "--user" "0:0" "c484ce15c120d2064aba6a43c91a3b07ec6c9c6bafcd3e5b7daaacefe257892f" "/opt/rustwide/cargo-home/bin/cargo" "+1.100.0-beta.1" "metadata" "--no-deps" "--format-version=1", kill_on_drop: false }`
[INFO] running `Command { std: "docker" "inspect" "c484ce15c120d2064aba6a43c91a3b07ec6c9c6bafcd3e5b7daaacefe257892f", kill_on_drop: false }`
[INFO] running `Command { std: "docker" "exec" "-e" "SOURCE_DIR=/opt/rustwide/workdir" "-e" "CARGO_HOME=/opt/rustwide/cargo-home" "-e" "RUSTUP_HOME=/opt/rustwide/rustup-home" "-e" "CARGO_TARGET_DIR=/opt/rustwide/target" "-e" "CARGO_INCREMENTAL=0" "-e" "RUST_BACKTRACE=full" "-e" "RUSTFLAGS=--cap-lints=warn" "-e" "RUSTDOCFLAGS=--cap-lints=warn" "-w" "/opt/rustwide/workdir" "--user" "0:0" "c484ce15c120d2064aba6a43c91a3b07ec6c9c6bafcd3e5b7daaacefe257892f" "/opt/rustwide/cargo-home/bin/cargo" "+1.100.0-beta.1" "build" "--frozen" "--message-format=json" "--release", kill_on_drop: false }`
[INFO] [stderr]    Compiling libc v0.2.174
[INFO] [stderr]    Compiling proc-macro2 v1.0.95
[INFO] [stderr]    Compiling typenum v1.18.0
[INFO] [stderr]    Compiling pkg-config v0.3.32
[INFO] [stderr]    Compiling cfg-if v1.0.1
[INFO] [stderr]    Compiling subtle v2.6.1
[INFO] [stderr]    Compiling crc32fast v1.5.0
[INFO] [stderr]    Compiling zstd-safe v7.2.4
[INFO] [stderr]    Compiling zlib-rs v0.5.1
[INFO] [stderr]    Compiling getrandom v0.3.3
[INFO] [stderr]    Compiling log v0.4.27
[INFO] [stderr]    Compiling rayon-core v1.13.0
[INFO] [stderr]    Compiling num-traits v0.2.19
[INFO] [stderr]    Compiling deranged v0.4.0
[INFO] [stderr]    Compiling simd-adler32 v0.3.7
[INFO] [stderr]    Compiling crossbeam-deque v0.8.6
[INFO] [stderr]    Compiling time-core v0.1.4
[INFO] [stderr]    Compiling bumpalo v3.19.0
[INFO] [stderr]    Compiling libbz2-rs-sys v0.2.2
[INFO] [stderr]    Compiling hashbrown v0.15.5
[INFO] [stderr]    Compiling num-conv v0.1.0
[INFO] [stderr]    Compiling memchr v2.7.5
[INFO] [stderr]    Compiling constant_time_eq v0.3.1
[INFO] [stderr]    Compiling deflate64 v0.1.9
[INFO] [stderr]    Compiling serde_json v1.0.142
[INFO] [stderr]    Compiling either v1.15.0
[INFO] [stderr]    Compiling zopfli v0.8.2
[INFO] [stderr]    Compiling iana-time-zone v0.1.63
[INFO] [stderr]    Compiling ppmd-rust v1.2.1
[INFO] [stderr]    Compiling generic-array v0.14.7
[INFO] [stderr]    Compiling quote v1.0.40
[INFO] [stderr]    Compiling syn v2.0.104
[INFO] [stderr]    Compiling jobserver v0.1.33
[INFO] [stderr]    Compiling bzip2 v0.6.0
[INFO] [stderr]    Compiling ryu v1.0.20
[INFO] [stderr]    Compiling crypto-common v0.1.6
[INFO] [stderr]    Compiling block-buffer v0.10.4
[INFO] [stderr]    Compiling inout v0.1.4
[INFO] [stderr]    Compiling cipher v0.4.4
[INFO] [stderr]    Compiling digest v0.10.7
[INFO] [stderr]    Compiling cc v1.2.31
[INFO] [stderr]    Compiling indexmap v2.10.0
[INFO] [stderr]    Compiling rayon v1.11.0
[INFO] [stderr]    Compiling time v0.3.41
[INFO] [stderr]    Compiling hmac v0.12.1
[INFO] [stderr]    Compiling sha1 v0.10.6
[INFO] [stderr]    Compiling chrono v0.4.41
[INFO] [stderr]    Compiling pbkdf2 v0.12.2
[INFO] [stderr]    Compiling aes v0.8.4
[INFO] [stderr]    Compiling zstd-sys v2.0.15+zstd.1.5.7
[INFO] [stderr]    Compiling psm v0.1.26
[INFO] [stderr]    Compiling liblzma-sys v0.4.4
[INFO] [stderr]    Compiling stacker v0.1.21
[INFO] [stderr]    Compiling liblzma v0.4.2
[INFO] [stderr]    Compiling libz-rs-sys v0.5.1
[INFO] [stderr]    Compiling flate2 v1.1.2
[INFO] [stderr]    Compiling zeroize_derive v1.4.2
[INFO] [stderr]    Compiling serde_derive v1.0.219
[INFO] [stderr]    Compiling recursive-proc-macro-impl v0.1.1
[INFO] [stderr]    Compiling recursive v0.1.1
[INFO] [stderr]    Compiling sqlparser v0.58.0
[INFO] [stderr]    Compiling zeroize v1.8.1
[INFO] [stderr]    Compiling serde v1.0.219
[INFO] [stderr]    Compiling zstd v0.13.3
[INFO] [stderr]    Compiling zip v4.3.0
[INFO] [stderr]    Compiling mylog v0.1.4
[INFO] [stderr]    Compiling sqlformater v1.0.11 (/opt/rustwide/workdir)
[INFO] [stderr]     Finished `release` profile [optimized] target(s) in 1m 52s
[INFO] running `Command { std: "docker" "inspect" "c484ce15c120d2064aba6a43c91a3b07ec6c9c6bafcd3e5b7daaacefe257892f", kill_on_drop: false }`
[INFO] running `Command { std: "docker" "exec" "-e" "SOURCE_DIR=/opt/rustwide/workdir" "-e" "CARGO_HOME=/opt/rustwide/cargo-home" "-e" "RUSTUP_HOME=/opt/rustwide/rustup-home" "-e" "CARGO_TARGET_DIR=/opt/rustwide/target" "-e" "CARGO_INCREMENTAL=0" "-e" "RUST_BACKTRACE=full" "-e" "RUSTFLAGS=--cap-lints=warn" "-e" "RUSTDOCFLAGS=--cap-lints=warn" "-w" "/opt/rustwide/workdir" "--user" "0:0" "c484ce15c120d2064aba6a43c91a3b07ec6c9c6bafcd3e5b7daaacefe257892f" "/opt/rustwide/cargo-home/bin/cargo" "+1.100.0-beta.1" "test" "--frozen" "--no-run" "--message-format=json" "--release", kill_on_drop: false }`
[INFO] [stderr]    Compiling sqlformater v1.0.11 (/opt/rustwide/workdir)
[INFO] [stderr]     Finished `release` profile [optimized] target(s) in 1.26s
[INFO] running `Command { std: "docker" "inspect" "c484ce15c120d2064aba6a43c91a3b07ec6c9c6bafcd3e5b7daaacefe257892f", kill_on_drop: false }`
[INFO] running `Command { std: "docker" "exec" "-e" "SOURCE_DIR=/opt/rustwide/workdir" "-e" "CARGO_HOME=/opt/rustwide/cargo-home" "-e" "RUSTUP_HOME=/opt/rustwide/rustup-home" "-e" "CARGO_TARGET_DIR=/opt/rustwide/target" "-e" "CARGO_INCREMENTAL=0" "-e" "RUST_BACKTRACE=full" "-e" "RUSTFLAGS=--cap-lints=warn" "-e" "RUSTDOCFLAGS=--cap-lints=warn" "-w" "/opt/rustwide/workdir" "--user" "0:0" "c484ce15c120d2064aba6a43c91a3b07ec6c9c6bafcd3e5b7daaacefe257892f" "/opt/rustwide/cargo-home/bin/cargo" "+1.100.0-beta.1" "test" "--frozen" "--release", kill_on_drop: false }`
[INFO] [stderr]     Finished `release` profile [optimized] target(s) in 0.10s
[INFO] [stderr]      Running unittests src/lib.rs (/opt/rustwide/target/release/build/sqlformater/98ee346ba83911f0/out/sqlformater-98ee346ba83911f0)
[INFO] [stderr]      Running unittests src/main.rs (/opt/rustwide/target/release/build/sqlformater/f3d4cb1b66d911db/out/sqlformater-f3d4cb1b66d911db)
[INFO] [stdout] 
[INFO] [stdout] running 0 tests
[INFO] [stdout] 
[INFO] [stdout] test result: ok. 0 passed; 0 failed; 0 ignored; 0 measured; 0 filtered out; finished in 0.00s
[INFO] [stdout] 
[INFO] [stdout] 
[INFO] [stdout] running 0 tests
[INFO] [stdout] 
[INFO] [stdout] test result: ok. 0 passed; 0 failed; 0 ignored; 0 measured; 0 filtered out; finished in 0.00s
[INFO] [stdout] 
[INFO] [stderr]      Running tests/tests.rs (/opt/rustwide/target/release/build/sqlformater/2b13ee686d36f1c5/out/tests-2b13ee686d36f1c5)
[INFO] [stdout] 
[INFO] [stdout] running 3 tests
[INFO] [stdout] test test_initialization ... FAILED
[INFO] [stdout] test test_settings_path ... FAILED
[INFO] [stdout] test test_logs_path ... FAILED
[INFO] [stdout] 
[INFO] [stdout] failures:
[INFO] [stdout] 
[INFO] [stdout] ---- test_initialization stdout ----
[INFO] [stdout] 0
[INFO] [stdout] ERROR : Failed when try to create the folder : /opt/rustwide/workdir/sqlformater
[INFO] [stdout] Read-only file system (os error 30)
[INFO] [stdout] 
[INFO] [stdout] thread 'test_initialization' (1550) panicked at tests/tests.rs:26:9:
[INFO] [stdout] assertion failed: fs::exists("sqlformater").unwrap_or(false)
[INFO] [stdout] stack backtrace:
[INFO] [stdout]    0:     0x596a79c2cee1 - <<std[617be2ca0a6fd877]::sys::backtrace::BacktraceLock>::print::DisplayBacktrace as core[a373ad73a504971]::fmt::Display>::fmt
[INFO] [stdout]    1:     0x596a79c4355a - core[a373ad73a504971]::fmt::write
[INFO] [stdout]    2:     0x596a79c3154c - <alloc[2e1b2a31b91974c5]::vec::Vec<u8> as core[a373ad73a504971]::io::write::Write>::write_fmt
[INFO] [stdout]    3:     0x596a79c074e6 - std[617be2ca0a6fd877]::panicking::default_hook::{closure#0}
[INFO] [stdout]    4:     0x596a79c24679 - std[617be2ca0a6fd877]::panicking::default_hook
[INFO] [stdout]    5:     0x596a7978f0d0 - test[aada8e7e76ba119b]::test_main_inner::{closure#0}
[INFO] [stdout]    6:     0x596a79c249a2 - std[617be2ca0a6fd877]::panicking::panic_with_hook
[INFO] [stdout]    7:     0x596a79c075c4 - std[617be2ca0a6fd877]::panicking::panic_handler::{closure#0}
[INFO] [stdout]    8:     0x596a79bffd39 - std[617be2ca0a6fd877]::sys::backtrace::__rust_end_short_backtrace::<std[617be2ca0a6fd877]::panicking::panic_handler::{closure#0}, !>
[INFO] [stdout]    9:     0x596a79c0823d - __rustc[ea4f61d10b84890b]::rust_begin_unwind
[INFO] [stdout]   10:     0x596a79c43c8c - core[a373ad73a504971]::panicking::panic_fmt
[INFO] [stdout]   11:     0x596a79c43c52 - core[a373ad73a504971]::panicking::panic
[INFO] [stdout]   12:     0x596a79782472 - <tests[a562b22f666937d0]::test_initialization::{closure#0} as core[a373ad73a504971]::ops::function::FnOnce<()>>::call_once
[INFO] [stdout]   13:     0x596a7978251b - test[aada8e7e76ba119b]::__rust_begin_short_backtrace::<core[a373ad73a504971]::result::Result<(), alloc[2e1b2a31b91974c5]::string::String>, fn() -> core[a373ad73a504971]::result::Result<(), alloc[2e1b2a31b91974c5]::string::String>>
[INFO] [stdout]   14:     0x596a7978f6f5 - test[aada8e7e76ba119b]::run_test::{closure#0}
[INFO] [stdout]   15:     0x596a79788fe4 - std[617be2ca0a6fd877]::sys::backtrace::__rust_begin_short_backtrace::<test[aada8e7e76ba119b]::run_test::{closure#1}, ()>
[INFO] [stdout]   16:     0x596a79792782 - <std[617be2ca0a6fd877]::thread::lifecycle::spawn_unchecked<test[aada8e7e76ba119b]::run_test::{closure#1}, ()>::{closure#1} as core[a373ad73a504971]::ops::function::FnOnce<()>>::call_once::{shim:vtable#0}
[INFO] [stdout]   17:     0x596a79c2c0bf - <std[617be2ca0a6fd877]::sys::thread::unix::Thread>::new::thread_start
[INFO] [stdout]   18:     0x7b1579fabdfa - <unknown>
[INFO] [stdout]   19:     0x7b157a03f3d4 - clone
[INFO] [stdout]   20:                0x0 - <unknown>
[INFO] [stdout] 
[INFO] [stdout] ---- test_settings_path stdout ----
[INFO] [stdout] 0
[INFO] [stdout] ERROR : Failed when try to create the folder : /opt/rustwide/workdir/sqlformater
[INFO] [stdout] Read-only file system (os error 30)
[INFO] [stdout] 
[INFO] [stdout] thread 'test_settings_path' (1552) panicked at tests/tests.rs:47:9:
[INFO] [stdout] assertion failed: fs::exists("path_to_customized_settings").unwrap_or(false)
[INFO] [stdout] stack backtrace:
[INFO] [stdout]    0:     0x596a79c2cee1 - <<std[617be2ca0a6fd877]::sys::backtrace::BacktraceLock>::print::DisplayBacktrace as core[a373ad73a504971]::fmt::Display>::fmt
[INFO] [stdout]    1:     0x596a79c4355a - core[a373ad73a504971]::fmt::write
[INFO] [stdout]    2:     0x596a79c3154c - <alloc[2e1b2a31b91974c5]::vec::Vec<u8> as core[a373ad73a504971]::io::write::Write>::write_fmt
[INFO] [stdout]    3:     0x596a79c074e6 - std[617be2ca0a6fd877]::panicking::default_hook::{closure#0}
[INFO] [stdout]    4:     0x596a79c24679 - std[617be2ca0a6fd877]::panicking::default_hook
[INFO] [stdout]    5:     0x596a7978f0d0 - test[aada8e7e76ba119b]::test_main_inner::{closure#0}
[INFO] [stdout]    6:     0x596a79c249a2 - std[617be2ca0a6fd877]::panicking::panic_with_hook
[INFO] [stdout]    7:     0x596a79c075c4 - std[617be2ca0a6fd877]::panicking::panic_handler::{closure#0}
[INFO] [stdout]    8:     0x596a79bffd39 - std[617be2ca0a6fd877]::sys::backtrace::__rust_end_short_backtrace::<std[617be2ca0a6fd877]::panicking::panic_handler::{closure#0}, !>
[INFO] [stdout]    9:     0x596a79c0823d - __rustc[ea4f61d10b84890b]::rust_begin_unwind
[INFO] [stdout]   10:     0x596a79c43c8c - core[a373ad73a504971]::panicking::panic_fmt
[INFO] [stdout]   11:     0x596a79c43c52 - core[a373ad73a504971]::panicking::panic
[INFO] [stdout]   12:     0x596a79781ff2 - <tests[a562b22f666937d0]::test_settings_path::{closure#0} as core[a373ad73a504971]::ops::function::FnOnce<()>>::call_once
[INFO] [stdout]   13:     0x596a7978251b - test[aada8e7e76ba119b]::__rust_begin_short_backtrace::<core[a373ad73a504971]::result::Result<(), alloc[2e1b2a31b91974c5]::string::String>, fn() -> core[a373ad73a504971]::result::Result<(), alloc[2e1b2a31b91974c5]::string::String>>
[INFO] [stdout]   14:     0x596a7978f6f5 - test[aada8e7e76ba119b]::run_test::{closure#0}
[INFO] [stdout]   15:     0x596a79788fe4 - std[617be2ca0a6fd877]::sys::backtrace::__rust_begin_short_backtrace::<test[aada8e7e76ba119b]::run_test::{closure#1}, ()>
[INFO] [stdout]   16:     0x596a79792782 - <std[617be2ca0a6fd877]::thread::lifecycle::spawn_unchecked<test[aada8e7e76ba119b]::run_test::{closure#1}, ()>::{closure#1} as core[a373ad73a504971]::ops::function::FnOnce<()>>::call_once::{shim:vtable#0}
[INFO] [stdout]   17:     0x596a79c2c0bf - <std[617be2ca0a6fd877]::sys::thread::unix::Thread>::new::thread_start
[INFO] [stdout]   18:     0x7b1579fabdfa - <unknown>
[INFO] [stdout]   19:     0x7b157a03f3d4 - clone
[INFO] [stdout]   20:                0x0 - <unknown>
[INFO] [stdout] 
[INFO] [stdout] ---- test_logs_path stdout ----
[INFO] [stdout] 0
[INFO] [stdout] ERROR : Failed when try to create the folder : path_to_logs
[INFO] [stdout] Read-only file system (os error 30)
[INFO] [stdout] 
[INFO] [stdout] thread 'test_logs_path' (1551) panicked at tests/tests.rs:37:9:
[INFO] [stdout] assertion failed: fs::exists("path_to_logs").unwrap_or(false)
[INFO] [stdout] stack backtrace:
[INFO] [stdout]    0:     0x596a79c2cee1 - <<std[617be2ca0a6fd877]::sys::backtrace::BacktraceLock>::print::DisplayBacktrace as core[a373ad73a504971]::fmt::Display>::fmt
[INFO] [stdout]    1:     0x596a79c4355a - core[a373ad73a504971]::fmt::write
[INFO] [stdout]    2:     0x596a79c3154c - <alloc[2e1b2a31b91974c5]::vec::Vec<u8> as core[a373ad73a504971]::io::write::Write>::write_fmt
[INFO] [stdout]    3:     0x596a79c074e6 - std[617be2ca0a6fd877]::panicking::default_hook::{closure#0}
[INFO] [stdout]    4:     0x596a79c24679 - std[617be2ca0a6fd877]::panicking::default_hook
[INFO] [stdout]    5:     0x596a7978f0d0 - test[aada8e7e76ba119b]::test_main_inner::{closure#0}
[INFO] [stdout]    6:     0x596a79c249a2 - std[617be2ca0a6fd877]::panicking::panic_with_hook
[INFO] [stdout]    7:     0x596a79c075c4 - std[617be2ca0a6fd877]::panicking::panic_handler::{closure#0}
[INFO] [stdout]    8:     0x596a79bffd39 - std[617be2ca0a6fd877]::sys::backtrace::__rust_end_short_backtrace::<std[617be2ca0a6fd877]::panicking::panic_handler::{closure#0}, !>
[INFO] [stdout]    9:     0x596a79c0823d - __rustc[ea4f61d10b84890b]::rust_begin_unwind
[INFO] [stdout]   10:     0x596a79c43c8c - core[a373ad73a504971]::panicking::panic_fmt
[INFO] [stdout]   11:     0x596a79c43c52 - core[a373ad73a504971]::panicking::panic
[INFO] [stdout]   12:     0x596a79781b98 - <tests[a562b22f666937d0]::test_logs_path::{closure#0} as core[a373ad73a504971]::ops::function::FnOnce<()>>::call_once
[INFO] [stdout]   13:     0x596a7978251b - test[aada8e7e76ba119b]::__rust_begin_short_backtrace::<core[a373ad73a504971]::result::Result<(), alloc[2e1b2a31b91974c5]::string::String>, fn() -> core[a373ad73a504971]::result::Result<(), alloc[2e1b2a31b91974c5]::string::String>>
[INFO] [stdout]   14:     0x596a7978f6f5 - test[aada8e7e76ba119b]::run_test::{closure#0}
[INFO] [stdout]   15:     0x596a79788fe4 - std[617be2ca0a6fd877]::sys::backtrace::__rust_begin_short_backtrace::<test[aada8e7e76ba119b]::run_test::{closure#1}, ()>
[INFO] [stdout]   16:     0x596a79792782 - <std[617be2ca0a6fd877]::thread::lifecycle::spawn_unchecked<test[aada8e7e76ba119b]::run_test::{closure#1}, ()>::{closure#1} as core[a373ad73a504971]::ops::function::FnOnce<()>>::call_once::{shim:vtable#0}
[INFO] [stdout]   17:     0x596a79c2c0bf - <std[617be2ca0a6fd877]::sys::thread::unix::Thread>::new::thread_start
[INFO] [stdout]   18:     0x7b1579fabdfa - <unknown>
[INFO] [stdout]   19:     0x7b157a03f3d4 - clone
[INFO] [stdout]   20:                0x0 - <unknown>
[INFO] [stdout] 
[INFO] [stdout] 
[INFO] [stdout] failures:
[INFO] [stdout]     test_initialization
[INFO] [stdout]     test_logs_path
[INFO] [stdout]     test_settings_path
[INFO] [stdout] 
[INFO] [stdout] test result: FAILED. 0 passed; 3 failed; 0 ignored; 0 measured; 0 filtered out; finished in 0.01s
[INFO] [stdout] 
[INFO] [stderr] error: test failed, to rerun pass `--test tests`
[INFO] running `Command { std: "docker" "inspect" "c484ce15c120d2064aba6a43c91a3b07ec6c9c6bafcd3e5b7daaacefe257892f", kill_on_drop: false }`
[INFO] running `Command { std: "docker" "rm" "-f" "c484ce15c120d2064aba6a43c91a3b07ec6c9c6bafcd3e5b7daaacefe257892f", kill_on_drop: false }`
[INFO] [stdout] c484ce15c120d2064aba6a43c91a3b07ec6c9c6bafcd3e5b7daaacefe257892f
