[INFO] fetching crate sql-orm 0.2.0-rc.2...
[INFO] testing sql-orm-0.2.0-rc.2 against 1.100.0-beta.1+cargoflags=--release for beta-release-1.100-2
[INFO] extracting crate sql-orm 0.2.0-rc.2 into /workspace/builds/worker-4-tc2/source
[INFO] started tweaking crates.io crate sql-orm 0.2.0-rc.2
[INFO] removed 0 missing tests
[INFO] finished tweaking crates.io crate sql-orm 0.2.0-rc.2
[INFO] tweaked toml for crates.io crate sql-orm 0.2.0-rc.2 written to /workspace/builds/worker-4-tc2/source/Cargo.toml
[INFO] validating manifest of crates.io crate sql-orm 0.2.0-rc.2 on toolchain 1.100.0-beta.1
[INFO] running `Command { std: CARGO_HOME="/workspace/cargo-home" RUSTUP_HOME="/workspace/rustup-home" "/workspace/cargo-home/bin/cargo" "+1.100.0-beta.1" "metadata" "--manifest-path" "Cargo.toml" "--no-deps", kill_on_drop: false }`
[INFO] crate crates.io crate sql-orm 0.2.0-rc.2 already has a lockfile, it will not be regenerated
[INFO] running `Command { std: CARGO_HOME="/workspace/cargo-home" RUSTUP_HOME="/workspace/rustup-home" "/workspace/cargo-home/bin/cargo" "+1.100.0-beta.1" "fetch" "--manifest-path" "Cargo.toml", kill_on_drop: false }`
[INFO] [stderr] warning: `package.homepage` is redundant with `package.repository`
[INFO] [stderr]   --> Cargo.toml:67:12
[INFO] [stderr]    |
[INFO] [stderr] 67 | homepage = "https://github.com/Estebanarteaga94/sql-orm"
[INFO] [stderr]    |            ^^^^^^^^^^^^^^^^^^^^^^^^^^^^^^^^^^^^^^^^^^^^^
[INFO] [stderr] ...
[INFO] [stderr] 72 | repository = "https://github.com/Estebanarteaga94/sql-orm"
[INFO] [stderr]    |              ---------------------------------------------
[INFO] [stderr]    |
[INFO] [stderr]    = note: `cargo::redundant_homepage` is set to `warn` by default
[INFO] [stderr] help: consider removing `package.homepage`
[INFO] [stderr] warning: `sql-orm` (manifest) generated 1 warning
[INFO] running `Command { std: "docker" "create" "-v" "/var/lib/crater-agent-workspace/builds/worker-4-tc2/source:/opt/rustwide/workdir:ro,Z" "-v" "/var/lib/crater-agent-workspace/builds/worker-4-tc2/target:/opt/rustwide/target:rw,Z" "-v" "/var/lib/crater-agent-workspace/cargo-home:/opt/rustwide/cargo-home:ro,Z" "-v" "/var/lib/crater-agent-workspace/rustup-home:/opt/rustwide/rustup-home:ro,Z" "-m" "1610612736" "--network" "none" "ghcr.io/rust-lang/crates-build-env/linux@sha256:77db811e55d90add9212f6832c23229e3de5f1c1f9905e8cb07319ea15df73ac" "sleep" "infinity", kill_on_drop: false }`
[INFO] [stdout] 26acd2953ca5b46179aa615bf1508d9f3877129f1368f045da23d0ee11cdfed2
[INFO] running `Command { std: "docker" "start" "26acd2953ca5b46179aa615bf1508d9f3877129f1368f045da23d0ee11cdfed2", kill_on_drop: false }`
[INFO] running `Command { std: "docker" "inspect" "26acd2953ca5b46179aa615bf1508d9f3877129f1368f045da23d0ee11cdfed2", kill_on_drop: false }`
[INFO] running `Command { std: "docker" "exec" "-e" "SOURCE_DIR=/opt/rustwide/workdir" "-e" "CARGO_HOME=/opt/rustwide/cargo-home" "-e" "RUSTUP_HOME=/opt/rustwide/rustup-home" "-e" "CARGO_TARGET_DIR=/opt/rustwide/target" "-w" "/opt/rustwide/workdir" "--user" "0:0" "26acd2953ca5b46179aa615bf1508d9f3877129f1368f045da23d0ee11cdfed2" "/opt/rustwide/cargo-home/bin/cargo" "+1.100.0-beta.1" "metadata" "--no-deps" "--format-version=1", kill_on_drop: false }`
[INFO] running `Command { std: "docker" "inspect" "26acd2953ca5b46179aa615bf1508d9f3877129f1368f045da23d0ee11cdfed2", kill_on_drop: false }`
[INFO] running `Command { std: "docker" "exec" "-e" "SOURCE_DIR=/opt/rustwide/workdir" "-e" "CARGO_HOME=/opt/rustwide/cargo-home" "-e" "RUSTUP_HOME=/opt/rustwide/rustup-home" "-e" "CARGO_TARGET_DIR=/opt/rustwide/target" "-e" "CARGO_INCREMENTAL=0" "-e" "RUST_BACKTRACE=full" "-e" "RUSTFLAGS=--cap-lints=warn" "-e" "RUSTDOCFLAGS=--cap-lints=warn" "-w" "/opt/rustwide/workdir" "--user" "0:0" "26acd2953ca5b46179aa615bf1508d9f3877129f1368f045da23d0ee11cdfed2" "/opt/rustwide/cargo-home/bin/cargo" "+1.100.0-beta.1" "build" "--frozen" "--message-format=json" "--release", kill_on_drop: false }`
[INFO] [stderr] warning: `package.homepage` is redundant with `package.repository`
[INFO] [stderr]   --> Cargo.toml:67:12
[INFO] [stderr]    |
[INFO] [stderr] 67 | homepage = "https://github.com/Estebanarteaga94/sql-orm"
[INFO] [stderr]    |            ^^^^^^^^^^^^^^^^^^^^^^^^^^^^^^^^^^^^^^^^^^^^^
[INFO] [stderr] ...
[INFO] [stderr] 72 | repository = "https://github.com/Estebanarteaga94/sql-orm"
[INFO] [stderr]    |              ---------------------------------------------
[INFO] [stderr]    |
[INFO] [stderr]    = note: `cargo::redundant_homepage` is set to `warn` by default
[INFO] [stderr] help: consider removing `package.homepage`
[INFO] [stderr] warning: `sql-orm` (manifest) generated 1 warning
[INFO] [stderr]    Compiling rust_decimal v1.41.0
[INFO] [stderr]    Compiling openssl-sys v0.9.114
[INFO] [stderr]    Compiling arrayvec v0.7.6
[INFO] [stderr]    Compiling uuid v1.23.1
[INFO] [stderr]    Compiling chrono v0.4.44
[INFO] [stderr]    Compiling futures-util v0.3.32
[INFO] [stderr]    Compiling thiserror-impl v1.0.69
[INFO] [stderr]    Compiling tokio v1.52.1
[INFO] [stderr]    Compiling serde_json v1.0.149
[INFO] [stderr]    Compiling enumflags2 v0.7.12
[INFO] [stderr]    Compiling tracing v0.1.44
[INFO] [stderr]    Compiling connection-string v0.2.0
[INFO] [stderr]    Compiling pretty-hex v0.3.0
[INFO] [stderr]    Compiling sql-orm-macros v0.2.0-rc.2
[INFO] [stderr]    Compiling icu_normalizer v2.2.0
[INFO] [stderr]    Compiling icu_properties v2.2.0
[INFO] [stderr]    Compiling openssl v0.10.78
[INFO] [stderr]    Compiling native-tls v0.2.18
[INFO] [stderr]    Compiling thiserror v1.0.69
[INFO] [stderr]    Compiling idna_adapter v1.2.2
[INFO] [stderr]    Compiling idna v1.1.0
[INFO] [stderr]    Compiling url v2.5.8
[INFO] [stderr]    Compiling sql-orm-core v0.2.0-rc.2
[INFO] [stderr]    Compiling sql-orm-query v0.2.0-rc.2
[INFO] [stderr]    Compiling tokio-util v0.7.18
[INFO] [stderr]    Compiling sql-orm-migrate v0.2.0-rc.2
[INFO] [stderr]    Compiling sql-orm-sqlserver v0.2.0-rc.2
[INFO] [stderr]    Compiling asynchronous-codec v0.6.2
[INFO] [stderr]    Compiling async-native-tls v0.4.0
[INFO] [stderr]    Compiling tiberius v0.12.3
[INFO] [stderr]    Compiling sql-orm-tiberius v0.2.0-rc.2
[INFO] [stderr]    Compiling sql-orm v0.2.0-rc.2 (/opt/rustwide/workdir)
[INFO] [stdout] warning: use of deprecated method `std::sync::atomic::Atomic::<usize>::fetch_update`: renamed to `try_update` for consistency
[INFO] [stdout]    --> src/context.rs:569:48
[INFO] [stdout]     |
[INFO] [stdout] 569 |         let _ = self.runtime.transaction_depth.fetch_update(
[INFO] [stdout]     |                                                ^^^^^^^^^^^^
[INFO] [stdout]     |
[INFO] [stdout]     = note: `#[warn(deprecated)]` on by default
[INFO] [stdout] help: replace the use of the deprecated method
[INFO] [stdout]     |
[INFO] [stdout] 569 -         let _ = self.runtime.transaction_depth.fetch_update(
[INFO] [stdout] 569 +         let _ = self.runtime.transaction_depth.try_update(
[INFO] [stdout]     |
[INFO] [stdout] 
[INFO] [stdout] 
[INFO] [stderr]     Finished `release` profile [optimized] target(s) in 18.66s
[INFO] running `Command { std: "docker" "inspect" "26acd2953ca5b46179aa615bf1508d9f3877129f1368f045da23d0ee11cdfed2", kill_on_drop: false }`
[INFO] running `Command { std: "docker" "exec" "-e" "SOURCE_DIR=/opt/rustwide/workdir" "-e" "CARGO_HOME=/opt/rustwide/cargo-home" "-e" "RUSTUP_HOME=/opt/rustwide/rustup-home" "-e" "CARGO_TARGET_DIR=/opt/rustwide/target" "-e" "CARGO_INCREMENTAL=0" "-e" "RUST_BACKTRACE=full" "-e" "RUSTFLAGS=--cap-lints=warn" "-e" "RUSTDOCFLAGS=--cap-lints=warn" "-w" "/opt/rustwide/workdir" "--user" "0:0" "26acd2953ca5b46179aa615bf1508d9f3877129f1368f045da23d0ee11cdfed2" "/opt/rustwide/cargo-home/bin/cargo" "+1.100.0-beta.1" "test" "--frozen" "--no-run" "--message-format=json" "--release", kill_on_drop: false }`
[INFO] [stderr] warning: `package.homepage` is redundant with `package.repository`
[INFO] [stderr]   --> Cargo.toml:67:12
[INFO] [stderr]    |
[INFO] [stderr] 67 | homepage = "https://github.com/Estebanarteaga94/sql-orm"
[INFO] [stderr]    |            ^^^^^^^^^^^^^^^^^^^^^^^^^^^^^^^^^^^^^^^^^^^^^
[INFO] [stderr] ...
[INFO] [stderr] 72 | repository = "https://github.com/Estebanarteaga94/sql-orm"
[INFO] [stderr]    |              ---------------------------------------------
[INFO] [stderr]    |
[INFO] [stderr]    = note: `cargo::redundant_homepage` is set to `warn` by default
[INFO] [stderr] help: consider removing `package.homepage`
[INFO] [stderr] warning: `sql-orm` (manifest) generated 1 warning
[INFO] [stderr]    Compiling serde v1.0.228
[INFO] [stderr]    Compiling serde_json v1.0.149
[INFO] [stderr]    Compiling openssl v0.10.78
[INFO] [stderr]    Compiling tokio v1.52.1
[INFO] [stderr]    Compiling winnow v1.0.2
[INFO] [stderr]    Compiling console v0.16.3
[INFO] [stderr]    Compiling similar v2.7.0
[INFO] [stderr]    Compiling tempfile v3.27.0
[INFO] [stderr]    Compiling toml_parser v1.1.2+spec-1.1.0
[INFO] [stderr]    Compiling rust_decimal v1.41.0
[INFO] [stderr]    Compiling insta v1.47.2
[INFO] [stderr]    Compiling toml v1.1.2+spec-1.1.0
[INFO] [stderr]    Compiling sql-orm-core v0.2.0-rc.2
[INFO] [stderr]    Compiling sql-orm-query v0.2.0-rc.2
[INFO] [stderr]    Compiling sql-orm-migrate v0.2.0-rc.2
[INFO] [stderr]    Compiling trybuild v1.0.116
[INFO] [stderr]    Compiling sql-orm-sqlserver v0.2.0-rc.2
[INFO] [stderr]    Compiling native-tls v0.2.18
[INFO] [stderr]    Compiling async-native-tls v0.4.0
[INFO] [stderr]    Compiling tokio-util v0.7.18
[INFO] [stderr]    Compiling tiberius v0.12.3
[INFO] [stderr]    Compiling sql-orm-tiberius v0.2.0-rc.2
[INFO] [stderr]    Compiling sql-orm v0.2.0-rc.2 (/opt/rustwide/workdir)
[INFO] [stdout] warning: use of deprecated method `std::sync::atomic::Atomic::<usize>::fetch_update`: renamed to `try_update` for consistency
[INFO] [stdout]    --> src/context.rs:569:48
[INFO] [stdout]     |
[INFO] [stdout] 569 |         let _ = self.runtime.transaction_depth.fetch_update(
[INFO] [stdout]     |                                                ^^^^^^^^^^^^
[INFO] [stdout]     |
[INFO] [stdout]     = note: `#[warn(deprecated)]` on by default
[INFO] [stdout] help: replace the use of the deprecated method
[INFO] [stdout]     |
[INFO] [stdout] 569 -         let _ = self.runtime.transaction_depth.fetch_update(
[INFO] [stdout] 569 +         let _ = self.runtime.transaction_depth.try_update(
[INFO] [stdout]     |
[INFO] [stdout] 
[INFO] [stdout] 
[INFO] [stdout] warning: use of deprecated method `std::sync::atomic::Atomic::<usize>::fetch_update`: renamed to `try_update` for consistency
[INFO] [stdout]    --> src/context.rs:569:48
[INFO] [stdout]     |
[INFO] [stdout] 569 |         let _ = self.runtime.transaction_depth.fetch_update(
[INFO] [stdout]     |                                                ^^^^^^^^^^^^
[INFO] [stdout]     |
[INFO] [stdout]     = note: `#[warn(deprecated)]` on by default
[INFO] [stdout] help: replace the use of the deprecated method
[INFO] [stdout]     |
[INFO] [stdout] 569 -         let _ = self.runtime.transaction_depth.fetch_update(
[INFO] [stdout] 569 +         let _ = self.runtime.transaction_depth.try_update(
[INFO] [stdout]     |
[INFO] [stdout] 
[INFO] [stdout] 
[INFO] [stdout] warning: use of deprecated method `std::sync::atomic::Atomic::<usize>::fetch_update`: renamed to `try_update` for consistency
[INFO] [stdout]     --> src/context.rs:3387:43
[INFO] [stdout]      |
[INFO] [stdout] 3387 |         let _ = runtime.transaction_depth.fetch_update(
[INFO] [stdout]      |                                           ^^^^^^^^^^^^
[INFO] [stdout]      |
[INFO] [stdout] help: replace the use of the deprecated method
[INFO] [stdout]      |
[INFO] [stdout] 3387 -         let _ = runtime.transaction_depth.fetch_update(
[INFO] [stdout] 3387 +         let _ = runtime.transaction_depth.try_update(
[INFO] [stdout]      |
[INFO] [stdout] 
[INFO] [stdout] 
[INFO] [stderr]     Finished `release` profile [optimized] target(s) in 32.83s
[INFO] running `Command { std: "docker" "inspect" "26acd2953ca5b46179aa615bf1508d9f3877129f1368f045da23d0ee11cdfed2", kill_on_drop: false }`
[INFO] running `Command { std: "docker" "exec" "-e" "SOURCE_DIR=/opt/rustwide/workdir" "-e" "CARGO_HOME=/opt/rustwide/cargo-home" "-e" "RUSTUP_HOME=/opt/rustwide/rustup-home" "-e" "CARGO_TARGET_DIR=/opt/rustwide/target" "-e" "CARGO_INCREMENTAL=0" "-e" "RUST_BACKTRACE=full" "-e" "RUSTFLAGS=--cap-lints=warn" "-e" "RUSTDOCFLAGS=--cap-lints=warn" "-w" "/opt/rustwide/workdir" "--user" "0:0" "26acd2953ca5b46179aa615bf1508d9f3877129f1368f045da23d0ee11cdfed2" "/opt/rustwide/cargo-home/bin/cargo" "+1.100.0-beta.1" "test" "--frozen" "--release", kill_on_drop: false }`
[INFO] [stderr] warning: `package.homepage` is redundant with `package.repository`
[INFO] [stderr]   --> Cargo.toml:67:12
[INFO] [stderr]    |
[INFO] [stderr] 67 | homepage = "https://github.com/Estebanarteaga94/sql-orm"
[INFO] [stderr]    |            ^^^^^^^^^^^^^^^^^^^^^^^^^^^^^^^^^^^^^^^^^^^^^
[INFO] [stderr] ...
[INFO] [stderr] 72 | repository = "https://github.com/Estebanarteaga94/sql-orm"
[INFO] [stderr]    |              ---------------------------------------------
[INFO] [stderr]    |
[INFO] [stderr]    = note: `cargo::redundant_homepage` is set to `warn` by default
[INFO] [stderr] help: consider removing `package.homepage`
[INFO] [stderr] warning: `sql-orm` (manifest) generated 1 warning
[INFO] [stderr] warning: use of deprecated method `std::sync::atomic::Atomic::<usize>::fetch_update`: renamed to `try_update` for consistency
[INFO] [stderr]    --> src/context.rs:569:48
[INFO] [stderr]     |
[INFO] [stderr] 569 |         let _ = self.runtime.transaction_depth.fetch_update(
[INFO] [stderr]     |                                                ^^^^^^^^^^^^
[INFO] [stderr]     |
[INFO] [stderr]     = note: `#[warn(deprecated)]` on by default
[INFO] [stderr] help: replace the use of the deprecated method
[INFO] [stderr]     |
[INFO] [stderr] 569 -         let _ = self.runtime.transaction_depth.fetch_update(
[INFO] [stderr] 569 +         let _ = self.runtime.transaction_depth.try_update(
[INFO] [stderr]     |
[INFO] [stderr] 
[INFO] [stderr] warning: use of deprecated method `std::sync::atomic::Atomic::<usize>::fetch_update`: renamed to `try_update` for consistency
[INFO] [stderr]     --> src/context.rs:3387:43
[INFO] [stderr]      |
[INFO] [stderr] 3387 |         let _ = runtime.transaction_depth.fetch_update(
[INFO] [stderr]      |                                           ^^^^^^^^^^^^
[INFO] [stderr]      |
[INFO] [stderr] help: replace the use of the deprecated method
[INFO] [stderr]      |
[INFO] [stderr] 3387 -         let _ = runtime.transaction_depth.fetch_update(
[INFO] [stderr] 3387 +         let _ = runtime.transaction_depth.try_update(
[INFO] [stderr]      |
[INFO] [stderr] 
[INFO] [stderr] warning: `sql-orm` (lib) generated 1 warning (run `cargo fix --lib -p sql-orm` to apply 1 suggestion)
[INFO] [stderr] warning: `sql-orm` (lib test) generated 2 warnings (1 duplicate) (run `cargo fix --lib -p sql-orm --tests` to apply 1 suggestion)
[INFO] [stderr]     Finished `release` profile [optimized] target(s) in 0.27s
[INFO] [stderr]      Running unittests src/lib.rs (/opt/rustwide/target/release/build/sql-orm/3977267c0023f0d0/out/sql_orm-3977267c0023f0d0)
[INFO] [stdout] 
[INFO] [stdout] running 294 tests
[INFO] [stdout] test active_record::tests::tracked_delete_added_cancels_local_insert_without_active_record ... ok
[INFO] [stdout] test active_record::tests::active_record_query_delegates_to_typed_dbset ... ok
[INFO] [stdout] test active_record::tests::tracked_save_deleted_returns_stable_error_before_active_record ... ok
[INFO] [stdout] test active_record::tests::active_record_trait_is_available_for_entities ... ok
[INFO] [stdout] test active_record::tests::tracked_save_unchanged_is_noop_without_dereferencing_to_active_record ... ok
[INFO] [stdout] test audit_runtime::tests::apply_audit_values_rejects_duplicate_insert_columns ... ok
[INFO] [stdout] test active_record::tests::tracked_save_unchanged_registered_entry_remains_tracked ... ok
[INFO] [stdout] test audit_runtime::tests::apply_audit_values_completes_only_missing_updatable_audit_columns ... ok
[INFO] [stdout] test audit_runtime::tests::apply_audit_values_rejects_non_insertable_audit_column ... ok
[INFO] [stdout] test audit_runtime::tests::apply_audit_values_rejects_non_updatable_audit_column ... ok
[INFO] [stdout] test audit_runtime::tests::apply_audit_values_completes_only_missing_insertable_audit_columns ... ok
[INFO] [stdout] test audit_runtime::tests::apply_audit_values_rejects_null_for_non_nullable_audit_column ... ok
[INFO] [stdout] test active_record::tests::tracked_delete_deleted_entry_is_idempotent_without_active_record ... ok
[INFO] [stdout] test active_record::tests::tracked_save_deleted_registered_entry_keeps_pending_delete_after_error ... ok
[INFO] [stdout] test audit_runtime::tests::resolve_audit_values_uses_request_values_without_provider ... ok
[INFO] [stdout] test active_record::tests::active_record_delete_reuses_dbset_error_contract ... ok
[INFO] [stdout] test audit_runtime::tests::resolve_audit_values_rejects_duplicate_request_columns ... ok
[INFO] [stdout] test audit_runtime::tests::resolve_audit_values_preserves_user_values_before_request_and_provider_values ... ok
[INFO] [stdout] test audit_runtime::tests::resolve_audit_values_rejects_duplicate_user_columns ... ok
[INFO] [stdout] test audit_runtime::tests::resolve_audit_values_rejects_duplicate_provider_columns ... ok
[INFO] [stdout] test context::tests::active_transaction_scope_only_allows_matching_transaction_handle ... ok
[INFO] [stdout] test active_record::tests::active_record_save_reuses_dbset_error_contract ... ok
[INFO] [stdout] test context::tests::active_transaction_scope_rejection_is_transaction_error ... ok
[INFO] [stdout] test context::tests::dbset_add_tracked_registers_added_entity_in_registry ... ok
[INFO] [stdout] test context::tests::dbset_debug_includes_entity_name ... ok
[INFO] [stdout] test context::tests::dbset_delete_builds_delete_query_for_entity_and_primary_key ... ok
[INFO] [stdout] test context::tests::dbset_delete_compiled_query_appends_rowversion_for_soft_delete_entities ... ok
[INFO] [stdout] test context::tests::dbset_delete_compiled_query_uses_physical_delete_for_plain_entities ... ok
[INFO] [stdout] test context::tests::dbset_delete_compiled_query_uses_update_for_soft_delete_entities ... ok
[INFO] [stdout] test context::tests::dbset_delete_appends_tenant_filter_for_tenant_scoped_entities ... ok
[INFO] [stdout] test context::tests::dbset_delete_compiled_query_rejects_soft_delete_without_runtime_values ... ok
[INFO] [stdout] test context::tests::dbset_delete_rejects_composite_primary_keys ... ok
[INFO] [stdout] test context::tests::dbset_exposes_entity_metadata ... ok
[INFO] [stdout] test context::tests::dbset_find_rejects_composite_primary_keys ... ok
[INFO] [stdout] test context::tests::dbset_detach_tracked_discards_pending_modified_entry ... ok
[INFO] [stdout] test context::tests::dbset_find_builds_select_query_for_single_primary_key ... ok
[INFO] [stdout] test context::tests::dbset_insert_accepts_matching_explicit_tenant_value ... ok
[INFO] [stdout] test context::tests::dbset_find_tracked_reuses_find_connection_path ... ok
[INFO] [stdout] test active_record::tests::active_record_find_reuses_dbset_error_contract ... ok
[INFO] [stdout] test context::tests::dbset_insert_builds_insert_query_for_entity ... ok
[INFO] [stdout] test context::tests::dbcontext_entity_set_trait_returns_typed_dbset ... ok
[INFO] [stdout] test context::tests::dbset_insert_appends_active_tenant_for_tenant_scoped_entities ... ok
[INFO] [stdout] test context::tests::dbset_insert_applies_audit_request_values_before_provider_values ... ok
[INFO] [stdout] test context::tests::dbset_delete_query_sql_value_appends_rowversion_predicate_when_present ... ok
[INFO] [stdout] test context::tests::dbset_find_tracked_rejects_composite_primary_keys_with_stable_error ... ok
[INFO] [stdout] test context::tests::clear_tracker_discards_modified_entries_before_save_phase_validation ... ok
[INFO] [stdout] test context::tests::dbcontext_clear_tracker_removes_entries_without_resetting_wrappers ... ok
[INFO] [stdout] test context::tests::clear_tracker_discards_added_and_deleted_entries_before_save_phase_validation ... ok
[INFO] [stdout] test context::tests::dbset_delete_query_sql_value_builds_delete_query_for_entity_and_primary_key ... ok
[INFO] [stdout] test context::tests::dbset_insert_rejects_mismatched_explicit_tenant_value ... ok
[INFO] [stdout] test context::tests::dbset_insert_fails_closed_without_active_tenant_for_tenant_scoped_entities ... ok
[INFO] [stdout] test context::tests::dbset_internal_query_visibility_bypasses_soft_delete_filter ... ok
[INFO] [stdout] test context::tests::dbset_query_uses_entity_select_query_by_default ... ok
[INFO] [stdout] test context::tests::dbset_query_with_accepts_custom_select_query ... ok
[INFO] [stdout] test context::tests::dbset_remove_tracked_is_idempotent_after_added_entry_was_cancelled ... ok
[INFO] [stdout] test context::tests::dbset_remove_tracked_cancels_pending_added_entity ... ok
[INFO] [stdout] test context::tests::dbset_remove_tracked_marks_loaded_entity_as_deleted ... ok
[INFO] [stdout] test context::tests::dbset_remove_tracked_marks_modified_entity_as_deleted_without_detaching ... ok
[INFO] [stdout] test context::tests::dbset_require_connection_reports_execution_error ... ok
[INFO] [stdout] test context::tests::dbset_update_appends_rowversion_predicate_when_changeset_has_token ... ok
[INFO] [stdout] test context::tests::dbset_update_appends_tenant_filter_before_rowversion_for_tenant_scoped_entities ... ok
[INFO] [stdout] test context::tests::dbset_soft_delete_appends_tenant_filter_for_tenant_scoped_entities ... ok
[INFO] [stdout] test context::tests::dbset_update_applies_audit_provider_values_before_compiling_update ... ok
[INFO] [stdout] test context::tests::dbset_update_fails_closed_without_active_tenant_for_tenant_scoped_entities ... ok
[INFO] [stdout] test context::tests::dbset_update_rejects_composite_primary_keys ... ok
[INFO] [stdout] test context::tests::dbset_update_builds_update_query_for_entity_and_primary_key ... ok
[INFO] [stdout] test context::tests::detach_tracked_added_entry_prevents_later_insert_without_resetting_state ... ok
[INFO] [stdout] test context::tests::direct_shared_connections_support_transactions ... ok
[INFO] [stdout] test context::tests::detach_tracked_deleted_entry_prevents_later_delete_without_resetting_state ... ok
[INFO] [stdout] test context::tests::dropped_modified_entry_without_persisted_changes_accepts_registry_snapshot ... ok
[INFO] [stdout] test context::tests::dropping_clone_of_added_entry_does_not_cancel_original_pending_insert ... ok
[INFO] [stdout] test context::tests::dropping_added_entry_keeps_pending_insert_for_registry_owned_entry ... ok
[INFO] [stdout] test context::tests::dropping_clone_of_deleted_entry_does_not_cancel_original_pending_delete ... ok
[INFO] [stdout] test context::tests::dropping_clone_of_modified_entry_does_not_cancel_original_pending_update ... ok
[INFO] [stdout] test context::tests::dropping_deleted_entry_keeps_pending_delete_for_registry_owned_entry ... ok
[INFO] [stdout] test context::tests::dropping_modified_entry_keeps_pending_update_for_registry_owned_entry ... ok
[INFO] [stdout] test context::tests::explicit_collection_loading_builds_related_entity_query ... ok
[INFO] [stdout] test context::tests::explicit_collection_loading_rejects_unknown_navigation ... ok
[INFO] [stdout] test context::tests::explicit_collection_loading_tracked_assignment_does_not_mark_modified ... ok
[INFO] [stdout] test context::tests::into_current_on_added_entry_keeps_pending_insert_for_registry_owned_entry ... ok
[INFO] [stdout] test context::tests::into_current_on_deleted_entry_keeps_pending_delete_for_registry_owned_entry ... ok
[INFO] [stdout] test context::tests::into_current_on_modified_entry_keeps_pending_update_for_registry_owned_entry ... ok
[INFO] [stdout] test context::tests::mark_unchanged_on_added_entry_discards_pending_insert_before_validation ... ok
[INFO] [stdout] test context::tests::mark_unchanged_on_modified_entry_discards_pending_update_before_validation ... ok
[INFO] [stdout] test context::tests::save_changes_modified_route_preserves_tenant_and_rowversion_predicates ... ok
[INFO] [stdout] test context::tests::mark_modified_on_deleted_entry_keeps_pending_delete_without_update ... ok
[INFO] [stdout] test context::tests::save_changes_modified_route_preserves_audit_request_values_before_provider_values ... ok
[INFO] [stdout] test context::tests::mark_unchanged_on_deleted_entry_discards_pending_delete_before_validation ... ok
[INFO] [stdout] test context::tests::save_changes_added_route_preserves_audit_request_values_before_provider_values ... ok
[INFO] [stdout] test context::tests::save_changes_deleted_route_preserves_soft_delete_request_tenant_and_rowversion ... ok
[INFO] [stdout] test context::tests::save_tracked_added_returns_zero_without_pending_added_entries ... ok
[INFO] [stdout] test context::tests::save_tracked_added_rejects_composite_primary_keys_before_sql ... ok
[INFO] [stdout] test context::tests::save_tracked_deleted_rejects_composite_primary_keys_before_sql ... ok
[INFO] [stdout] test context::tests::save_tracked_modified_rejects_composite_primary_keys_before_sql ... ok
[INFO] [stdout] test context::tests::save_tracked_deleted_returns_zero_after_added_entry_was_cancelled ... ok
[INFO] [stdout] test context::tests::save_tracked_modified_returns_zero_without_pending_modified_entries ... ok
[INFO] [stdout] test context::tests::save_tracked_modified_skips_update_when_persisted_snapshot_is_unchanged ... ok
[INFO] [stdout] test context::tests::tracked_navigation_assignment_does_not_register_related_graph ... ok
[INFO] [stdout] test context::tests::soft_delete_security_guardrail_keeps_schema_and_delete_paths_logical ... ok
[INFO] [stdout] test context::tests::tenant_security_guardrail_keeps_write_sql_tenant_scoped ... ok
[INFO] [stdout] test context::tests::tracked_navigation_values_reuse_identity_map_snapshots_when_available ... ok
[INFO] [stdout] test context::tests::tracked_single_navigation_assignment_does_not_register_related_graph ... ok
[INFO] [stdout] test context::tests::transaction_depth_detects_active_transaction ... ok
[INFO] [stdout] test context::tests::transaction_depth_is_shared_across_runtime_clones ... ok
[INFO] [stdout] test context::tests::transaction_scope_lifecycle_sets_and_clears_runtime_scope ... ok
[INFO] [stdout] test dbset_query::tests::count_row_rejects_non_integer_results ... ok
[INFO] [stdout] test dbset_query::tests::dbset_query_accepts_replacement_select_query ... ok
[INFO] [stdout] test dbset_query::tests::dbset_query_all_as_reuses_projection_compilation_before_connection ... ok
[INFO] [stdout] test dbset_query::tests::dbset_query_exposes_entity_targeted_join_helpers ... ok
[INFO] [stdout] test dbset_query::tests::dbset_query_filter_builds_on_internal_select_query ... ok
[INFO] [stdout] test dbset_query::tests::dbset_query_fails_closed_without_active_tenant_for_tenant_scoped_entities ... ok
[INFO] [stdout] test dbset_query::tests::dbset_query_include_fails_closed_for_included_tenant_without_active_tenant ... ok
[INFO] [stdout] test dbset_query::tests::dbset_query_include_projects_root_and_prefixed_related_columns ... ok
[INFO] [stdout] test dbset_query::tests::dbset_query_include_rejects_collection_navigation ... ok
[INFO] [stdout] test dbset_query::tests::dbset_query_include_many_rejects_pagination_for_join_grouping ... ok
[INFO] [stdout] test dbset_query::tests::count_row_accepts_i32_and_i64_results ... ok
[INFO] [stdout] test dbset_query::tests::dbset_query_include_applies_included_soft_delete_filter_to_join_on ... ok
[INFO] [stdout] test dbset_query::tests::dbset_query_include_applies_included_tenant_filter_to_join_on ... ok
[INFO] [stdout] test dbset_query::tests::dbset_query_first_as_rejects_unaliased_expression_projection ... ok
[INFO] [stdout] test dbset_query::tests::dbset_query_include_many_projects_root_and_prefixed_related_columns ... ok
[INFO] [stdout] test dbset_query::tests::dbset_query_include_many_rejects_non_collection_navigation ... ok
[INFO] [stdout] test dbset_query::tests::dbset_query_include_many_split_query_reports_explicit_error ... ok
[INFO] [stdout] test dbset_query::tests::dbset_query_include_supports_chained_filter_order_and_pagination ... ok
[INFO] [stdout] test dbset_query::tests::dbset_query_join_builds_on_internal_select_query ... ok
[INFO] [stdout] test dbset_query::tests::dbset_query_limit_builds_zero_offset_pagination ... ok
[INFO] [stdout] test dbset_query::tests::dbset_query_only_deleted_filters_nullable_indicator ... ok
[INFO] [stdout] test dbset_query::tests::dbset_query_applies_active_only_visibility_for_nullable_indicator ... ok
[INFO] [stdout] test dbset_query::tests::dbset_query_order_by_builds_on_internal_select_query ... ok
[INFO] [stdout] test dbset_query::tests::dbset_query_applies_active_tenant_filter_for_tenant_scoped_entities ... ok
[INFO] [stdout] test dbset_query::tests::dbset_query_rejects_unknown_navigation_join ... ok
[INFO] [stdout] test dbset_query::tests::dbset_query_rejects_mismatched_active_tenant_column ... ok
[INFO] [stdout] test dbset_query::tests::dbset_query_starts_from_entity_select_query ... ok
[INFO] [stdout] test dbset_query::tests::dbset_query_rejects_incompatible_active_tenant_value ... ok
[INFO] [stdout] test dbset_query::tests::dbset_query_rejects_navigation_join_target_mismatch ... ok
[INFO] [stdout] test dbset_query::tests::dbset_query_infers_aliased_navigation_join_from_metadata ... ok
[INFO] [stdout] test dbset_query::tests::dbset_query_uses_bool_indicator_when_soft_delete_column_is_bit ... ok
[INFO] [stdout] test dbset_query::tests::dbset_query_take_is_alias_for_limit ... ok
[INFO] [stdout] test dbset_query::tests::dbset_query_supports_chaining_filter_and_order_by ... ok
[INFO] [stdout] test dbset_query::tests::debug_mentions_entity_type ... ok
[INFO] [stdout] test dbset_query::tests::grouped_query_builds_aggregate_ast_with_projection_having_order_and_pagination ... ok
[INFO] [stdout] test dbset_query::tests::exists_query_preserves_joins_and_effective_filters ... ok
[INFO] [stdout] test dbset_query::tests::dbset_query_infers_navigation_join_from_metadata ... ok
[INFO] [stdout] test dbset_query::tests::dbset_query_with_deleted_removes_soft_delete_filter ... ok
[INFO] [stdout] test dbset_query::tests::dbset_query_select_builds_projection_with_aliases ... ok
[INFO] [stdout] test dbset_query::tests::grouped_query_does_not_infer_hidden_join_from_aliased_group_key ... ok
[INFO] [stdout] test dbset_query::tests::grouped_query_preserves_root_tenant_and_soft_delete_filters ... ok
[INFO] [stdout] test dbset_query::tests::grouped_query_try_select_aggregate_rejects_alias_ambiguity_early ... ok
[INFO] [stdout] test dbset_query::tests::grouped_query_rejects_empty_group_by_early ... ok
[INFO] [stdout] test dbset_query::tests::include_many_join_row_limit_reports_clear_error ... ok
[INFO] [stdout] test dbset_query::tests::grouped_query_preserves_explicit_navigation_alias_join ... ok
[INFO] [stdout] test dbset_query::tests::include_many_join_row_limit_allows_explicit_unbounded_join ... ok
[INFO] [stdout] test dbset_query::tests::include_navigation_identity_map_helper_reuses_tracked_snapshot_without_registering ... ok
[INFO] [stdout] test dbset_query::tests::scalar_aggregate_query_preserves_explicit_join_and_aliased_column ... ok
[INFO] [stdout] test dbset_query::tests::exists_row_materializes_bool_result ... ok
[INFO] [stdout] test dbset_query::tests::scalar_aggregate_row_validates_supported_return_types_strictly ... ok
[INFO] [stdout] test dbset_query::tests::scalar_aggregate_query_preserves_soft_delete_filter_and_ignores_pagination ... ok
[INFO] [stdout] test dbset_query::tests::dbset_query_paginate_uses_page_request_contract ... ok
[INFO] [stdout] test dbset_query::tests::grouped_query_debug_mentions_entity_type ... ok
[INFO] [stdout] test predicate_composition::tests::and_flattens_existing_and_groups ... ok
[INFO] [stdout] test page_request::tests::page_request_converts_to_pagination ... ok
[INFO] [stdout] test query_alias::tests::entity_column_can_be_bound_to_table_alias ... ok
[INFO] [stdout] test query_order::tests::aliased_columns_build_order_by_against_table_alias ... ok
[INFO] [stdout] test query_predicates::tests::aliased_columns_build_predicates_against_table_alias ... ok
[INFO] [stdout] test query_order::tests::ordering_methods_build_expected_order_by_values ... ok
[INFO] [stdout] test predicate_composition::tests::not_wraps_predicate_in_negation ... ok
[INFO] [stdout] test query_predicates::tests::null_predicate_methods_build_expected_predicates ... ok
[INFO] [stdout] test query_predicates::tests::comparison_methods_build_expected_predicates ... ok
[INFO] [stdout] test raw_sql::tests::allows_repeated_placeholder_to_reuse_one_param ... ok
[INFO] [stdout] test raw_sql::tests::compiled_raw_query_appends_recompile_hint_after_parameters ... ok
[INFO] [stdout] test raw_sql::tests::compiled_raw_query_deduplicates_repeated_query_hints ... ok
[INFO] [stdout] test dbset_query::tests::scalar_aggregate_row_materializes_values_and_nulls ... ok
[INFO] [stdout] test raw_sql::tests::compiled_raw_query_preserves_sql_and_parameter_order ... ok
[INFO] [stdout] test raw_sql::tests::compiled_raw_query_rejects_existing_top_level_option_clause_with_hints ... ok
[INFO] [stdout] test dbset_query::tests::tenant_security_guardrail_keeps_joined_read_sql_tenant_scoped ... ok
[INFO] [stdout] test predicate_composition::tests::and_combines_two_predicates ... ok
[INFO] [stdout] test query_predicates::tests::string_predicate_methods_build_expected_like_patterns ... ok
[INFO] [stdout] test raw_sql::tests::detects_top_level_option_clause_without_matching_strings_or_nested_queries ... ok
[INFO] [stdout] test raw_sql::tests::compiled_raw_query_allows_repeated_placeholder_with_single_param ... ok
[INFO] [stdout] test dbset_query::tests::tenant_value_type_matching_rejects_null_even_for_nullable_columns ... ok
[INFO] [stdout] test query_predicates::tests::string_predicate_methods_escape_like_wildcards_and_ranges ... ok
[INFO] [stdout] test raw_sql::tests::compiled_raw_query_rejects_non_continuous_placeholders ... ok
[INFO] [stdout] test raw_sql::tests::compiled_raw_query_places_hint_before_trailing_semicolon ... ok
[INFO] [stdout] test predicate_composition::tests::or_combines_and_flattens_predicates ... ok
[INFO] [stdout] test raw_sql::tests::ignores_placeholder_text_in_raw_sql_without_parameters ... ok
[INFO] [stdout] test raw_sql::tests::ignores_placeholder_text_inside_sql_non_code_regions ... ok
[INFO] [stdout] test raw_sql::tests::raw_param_option_none_maps_to_null ... ok
[INFO] [stdout] test raw_sql::tests::counts_placeholders_after_ignored_sql_regions ... ok
[INFO] [stdout] test raw_sql::tests::raw_param_option_some_maps_inner_value ... ok
[INFO] [stdout] test raw_sql::tests::raw_params_unit_maps_to_empty_params ... ok
[INFO] [stdout] test raw_sql::tests::raw_params_tuple_preserves_order_and_values ... ok
[INFO] [stdout] test raw_sql::tests::raw_params_vec_preserves_order ... ok
[INFO] [stdout] test raw_sql::tests::raw_query_defaults_to_no_retry_execution_classification ... ok
[INFO] [stdout] test raw_sql::tests::raw_sql_execution_classification_is_explicit ... ok
[INFO] [stdout] test raw_sql::tests::validates_continuous_placeholders_through_highest_index ... ok
[INFO] [stdout] test raw_sql::tests::rejects_missing_params ... ok
[INFO] [stdout] test raw_sql::tests::rejects_extra_params_without_placeholders ... ok
[INFO] [stdout] test raw_sql::tests::rejects_zero_index_placeholder ... ok
[INFO] [stdout] test soft_delete_runtime::tests::apply_soft_delete_values_applies_provider_and_validates_required_columns ... ok
[INFO] [stdout] test soft_delete_runtime::tests::apply_soft_delete_values_rejects_duplicate_columns ... ok
[INFO] [stdout] test raw_sql::tests::validates_continuous_placeholders_by_max_index ... ok
[INFO] [stdout] test soft_delete_runtime::tests::apply_soft_delete_values_rejects_missing_required_column_without_default ... ok
[INFO] [stdout] test soft_delete_runtime::tests::apply_soft_delete_values_uses_request_values_without_provider ... ok
[INFO] [stdout] test soft_delete_runtime::tests::apply_soft_delete_values_returns_input_for_entities_without_policy ... ok
[INFO] [stdout] test tests::derives_audit_fields_policy_metadata_from_public_prelude ... ok
[INFO] [stdout] test raw_sql::tests::rejects_non_continuous_placeholders ... ok
[INFO] [stdout] test tests::derives_default_table_and_primary_key_convention ... ok
[INFO] [stdout] test tests::derives_entity_metadata_from_struct_attributes ... ok
[INFO] [stdout] test tests::derives_insertable_values_from_named_fields ... ok
[INFO] [stdout] test tests::derives_tenant_context_policy_metadata_from_public_prelude ... ok
[INFO] [stdout] test tests::derives_changeset_with_outer_option_semantics ... ok
[INFO] [stdout] test tests::exposes_active_record_contract_in_prelude ... ok
[INFO] [stdout] test tests::exposes_audit_entity_contract_in_prelude ... ok
[INFO] [stdout] test tests::exposes_audit_runtime_contract_in_prelude ... ok
[INFO] [stdout] test tests::exposes_dbcontext_health_check_contract_in_prelude ... ok
[INFO] [stdout] test tests::exposes_dbcontext_tenant_runtime_helpers ... ok
[INFO] [stdout] test tests::exposes_dbcontext_entity_set_contract_in_prelude ... ok
[INFO] [stdout] test tests::exposes_entity_contract_in_prelude ... ok
[INFO] [stdout] test tests::exposes_entity_policy_contract_in_prelude ... ok
[INFO] [stdout] test tests::exposes_dbcontext_soft_delete_runtime_helpers ... ok
[INFO] [stdout] test tests::exposes_dbcontext_audit_runtime_helpers ... ok
[INFO] [stdout] test tests::exposes_migration_model_source_contract_in_prelude ... ok
[INFO] [stdout] test tests::exposes_navigation_metadata_contract_in_prelude ... ok
[INFO] [stdout] test tests::exposes_operational_configuration_surface ... ok
[INFO] [stdout] test tests::exposes_model_snapshot_export_helpers ... ok
[INFO] [stdout] test tests::exposes_public_column_predicate_extensions ... ok
[INFO] [stdout] test tests::exposes_public_prelude ... ok
[INFO] [stdout] test tests::exposes_soft_delete_contract_in_prelude ... ok
[INFO] [stdout] test tests::exposes_static_columns_for_future_query_builder ... ok
[INFO] [stdout] test tests::exposes_tracking_surface_in_prelude ... ok
[INFO] [stdout] test tracking::tests::cleared_loaded_identity_can_be_registered_again ... ok
[INFO] [stdout] test tracking::tests::current_snapshot_for_key_ignores_cleared_identity ... ok
[INFO] [stdout] test tracking::tests::cloned_tracked_wrapper_is_detached_from_original_registry_entry ... ok
[INFO] [stdout] test tracking::tests::detach_registry_unregisters_without_dropping_wrapper ... ok
[INFO] [stdout] test tests::exposes_tenant_contract_in_prelude ... ok
[INFO] [stdout] test tests::lazy_navigation_wrappers_are_memory_only_state_containers ... ok
[INFO] [stdout] test tracking::tests::current_snapshot_for_key_syncs_attached_wrapper_current ... ok
[INFO] [stdout] test tracking::tests::current_snapshot_for_key_ignores_unregistered_identity ... ok
[INFO] [stdout] test tracking::tests::current_mut_transitions_loaded_entity_to_modified ... ok
[INFO] [stdout] test tracking::tests::dropping_modified_wrapper_detaches_handle_without_removing_registry_entry ... ok
[INFO] [stdout] test tracking::tests::dropping_deleted_wrapper_detaches_handle_without_removing_registry_entry ... ok
[INFO] [stdout] test tracking::tests::current_snapshot_for_key_scopes_lookup_by_rust_type ... ok
[INFO] [stdout] test tracking::tests::detached_loaded_identity_can_be_registered_again ... ok
[INFO] [stdout] test tracking::tests::explicit_mark_unchanged_on_registered_wrapper_updates_registry_state ... ok
[INFO] [stdout] test tracking::tests::duplicate_loaded_identity_error_leaves_rejected_wrapper_detached ... ok
[INFO] [stdout] test tracking::tests::explicit_mark_unchanged_restores_deleted_wrapper_with_current_snapshot ... ok
[INFO] [stdout] test tracking::tests::explicit_mark_modified_transitions_unchanged_only ... ok
[INFO] [stdout] test tracking::tests::explicit_mark_unchanged_accepts_current_snapshot ... ok
[INFO] [stdout] test tracking::tests::explicit_mark_deleted_transitions_wrapper_to_deleted ... ok
[INFO] [stdout] test tracking::tests::dropping_added_wrapper_detaches_handle_without_removing_registry_entry ... ok
[INFO] [stdout] test tracking::tests::dropping_tracked_entity_unregisters_it_from_registry ... ok
[INFO] [stdout] test tracking::tests::into_current_consumes_registered_wrapper_and_unregisters_it ... ok
[INFO] [stdout] test tracking::tests::mark_deleted_transitions_any_registered_entity_to_deleted ... ok
[INFO] [stdout] test tracking::tests::loaded_identity_reattach_rejects_incompatible_registry_snapshots ... ok
[INFO] [stdout] test tracking::tests::mutable_access_keeps_added_state_for_new_entities ... ok
[INFO] [stdout] test tracking::tests::public_detach_is_idempotent_and_keeps_visible_state ... ok
[INFO] [stdout] test tracking::tests::mark_unchanged_syncs_registry_owned_snapshots ... ok
[INFO] [stdout] test tracking::tests::mutable_access_transitions_loaded_entity_to_modified ... ok
[INFO] [stdout] test tracking::tests::registered_tracked_accept_current_updates_detached_registry_owned_snapshots ... ok
[INFO] [stdout] test tracking::tests::loaded_identity_reattaches_detached_registry_entry_with_owned_snapshots ... ok
[INFO] [stdout] test tracking::tests::registered_tracked_helpers_read_snapshots_from_registry ... ok
[INFO] [stdout] test tracking::tests::registered_tracked_sync_persisted_updates_detached_registry_owned_snapshots ... ok
[INFO] [stdout] test tracking::tests::save_changes_plan_ignores_simple_self_references ... ok
[INFO] [stdout] test tracking::tests::public_detach_unregisters_without_resetting_state ... ok
[INFO] [stdout] test tracking::tests::mark_deleted_on_added_registered_entry_cancels_pending_insert ... ok
[INFO] [stdout] test tracking::tests::save_changes_plan_orders_deleted_children_before_parents ... ok
[INFO] [stdout] test tracking::tests::save_changes_plan_ignores_foreign_keys_to_entities_outside_context ... ok
[INFO] [stdout] test tracking::tests::save_changes_plan_rejects_foreign_key_cycles ... ok
[INFO] [stdout] test tracking::tests::save_changes_plan_orders_added_parents_before_children ... ok
[INFO] [stdout] test tracking::tests::save_changes_plan_preserves_context_order_without_dependencies ... ok
[INFO] [stdout] test tracking::tests::tracked_added_value_starts_in_added_state ... ok
[INFO] [stdout] test tracking::tests::tracked_can_release_current_value ... ok
[INFO] [stdout] test tracking::tests::tracked_for_does_not_return_stale_handles_after_clear ... ok
[INFO] [stdout] test tracking::tests::tracking_registry_diagnostic_entry_ids_are_not_reused_after_unregister ... ok
[INFO] [stdout] test tracking::tests::tracking_registry_records_added_entities ... ok
[INFO] [stdout] test tracking::tests::tracking_registry_rejects_persisted_identity_update_collision_without_mutating_entry ... ok
[INFO] [stdout] test tracking::tests::tracking_registry_owns_observable_state_for_registered_entries ... ok
[INFO] [stdout] test tracking::tests::tracking_registry_clear_removes_all_entries ... ok
[INFO] [stdout] test tracking::tests::tracking_registry_diagnostic_entry_ids_are_not_reused_after_clear ... ok
[INFO] [stdout] test tracking::tests::tracking_registry_records_loaded_entities ... ok
[INFO] [stdout] test tracking::tests::tracking_registry_rejects_duplicate_loaded_identity ... ok
[INFO] [stdout] test tracking::tests::tracking_registry_diagnostics_expose_stable_entry_ids ... ok
[INFO] [stdout] test tracking::tests::tracking_registry_missing_registration_error_precedes_identity_collision ... ok
[INFO] [stdout] test tracking::tests::tracking_registry_owns_initial_snapshots_for_registered_entries ... ok
[INFO] [stdout] test tracking::tests::tracking_registry_updates_temporary_identity_to_persisted_identity ... ok
[INFO] [stdout] test tracking::tests::tracking_registry_rejects_persisted_identity_update_collision_with_detached_entry ... ok
[INFO] [stdout] test tracking::tests::tracking_registry_allows_multiple_added_entities_with_temporary_identities ... ok
[INFO] [stdout] test tracking::tests::tracking_registry_unregister_missing_registration_is_noop ... ok
[INFO] [stdout] test tracking::tests::tracked_loaded_value_keeps_original_and_current_snapshots ... ok
[INFO] [stdout] test tracking::tests::tracking_registry_scopes_loaded_identity_by_rust_type ... ok
[INFO] [stdout] test tracking::tests::tracking_registry_rejects_persisted_identity_update_for_missing_registration ... ok
[INFO] [stdout] test dbset_query::tests::compiled_include_many_sql_preserves_grouping_projection_and_root_soft_delete ... ok
[INFO] [stdout] test dbset_query::tests::compiled_include_sql_preserves_projection_aliases_soft_delete_and_params ... ok
[INFO] [stdout] test dbset_query::tests::compiled_self_join_sql_preserves_repeated_aliases_and_parameter_order ... ok
[INFO] [stdout] test dbset_query::tests::compiled_include_sql_preserves_included_tenant_parameter_order ... ok
[INFO] [stdout] 
[INFO] [stdout] test result: ok. 294 passed; 0 failed; 0 ignored; 0 measured; 0 filtered out; finished in 0.10s
[INFO] [stdout] 
[INFO] [stderr]      Running tests/active_record_trybuild.rs (/opt/rustwide/target/release/build/sql-orm/b577b0ff9bbfaca4/out/active_record_trybuild-b577b0ff9bbfaca4)
[INFO] [stdout] 
[INFO] [stdout] running 1 test
[INFO] [stderr] warning: `package.homepage` is redundant with `package.repository`
[INFO] [stderr]   --> /opt/rustwide/workdir/Cargo.toml:67:12
[INFO] [stderr]    |
[INFO] [stderr] 67 | homepage = "https://github.com/Estebanarteaga94/sql-orm"
[INFO] [stderr]    |            ^^^^^^^^^^^^^^^^^^^^^^^^^^^^^^^^^^^^^^^^^^^^^
[INFO] [stderr] ...
[INFO] [stderr] 72 | repository = "https://github.com/Estebanarteaga94/sql-orm"
[INFO] [stderr]    |              ---------------------------------------------
[INFO] [stderr]    |
[INFO] [stderr]    = note: `cargo::redundant_homepage` is set to `warn` by default
[INFO] [stderr] help: consider removing `package.homepage`
[INFO] [stderr] warning: `sql-orm` (manifest) generated 1 warning
[INFO] [stderr]    Compiling stable_deref_trait v1.2.1
[INFO] [stderr]    Compiling libc v0.2.185
[INFO] [stderr]    Compiling find-msvc-tools v0.1.9
[INFO] [stderr]    Compiling autocfg v1.5.0
[INFO] [stderr]    Compiling serde_core v1.0.228
[INFO] [stderr]    Compiling shlex v1.3.0
[INFO] [stderr]    Compiling pkg-config v0.3.33
[INFO] [stderr]    Compiling vcpkg v0.2.15
[INFO] [stderr]    Compiling litemap v0.8.2
[INFO] [stderr]    Compiling writeable v0.6.3
[INFO] [stderr]    Compiling icu_normalizer_data v2.2.0
[INFO] [stderr]    Compiling utf8_iter v1.0.4
[INFO] [stderr]    Compiling icu_properties_data v2.2.0
[INFO] [stderr]    Compiling cfg-if v1.0.4
[INFO] [stderr]    Compiling serde v1.0.228
[INFO] [stderr]    Compiling syn v2.0.117
[INFO] [stderr]    Compiling once_cell v1.21.4
[INFO] [stderr]    Compiling memchr v2.8.0
[INFO] [stderr]    Compiling pin-project-lite v0.2.17
[INFO] [stderr]    Compiling rust_decimal v1.41.0
[INFO] [stderr]    Compiling cc v1.2.60
[INFO] [stderr]    Compiling bitflags v2.11.1
[INFO] [stderr]    Compiling iana-time-zone v0.1.65
[INFO] [stderr]    Compiling arrayvec v0.7.6
[INFO] [stderr]    Compiling smallvec v1.15.1
[INFO] [stderr]    Compiling openssl v0.10.78
[INFO] [stderr]    Compiling foreign-types-shared v0.1.1
[INFO] [stderr]    Compiling futures-io v0.3.32
[INFO] [stderr]    Compiling uuid v1.23.1
[INFO] [stderr]    Compiling futures-core v0.3.32
[INFO] [stderr]    Compiling futures-sink v0.3.32
[INFO] [stderr]    Compiling foreign-types v0.3.2
[INFO] [stderr]    Compiling slab v0.4.12
[INFO] [stderr]    Compiling native-tls v0.2.18
[INFO] [stderr]    Compiling thiserror v1.0.69
[INFO] [stderr]    Compiling percent-encoding v2.3.2
[INFO] [stderr]    Compiling futures-task v0.3.32
[INFO] [stderr]    Compiling serde_json v1.0.149
[INFO] [stderr]    Compiling log v0.4.29
[INFO] [stderr]    Compiling openssl-probe v0.2.1
[INFO] [stderr]    Compiling bytes v1.11.1
[INFO] [stderr]    Compiling form_urlencoded v1.2.2
[INFO] [stderr]    Compiling num-traits v0.2.19
[INFO] [stderr]    Compiling tracing-core v0.1.36
[INFO] [stderr]    Compiling rustix v1.1.4
[INFO] [stderr]    Compiling getrandom v0.4.2
[INFO] [stderr]    Compiling encoding_rs v0.8.35
[INFO] [stderr]    Compiling pretty-hex v0.3.0
[INFO] [stderr]    Compiling connection-string v0.2.0
[INFO] [stderr]    Compiling linux-raw-sys v0.12.1
[INFO] [stderr]    Compiling byteorder v1.5.0
[INFO] [stderr]    Compiling fastrand v2.4.1
[INFO] [stderr]    Compiling similar v2.7.0
[INFO] [stderr]    Compiling mio v1.2.0
[INFO] [stderr]    Compiling socket2 v0.6.3
[INFO] [stderr]    Compiling console v0.16.3
[INFO] [stderr]    Compiling openssl-sys v0.9.114
[INFO] [stderr]    Compiling chrono v0.4.44
[INFO] [stderr]    Compiling tempfile v3.27.0
[INFO] [stderr]    Compiling synstructure v0.13.2
[INFO] [stderr]    Compiling insta v1.47.2
[INFO] [stderr]    Compiling zerofrom-derive v0.1.7
[INFO] [stderr]    Compiling yoke-derive v0.8.2
[INFO] [stderr]    Compiling zerovec-derive v0.11.3
[INFO] [stderr]    Compiling displaydoc v0.2.5
[INFO] [stderr]    Compiling serde_derive v1.0.228
[INFO] [stderr]    Compiling futures-macro v0.3.32
[INFO] [stderr]    Compiling openssl-macros v0.1.1
[INFO] [stderr]    Compiling tokio-macros v2.7.0
[INFO] [stderr]    Compiling thiserror-impl v1.0.69
[INFO] [stderr]    Compiling tracing-attributes v0.1.31
[INFO] [stderr]    Compiling enumflags2_derive v0.7.12
[INFO] [stderr]    Compiling async-trait v0.1.89
[INFO] [stderr]    Compiling sql-orm-macros v0.2.0-rc.2
[INFO] [stderr]    Compiling tokio v1.52.1
[INFO] [stderr]    Compiling enumflags2 v0.7.12
[INFO] [stderr]    Compiling futures-util v0.3.32
[INFO] [stderr]    Compiling tracing v0.1.44
[INFO] [stderr]    Compiling zerofrom v0.1.8
[INFO] [stderr]    Compiling yoke v0.8.2
[INFO] [stderr]    Compiling zerovec v0.11.6
[INFO] [stderr]    Compiling zerotrie v0.2.4
[INFO] [stderr]    Compiling tinystr v0.8.3
[INFO] [stderr]    Compiling potential_utf v0.1.5
[INFO] [stderr]    Compiling icu_collections v2.2.0
[INFO] [stderr]    Compiling icu_locale_core v2.2.0
[INFO] [stderr]    Compiling icu_provider v2.2.0
[INFO] [stderr]    Compiling asynchronous-codec v0.6.2
[INFO] [stderr]    Compiling icu_properties v2.2.0
[INFO] [stderr]    Compiling icu_normalizer v2.2.0
[INFO] [stderr]    Compiling sql-orm-core v0.2.0-rc.2
[INFO] [stderr]    Compiling sql-orm-query v0.2.0-rc.2
[INFO] [stderr]    Compiling sql-orm-migrate v0.2.0-rc.2
[INFO] [stderr]    Compiling tokio-util v0.7.18
[INFO] [stderr]    Compiling idna_adapter v1.2.2
[INFO] [stderr]    Compiling idna v1.1.0
[INFO] [stderr]    Compiling url v2.5.8
[INFO] [stderr]    Compiling sql-orm-sqlserver v0.2.0-rc.2
[INFO] [stderr]    Compiling async-native-tls v0.4.0
[INFO] [stderr]    Compiling tiberius v0.12.3
[INFO] [stderr]    Compiling sql-orm-tiberius v0.2.0-rc.2
[INFO] [stderr]    Compiling sql-orm v0.2.0-rc.2 (/opt/rustwide/workdir)
[INFO] [stderr] warning: use of deprecated method `std::sync::atomic::Atomic::<usize>::fetch_update`: renamed to `try_update` for consistency
[INFO] [stderr]    --> /opt/rustwide/workdir/src/context.rs:569:48
[INFO] [stderr]     |
[INFO] [stderr] 569 |         let _ = self.runtime.transaction_depth.fetch_update(
[INFO] [stderr]     |                                                ^^^^^^^^^^^^
[INFO] [stderr]     |
[INFO] [stderr]     = note: `#[warn(deprecated)]` on by default
[INFO] [stderr] help: replace the use of the deprecated method
[INFO] [stderr]     |
[INFO] [stderr] 569 -         let _ = self.runtime.transaction_depth.fetch_update(
[INFO] [stderr] 569 +         let _ = self.runtime.transaction_depth.try_update(
[INFO] [stderr]     |
[INFO] [stderr] 
[INFO] [stderr] warning: `sql-orm` (lib) generated 1 warning (run `cargo fix --lib -p sql-orm` to apply 1 suggestion)
[INFO] [stderr]    Compiling sql-orm-tests v0.0.0 (/opt/rustwide/target/tests/trybuild/sql-orm)
[INFO] [stderr]     Finished `dev` profile [unoptimized + debuginfo] target(s) in 35.12s
[INFO] [stderr] 
[INFO] [stderr] 
[INFO] [stdout] test active_record_ui has been running for over 60 seconds
[INFO] [stderr] test tests/ui/active_record_public_valid.rs [should pass] ... ok
[INFO] [stderr] 
[INFO] [stderr] STDERR:
[INFO] [stderr] ┈┈┈┈┈┈┈┈┈┈┈┈┈┈┈┈┈┈┈┈┈┈┈┈┈┈┈┈┈┈┈┈┈┈┈┈┈┈┈┈┈┈┈┈┈┈┈┈┈┈┈┈┈┈┈┈┈┈┈┈
[INFO] [stderr] warning: `package.homepage` is redundant with `package.repository`
[INFO] [stderr]   --> /opt/rustwide/workdir/Cargo.toml:67:12
[INFO] [stderr]    |
[INFO] [stderr] 67 | homepage = "https://github.com/Estebanarteaga94/sql-orm"
[INFO] [stderr]    |            ^^^^^^^^^^^^^^^^^^^^^^^^^^^^^^^^^^^^^^^^^^^^^
[INFO] [stderr] ...
[INFO] [stderr] 72 | repository = "https://github.com/Estebanarteaga94/sql-orm"
[INFO] [stderr]    |              ---------------------------------------------
[INFO] [stderr]    |
[INFO] [stderr]    = note: `cargo::redundant_homepage` is set to `warn` by default
[INFO] [stderr] help: consider removing `package.homepage`
[INFO] [stderr] warning: use of deprecated method `std::sync::atomic::Atomic::<usize>::fetch_update`: renamed to `try_update` for consistency
[INFO] [stderr]    --> /opt/rustwide/workdir/src/context.rs:569:48
[INFO] [stderr]     |
[INFO] [stderr] 569 |         let _ = self.runtime.transaction_depth.fetch_update(
[INFO] [stderr]     |                                                ^^^^^^^^^^^^
[INFO] [stderr]     |
[INFO] [stderr]     = note: `#[warn(deprecated)]` on by default
[INFO] [stderr] help: replace the use of the deprecated method
[INFO] [stderr]     |
[INFO] [stderr] 569 -         let _ = self.runtime.transaction_depth.fetch_update(
[INFO] [stderr] 569 +         let _ = self.runtime.transaction_depth.try_update(
[INFO] [stderr]     |
[INFO] [stderr] ┈┈┈┈┈┈┈┈┈┈┈┈┈┈┈┈┈┈┈┈┈┈┈┈┈┈┈┈┈┈┈┈┈┈┈┈┈┈┈┈┈┈┈┈┈┈┈┈┈┈┈┈┈┈┈┈┈┈┈┈
[INFO] [stderr] 
[INFO] [stderr] test tests/ui/active_record_delete_public_valid.rs [should pass] ... ok
[INFO] [stderr] 
[INFO] [stderr] STDERR:
[INFO] [stderr] ┈┈┈┈┈┈┈┈┈┈┈┈┈┈┈┈┈┈┈┈┈┈┈┈┈┈┈┈┈┈┈┈┈┈┈┈┈┈┈┈┈┈┈┈┈┈┈┈┈┈┈┈┈┈┈┈┈┈┈┈
[INFO] [stderr] warning: `package.homepage` is redundant with `package.repository`
[INFO] [stderr]   --> /opt/rustwide/workdir/Cargo.toml:67:12
[INFO] [stderr]    |
[INFO] [stderr] 67 | homepage = "https://github.com/Estebanarteaga94/sql-orm"
[INFO] [stderr]    |            ^^^^^^^^^^^^^^^^^^^^^^^^^^^^^^^^^^^^^^^^^^^^^
[INFO] [stderr] ...
[INFO] [stderr] 72 | repository = "https://github.com/Estebanarteaga94/sql-orm"
[INFO] [stderr]    |              ---------------------------------------------
[INFO] [stderr]    |
[INFO] [stderr]    = note: `cargo::redundant_homepage` is set to `warn` by default
[INFO] [stderr] help: consider removing `package.homepage`
[INFO] [stderr] warning: use of deprecated method `std::sync::atomic::Atomic::<usize>::fetch_update`: renamed to `try_update` for consistency
[INFO] [stderr]    --> /opt/rustwide/workdir/src/context.rs:569:48
[INFO] [stderr]     |
[INFO] [stderr] 569 |         let _ = self.runtime.transaction_depth.fetch_update(
[INFO] [stderr]     |                                                ^^^^^^^^^^^^
[INFO] [stderr]     |
[INFO] [stderr]     = note: `#[warn(deprecated)]` on by default
[INFO] [stderr] help: replace the use of the deprecated method
[INFO] [stderr]     |
[INFO] [stderr] 569 -         let _ = self.runtime.transaction_depth.fetch_update(
[INFO] [stderr] 569 +         let _ = self.runtime.transaction_depth.try_update(
[INFO] [stderr]     |
[INFO] [stderr] ┈┈┈┈┈┈┈┈┈┈┈┈┈┈┈┈┈┈┈┈┈┈┈┈┈┈┈┈┈┈┈┈┈┈┈┈┈┈┈┈┈┈┈┈┈┈┈┈┈┈┈┈┈┈┈┈┈┈┈┈
[INFO] [stderr] 
[INFO] [stderr] test tests/ui/active_record_save_public_valid.rs [should pass] ... ok
[INFO] [stderr] 
[INFO] [stderr] STDERR:
[INFO] [stderr] ┈┈┈┈┈┈┈┈┈┈┈┈┈┈┈┈┈┈┈┈┈┈┈┈┈┈┈┈┈┈┈┈┈┈┈┈┈┈┈┈┈┈┈┈┈┈┈┈┈┈┈┈┈┈┈┈┈┈┈┈
[INFO] [stderr] warning: `package.homepage` is redundant with `package.repository`
[INFO] [stderr]   --> /opt/rustwide/workdir/Cargo.toml:67:12
[INFO] [stderr]    |
[INFO] [stderr] 67 | homepage = "https://github.com/Estebanarteaga94/sql-orm"
[INFO] [stderr]    |            ^^^^^^^^^^^^^^^^^^^^^^^^^^^^^^^^^^^^^^^^^^^^^
[INFO] [stderr] ...
[INFO] [stderr] 72 | repository = "https://github.com/Estebanarteaga94/sql-orm"
[INFO] [stderr]    |              ---------------------------------------------
[INFO] [stderr]    |
[INFO] [stderr]    = note: `cargo::redundant_homepage` is set to `warn` by default
[INFO] [stderr] help: consider removing `package.homepage`
[INFO] [stderr] warning: use of deprecated method `std::sync::atomic::Atomic::<usize>::fetch_update`: renamed to `try_update` for consistency
[INFO] [stderr]    --> /opt/rustwide/workdir/src/context.rs:569:48
[INFO] [stderr]     |
[INFO] [stderr] 569 |         let _ = self.runtime.transaction_depth.fetch_update(
[INFO] [stderr]     |                                                ^^^^^^^^^^^^
[INFO] [stderr]     |
[INFO] [stderr]     = note: `#[warn(deprecated)]` on by default
[INFO] [stderr] help: replace the use of the deprecated method
[INFO] [stderr]     |
[INFO] [stderr] 569 -         let _ = self.runtime.transaction_depth.fetch_update(
[INFO] [stderr] 569 +         let _ = self.runtime.transaction_depth.try_update(
[INFO] [stderr]     |
[INFO] [stderr] ┈┈┈┈┈┈┈┈┈┈┈┈┈┈┈┈┈┈┈┈┈┈┈┈┈┈┈┈┈┈┈┈┈┈┈┈┈┈┈┈┈┈┈┈┈┈┈┈┈┈┈┈┈┈┈┈┈┈┈┈
[INFO] [stderr] 
[INFO] [stderr] test tests/ui/active_record_missing_entity_set.rs [should fail to compile] ... mismatch
[INFO] [stderr] 
[INFO] [stderr] EXPECTED:
[INFO] [stderr] ┈┈┈┈┈┈┈┈┈┈┈┈┈┈┈┈┈┈┈┈┈┈┈┈┈┈┈┈┈┈┈┈┈┈┈┈┈┈┈┈┈┈┈┈┈┈┈┈┈┈┈┈┈┈┈┈┈┈┈┈
[INFO] [stderr] error[E0277]: the trait bound `AppDbContext: DbContextEntitySet<User>` is not satisfied
[INFO] [stderr]   --> tests/ui/active_record_missing_entity_set.rs:26:29
[INFO] [stderr]    |
[INFO] [stderr] 26 |         let _ = User::query(db);
[INFO] [stderr]    |                 ----------- ^^ unsatisfied trait bound
[INFO] [stderr]    |                 |
[INFO] [stderr]    |                 required by a bound introduced by this call
[INFO] [stderr]    |
[INFO] [stderr]    = help: the trait `DbContextEntitySet<User>` is not implemented for `AppDbContext`
[INFO] [stderr]            but trait `DbContextEntitySet<Order>` is implemented for it
[INFO] [stderr]    = help: for that trait implementation, expected `Order`, found `User`
[INFO] [stderr] note: required by a bound in `query`
[INFO] [stderr]   --> src/active_record.rs
[INFO] [stderr]    |
[INFO] [stderr]    |     fn query<C>(db: &C) -> DbSetQuery<Self>
[INFO] [stderr]    |        ----- required by a bound in this associated function
[INFO] [stderr]    |     where
[INFO] [stderr]    |         C: DbContextEntitySet<Self>,
[INFO] [stderr]    |            ^^^^^^^^^^^^^^^^^^^^^^^^ required by this bound in `ActiveRecord::query`
[INFO] [stderr] ┈┈┈┈┈┈┈┈┈┈┈┈┈┈┈┈┈┈┈┈┈┈┈┈┈┈┈┈┈┈┈┈┈┈┈┈┈┈┈┈┈┈┈┈┈┈┈┈┈┈┈┈┈┈┈┈┈┈┈┈
[INFO] [stderr] 
[INFO] [stderr] ACTUAL OUTPUT:
[INFO] [stderr] ┈┈┈┈┈┈┈┈┈┈┈┈┈┈┈┈┈┈┈┈┈┈┈┈┈┈┈┈┈┈┈┈┈┈┈┈┈┈┈┈┈┈┈┈┈┈┈┈┈┈┈┈┈┈┈┈┈┈┈┈
[INFO] [stderr] error[E0277]: the trait bound `AppDbContext: DbContextEntitySet<User>` is not satisfied
[INFO] [stderr]   --> tests/ui/active_record_missing_entity_set.rs:26:29
[INFO] [stderr]    |
[INFO] [stderr] 26 |         let _ = User::query(db);
[INFO] [stderr]    |                 ----------- ^^ unsatisfied trait bound
[INFO] [stderr]    |                 |
[INFO] [stderr]    |                 required by a bound introduced by this call
[INFO] [stderr]    |
[INFO] [stderr] help: the trait `DbContextEntitySet<User>` is not implemented for `AppDbContext`
[INFO] [stderr]       but trait `DbContextEntitySet<Order>` is implemented for it
[INFO] [stderr]   --> tests/ui/active_record_missing_entity_set.rs:19:10
[INFO] [stderr]    |
[INFO] [stderr] 19 | #[derive(DbContext, Debug, Clone)]
[INFO] [stderr]    |          ^^^^^^^^^
[INFO] [stderr]    = help: for that trait implementation, expected `Order`, found `User`
[INFO] [stderr] note: required by a bound in `query`
[INFO] [stderr]   --> src/active_record.rs
[INFO] [stderr]    |
[INFO] [stderr]    | pub trait ActiveRecord: Entity + Sized {
[INFO] [stderr]    |     /// Starts a query for this entity through the context's `DbSet<Self>`.
[INFO] [stderr]    |     fn query<C>(db: &C) -> DbSetQuery<Self>
[INFO] [stderr]    |     where
[INFO] [stderr]    |         C: DbContextEntitySet<Self>,
[INFO] [stderr]    |            ^^^^^^^^^^^^^^^^^^^^^^^^ required by this bound in `ActiveRecord::query`
[INFO] [stderr]    = note: this error originates in the derive macro `DbContext` (in Nightly builds, run with -Z macro-backtrace for more info)
[INFO] [stderr] ┈┈┈┈┈┈┈┈┈┈┈┈┈┈┈┈┈┈┈┈┈┈┈┈┈┈┈┈┈┈┈┈┈┈┈┈┈┈┈┈┈┈┈┈┈┈┈┈┈┈┈┈┈┈┈┈┈┈┈┈
[INFO] [stderr] note: If the actual output is the correct output you can bless it by rerunning
[INFO] [stderr]       your test with the environment variable TRYBUILD=overwrite
[INFO] [stderr] 
[INFO] [stderr] 
[INFO] [stderr] 
[INFO] [stdout] test active_record_ui ... FAILED
[INFO] [stdout] 
[INFO] [stdout] failures:
[INFO] [stdout] 
[INFO] [stdout] ---- active_record_ui stdout ----
[INFO] [stdout] 
[INFO] [stdout] thread 'active_record_ui' (2387) panicked at /opt/rustwide/cargo-home/registry/src/index.crates.io-1949cf8c6b5b557f/trybuild-1.0.116/src/run.rs:102:13:
[INFO] [stdout] 1 of 4 tests failed
[INFO] [stdout] stack backtrace:
[INFO] [stdout]    0:     0x6176b0138ca1 - <<std[617be2ca0a6fd877]::sys::backtrace::BacktraceLock>::print::DisplayBacktrace as core[a373ad73a504971]::fmt::Display>::fmt
[INFO] [stdout]    1:     0x6176b014ef8a - core[a373ad73a504971]::fmt::write
[INFO] [stdout]    2:     0x6176b013d4ec - <alloc[2e1b2a31b91974c5]::vec::Vec<u8> as core[a373ad73a504971]::io::write::Write>::write_fmt
[INFO] [stdout]    3:     0x6176b0112106 - std[617be2ca0a6fd877]::panicking::default_hook::{closure#0}
[INFO] [stdout]    4:     0x6176b0130249 - std[617be2ca0a6fd877]::panicking::default_hook
[INFO] [stdout]    5:     0x6176b00c9850 - test[aada8e7e76ba119b]::test_main_inner::{closure#0}
[INFO] [stdout]    6:     0x6176b0130402 - std[617be2ca0a6fd877]::panicking::panic_with_hook
[INFO] [stdout]    7:     0x6176b01121b2 - std[617be2ca0a6fd877]::panicking::panic_handler::{closure#0}
[INFO] [stdout]    8:     0x6176b010aa09 - std[617be2ca0a6fd877]::sys::backtrace::__rust_end_short_backtrace::<std[617be2ca0a6fd877]::panicking::panic_handler::{closure#0}, !>
[INFO] [stdout]    9:     0x6176b0112dbd - __rustc[ea4f61d10b84890b]::rust_begin_unwind
[INFO] [stdout]   10:     0x6176b014f6fc - core[a373ad73a504971]::panicking::panic_fmt
[INFO] [stdout]   11:     0x6176b001bd2b - <trybuild[6e6a2012c9feb59]::Runner>::run
[INFO] [stdout]   12:     0x6176b001ee40 - <trybuild[6e6a2012c9feb59]::TestCases as core[a373ad73a504971]::ops::drop::Drop>::drop
[INFO] [stdout]   13:     0x6176b00151c8 - <active_record_trybuild[593f7b55a11b70fb]::active_record_ui::{closure#0} as core[a373ad73a504971]::ops::function::FnOnce<()>>::call_once
[INFO] [stdout]   14:     0x6176b00bcc9b - test[aada8e7e76ba119b]::__rust_begin_short_backtrace::<core[a373ad73a504971]::result::Result<(), alloc[2e1b2a31b91974c5]::string::String>, fn() -> core[a373ad73a504971]::result::Result<(), alloc[2e1b2a31b91974c5]::string::String>>
[INFO] [stdout]   15:     0x6176b00c9e75 - test[aada8e7e76ba119b]::run_test::{closure#0}
[INFO] [stdout]   16:     0x6176b00c3764 - std[617be2ca0a6fd877]::sys::backtrace::__rust_begin_short_backtrace::<test[aada8e7e76ba119b]::run_test::{closure#1}, ()>
[INFO] [stdout]   17:     0x6176b00ccf02 - <std[617be2ca0a6fd877]::thread::lifecycle::spawn_unchecked<test[aada8e7e76ba119b]::run_test::{closure#1}, ()>::{closure#1} as core[a373ad73a504971]::ops::function::FnOnce<()>>::call_once::{shim:vtable#0}
[INFO] [stdout]   18:     0x6176b0137eff - <std[617be2ca0a6fd877]::sys::thread::unix::Thread>::new::thread_start
[INFO] [stdout]   19:     0x7925f6de2dfa - <unknown>
[INFO] [stdout]   20:     0x7925f6e763d4 - clone
[INFO] [stdout]   21:                0x0 - <unknown>
[INFO] [stdout] 
[INFO] [stdout] 
[INFO] [stdout] failures:
[INFO] [stdout]     active_record_ui
[INFO] [stdout] 
[INFO] [stdout] test result: FAILED. 0 passed; 1 failed; 0 ignored; 0 measured; 0 filtered out; finished in 68.47s
[INFO] [stdout] 
[INFO] [stderr] error: test failed, to rerun pass `--test active_record_trybuild`
[INFO] running `Command { std: "docker" "inspect" "26acd2953ca5b46179aa615bf1508d9f3877129f1368f045da23d0ee11cdfed2", kill_on_drop: false }`
[INFO] running `Command { std: "docker" "rm" "-f" "26acd2953ca5b46179aa615bf1508d9f3877129f1368f045da23d0ee11cdfed2", kill_on_drop: false }`
[INFO] [stdout] 26acd2953ca5b46179aa615bf1508d9f3877129f1368f045da23d0ee11cdfed2
