[INFO] fetching crate sprite-sheet-file-type 0.1.1...
[INFO] testing sprite-sheet-file-type-0.1.1 against 1.99.0-beta.8+cargoflags=--release for beta-release-1.100-2
[INFO] extracting crate sprite-sheet-file-type 0.1.1 into /workspace/builds/worker-5-tc1/source
[INFO] started tweaking crates.io crate sprite-sheet-file-type 0.1.1
[INFO] finished tweaking crates.io crate sprite-sheet-file-type 0.1.1
[INFO] tweaked toml for crates.io crate sprite-sheet-file-type 0.1.1 written to /workspace/builds/worker-5-tc1/source/Cargo.toml
[INFO] validating manifest of crates.io crate sprite-sheet-file-type 0.1.1 on toolchain 1.99.0-beta.8
[INFO] running `Command { std: CARGO_HOME="/workspace/cargo-home" RUSTUP_HOME="/workspace/rustup-home" "/workspace/cargo-home/bin/cargo" "+1.99.0-beta.8" "metadata" "--manifest-path" "Cargo.toml" "--no-deps", kill_on_drop: false }`
[INFO] crate crates.io crate sprite-sheet-file-type 0.1.1 already has a lockfile, it will not be regenerated
[INFO] running `Command { std: CARGO_HOME="/workspace/cargo-home" RUSTUP_HOME="/workspace/rustup-home" "/workspace/cargo-home/bin/cargo" "+1.99.0-beta.8" "fetch" "--manifest-path" "Cargo.toml", kill_on_drop: false }`
[INFO] [stderr]     Blocking waiting for file lock on package cache
[INFO] [stderr]     Blocking waiting for file lock on package cache
[INFO] [stderr]  Downloading crates ...
[INFO] [stderr]   Downloaded fdeflate v0.3.5
[INFO] [stderr]   Downloaded anyhow v1.0.90
[INFO] [stderr]   Downloaded image v0.25.4
[INFO] running `Command { std: "docker" "create" "-v" "/var/lib/crater-agent-workspace/builds/worker-5-tc1/source:/opt/rustwide/workdir:ro,Z" "-v" "/var/lib/crater-agent-workspace/builds/worker-5-tc1/target:/opt/rustwide/target:rw,Z" "-v" "/var/lib/crater-agent-workspace/cargo-home:/opt/rustwide/cargo-home:ro,Z" "-v" "/var/lib/crater-agent-workspace/rustup-home:/opt/rustwide/rustup-home:ro,Z" "-m" "1610612736" "--network" "none" "ghcr.io/rust-lang/crates-build-env/linux@sha256:77db811e55d90add9212f6832c23229e3de5f1c1f9905e8cb07319ea15df73ac" "sleep" "infinity", kill_on_drop: false }`
[INFO] [stdout] 226ecb8e4c01566c1a68dc23ce5df4844d909d63f959d89e776a42c285eb17af
[INFO] running `Command { std: "docker" "start" "226ecb8e4c01566c1a68dc23ce5df4844d909d63f959d89e776a42c285eb17af", kill_on_drop: false }`
[INFO] running `Command { std: "docker" "inspect" "226ecb8e4c01566c1a68dc23ce5df4844d909d63f959d89e776a42c285eb17af", kill_on_drop: false }`
[INFO] running `Command { std: "docker" "exec" "-e" "SOURCE_DIR=/opt/rustwide/workdir" "-e" "CARGO_HOME=/opt/rustwide/cargo-home" "-e" "RUSTUP_HOME=/opt/rustwide/rustup-home" "-e" "CARGO_TARGET_DIR=/opt/rustwide/target" "-w" "/opt/rustwide/workdir" "--user" "0:0" "226ecb8e4c01566c1a68dc23ce5df4844d909d63f959d89e776a42c285eb17af" "/opt/rustwide/cargo-home/bin/cargo" "+1.99.0-beta.8" "metadata" "--no-deps" "--format-version=1", kill_on_drop: false }`
[INFO] running `Command { std: "docker" "inspect" "226ecb8e4c01566c1a68dc23ce5df4844d909d63f959d89e776a42c285eb17af", kill_on_drop: false }`
[INFO] running `Command { std: "docker" "exec" "-e" "SOURCE_DIR=/opt/rustwide/workdir" "-e" "CARGO_HOME=/opt/rustwide/cargo-home" "-e" "RUSTUP_HOME=/opt/rustwide/rustup-home" "-e" "CARGO_TARGET_DIR=/opt/rustwide/target" "-e" "CARGO_INCREMENTAL=0" "-e" "RUST_BACKTRACE=full" "-e" "RUSTFLAGS=--cap-lints=warn" "-e" "RUSTDOCFLAGS=--cap-lints=warn" "-w" "/opt/rustwide/workdir" "--user" "0:0" "226ecb8e4c01566c1a68dc23ce5df4844d909d63f959d89e776a42c285eb17af" "/opt/rustwide/cargo-home/bin/cargo" "+1.99.0-beta.8" "build" "--frozen" "--message-format=json" "--release", kill_on_drop: false }`
[INFO] [stderr]    Compiling proc-macro2 v1.0.88
[INFO] [stderr]    Compiling anyhow v1.0.90
[INFO] [stderr]    Compiling libc v0.2.161
[INFO] [stderr]    Compiling built v0.7.5
[INFO] [stderr]    Compiling thiserror v1.0.64
[INFO] [stderr]    Compiling aligned-vec v0.5.0
[INFO] [stderr]    Compiling nom v7.1.3
[INFO] [stderr]    Compiling log v0.4.22
[INFO] [stderr]    Compiling miniz_oxide v0.8.0
[INFO] [stderr]    Compiling itertools v0.12.1
[INFO] [stderr]    Compiling maybe-rayon v0.1.1
[INFO] [stderr]    Compiling once_cell v1.20.2
[INFO] [stderr]    Compiling spin v0.9.8
[INFO] [stderr]    Compiling num-bigint v0.4.6
[INFO] [stderr]    Compiling imgref v1.11.0
[INFO] [stderr]    Compiling serde v1.0.213
[INFO] [stderr]    Compiling weezl v0.1.8
[INFO] [stderr]    Compiling v_frame v0.3.8
[INFO] [stderr]    Compiling bitstream-io v2.5.3
[INFO] [stderr]    Compiling miniz_oxide v0.7.4
[INFO] [stderr]    Compiling flume v0.11.1
[INFO] [stderr]    Compiling avif-serialize v0.8.2
[INFO] [stderr]    Compiling loop9 v0.1.5
[INFO] [stderr]    Compiling zune-inflate v0.2.54
[INFO] [stderr]    Compiling fdeflate v0.3.5
[INFO] [stderr]    Compiling half v2.4.1
[INFO] [stderr]    Compiling rav1e v0.7.1
[INFO] [stderr]    Compiling rgb v0.8.50
[INFO] [stderr]    Compiling smallvec v1.13.2
[INFO] [stderr]    Compiling serde_json v1.0.132
[INFO] [stderr]    Compiling flate2 v1.0.34
[INFO] [stderr]    Compiling bytemuck v1.19.0
[INFO] [stderr]    Compiling zune-core v0.4.12
[INFO] [stderr]    Compiling jpeg-decoder v0.3.1
[INFO] [stderr]    Compiling quote v1.0.37
[INFO] [stderr]    Compiling lebe v0.5.2
[INFO] [stderr]    Compiling bit_field v0.10.2
[INFO] [stderr]    Compiling qoi v0.4.1
[INFO] [stderr]    Compiling zune-jpeg v0.4.13
[INFO] [stderr]    Compiling image-webp v0.2.0
[INFO] [stderr]    Compiling gif v0.13.1
[INFO] [stderr]    Compiling syn v2.0.82
[INFO] [stderr]    Compiling num-rational v0.4.2
[INFO] [stderr]    Compiling tiff v0.9.1
[INFO] [stderr]    Compiling simd_helpers v0.1.0
[INFO] [stderr]    Compiling png v0.17.14
[INFO] [stderr]    Compiling exr v1.72.0
[INFO] [stderr]    Compiling av1-grain v0.2.3
[INFO] [stderr]    Compiling thiserror-impl v1.0.64
[INFO] [stderr]    Compiling profiling-procmacros v1.0.16
[INFO] [stderr]    Compiling num-derive v0.4.2
[INFO] [stderr]    Compiling arg_enum_proc_macro v0.3.4
[INFO] [stderr]    Compiling serde_derive v1.0.213
[INFO] [stderr]    Compiling profiling v1.0.16
[INFO] [stderr]    Compiling ravif v0.11.11
[INFO] [stderr]    Compiling image v0.25.4
[INFO] [stderr]    Compiling sprite-sheet-file-type v0.1.1 (/opt/rustwide/workdir)
[INFO] [stderr]     Finished `release` profile [optimized] target(s) in 1m 20s
[INFO] running `Command { std: "docker" "inspect" "226ecb8e4c01566c1a68dc23ce5df4844d909d63f959d89e776a42c285eb17af", kill_on_drop: false }`
[INFO] running `Command { std: "docker" "exec" "-e" "SOURCE_DIR=/opt/rustwide/workdir" "-e" "CARGO_HOME=/opt/rustwide/cargo-home" "-e" "RUSTUP_HOME=/opt/rustwide/rustup-home" "-e" "CARGO_TARGET_DIR=/opt/rustwide/target" "-e" "CARGO_INCREMENTAL=0" "-e" "RUST_BACKTRACE=full" "-e" "RUSTFLAGS=--cap-lints=warn" "-e" "RUSTDOCFLAGS=--cap-lints=warn" "-w" "/opt/rustwide/workdir" "--user" "0:0" "226ecb8e4c01566c1a68dc23ce5df4844d909d63f959d89e776a42c285eb17af" "/opt/rustwide/cargo-home/bin/cargo" "+1.99.0-beta.8" "test" "--frozen" "--no-run" "--message-format=json" "--release", kill_on_drop: false }`
[INFO] [stderr]    Compiling sprite-sheet-file-type v0.1.1 (/opt/rustwide/workdir)
[INFO] [stderr]     Finished `release` profile [optimized] target(s) in 8.48s
[INFO] running `Command { std: "docker" "inspect" "226ecb8e4c01566c1a68dc23ce5df4844d909d63f959d89e776a42c285eb17af", kill_on_drop: false }`
[INFO] running `Command { std: "docker" "exec" "-e" "SOURCE_DIR=/opt/rustwide/workdir" "-e" "CARGO_HOME=/opt/rustwide/cargo-home" "-e" "RUSTUP_HOME=/opt/rustwide/rustup-home" "-e" "CARGO_TARGET_DIR=/opt/rustwide/target" "-e" "CARGO_INCREMENTAL=0" "-e" "RUST_BACKTRACE=full" "-e" "RUSTFLAGS=--cap-lints=warn" "-e" "RUSTDOCFLAGS=--cap-lints=warn" "-w" "/opt/rustwide/workdir" "--user" "0:0" "226ecb8e4c01566c1a68dc23ce5df4844d909d63f959d89e776a42c285eb17af" "/opt/rustwide/cargo-home/bin/cargo" "+1.99.0-beta.8" "test" "--frozen" "--release", kill_on_drop: false }`
[INFO] [stderr]     Finished `release` profile [optimized] target(s) in 0.12s
[INFO] [stderr]      Running unittests src/lib.rs (/opt/rustwide/target/release/deps/sprite_sheet_file_type-76ea74d2550972ff)
[INFO] [stdout] 
[INFO] [stdout] running 0 tests
[INFO] [stdout] 
[INFO] [stdout] test result: ok. 0 passed; 0 failed; 0 ignored; 0 measured; 0 filtered out; finished in 0.00s
[INFO] [stdout] 
[INFO] [stderr]      Running unittests src/main.rs (/opt/rustwide/target/release/deps/sprite_sheet_file_type-1b86b33eac7ae5f0)
[INFO] [stderr]      Running tests/test.rs (/opt/rustwide/target/release/deps/test-ed31ba8665352a1a)
[INFO] [stdout] 
[INFO] [stdout] running 0 tests
[INFO] [stdout] 
[INFO] [stdout] test result: ok. 0 passed; 0 failed; 0 ignored; 0 measured; 0 filtered out; finished in 0.00s
[INFO] [stdout] 
[INFO] [stdout] 
[INFO] [stdout] running 5 tests
[INFO] [stdout] test test_get_sprite ... ok
[INFO] [stdout] test test_image_raw_to_writer_and_image_raw_from_reader ... ok
[INFO] [stdout] test test_version_mismatch ... ok
[INFO] [stdout] test test_save_raw_and_load_raw ... FAILED
[INFO] [stdout] test test_save_and_load ... FAILED
[INFO] [stdout] 
[INFO] [stdout] failures:
[INFO] [stdout] 
[INFO] [stdout] ---- test_save_raw_and_load_raw stdout ----
[INFO] [stdout] 
[INFO] [stdout] thread 'test_save_raw_and_load_raw' (1395) panicked at tests/test.rs:71:34:
[INFO] [stdout] called `Result::unwrap()` on an `Err` value: Os { code: 2, kind: NotFound, message: "No such file or directory" }
[INFO] [stdout] stack backtrace:
[INFO] [stdout]    0:     0x595d153e5e71 - <<std[70759c8f55707aa4]::sys::backtrace::BacktraceLock>::print::DisplayBacktrace as core[df12db4294e9bfd3]::fmt::Display>::fmt
[INFO] [stdout]    1:     0x595d153fcb5a - core[df12db4294e9bfd3]::fmt::write
[INFO] [stdout]    2:     0x595d153ea52c - <alloc[2182bb758b4b3781]::vec::Vec<u8> as core[df12db4294e9bfd3]::io::write::Write>::write_fmt
[INFO] [stdout]    3:     0x595d153c2036 - std[70759c8f55707aa4]::panicking::default_hook::{closure#0}
[INFO] [stdout]    4:     0x595d153de379 - std[70759c8f55707aa4]::panicking::default_hook
[INFO] [stdout]    5:     0x595d15068150 - test[9d35eded1c95d3be]::test_main_inner::<test[9d35eded1c95d3be]::test_main_static::{closure#0}>::{closure#0}
[INFO] [stdout]    6:     0x595d153de532 - std[70759c8f55707aa4]::panicking::panic_with_hook
[INFO] [stdout]    7:     0x595d153c20e2 - std[70759c8f55707aa4]::panicking::panic_handler::{closure#0}
[INFO] [stdout]    8:     0x595d153bad89 - std[70759c8f55707aa4]::sys::backtrace::__rust_end_short_backtrace::<std[70759c8f55707aa4]::panicking::panic_handler::{closure#0}, !>
[INFO] [stdout]    9:     0x595d153c2cdd - __rustc[8fa7c3cbc660c2b3]::rust_begin_unwind
[INFO] [stdout]   10:     0x595d153fd28c - core[df12db4294e9bfd3]::panicking::panic_fmt
[INFO] [stdout]   11:     0x595d153fd062 - core[df12db4294e9bfd3]::result::unwrap_failed
[INFO] [stdout]   12:     0x595d14fe39d9 - <test[abc5fa39c728de24]::test_save_raw_and_load_raw::{closure#0} as core[df12db4294e9bfd3]::ops::function::FnOnce<()>>::call_once
[INFO] [stdout]   13:     0x595d1505b43b - test[9d35eded1c95d3be]::__rust_begin_short_backtrace::<core[df12db4294e9bfd3]::result::Result<(), alloc[2182bb758b4b3781]::string::String>, fn() -> core[df12db4294e9bfd3]::result::Result<(), alloc[2182bb758b4b3781]::string::String>>
[INFO] [stdout]   14:     0x595d15068aa5 - test[9d35eded1c95d3be]::run_test::{closure#0}
[INFO] [stdout]   15:     0x595d15062364 - std[70759c8f55707aa4]::sys::backtrace::__rust_begin_short_backtrace::<test[9d35eded1c95d3be]::run_test::{closure#1}, ()>
[INFO] [stdout]   16:     0x595d1506bc02 - <std[70759c8f55707aa4]::thread::lifecycle::spawn_unchecked<test[9d35eded1c95d3be]::run_test::{closure#1}, ()>::{closure#1} as core[df12db4294e9bfd3]::ops::function::FnOnce<()>>::call_once::{shim:vtable#0}
[INFO] [stdout]   17:     0x595d153e5719 - <std[70759c8f55707aa4]::sys::thread::unix::Thread>::new::thread_start
[INFO] [stdout]   18:     0x754c7fff7dfa - <unknown>
[INFO] [stdout]   19:     0x754c8008b3d4 - clone
[INFO] [stderr] error: test failed, to rerun pass `--test test`
[INFO] [stdout]   20:                0x0 - <unknown>
[INFO] [stdout] 
[INFO] [stdout] ---- test_save_and_load stdout ----
[INFO] [stdout] 
[INFO] [stdout] thread 'test_save_and_load' (1394) panicked at tests/test.rs:92:48:
[INFO] [stdout] called `Result::unwrap()` on an `Err` value: Custom { kind: Other, error: "No such file or directory (os error 2)" }
[INFO] [stdout] stack backtrace:
[INFO] [stdout]    0:     0x595d153e5e71 - <<std[70759c8f55707aa4]::sys::backtrace::BacktraceLock>::print::DisplayBacktrace as core[df12db4294e9bfd3]::fmt::Display>::fmt
[INFO] [stdout]    1:     0x595d153fcb5a - core[df12db4294e9bfd3]::fmt::write
[INFO] [stdout]    2:     0x595d153ea52c - <alloc[2182bb758b4b3781]::vec::Vec<u8> as core[df12db4294e9bfd3]::io::write::Write>::write_fmt
[INFO] [stdout]    3:     0x595d153c2036 - std[70759c8f55707aa4]::panicking::default_hook::{closure#0}
[INFO] [stdout]    4:     0x595d153de379 - std[70759c8f55707aa4]::panicking::default_hook
[INFO] [stdout]    5:     0x595d15068150 - test[9d35eded1c95d3be]::test_main_inner::<test[9d35eded1c95d3be]::test_main_static::{closure#0}>::{closure#0}
[INFO] [stdout]    6:     0x595d153de532 - std[70759c8f55707aa4]::panicking::panic_with_hook
[INFO] [stdout]    7:     0x595d153c20e2 - std[70759c8f55707aa4]::panicking::panic_handler::{closure#0}
[INFO] [stdout]    8:     0x595d153bad89 - std[70759c8f55707aa4]::sys::backtrace::__rust_end_short_backtrace::<std[70759c8f55707aa4]::panicking::panic_handler::{closure#0}, !>
[INFO] [stdout]    9:     0x595d153c2cdd - __rustc[8fa7c3cbc660c2b3]::rust_begin_unwind
[INFO] [stdout]   10:     0x595d153fd28c - core[df12db4294e9bfd3]::panicking::panic_fmt
[INFO] [stdout]   11:     0x595d153fd062 - core[df12db4294e9bfd3]::result::unwrap_failed
[INFO] [stdout]   12:     0x595d14fe2c09 - <test[abc5fa39c728de24]::test_save_and_load::{closure#0} as core[df12db4294e9bfd3]::ops::function::FnOnce<()>>::call_once
[INFO] [stdout]   13:     0x595d1505b43b - test[9d35eded1c95d3be]::__rust_begin_short_backtrace::<core[df12db4294e9bfd3]::result::Result<(), alloc[2182bb758b4b3781]::string::String>, fn() -> core[df12db4294e9bfd3]::result::Result<(), alloc[2182bb758b4b3781]::string::String>>
[INFO] [stdout]   14:     0x595d15068aa5 - test[9d35eded1c95d3be]::run_test::{closure#0}
[INFO] [stdout]   15:     0x595d15062364 - std[70759c8f55707aa4]::sys::backtrace::__rust_begin_short_backtrace::<test[9d35eded1c95d3be]::run_test::{closure#1}, ()>
[INFO] [stdout]   16:     0x595d1506bc02 - <std[70759c8f55707aa4]::thread::lifecycle::spawn_unchecked<test[9d35eded1c95d3be]::run_test::{closure#1}, ()>::{closure#1} as core[df12db4294e9bfd3]::ops::function::FnOnce<()>>::call_once::{shim:vtable#0}
[INFO] [stdout]   17:     0x595d153e5719 - <std[70759c8f55707aa4]::sys::thread::unix::Thread>::new::thread_start
[INFO] [stdout]   18:     0x754c7fff7dfa - <unknown>
[INFO] [stdout]   19:     0x754c8008b3d4 - clone
[INFO] [stdout]   20:                0x0 - <unknown>
[INFO] [stdout] 
[INFO] [stdout] 
[INFO] [stdout] failures:
[INFO] [stdout]     test_save_and_load
[INFO] [stdout]     test_save_raw_and_load_raw
[INFO] [stdout] 
[INFO] [stdout] test result: FAILED. 3 passed; 2 failed; 0 ignored; 0 measured; 0 filtered out; finished in 0.01s
[INFO] [stdout] 
[INFO] running `Command { std: "docker" "inspect" "226ecb8e4c01566c1a68dc23ce5df4844d909d63f959d89e776a42c285eb17af", kill_on_drop: false }`
[INFO] running `Command { std: "docker" "rm" "-f" "226ecb8e4c01566c1a68dc23ce5df4844d909d63f959d89e776a42c285eb17af", kill_on_drop: false }`
[INFO] [stdout] 226ecb8e4c01566c1a68dc23ce5df4844d909d63f959d89e776a42c285eb17af
