[INFO] fetching crate spread-cli 0.3.0...
[INFO] testing spread-cli-0.3.0 against 1.99.0-beta.8+cargoflags=--release for beta-release-1.100-2
[INFO] extracting crate spread-cli 0.3.0 into /workspace/builds/worker-2-tc1/source
[INFO] started tweaking crates.io crate spread-cli 0.3.0
[INFO] removed 0 missing examples
[INFO] removed 0 missing tests
[INFO] finished tweaking crates.io crate spread-cli 0.3.0
[INFO] tweaked toml for crates.io crate spread-cli 0.3.0 written to /workspace/builds/worker-2-tc1/source/Cargo.toml
[INFO] validating manifest of crates.io crate spread-cli 0.3.0 on toolchain 1.99.0-beta.8
[INFO] running `Command { std: CARGO_HOME="/workspace/cargo-home" RUSTUP_HOME="/workspace/rustup-home" "/workspace/cargo-home/bin/cargo" "+1.99.0-beta.8" "metadata" "--manifest-path" "Cargo.toml" "--no-deps", kill_on_drop: false }`
[INFO] crate crates.io crate spread-cli 0.3.0 already has a lockfile, it will not be regenerated
[INFO] running `Command { std: CARGO_HOME="/workspace/cargo-home" RUSTUP_HOME="/workspace/rustup-home" "/workspace/cargo-home/bin/cargo" "+1.99.0-beta.8" "fetch" "--manifest-path" "Cargo.toml", kill_on_drop: false }`
[INFO] [stderr]     Updating crates.io index
[INFO] [stderr]  Downloading crates ...
[INFO] [stderr]   Downloaded alphanumeric v0.2.0
[INFO] [stderr]   Downloaded is-truthy v0.1.2
[INFO] [stderr]   Downloaded to_segments v0.1.2
[INFO] [stderr]   Downloaded codepage v0.1.2
[INFO] [stderr]   Downloaded spreadsheet-to-json v0.5.0
[INFO] [stderr]   Downloaded enclose-strings v0.3.0
[INFO] [stderr]   Downloaded simple-string-patterns v0.4.0
[INFO] [stderr]   Downloaded fast-float2 v0.2.4
[INFO] [stderr]   Downloaded atoi_simd v0.18.1
[INFO] [stderr]   Downloaded args v2.2.0
[INFO] [stderr]   Downloaded fuzzy-datetime v0.1.4
[INFO] [stderr]   Downloaded zip v4.6.1
[INFO] [stderr]   Downloaded calamine v0.36.1
[INFO] [stderr]   Downloaded rust_xlsxwriter v0.89.1
[INFO] running `Command { std: "docker" "create" "-v" "/var/lib/crater-agent-workspace/builds/worker-2-tc1/source:/opt/rustwide/workdir:ro,Z" "-v" "/var/lib/crater-agent-workspace/builds/worker-2-tc1/target:/opt/rustwide/target:rw,Z" "-v" "/var/lib/crater-agent-workspace/cargo-home:/opt/rustwide/cargo-home:ro,Z" "-v" "/var/lib/crater-agent-workspace/rustup-home:/opt/rustwide/rustup-home:ro,Z" "-m" "1610612736" "--network" "none" "ghcr.io/rust-lang/crates-build-env/linux@sha256:77db811e55d90add9212f6832c23229e3de5f1c1f9905e8cb07319ea15df73ac" "sleep" "infinity", kill_on_drop: false }`
[INFO] [stdout] fbb6719877cbbbb22bf765fc0483661ae03cb10a98f52537ef63a29960ff69b8
[INFO] running `Command { std: "docker" "start" "fbb6719877cbbbb22bf765fc0483661ae03cb10a98f52537ef63a29960ff69b8", kill_on_drop: false }`
[INFO] running `Command { std: "docker" "inspect" "fbb6719877cbbbb22bf765fc0483661ae03cb10a98f52537ef63a29960ff69b8", kill_on_drop: false }`
[INFO] running `Command { std: "docker" "exec" "-e" "SOURCE_DIR=/opt/rustwide/workdir" "-e" "CARGO_HOME=/opt/rustwide/cargo-home" "-e" "RUSTUP_HOME=/opt/rustwide/rustup-home" "-e" "CARGO_TARGET_DIR=/opt/rustwide/target" "-w" "/opt/rustwide/workdir" "--user" "0:0" "fbb6719877cbbbb22bf765fc0483661ae03cb10a98f52537ef63a29960ff69b8" "/opt/rustwide/cargo-home/bin/cargo" "+1.99.0-beta.8" "metadata" "--no-deps" "--format-version=1", kill_on_drop: false }`
[INFO] running `Command { std: "docker" "inspect" "fbb6719877cbbbb22bf765fc0483661ae03cb10a98f52537ef63a29960ff69b8", kill_on_drop: false }`
[INFO] running `Command { std: "docker" "exec" "-e" "SOURCE_DIR=/opt/rustwide/workdir" "-e" "CARGO_HOME=/opt/rustwide/cargo-home" "-e" "RUSTUP_HOME=/opt/rustwide/rustup-home" "-e" "CARGO_TARGET_DIR=/opt/rustwide/target" "-e" "CARGO_INCREMENTAL=0" "-e" "RUST_BACKTRACE=full" "-e" "RUSTFLAGS=--cap-lints=warn" "-e" "RUSTDOCFLAGS=--cap-lints=warn" "-w" "/opt/rustwide/workdir" "--user" "0:0" "fbb6719877cbbbb22bf765fc0483661ae03cb10a98f52537ef63a29960ff69b8" "/opt/rustwide/cargo-home/bin/cargo" "+1.99.0-beta.8" "build" "--frozen" "--message-format=json" "--release", kill_on_drop: false }`
[INFO] [stderr]    Compiling proc-macro2 v1.0.107
[INFO] [stderr]    Compiling libc v0.2.189
[INFO] [stderr]    Compiling cfg-if v1.0.4
[INFO] [stderr]    Compiling rustversion v1.0.23
[INFO] [stderr]    Compiling serde_core v1.0.229
[INFO] [stderr]    Compiling memchr v2.8.3
[INFO] [stderr]    Compiling serde v1.0.229
[INFO] [stderr]    Compiling crc32fast v1.5.1
[INFO] [stderr]    Compiling log v0.4.34
[INFO] [stderr]    Compiling core_detect v1.0.0
[INFO] [stderr]    Compiling multiversion_no_op v1.0.0
[INFO] [stderr]    Compiling simdutf8 v0.1.5
[INFO] [stderr]    Compiling to_segments v0.1.2
[INFO] [stderr]    Compiling num-traits v0.2.19
[INFO] [stderr]    Compiling hashbrown v0.17.1
[INFO] [stderr]    Compiling zmij v1.0.23
[INFO] [stderr]    Compiling rand_core v0.10.1
[INFO] [stderr]    Compiling alphanumeric v0.2.0
[INFO] [stderr]    Compiling bumpalo v3.20.3
[INFO] [stderr]    Compiling iana-time-zone v0.1.65
[INFO] [stderr]    Compiling smallvec v1.16.1
[INFO] [stderr]    Compiling getrandom v0.4.3
[INFO] [stderr]    Compiling simd-adler32 v0.3.10
[INFO] [stderr]    Compiling zlib-rs v0.6.7
[INFO] [stderr]    Compiling anstyle-parse v1.0.0
[INFO] [stderr]    Compiling lock_api v0.4.14
[INFO] [stderr]    Compiling simple-string-patterns v0.4.0
[INFO] [stderr]    Compiling debug_unsafe v0.1.4
[INFO] [stderr]    Compiling zopfli v0.8.3
[INFO] [stderr]    Compiling encoding_rs v0.8.41
[INFO] [stderr]    Compiling colorchoice v1.0.5
[INFO] [stderr]    Compiling anstyle v1.0.14
[INFO] [stderr]    Compiling unicode-width v0.1.14
[INFO] [stderr]    Compiling cpufeatures v0.3.1
[INFO] [stderr]    Compiling is_terminal_polyfill v1.70.2
[INFO] [stderr]    Compiling itoa v1.0.18
[INFO] [stderr]    Compiling serde_json v1.0.151
[INFO] [stderr]    Compiling typed-path v0.12.3
[INFO] [stderr]    Compiling anstyle-query v1.1.5
[INFO] [stderr]    Compiling csv-core v0.1.13
[INFO] [stderr]    Compiling chacha20 v0.10.2
[INFO] [stderr]    Compiling anstream v1.0.0
[INFO] [stderr]    Compiling atoi_simd v0.18.1
[INFO] [stderr]    Compiling strsim v0.8.0
[INFO] [stderr]    Compiling textwrap v0.11.0
[INFO] [stderr]    Compiling clap_lex v1.1.0
[INFO] [stderr]    Compiling fast-float2 v0.2.4
[INFO] [stderr]    Compiling unicode-width v0.2.2
[INFO] [stderr]    Compiling bitflags v1.3.2
[INFO] [stderr]    Compiling vec_map v0.8.2
[INFO] [stderr]    Compiling bytes v1.12.1
[INFO] [stderr]    Compiling ansi_term v0.12.1
[INFO] [stderr]    Compiling ryu v1.0.23
[INFO] [stderr]    Compiling byteorder v1.5.0
[INFO] [stderr]    Compiling pin-project-lite v0.2.17
[INFO] [stderr]    Compiling clap_builder v4.6.6
[INFO] [stderr]    Compiling is-truthy v0.1.2
[INFO] [stderr]    Compiling heck v0.5.0
[INFO] [stderr]    Compiling enclose-strings v0.3.0
[INFO] [stderr]    Compiling quote v1.0.47
[INFO] [stderr]    Compiling getopts v0.2.24
[INFO] [stderr]    Compiling syn v3.0.5
[INFO] [stderr]    Compiling args v2.2.0
[INFO] [stderr]    Compiling parking_lot_core v0.9.12
[INFO] [stderr]    Compiling errno v0.3.14
[INFO] [stderr]    Compiling mio v1.2.3
[INFO] [stderr]    Compiling atty v0.2.14
[INFO] [stderr]    Compiling socket2 v0.6.5
[INFO] [stderr]    Compiling clap v2.34.0
[INFO] [stderr]    Compiling signal-hook-registry v1.4.8
[INFO] [stderr]    Compiling parking_lot v0.12.5
[INFO] [stderr]    Compiling rand v0.10.2
[INFO] [stderr]    Compiling uuid v1.26.1
[INFO] [stderr]    Compiling flate2 v1.1.10
[INFO] [stderr]    Compiling indexmap v2.14.2
[INFO] [stderr]    Compiling csv v1.4.0
[INFO] [stderr]    Compiling zip v8.6.0
[INFO] [stderr]    Compiling dotenv v0.15.0
[INFO] [stderr]    Compiling multiversion-macros v0.9.0
[INFO] [stderr]    Compiling serde_derive v1.0.229
[INFO] [stderr]    Compiling tokio-macros v2.7.2
[INFO] [stderr]    Compiling clap_derive v4.6.4
[INFO] [stderr]    Compiling tokio v1.53.1
[INFO] [stderr]    Compiling multiversion v0.9.0
[INFO] [stderr]    Compiling clap v4.6.6
[INFO] [stderr]    Compiling chrono v0.4.45
[INFO] [stderr]    Compiling quick-xml v0.41.0
[INFO] [stderr]    Compiling codepage v0.1.2
[INFO] [stderr]    Compiling fuzzy-datetime v0.1.4
[INFO] [stderr]    Compiling calamine v0.36.1
[INFO] [stderr]    Compiling spreadsheet-to-json v0.5.0
[INFO] [stderr]    Compiling spread-cli v0.3.0 (/opt/rustwide/workdir)
[INFO] [stderr]     Finished `release` profile [optimized] target(s) in 1m 29s
[INFO] running `Command { std: "docker" "inspect" "fbb6719877cbbbb22bf765fc0483661ae03cb10a98f52537ef63a29960ff69b8", kill_on_drop: false }`
[INFO] running `Command { std: "docker" "exec" "-e" "SOURCE_DIR=/opt/rustwide/workdir" "-e" "CARGO_HOME=/opt/rustwide/cargo-home" "-e" "RUSTUP_HOME=/opt/rustwide/rustup-home" "-e" "CARGO_TARGET_DIR=/opt/rustwide/target" "-e" "CARGO_INCREMENTAL=0" "-e" "RUST_BACKTRACE=full" "-e" "RUSTFLAGS=--cap-lints=warn" "-e" "RUSTDOCFLAGS=--cap-lints=warn" "-w" "/opt/rustwide/workdir" "--user" "0:0" "fbb6719877cbbbb22bf765fc0483661ae03cb10a98f52537ef63a29960ff69b8" "/opt/rustwide/cargo-home/bin/cargo" "+1.99.0-beta.8" "test" "--frozen" "--no-run" "--message-format=json" "--release", kill_on_drop: false }`
[INFO] [stderr]    Compiling zip v4.6.1
[INFO] [stderr]    Compiling rust_xlsxwriter v0.89.1
[INFO] [stderr]    Compiling spread-cli v0.3.0 (/opt/rustwide/workdir)
[INFO] [stderr]     Finished `release` profile [optimized] target(s) in 53.46s
[INFO] running `Command { std: "docker" "inspect" "fbb6719877cbbbb22bf765fc0483661ae03cb10a98f52537ef63a29960ff69b8", kill_on_drop: false }`
[INFO] running `Command { std: "docker" "exec" "-e" "SOURCE_DIR=/opt/rustwide/workdir" "-e" "CARGO_HOME=/opt/rustwide/cargo-home" "-e" "RUSTUP_HOME=/opt/rustwide/rustup-home" "-e" "CARGO_TARGET_DIR=/opt/rustwide/target" "-e" "CARGO_INCREMENTAL=0" "-e" "RUST_BACKTRACE=full" "-e" "RUSTFLAGS=--cap-lints=warn" "-e" "RUSTDOCFLAGS=--cap-lints=warn" "-w" "/opt/rustwide/workdir" "--user" "0:0" "fbb6719877cbbbb22bf765fc0483661ae03cb10a98f52537ef63a29960ff69b8" "/opt/rustwide/cargo-home/bin/cargo" "+1.99.0-beta.8" "test" "--frozen" "--release", kill_on_drop: false }`
[INFO] [stderr]     Finished `release` profile [optimized] target(s) in 0.15s
[INFO] [stdout] 
[INFO] [stderr]      Running unittests src/main.rs (/opt/rustwide/target/release/deps/spread_cli-d10eb0c435af9437)
[INFO] [stdout] running 27 tests
[INFO] [stdout] test filter_pattern::tests::test_and_logic_on_mapped_fields ... ok
[INFO] [stdout] test filter_pattern::tests::test_exact_string_and_no_wildcard_like_are_equivalent ... ok
[INFO] [stdout] test filter_pattern::tests::test_in_matches_a_quoted_or_bare_value_list ... ok
[INFO] [stdout] test filter_pattern::tests::test_like_pattern_with_middle_wildcard_is_rejected ... ok
[INFO] [stdout] test filter_pattern::tests::test_malformed_dot_path_is_a_clear_error ... ok
[INFO] [stdout] test filter_pattern::tests::test_doubled_single_quote_inside_a_string_literal_is_a_literal_quote ... ok
[INFO] [stdout] test filter_pattern::tests::test_dot_path_field_reaches_a_nested_keys_built_object ... ok
[INFO] [stdout] test filter_pattern::tests::test_and_with_nested_or_and_numeric_comparison ... ok
[INFO] [stdout] test filter_pattern::tests::test_not_like_and_not_equal ... ok
[INFO] [stdout] test filter_pattern::tests::test_or_logic_on_mapped_fields ... ok
[INFO] [stdout] test filter_pattern::tests::test_not_negates_a_parenthesised_group ... ok
[INFO] [stdout] test filter_pattern::tests::test_not_in_negates_the_membership_check ... ok
[INFO] [stdout] test filter_pattern::tests::test_any_matches_when_the_row_array_intersects_the_list ... ok
[INFO] [stdout] test filter_pattern::tests::test_unbalanced_parens_is_a_clear_error_not_silently_accepted ... ok
[INFO] [stdout] test filter_pattern::tests::test_unterminated_string_literal_is_a_clear_error ... ok
[INFO] [stdout] test key_pattern::tests::test_bare_star_or_empty_brackets_with_no_prefix_at_all_is_rejected ... ok
[INFO] [stdout] test key_pattern::tests::test_array_inner_object_pattern_types_the_capture_as_integer ... ok
[INFO] [stdout] test key_pattern::tests::test_empty_brackets_shorthand_is_equivalent_to_an_anonymous_bracket_capture ... ok
[INFO] [stdout] test key_pattern::tests::test_non_pattern_source_returns_none ... ok
[INFO] [stdout] test key_pattern::tests::test_resolve_suppression_matches_natural_key_case_insensitively ... ok
[INFO] [stdout] test key_pattern::tests::test_resolve_suppression_number_fallback_out_of_range_is_none ... ok
[INFO] [stdout] test key_pattern::tests::test_object_pattern_uses_captured_value_as_the_key ... ok
[INFO] [stdout] test key_pattern::tests::test_plain_array_pattern_matches_any_suffix_regardless_of_bracket_type ... ok
[INFO] [stdout] test key_pattern::tests::test_prefix_matching_is_case_insensitive ... ok
[INFO] [stdout] test key_pattern::tests::test_glob_star_shorthand_is_equivalent_to_an_anonymous_bracket_capture ... ok
[INFO] [stdout] test key_pattern::tests::test_resolve_suppression_falls_back_to_a_plain_number_for_r1c1_mode ... ok
[INFO] [stdout] test key_pattern::tests::test_resolve_suppression_matches_a1_letter_directly_in_a1_mode ... ok
[INFO] [stdout] 
[INFO] [stdout] test result: ok. 27 passed; 0 failed; 0 ignored; 0 measured; 0 filtered out; finished in 0.01s
[INFO] [stdout] 
[INFO] [stderr]      Running tests/cli.rs (/opt/rustwide/target/release/deps/cli-9e112053ab93a053)
[INFO] [stdout] 
[INFO] [stdout] running 92 tests
[INFO] [stdout] test deferred_flag_with_json_reports_backgrounded_export_as_valid_json ... FAILED
[INFO] [stdout] test deferred_flag_respects_max_row_scan_cap ... FAILED
[INFO] [stdout] test colstyle_flag_accepts_r1_and_r1c1_as_aliases_for_c01 ... FAILED
[INFO] [stdout] test directory_path_reports_clear_error ... FAILED
[INFO] [stdout] test debug_flag_does_not_corrupt_json_output ... FAILED
[INFO] [stdout] test colstyle_flag_bare_value_applies_to_every_field ... FAILED
[INFO] [stdout] test a1_flag_is_shorthand_for_colstyle_a1_but_explicit_colstyle_still_wins ... FAILED
[INFO] [stdout] test corrupt_workbook_reports_clear_error ... FAILED
[INFO] [stdout] test colstyle_padding_width_scales_with_column_count ... FAILED
[INFO] [stdout] test filter_flag_and_logic_on_mapped_fields ... ok
[INFO] [stdout] test deferred_flag_returns_immediately_and_streams_in_the_background ... FAILED
[INFO] [stdout] test body_start_skips_gap_between_header_row_and_real_data ... FAILED
[INFO] [stdout] test colstyle_flag_bare_a1_applies_to_every_field ... FAILED
[INFO] [stdout] test deferred_flag_creates_parent_directories_for_custom_file_path ... FAILED
[INFO] [stdout] test exclude_null_flag_drops_null_keys_but_leaves_real_values_and_other_rows_alone ... ok
[INFO] [stdout] test json_mode_combined_with_rows_prints_only_rows_pretty_printed ... FAILED
[INFO] [stdout] test bad_keys_integer_default_reports_error_without_panicking ... ok
[INFO] [stdout] test filter_flag_and_with_nested_or_logic_on_mapped_fields ... ok
[INFO] [stdout] test filter_flag_or_logic_on_mapped_fields ... ok
[INFO] [stdout] test json_mode_preview_has_top_level_columns_map_not_per_sheet_fields ... FAILED
[INFO] [stdout] test incompatible_format_reports_clear_error ... FAILED
[INFO] [stdout] test filter_flag_unbalanced_parens_is_a_clear_error_not_silently_accepted ... ok
[INFO] [stdout] test json_mode_single_sheet_has_expected_shape ... FAILED
[INFO] [stdout] test json_mode_omits_sheet_fields_for_csv ... FAILED
[INFO] [stdout] test json_mode_reports_errors_as_json_on_stderr ... ok
[INFO] [stdout] test json_mode_preview_returns_data_per_sheet ... FAILED
[INFO] [stdout] test filter_flag_does_not_extend_the_max_row_scan_cap ... ok
[INFO] [stdout] test exclude_cells_flag_drops_row_values_but_keeps_columns_in_json_mode ... FAILED
[INFO] [stdout] test keys_flag_array_format_unrecognized_type_prefix_silently_falls_back_to_plain_strings ... ok
[INFO] [stdout] test json_mode_single_sheet_has_no_columns_map ... FAILED
[INFO] [stdout] test keys_flag_array_format_with_custom_pipe_separator_survives_multiple_keys_entries ... ok
[INFO] [stdout] test keys_flag_array_format_split_call_accepts_a_multi_char_separator ... ok
[INFO] [stdout] test header_index_and_body_index_are_zero_based_equivalents ... FAILED
[INFO] [stdout] test keys_flag_casts_native_datetime_column_to_date_only ... FAILED
[INFO] [stdout] test keys_flag_array_format_with_custom_pipe_separator_is_not_mistaken_for_the_keys_delimiter ... ok
[INFO] [stdout] test keys_flag_array_format_split_call_survives_alongside_another_keys_entry ... ok
[INFO] [stdout] test keys_flag_array_format_with_custom_comma_separator_survives_the_entries_split ... ok
[INFO] [stdout] test json_mode_reports_auto_detected_header_row_and_body_start ... FAILED
[INFO] [stdout] test keys_flag_format_only_override_keeps_natural_name ... FAILED
[INFO] [stdout] test keys_flag_with_format_override_does_not_leak_header_row ... FAILED
[INFO] [stdout] test keys_flag_unmatched_source_key_is_silently_ignored ... FAILED
[INFO] [stdout] test keys_pattern_can_be_mixed_with_ordinary_exact_entries ... ok
[INFO] [stdout] test keys_flag_renames_columns_by_source_key ... FAILED
[INFO] [stdout] test keys_flag_overrides_one_field_out_of_many_without_padding ... FAILED
[INFO] [stdout] test keys_flag_casts_genuine_excel_date_cell_to_date_only ... FAILED
[INFO] [stdout] test keys_pattern_array_inner_object_with_differently_named_capture_and_fields ... ok
[INFO] [stdout] test keys_pattern_array_inner_object_types_the_capture_as_integer ... ok
[INFO] [stdout] test keys_pattern_plain_array_drops_blank_sequential_slots ... ok
[INFO] [stdout] test keys_pattern_with_an_invalid_target_shape_errors_clearly_instead_of_silently_doing_nothing ... ok
[INFO] [stdout] test keys_suppression_can_be_combined_with_a_placeholder_pattern_and_an_ordinary_override ... ok
[INFO] [stdout] test keys_suppression_by_a1_letter_via_lowercase_a_alias ... ok
[INFO] [stdout] test keys_suppression_by_r1c1_zero_padded_key ... ok
[INFO] [stdout] test keys_suppression_by_r1c1_plain_number ... ok
[INFO] [stdout] test keys_suppression_by_natural_snake_cased_header_key ... ok
[INFO] [stdout] test keys_flag_array_format_casts_elements_to_real_json_numbers_not_strings ... ok
[INFO] [stdout] test keys_pattern_plain_array_stays_empty_not_absent_when_every_slot_is_blank ... ok
[INFO] [stdout] test keys_pattern_glob_star_and_empty_brackets_are_equivalent_shorthands_for_plain_array ... ok
[INFO] [stdout] test keys_flag_array_format_accepts_a_js_like_quoted_split_call ... ok
[INFO] [stdout] test keys_flag_compound_entries_mix_rename_and_format_only ... FAILED
[INFO] [stdout] test keys_suppression_by_a1_letter_case_insensitive ... ok
[INFO] [stdout] test keys_pattern_works_against_xlsx_too_not_just_csv ... ok
[INFO] [stdout] test limit_flag_composes_with_max_scan_cap ... ok
[INFO] [stdout] test keys_suppression_unmatched_identifier_is_silently_ignored ... ok
[INFO] [stdout] test keys_pattern_plain_array_merges_sequential_columns ... ok
[INFO] [stdout] test parses_xlsm_same_as_xlsx ... FAILED
[INFO] [stdout] test real_world_ods_preview_lists_both_sheets_with_correct_totals ... FAILED
[INFO] [stdout] test max_flag_limits_row_count ... FAILED
[INFO] [stdout] test limit_flag_caps_matching_rows_not_scanned_rows ... ok
[INFO] [stdout] test missing_file_reports_clear_error_and_exit_code ... ok
[INFO] [stdout] test sheet_selection_by_index ... FAILED
[INFO] [stdout] test real_world_xlsx_parses_all_data_rows ... FAILED
[INFO] [stdout] test preview_mode_lists_every_sheet ... FAILED
[INFO] [stdout] test preview_with_rows_only_does_not_drop_any_sheet ... FAILED
[INFO] [stdout] test real_world_ods_default_sheet_is_first_sheet ... FAILED
[INFO] [stdout] test limit_flag_without_a_filter_caps_the_plain_row_count ... ok
[INFO] [stdout] test sheet_selection_by_name_is_fuzzy ... FAILED
[INFO] [stdout] test keys_pattern_object_nests_by_captured_string_key ... ok
[INFO] [stdout] test sheet_selection_by_name ... FAILED
[INFO] [stdout] test parses_basic_xlsx_rows ... FAILED
[INFO] [stdout] test number_flag_rejects_zero_and_conflicts_with_index ... ok
[INFO] [stdout] test skip_cols_unknown_range_endpoint_is_a_clear_error ... ok
[INFO] [stdout] test skip_cols_range_excludes_columns_inclusive ... ok
[INFO] [stdout] test no_path_shows_help ... ok
[INFO] [stdout] test skip_cols_list_keeps_columns_in_between ... ok
[INFO] [stdout] test skip_cols_reversed_range_is_a_clear_error ... ok
[INFO] [stdout] test skip_cols_can_combine_range_list_and_plain_forms_in_one_flag ... ok
[INFO] [stdout] test without_exclude_null_flag_null_keys_are_still_emitted ... ok
[INFO] [stdout] test overview_flag_is_the_visible_name_exclude_cells_a_hidden_alias ... FAILED
[INFO] [stdout] test skip_cols_dollar_wildcard_removes_a_field_from_every_array_item ... ok
[INFO] [stdout] test sheet_selection_by_number_is_index_plus_one ... FAILED
[INFO] [stdout] test tsv_files_split_on_tab_delimiter ... ok
[INFO] [stdout] test top_and_body_start_reject_zero_and_conflict_with_index_variants ... ok
[INFO] [stdout] 
[INFO] [stdout] failures:
[INFO] [stdout] 
[INFO] [stdout] ---- deferred_flag_with_json_reports_backgrounded_export_as_valid_json stdout ----
[INFO] [stdout] 
[INFO] [stdout] thread 'deferred_flag_with_json_reports_backgrounded_export_as_valid_json' (1422) panicked at tests/cli.rs:1088:5:
[INFO] [stdout] assertion failed: out.status.success()
[INFO] [stdout] stack backtrace:
[INFO] [stdout]    0:     0x64a7a8a8daa7 - <unknown>
[INFO] [stdout]    1:     0x64a7a89ea16a - <unknown>
[INFO] [stdout]    2:     0x64a7a8a8d05b - <unknown>
[INFO] [stdout]    3:     0x64a7a8a8cb3f - <unknown>
[INFO] [stdout]    4:     0x64a7a8a8c76a - <unknown>
[INFO] [stdout]    5:     0x64a7a8a8c2a2 - <unknown>
[INFO] [stdout]    6:     0x64a7a8ab2ff2 - <unknown>
[INFO] [stdout]    7:     0x64a7a8ab2f79 - <unknown>
[INFO] [stdout]    8:     0x64a7a8ab348c - <unknown>
[INFO] [stdout]    9:     0x64a7a89e9ffb - <unknown>
[INFO] [stdout]   10:     0x64a7a89ebea1 - <unknown>
[INFO] [stdout]   11:     0x64a7a89df3e7 - <unknown>
[INFO] [stdout]   12:     0x64a7a8acd43b - <unknown>
[INFO] [stdout]   13:     0x64a7a8ac9591 - <unknown>
[INFO] [stdout]   14:     0x64a7a8ac8d7c - <unknown>
[INFO] [stdout]   15:     0x64a7a8ae50dc - <unknown>
[INFO] [stdout]   16:     0x64a7a8ab4962 - <unknown>
[INFO] [stdout]   17:     0x71835079bdfa - <unknown>
[INFO] [stdout]   18:     0x71835082f3d4 - clone
[INFO] [stdout]   19:                0x0 - <unknown>
[INFO] [stdout] 
[INFO] [stdout] ---- deferred_flag_respects_max_row_scan_cap stdout ----
[INFO] [stdout] 
[INFO] [stdout] thread 'deferred_flag_respects_max_row_scan_cap' (1419) panicked at tests/cli.rs:1047:5:
[INFO] [stdout] assertion failed: out.status.success()
[INFO] [stdout] stack backtrace:
[INFO] [stdout]    0:     0x64a7a8a8daa7 - <unknown>
[INFO] [stdout]    1:     0x64a7a89ea16a - <unknown>
[INFO] [stdout]    2:     0x64a7a8a8d05b - <unknown>
[INFO] [stdout]    3:     0x64a7a8a8cb3f - <unknown>
[INFO] [stdout]    4:     0x64a7a8a8c76a - <unknown>
[INFO] [stdout]    5:     0x64a7a8a8c2a2 - <unknown>
[INFO] [stdout]    6:     0x64a7a8ab2ff2 - <unknown>
[INFO] [stdout]    7:     0x64a7a8ab2f79 - <unknown>
[INFO] [stdout]    8:     0x64a7a8ab348c - <unknown>
[INFO] [stdout]    9:     0x64a7a89e9ffb - <unknown>
[INFO] [stdout]   10:     0x64a7a89ebea1 - <unknown>
[INFO] [stdout]   11:     0x64a7a89c834a - <unknown>
[INFO] [stdout]   12:     0x64a7a8acd43b - <unknown>
[INFO] [stdout]   13:     0x64a7a8ac9591 - <unknown>
[INFO] [stdout]   14:     0x64a7a8ac8d7c - <unknown>
[INFO] [stdout]   15:     0x64a7a8ae50dc - <unknown>
[INFO] [stdout]   16:     0x64a7a8ab4962 - <unknown>
[INFO] [stdout]   17:     0x71835079bdfa - <unknown>
[INFO] [stdout]   18:     0x71835082f3d4 - clone
[INFO] [stdout]   19:                0x0 - <unknown>
[INFO] [stdout] 
[INFO] [stdout] ---- colstyle_flag_accepts_r1_and_r1c1_as_aliases_for_c01 stdout ----
[INFO] [stdout] 
[INFO] [stdout] thread 'colstyle_flag_accepts_r1_and_r1c1_as_aliases_for_c01' (1412) panicked at tests/cli.rs:396:9:
[INFO] [stdout] assertion failed: out.status.success()
[INFO] [stdout] stack backtrace:
[INFO] [stdout]    0:     0x64a7a8a8daa7 - <unknown>
[INFO] [stdout]    1:     0x64a7a89ea16a - <unknown>
[INFO] [stdout]    2:     0x64a7a8a8d05b - <unknown>
[INFO] [stdout]    3:     0x64a7a8a8cb3f - <unknown>
[INFO] [stdout]    4:     0x64a7a8a8c76a - <unknown>
[INFO] [stdout]    5:     0x64a7a8a8c2a2 - <unknown>
[INFO] [stdout]    6:     0x64a7a8ab2ff2 - <unknown>
[INFO] [stdout]    7:     0x64a7a8ab2f79 - <unknown>
[INFO] [stdout]    8:     0x64a7a8ab348c - <unknown>
[INFO] [stdout]    9:     0x64a7a89e9ffb - <unknown>
[INFO] [stdout]   10:     0x64a7a89ebea1 - <unknown>
[INFO] [stdout]   11:     0x64a7a89d500e - <unknown>
[INFO] [stdout]   12:     0x64a7a8acd43b - <unknown>
[INFO] [stdout]   13:     0x64a7a8ac9591 - <unknown>
[INFO] [stdout]   14:     0x64a7a8ac8d7c - <unknown>
[INFO] [stdout]   15:     0x64a7a8ae50dc - <unknown>
[INFO] [stdout]   16:     0x64a7a8ab4962 - <unknown>
[INFO] [stdout]   17:     0x71835079bdfa - <unknown>
[INFO] [stdout]   18:     0x71835082f3d4 - clone
[INFO] [stdout]   19:                0x0 - <unknown>
[INFO] [stdout] 
[INFO] [stdout] ---- directory_path_reports_clear_error stdout ----
[INFO] [stdout] 
[INFO] [stdout] thread 'directory_path_reports_clear_error' (1423) panicked at tests/cli.rs:82:5:
[INFO] [stdout] got: error: file not found: /opt/rustwide/workdir/tests/fixtures
[INFO] [stdout] 
[INFO] [stdout] stack backtrace:
[INFO] [stdout]    0:     0x64a7a8a8daa7 - <unknown>
[INFO] [stdout]    1:     0x64a7a89ea16a - <unknown>
[INFO] [stdout]    2:     0x64a7a8a8d05b - <unknown>
[INFO] [stdout]    3:     0x64a7a8a8cb3f - <unknown>
[INFO] [stdout]    4:     0x64a7a8a8c76a - <unknown>
[INFO] [stdout]    5:     0x64a7a8a8c2a2 - <unknown>
[INFO] [stdout]    6:     0x64a7a8ab2fc1 - <unknown>
[INFO] [stdout]    7:     0x64a7a8ab2f79 - <unknown>
[INFO] [stdout]    8:     0x64a7a8ab348c - <unknown>
[INFO] [stdout]    9:     0x64a7a89e9ffb - <unknown>
[INFO] [stdout]   10:     0x64a7a89c4e0a - <unknown>
[INFO] [stdout]   11:     0x64a7a8acd43b - <unknown>
[INFO] [stdout]   12:     0x64a7a8ac9591 - <unknown>
[INFO] [stdout]   13:     0x64a7a8ac8d7c - <unknown>
[INFO] [stdout]   14:     0x64a7a8ae50dc - <unknown>
[INFO] [stdout]   15:     0x64a7a8ab4962 - <unknown>
[INFO] [stdout]   16:     0x71835079bdfa - <unknown>
[INFO] [stdout]   17:     0x71835082f3d4 - clone
[INFO] [stdout]   18:                0x0 - <unknown>
[INFO] [stdout] 
[INFO] [stdout] ---- debug_flag_does_not_corrupt_json_output stdout ----
[INFO] [stdout] 
[INFO] [stdout] thread 'debug_flag_does_not_corrupt_json_output' (1417) panicked at tests/cli.rs:956:5:
[INFO] [stdout] assertion failed: out.status.success()
[INFO] [stdout] stack backtrace:
[INFO] [stdout]    0:     0x64a7a8a8daa7 - <unknown>
[INFO] [stdout]    1:     0x64a7a89ea16a - <unknown>
[INFO] [stdout]    2:     0x64a7a8a8d05b - <unknown>
[INFO] [stdout]    3:     0x64a7a8a8cb3f - <unknown>
[INFO] [stdout]    4:     0x64a7a8a8c76a - <unknown>
[INFO] [stdout]    5:     0x64a7a8a8c2a2 - <unknown>
[INFO] [stdout]    6:     0x64a7a8ab2ff2 - <unknown>
[INFO] [stdout]    7:     0x64a7a8ab2f79 - <unknown>
[INFO] [stdout]    8:     0x64a7a8ab348c - <unknown>
[INFO] [stdout]    9:     0x64a7a89e9ffb - <unknown>
[INFO] [stdout]   10:     0x64a7a89ebea1 - <unknown>
[INFO] [stdout]   11:     0x64a7a89c778c - <unknown>
[INFO] [stdout]   12:     0x64a7a8acd43b - <unknown>
[INFO] [stdout]   13:     0x64a7a8ac9591 - <unknown>
[INFO] [stdout]   14:     0x64a7a8ac8d7c - <unknown>
[INFO] [stdout]   15:     0x64a7a8ae50dc - <unknown>
[INFO] [stdout]   16:     0x64a7a8ab4962 - <unknown>
[INFO] [stdout]   17:     0x71835079bdfa - <unknown>
[INFO] [stdout]   18:     0x71835082f3d4 - clone
[INFO] [stdout]   19:                0x0 - <unknown>
[INFO] [stdout] 
[INFO] [stdout] ---- colstyle_flag_bare_value_applies_to_every_field stdout ----
[INFO] [stdout] 
[INFO] [stdout] thread 'colstyle_flag_bare_value_applies_to_every_field' (1414) panicked at tests/cli.rs:364:5:
[INFO] [stdout] assertion failed: bare.status.success()
[INFO] [stdout] stack backtrace:
[INFO] [stdout]    0:     0x64a7a8a8daa7 - <unknown>
[INFO] [stdout]    1:     0x64a7a89ea16a - <unknown>
[INFO] [stdout]    2:     0x64a7a8a8d05b - <unknown>
[INFO] [stdout]    3:     0x64a7a8a8cb3f - <unknown>
[INFO] [stdout]    4:     0x64a7a8a8c76a - <unknown>
[INFO] [stdout]    5:     0x64a7a8a8c2a2 - <unknown>
[INFO] [stdout]    6:     0x64a7a8ab2ff2 - <unknown>
[INFO] [stdout]    7:     0x64a7a8ab2f79 - <unknown>
[INFO] [stdout]    8:     0x64a7a8ab348c - <unknown>
[INFO] [stdout]    9:     0x64a7a89e9ffb - <unknown>
[INFO] [stdout]   10:     0x64a7a89ebea1 - <unknown>
[INFO] [stdout]   11:     0x64a7a89cefea - <unknown>
[INFO] [stdout]   12:     0x64a7a8acd43b - <unknown>
[INFO] [stdout]   13:     0x64a7a8ac9591 - <unknown>
[INFO] [stdout]   14:     0x64a7a8ac8d7c - <unknown>
[INFO] [stdout]   15:     0x64a7a8ae50dc - <unknown>
[INFO] [stdout]   16:     0x64a7a8ab4962 - <unknown>
[INFO] [stdout]   17:     0x71835079bdfa - <unknown>
[INFO] [stdout]   18:     0x71835082f3d4 - clone
[INFO] [stdout]   19:                0x0 - <unknown>
[INFO] [stdout] 
[INFO] [stdout] ---- a1_flag_is_shorthand_for_colstyle_a1_but_explicit_colstyle_still_wins stdout ----
[INFO] [stdout] 
[INFO] [stdout] thread 'a1_flag_is_shorthand_for_colstyle_a1_but_explicit_colstyle_still_wins' (1409) panicked at tests/cli.rs:415:5:
[INFO] [stdout] assertion failed: out_shorthand.status.success()
[INFO] [stdout] stack backtrace:
[INFO] [stdout]    0:     0x64a7a8a8daa7 - <unknown>
[INFO] [stdout]    1:     0x64a7a89ea16a - <unknown>
[INFO] [stdout]    2:     0x64a7a8a8d05b - <unknown>
[INFO] [stdout]    3:     0x64a7a8a8cb3f - <unknown>
[INFO] [stdout]    4:     0x64a7a8a8c76a - <unknown>
[INFO] [stdout]    5:     0x64a7a8a8c2a2 - <unknown>
[INFO] [stdout]    6:     0x64a7a8ab2ff2 - <unknown>
[INFO] [stdout]    7:     0x64a7a8ab2f79 - <unknown>
[INFO] [stdout]    8:     0x64a7a8ab348c - <unknown>
[INFO] [stdout]    9:     0x64a7a89e9ffb - <unknown>
[INFO] [stdout]   10:     0x64a7a89ebea1 - <unknown>
[INFO] [stdout]   11:     0x64a7a89e152b - <unknown>
[INFO] [stdout]   12:     0x64a7a8acd43b - <unknown>
[INFO] [stdout]   13:     0x64a7a8ac9591 - <unknown>
[INFO] [stdout]   14:     0x64a7a8ac8d7c - <unknown>
[INFO] [stdout]   15:     0x64a7a8ae50dc - <unknown>
[INFO] [stdout]   16:     0x64a7a8ab4962 - <unknown>
[INFO] [stdout]   17:     0x71835079bdfa - <unknown>
[INFO] [stdout]   18:     0x71835082f3d4 - clone
[INFO] [stdout]   19:                0x0 - <unknown>
[INFO] [stdout] 
[INFO] [stdout] ---- corrupt_workbook_reports_clear_error stdout ----
[INFO] [stdout] 
[INFO] [stdout] thread 'corrupt_workbook_reports_clear_error' (1416) panicked at tests/cli.rs:69:5:
[INFO] [stdout] assertion `left == right` failed
[INFO] [stdout]   left: Some(2)
[INFO] [stdout]  right: Some(1)
[INFO] [stdout] stack backtrace:
[INFO] [stdout]    0:     0x64a7a8a8daa7 - <unknown>
[INFO] [stdout]    1:     0x64a7a89ea16a - <unknown>
[INFO] [stdout]    2:     0x64a7a8a8d05b - <unknown>
[INFO] [stdout]    3:     0x64a7a8a8cb3f - <unknown>
[INFO] [stdout]    4:     0x64a7a8a8c76a - <unknown>
[INFO] [stdout]    5:     0x64a7a8a8c2a2 - <unknown>
[INFO] [stdout]    6:     0x64a7a8ab2fc1 - <unknown>
[INFO] [stdout]    7:     0x64a7a8ab2f79 - <unknown>
[INFO] [stdout]    8:     0x64a7a8ab348c - <unknown>
[INFO] [stdout]    9:     0x64a7a89e9ffb - <unknown>
[INFO] [stdout]   10:     0x64a7a89e9f21 - <unknown>
[INFO] [stdout]   11:     0x64a7a89932e8 - <unknown>
[INFO] [stdout]   12:     0x64a7a89c4fce - <unknown>
[INFO] [stdout]   13:     0x64a7a8acd43b - <unknown>
[INFO] [stdout]   14:     0x64a7a8ac9591 - <unknown>
[INFO] [stdout]   15:     0x64a7a8ac8d7c - <unknown>
[INFO] [stdout]   16:     0x64a7a8ae50dc - <unknown>
[INFO] [stdout]   17:     0x64a7a8ab4962 - <unknown>
[INFO] [stdout]   18:     0x71835079bdfa - <unknown>
[INFO] [stdout]   19:     0x71835082f3d4 - clone
[INFO] [stdout]   20:                0x0 - <unknown>
[INFO] [stdout] 
[INFO] [stdout] ---- colstyle_padding_width_scales_with_column_count stdout ----
[INFO] [stdout] 
[INFO] [stdout] thread 'colstyle_padding_width_scales_with_column_count' (1415) panicked at tests/cli.rs:441:5:
[INFO] [stdout] assertion failed: out.status.success()
[INFO] [stdout] stack backtrace:
[INFO] [stdout]    0:     0x64a7a8a8daa7 - <unknown>
[INFO] [stdout]    1:     0x64a7a89ea16a - <unknown>
[INFO] [stdout]    2:     0x64a7a8a8d05b - <unknown>
[INFO] [stdout]    3:     0x64a7a8a8cb3f - <unknown>
[INFO] [stdout]    4:     0x64a7a8a8c76a - <unknown>
[INFO] [stdout]    5:     0x64a7a8a8c2a2 - <unknown>
[INFO] [stdout]    6:     0x64a7a8ab2ff2 - <unknown>
[INFO] [stdout]    7:     0x64a7a8ab2f79 - <unknown>
[INFO] [stdout]    8:     0x64a7a8ab348c - <unknown>
[INFO] [stdout]    9:     0x64a7a89e9ffb - <unknown>
[INFO] [stdout]   10:     0x64a7a89ebea1 - <unknown>
[INFO] [stdout]   11:     0x64a7a89cfa64 - <unknown>
[INFO] [stdout]   12:     0x64a7a8acd43b - <unknown>
[INFO] [stdout]   13:     0x64a7a8ac9591 - <unknown>
[INFO] [stdout]   14:     0x64a7a8ac8d7c - <unknown>
[INFO] [stdout]   15:     0x64a7a8ae50dc - <unknown>
[INFO] [stdout]   16:     0x64a7a8ab4962 - <unknown>
[INFO] [stdout]   17:     0x71835079bdfa - <unknown>
[INFO] [stdout]   18:     0x71835082f3d4 - clone
[INFO] [stdout]   19:                0x0 - <unknown>
[INFO] [stdout] 
[INFO] [stdout] ---- deferred_flag_returns_immediately_and_streams_in_the_background stdout ----
[INFO] [stdout] 
[INFO] [stdout] thread 'deferred_flag_returns_immediately_and_streams_in_the_background' (1421) panicked at tests/cli.rs:1011:5:
[INFO] [stdout] assertion failed: out.status.success()
[INFO] [stdout] stack backtrace:
[INFO] [stdout]    0:     0x64a7a8a8daa7 - <unknown>
[INFO] [stdout]    1:     0x64a7a89ea16a - <unknown>
[INFO] [stdout]    2:     0x64a7a8a8d05b - <unknown>
[INFO] [stdout]    3:     0x64a7a8a8cb3f - <unknown>
[INFO] [stdout]    4:     0x64a7a8a8c76a - <unknown>
[INFO] [stdout]    5:     0x64a7a8a8c2a2 - <unknown>
[INFO] [stdout]    6:     0x64a7a8ab2ff2 - <unknown>
[INFO] [stdout]    7:     0x64a7a8ab2f79 - <unknown>
[INFO] [stdout]    8:     0x64a7a8ab348c - <unknown>
[INFO] [stdout]    9:     0x64a7a89e9ffb - <unknown>
[INFO] [stdout]   10:     0x64a7a89ebea1 - <unknown>
[INFO] [stdout]   11:     0x64a7a89dc921 - <unknown>
[INFO] [stdout]   12:     0x64a7a8acd43b - <unknown>
[INFO] [stdout]   13:     0x64a7a8ac9591 - <unknown>
[INFO] [stdout]   14:     0x64a7a8ac8d7c - <unknown>
[INFO] [stdout]   15:     0x64a7a8ae50dc - <unknown>
[INFO] [stdout]   16:     0x64a7a8ab4962 - <unknown>
[INFO] [stdout]   17:     0x71835079bdfa - <unknown>
[INFO] [stdout]   18:     0x71835082f3d4 - clone
[INFO] [stdout]   19:                0x0 - <unknown>
[INFO] [stdout] 
[INFO] [stdout] ---- body_start_skips_gap_between_header_row_and_real_data stdout ----
[INFO] [stdout] 
[INFO] [stdout] thread 'body_start_skips_gap_between_header_row_and_real_data' (1411) panicked at tests/cli.rs:632:5:
[INFO] [stdout] assertion failed: out.status.success()
[INFO] [stdout] stack backtrace:
[INFO] [stdout]    0:     0x64a7a8a8daa7 - <unknown>
[INFO] [stdout]    1:     0x64a7a89ea16a - <unknown>
[INFO] [stdout]    2:     0x64a7a8a8d05b - <unknown>
[INFO] [stdout]    3:     0x64a7a8a8cb3f - <unknown>
[INFO] [stdout]    4:     0x64a7a8a8c76a - <unknown>
[INFO] [stdout]    5:     0x64a7a8a8c2a2 - <unknown>
[INFO] [stdout]    6:     0x64a7a8ab2ff2 - <unknown>
[INFO] [stdout]    7:     0x64a7a8ab2f79 - <unknown>
[INFO] [stdout]    8:     0x64a7a8ab348c - <unknown>
[INFO] [stdout]    9:     0x64a7a89e9ffb - <unknown>
[INFO] [stdout]   10:     0x64a7a89ebea1 - <unknown>
[INFO] [stdout]   11:     0x64a7a89d600d - <unknown>
[INFO] [stdout]   12:     0x64a7a8acd43b - <unknown>
[INFO] [stdout]   13:     0x64a7a8ac9591 - <unknown>
[INFO] [stdout]   14:     0x64a7a8ac8d7c - <unknown>
[INFO] [stdout]   15:     0x64a7a8ae50dc - <unknown>
[INFO] [stdout]   16:     0x64a7a8ab4962 - <unknown>
[INFO] [stdout]   17:     0x71835079bdfa - <unknown>
[INFO] [stdout]   18:     0x71835082f3d4 - clone
[INFO] [stdout]   19:                0x0 - <unknown>
[INFO] [stdout] 
[INFO] [stdout] ---- colstyle_flag_bare_a1_applies_to_every_field stdout ----
[INFO] [stdout] 
[INFO] [stdout] thread 'colstyle_flag_bare_a1_applies_to_every_field' (1413) panicked at tests/cli.rs:380:5:
[INFO] [stdout] assertion failed: out.status.success()
[INFO] [stdout] stack backtrace:
[INFO] [stdout]    0:     0x64a7a8a8daa7 - <unknown>
[INFO] [stdout]    1:     0x64a7a89ea16a - <unknown>
[INFO] [stdout]    2:     0x64a7a8a8d05b - <unknown>
[INFO] [stdout]    3:     0x64a7a8a8cb3f - <unknown>
[INFO] [stdout]    4:     0x64a7a8a8c76a - <unknown>
[INFO] [stdout]    5:     0x64a7a8a8c2a2 - <unknown>
[INFO] [stdout]    6:     0x64a7a8ab2ff2 - <unknown>
[INFO] [stdout]    7:     0x64a7a8ab2f79 - <unknown>
[INFO] [stdout]    8:     0x64a7a8ab348c - <unknown>
[INFO] [stdout]    9:     0x64a7a89e9ffb - <unknown>
[INFO] [stdout]   10:     0x64a7a89ebea1 - <unknown>
[INFO] [stdout]   11:     0x64a7a89cd2b8 - <unknown>
[INFO] [stdout]   12:     0x64a7a8acd43b - <unknown>
[INFO] [stdout]   13:     0x64a7a8ac9591 - <unknown>
[INFO] [stdout]   14:     0x64a7a8ac8d7c - <unknown>
[INFO] [stdout]   15:     0x64a7a8ae50dc - <unknown>
[INFO] [stdout]   16:     0x64a7a8ab4962 - <unknown>
[INFO] [stdout]   17:     0x71835079bdfa - <unknown>
[INFO] [stdout]   18:     0x71835082f3d4 - clone
[INFO] [stdout]   19:                0x0 - <unknown>
[INFO] [stdout] 
[INFO] [stdout] ---- deferred_flag_creates_parent_directories_for_custom_file_path stdout ----
[INFO] [stdout] 
[INFO] [stdout] thread 'deferred_flag_creates_parent_directories_for_custom_file_path' (1418) panicked at tests/cli.rs:1069:5:
[INFO] [stdout] assertion failed: out.status.success()
[INFO] [stdout] stack backtrace:
[INFO] [stdout]    0:     0x64a7a8a8daa7 - <unknown>
[INFO] [stdout]    1:     0x64a7a89ea16a - <unknown>
[INFO] [stdout]    2:     0x64a7a8a8d05b - <unknown>
[INFO] [stdout]    3:     0x64a7a8a8cb3f - <unknown>
[INFO] [stdout]    4:     0x64a7a8a8c76a - <unknown>
[INFO] [stdout]    5:     0x64a7a8a8c2a2 - <unknown>
[INFO] [stdout]    6:     0x64a7a8ab2ff2 - <unknown>
[INFO] [stdout]    7:     0x64a7a8ab2f79 - <unknown>
[INFO] [stdout]    8:     0x64a7a8ab348c - <unknown>
[INFO] [stdout]    9:     0x64a7a89e9ffb - <unknown>
[INFO] [stdout]   10:     0x64a7a89ebea1 - <unknown>
[INFO] [stdout]   11:     0x64a7a89db5f0 - <unknown>
[INFO] [stdout]   12:     0x64a7a8acd43b - <unknown>
[INFO] [stdout]   13:     0x64a7a8ac9591 - <unknown>
[INFO] [stdout]   14:     0x64a7a8ac8d7c - <unknown>
[INFO] [stdout]   15:     0x64a7a8ae50dc - <unknown>
[INFO] [stdout]   16:     0x64a7a8ab4962 - <unknown>
[INFO] [stdout]   17:     0x71835079bdfa - <unknown>
[INFO] [stdout]   18:     0x71835082f3d4 - clone
[INFO] [stdout]   19:                0x0 - <unknown>
[INFO] [stdout] 
[INFO] [stdout] ---- json_mode_combined_with_rows_prints_only_rows_pretty_printed stdout ----
[INFO] [stdout] 
[INFO] [stdout] thread 'json_mode_combined_with_rows_prints_only_rows_pretty_printed' (1685) panicked at tests/cli.rs:930:5:
[INFO] [stdout] assertion failed: out.status.success()
[INFO] [stdout] stack backtrace:
[INFO] [stdout]    0:     0x64a7a8a8daa7 - <unknown>
[INFO] [stdout]    1:     0x64a7a89ea16a - <unknown>
[INFO] [stdout]    2:     0x64a7a8a8d05b - <unknown>
[INFO] [stdout]    3:     0x64a7a8a8cb3f - <unknown>
[INFO] [stdout]    4:     0x64a7a8a8c76a - <unknown>
[INFO] [stdout]    5:     0x64a7a8a8c2a2 - <unknown>
[INFO] [stdout]    6:     0x64a7a8ab2ff2 - <unknown>
[INFO] [stdout]    7:     0x64a7a8ab2f79 - <unknown>
[INFO] [stdout]    8:     0x64a7a8ab348c - <unknown>
[INFO] [stdout]    9:     0x64a7a89e9ffb - <unknown>
[INFO] [stdout]   10:     0x64a7a89ebea1 - <unknown>
[INFO] [stdout]   11:     0x64a7a89d9ecc - <unknown>
[INFO] [stdout]   12:     0x64a7a8acd43b - <unknown>
[INFO] [stdout]   13:     0x64a7a8ac9591 - <unknown>
[INFO] [stdout]   14:     0x64a7a8ac8d7c - <unknown>
[INFO] [stdout]   15:     0x64a7a8ae50dc - <unknown>
[INFO] [stdout]   16:     0x64a7a8ab4962 - <unknown>
[INFO] [stdout]   17:     0x71835079bdfa - <unknown>
[INFO] [stdout]   18:     0x71835082f3d4 - clone
[INFO] [stdout]   19:                0x0 - <unknown>
[INFO] [stdout] 
[INFO] [stdout] ---- json_mode_preview_has_top_level_columns_map_not_per_sheet_fields stdout ----
[INFO] [stdout] 
[INFO] [stdout] thread 'json_mode_preview_has_top_level_columns_map_not_per_sheet_fields' (1762) panicked at tests/cli.rs:836:5:
[INFO] [stdout] assertion failed: out.status.success()
[INFO] [stdout] stack backtrace:
[INFO] [stdout]    0:     0x64a7a8a8daa7 - <unknown>
[INFO] [stdout]    1:     0x64a7a89ea16a - <unknown>
[INFO] [stdout]    2:     0x64a7a8a8d05b - <unknown>
[INFO] [stdout]    3:     0x64a7a8a8cb3f - <unknown>
[INFO] [stdout]    4:     0x64a7a8a8c76a - <unknown>
[INFO] [stdout]    5:     0x64a7a8a8c2a2 - <unknown>
[INFO] [stdout]    6:     0x64a7a8ab2ff2 - <unknown>
[INFO] [stdout]    7:     0x64a7a8ab2f79 - <unknown>
[INFO] [stdout]    8:     0x64a7a8ab348c - <unknown>
[INFO] [stdout]    9:     0x64a7a89e9ffb - <unknown>
[INFO] [stdout]   10:     0x64a7a89ebea1 - <unknown>
[INFO] [stdout]   11:     0x64a7a89de544 - <unknown>
[INFO] [stdout]   12:     0x64a7a8acd43b - <unknown>
[INFO] [stdout]   13:     0x64a7a8ac9591 - <unknown>
[INFO] [stdout]   14:     0x64a7a8ac8d7c - <unknown>
[INFO] [stdout]   15:     0x64a7a8ae50dc - <unknown>
[INFO] [stdout]   16:     0x64a7a8ab4962 - <unknown>
[INFO] [stdout]   17:     0x71835079bdfa - <unknown>
[INFO] [stdout]   18:     0x71835082f3d4 - clone
[INFO] [stdout]   19:                0x0 - <unknown>
[INFO] [stdout] 
[INFO] [stdout] ---- incompatible_format_reports_clear_error stdout ----
[INFO] [stdout] 
[INFO] [stdout] thread 'incompatible_format_reports_clear_error' (1616) panicked at tests/cli.rs:58:5:
[INFO] [stdout] expected an 'incompatible file format' message, got: error: file not found: /opt/rustwide/workdir/tests/fixtures/not_a_spreadsheet.txt
[INFO] [stdout] 
[INFO] [stdout] stack backtrace:
[INFO] [stdout]    0:     0x64a7a8a8daa7 - <unknown>
[INFO] [stdout]    1:     0x64a7a89ea16a - <unknown>
[INFO] [stdout]    2:     0x64a7a8a8d05b - <unknown>
[INFO] [stdout]    3:     0x64a7a8a8cb3f - <unknown>
[INFO] [stdout]    4:     0x64a7a8a8c76a - <unknown>
[INFO] [stdout]    5:     0x64a7a8a8c2a2 - <unknown>
[INFO] [stdout]    6:     0x64a7a8ab2fc1 - <unknown>
[INFO] [stdout]    7:     0x64a7a8ab2f79 - <unknown>
[INFO] [stdout]    8:     0x64a7a8ab348c - <unknown>
[INFO] [stdout]    9:     0x64a7a89e9ffb - <unknown>
[INFO] [stdout]   10:     0x64a7a89c874a - <unknown>
[INFO] [stdout]   11:     0x64a7a8acd43b - <unknown>
[INFO] [stdout]   12:     0x64a7a8ac9591 - <unknown>
[INFO] [stdout]   13:     0x64a7a8ac8d7c - <unknown>
[INFO] [stdout]   14:     0x64a7a8ae50dc - <unknown>
[INFO] [stdout]   15:     0x64a7a8ab4962 - <unknown>
[INFO] [stdout]   16:     0x71835079bdfa - <unknown>
[INFO] [stdout]   17:     0x71835082f3d4 - clone
[INFO] [stdout]   18:                0x0 - <unknown>
[INFO] [stdout] 
[INFO] [stdout] ---- json_mode_single_sheet_has_expected_shape stdout ----
[INFO] [stdout] 
[INFO] [stdout] thread 'json_mode_single_sheet_has_expected_shape' (1844) panicked at tests/cli.rs:755:5:
[INFO] [stdout] assertion failed: out.status.success()
[INFO] [stdout] stack backtrace:
[INFO] [stdout]    0:     0x64a7a8a8daa7 - <unknown>
[INFO] [stdout]    1:     0x64a7a89ea16a - <unknown>
[INFO] [stdout]    2:     0x64a7a8a8d05b - <unknown>
[INFO] [stdout]    3:     0x64a7a8a8cb3f - <unknown>
[INFO] [stdout]    4:     0x64a7a8a8c76a - <unknown>
[INFO] [stdout]    5:     0x64a7a8a8c2a2 - <unknown>
[INFO] [stdout]    6:     0x64a7a8ab2ff2 - <unknown>
[INFO] [stdout]    7:     0x64a7a8ab2f79 - <unknown>
[INFO] [stdout]    8:     0x64a7a8ab348c - <unknown>
[INFO] [stdout]    9:     0x64a7a89e9ffb - <unknown>
[INFO] [stdout]   10:     0x64a7a89ebea1 - <unknown>
[INFO] [stdout]   11:     0x64a7a89caec0 - <unknown>
[INFO] [stdout]   12:     0x64a7a8acd43b - <unknown>
[INFO] [stdout]   13:     0x64a7a8ac9591 - <unknown>
[INFO] [stdout]   14:     0x64a7a8ac8d7c - <unknown>
[INFO] [stdout]   15:     0x64a7a8ae50dc - <unknown>
[INFO] [stdout]   16:     0x64a7a8ab4962 - <unknown>
[INFO] [stdout]   17:     0x71835079bdfa - <unknown>
[INFO] [stdout]   18:     0x71835082f3d4 - clone
[INFO] [stdout]   19:                0x0 - <unknown>
[INFO] [stdout] 
[INFO] [stdout] ---- json_mode_omits_sheet_fields_for_csv stdout ----
[INFO] [stdout] 
[INFO] [stdout] thread 'json_mode_omits_sheet_fields_for_csv' (1709) panicked at tests/cli.rs:791:5:
[INFO] [stdout] assertion failed: out.status.success()
[INFO] [stdout] stack backtrace:
[INFO] [stdout]    0:     0x64a7a8a8daa7 - <unknown>
[INFO] [stdout]    1:     0x64a7a89ea16a - <unknown>
[INFO] [stdout]    2:     0x64a7a8a8d05b - <unknown>
[INFO] [stdout]    3:     0x64a7a8a8cb3f - <unknown>
[INFO] [stdout]    4:     0x64a7a8a8c76a - <unknown>
[INFO] [stdout]    5:     0x64a7a8a8c2a2 - <unknown>
[INFO] [stdout]    6:     0x64a7a8ab2ff2 - <unknown>
[INFO] [stdout]    7:     0x64a7a8ab2f79 - <unknown>
[INFO] [stdout]    8:     0x64a7a8ab348c - <unknown>
[INFO] [stdout]    9:     0x64a7a89e9ffb - <unknown>
[INFO] [stdout]   10:     0x64a7a89ebea1 - <unknown>
[INFO] [stdout]   11:     0x64a7a89c54f9 - <unknown>
[INFO] [stdout]   12:     0x64a7a8acd43b - <unknown>
[INFO] [stdout]   13:     0x64a7a8ac9591 - <unknown>
[INFO] [stdout]   14:     0x64a7a8ac8d7c - <unknown>
[INFO] [stdout]   15:     0x64a7a8ae50dc - <unknown>
[INFO] [stdout]   16:     0x64a7a8ab4962 - <unknown>
[INFO] [stdout]   17:     0x71835079bdfa - <unknown>
[INFO] [stdout]   18:     0x71835082f3d4 - clone
[INFO] [stdout]   19:                0x0 - <unknown>
[INFO] [stdout] 
[INFO] [stdout] ---- json_mode_preview_returns_data_per_sheet stdout ----
[INFO] [stdout] 
[INFO] [stdout] thread 'json_mode_preview_returns_data_per_sheet' (1795) panicked at tests/cli.rs:810:5:
[INFO] [stdout] assertion failed: out.status.success()
[INFO] [stdout] stack backtrace:
[INFO] [stdout]    0:     0x64a7a8a8daa7 - <unknown>
[INFO] [stdout]    1:     0x64a7a89ea16a - <unknown>
[INFO] [stdout]    2:     0x64a7a8a8d05b - <unknown>
[INFO] [stdout]    3:     0x64a7a8a8cb3f - <unknown>
[INFO] [stdout]    4:     0x64a7a8a8c76a - <unknown>
[INFO] [stdout]    5:     0x64a7a8a8c2a2 - <unknown>
[INFO] [stdout]    6:     0x64a7a8ab2ff2 - <unknown>
[INFO] [stdout]    7:     0x64a7a8ab2f79 - <unknown>
[INFO] [stdout]    8:     0x64a7a8ab348c - <unknown>
[INFO] [stdout]    9:     0x64a7a89e9ffb - <unknown>
[INFO] [stdout]   10:     0x64a7a89ebea1 - <unknown>
[INFO] [stdout]   11:     0x64a7a89c9810 - <unknown>
[INFO] [stdout]   12:     0x64a7a8acd43b - <unknown>
[INFO] [stdout]   13:     0x64a7a8ac9591 - <unknown>
[INFO] [stdout]   14:     0x64a7a8ac8d7c - <unknown>
[INFO] [stdout]   15:     0x64a7a8ae50dc - <unknown>
[INFO] [stdout]   16:     0x64a7a8ab4962 - <unknown>
[INFO] [stdout]   17:     0x71835079bdfa - <unknown>
[INFO] [stdout]   18:     0x71835082f3d4 - clone
[INFO] [stdout]   19:                0x0 - <unknown>
[INFO] [stdout] 
[INFO] [stdout] ---- exclude_cells_flag_drops_row_values_but_keeps_columns_in_json_mode stdout ----
[INFO] [stdout] 
[INFO] [stdout] thread 'exclude_cells_flag_drops_row_values_but_keeps_columns_in_json_mode' (1424) panicked at tests/cli.rs:870:5:
[INFO] [stdout] assertion failed: out.status.success()
[INFO] [stdout] stack backtrace:
[INFO] [stdout]    0:     0x64a7a8a8daa7 - <unknown>
[INFO] [stdout]    1:     0x64a7a89ea16a - <unknown>
[INFO] [stdout]    2:     0x64a7a8a8d05b - <unknown>
[INFO] [stdout]    3:     0x64a7a8a8cb3f - <unknown>
[INFO] [stdout]    4:     0x64a7a8a8c76a - <unknown>
[INFO] [stdout]    5:     0x64a7a8a8c2a2 - <unknown>
[INFO] [stdout]    6:     0x64a7a8ab2ff2 - <unknown>
[INFO] [stdout]    7:     0x64a7a8ab2f79 - <unknown>
[INFO] [stdout]    8:     0x64a7a8ab348c - <unknown>
[INFO] [stdout]    9:     0x64a7a89e9ffb - <unknown>
[INFO] [stdout]   10:     0x64a7a89ebea1 - <unknown>
[INFO] [stdout]   11:     0x64a7a89e0468 - <unknown>
[INFO] [stdout]   12:     0x64a7a8acd43b - <unknown>
[INFO] [stdout]   13:     0x64a7a8ac9591 - <unknown>
[INFO] [stdout]   14:     0x64a7a8ac8d7c - <unknown>
[INFO] [stdout]   15:     0x64a7a8ae50dc - <unknown>
[INFO] [stdout]   16:     0x64a7a8ab4962 - <unknown>
[INFO] [stdout]   17:     0x71835079bdfa - <unknown>
[INFO] [stdout]   18:     0x71835082f3d4 - clone
[INFO] [stdout]   19:                0x0 - <unknown>
[INFO] [stdout] 
[INFO] [stdout] ---- json_mode_single_sheet_has_no_columns_map stdout ----
[INFO] [stdout] 
[INFO] [stdout] thread 'json_mode_single_sheet_has_no_columns_map' (1868) panicked at tests/cli.rs:853:5:
[INFO] [stdout] assertion failed: out.status.success()
[INFO] [stdout] stack backtrace:
[INFO] [stdout]    0:     0x64a7a8a8daa7 - <unknown>
[INFO] [stdout]    1:     0x64a7a89ea16a - <unknown>
[INFO] [stdout]    2:     0x64a7a8a8d05b - <unknown>
[INFO] [stdout]    3:     0x64a7a8a8cb3f - <unknown>
[INFO] [stdout]    4:     0x64a7a8a8c76a - <unknown>
[INFO] [stdout]    5:     0x64a7a8a8c2a2 - <unknown>
[INFO] [stdout]    6:     0x64a7a8ab2ff2 - <unknown>
[INFO] [stdout]    7:     0x64a7a8ab2f79 - <unknown>
[INFO] [stdout]    8:     0x64a7a8ab348c - <unknown>
[INFO] [stdout]    9:     0x64a7a89e9ffb - <unknown>
[INFO] [stdout]   10:     0x64a7a89ebea1 - <unknown>
[INFO] [stdout]   11:     0x64a7a89cb617 - <unknown>
[INFO] [stdout]   12:     0x64a7a8acd43b - <unknown>
[INFO] [stdout]   13:     0x64a7a8ac9591 - <unknown>
[INFO] [stdout]   14:     0x64a7a8ac8d7c - <unknown>
[INFO] [stdout]   15:     0x64a7a8ae50dc - <unknown>
[INFO] [stdout]   16:     0x64a7a8ab4962 - <unknown>
[INFO] [stdout]   17:     0x71835079bdfa - <unknown>
[INFO] [stdout]   18:     0x71835082f3d4 - clone
[INFO] [stdout]   19:                0x0 - <unknown>
[INFO] [stdout] 
[INFO] [stdout] ---- header_index_and_body_index_are_zero_based_equivalents stdout ----
[INFO] [stdout] 
[INFO] [stdout] thread 'header_index_and_body_index_are_zero_based_equivalents' (1614) panicked at tests/cli.rs:673:5:
[INFO] [stdout] assertion failed: out_one_based.status.success()
[INFO] [stdout] stack backtrace:
[INFO] [stdout]    0:     0x64a7a8a8daa7 - <unknown>
[INFO] [stdout]    1:     0x64a7a89ea16a - <unknown>
[INFO] [stdout]    2:     0x64a7a8a8d05b - <unknown>
[INFO] [stdout]    3:     0x64a7a8a8cb3f - <unknown>
[INFO] [stdout]    4:     0x64a7a8a8c76a - <unknown>
[INFO] [stdout]    5:     0x64a7a8a8c2a2 - <unknown>
[INFO] [stdout]    6:     0x64a7a8ab2ff2 - <unknown>
[INFO] [stdout]    7:     0x64a7a8ab2f79 - <unknown>
[INFO] [stdout]    8:     0x64a7a8ab348c - <unknown>
[INFO] [stdout]    9:     0x64a7a89e9ffb - <unknown>
[INFO] [stdout]   10:     0x64a7a89ebea1 - <unknown>
[INFO] [stdout]   11:     0x64a7a89d8051 - <unknown>
[INFO] [stdout]   12:     0x64a7a8acd43b - <unknown>
[INFO] [stdout]   13:     0x64a7a8ac9591 - <unknown>
[INFO] [stdout]   14:     0x64a7a8ac8d7c - <unknown>
[INFO] [stdout]   15:     0x64a7a8ae50dc - <unknown>
[INFO] [stdout]   16:     0x64a7a8ab4962 - <unknown>
[INFO] [stdout]   17:     0x71835079bdfa - <unknown>
[INFO] [stdout]   18:     0x71835082f3d4 - clone
[INFO] [stdout]   19:                0x0 - <unknown>
[INFO] [stdout] 
[INFO] [stdout] ---- keys_flag_casts_native_datetime_column_to_date_only stdout ----
[INFO] [stdout] 
[INFO] [stdout] thread 'keys_flag_casts_native_datetime_column_to_date_only' (2057) panicked at tests/cli.rs:598:5:
[INFO] [stdout] assertion failed: out.status.success()
[INFO] [stdout] stack backtrace:
[INFO] [stdout]    0:     0x64a7a8a8daa7 - <unknown>
[INFO] [stdout]    1:     0x64a7a89ea16a - <unknown>
[INFO] [stdout]    2:     0x64a7a8a8d05b - <unknown>
[INFO] [stdout]    3:     0x64a7a8a8cb3f - <unknown>
[INFO] [stdout]    4:     0x64a7a8a8c76a - <unknown>
[INFO] [stdout]    5:     0x64a7a8a8c2a2 - <unknown>
[INFO] [stdout]    6:     0x64a7a8ab2ff2 - <unknown>
[INFO] [stdout]    7:     0x64a7a8ab2f79 - <unknown>
[INFO] [stdout]    8:     0x64a7a8ab348c - <unknown>
[INFO] [stdout]    9:     0x64a7a89e9ffb - <unknown>
[INFO] [stdout]   10:     0x64a7a89ebea1 - <unknown>
[INFO] [stdout]   11:     0x64a7a89d3f78 - <unknown>
[INFO] [stdout]   12:     0x64a7a8acd43b - <unknown>
[INFO] [stdout]   13:     0x64a7a8ac9591 - <unknown>
[INFO] [stdout]   14:     0x64a7a8ac8d7c - <unknown>
[INFO] [stdout]   15:     0x64a7a8ae50dc - <unknown>
[INFO] [stdout]   16:     0x64a7a8ab4962 - <unknown>
[INFO] [stdout]   17:     0x71835079bdfa - <unknown>
[INFO] [stdout]   18:     0x71835082f3d4 - clone
[INFO] [stdout]   19:                0x0 - <unknown>
[INFO] [stdout] 
[INFO] [stdout] ---- json_mode_reports_auto_detected_header_row_and_body_start stdout ----
[INFO] [stdout] 
[INFO] [stdout] thread 'json_mode_reports_auto_detected_header_row_and_body_start' (1797) panicked at tests/cli.rs:657:5:
[INFO] [stdout] assertion failed: out.status.success()
[INFO] [stdout] stack backtrace:
[INFO] [stdout]    0:     0x64a7a8a8daa7 - <unknown>
[INFO] [stdout]    1:     0x64a7a89ea16a - <unknown>
[INFO] [stdout]    2:     0x64a7a8a8d05b - <unknown>
[INFO] [stdout]    3:     0x64a7a8a8cb3f - <unknown>
[INFO] [stdout]    4:     0x64a7a8a8c76a - <unknown>
[INFO] [stdout]    5:     0x64a7a8a8c2a2 - <unknown>
[INFO] [stdout]    6:     0x64a7a8ab2ff2 - <unknown>
[INFO] [stdout]    7:     0x64a7a8ab2f79 - <unknown>
[INFO] [stdout]    8:     0x64a7a8ab348c - <unknown>
[INFO] [stdout]    9:     0x64a7a89e9ffb - <unknown>
[INFO] [stdout]   10:     0x64a7a89ebea1 - <unknown>
[INFO] [stdout]   11:     0x64a7a89d8a6d - <unknown>
[INFO] [stdout]   12:     0x64a7a8acd43b - <unknown>
[INFO] [stdout]   13:     0x64a7a8ac9591 - <unknown>
[INFO] [stdout]   14:     0x64a7a8ac8d7c - <unknown>
[INFO] [stdout]   15:     0x64a7a8ae50dc - <unknown>
[INFO] [stdout]   16:     0x64a7a8ab4962 - <unknown>
[INFO] [stdout]   17:     0x71835079bdfa - <unknown>
[INFO] [stdout]   18:     0x71835082f3d4 - clone
[INFO] [stdout]   19:                0x0 - <unknown>
[INFO] [stdout] 
[INFO] [stdout] ---- keys_flag_format_only_override_keeps_natural_name stdout ----
[INFO] [stdout] 
[INFO] [stdout] thread 'keys_flag_format_only_override_keeps_natural_name' (2146) panicked at tests/cli.rs:189:5:
[INFO] [stdout] assertion failed: out.status.success()
[INFO] [stdout] stack backtrace:
[INFO] [stdout]    0:     0x64a7a8a8daa7 - <unknown>
[INFO] [stdout]    1:     0x64a7a89ea16a - <unknown>
[INFO] [stdout]    2:     0x64a7a8a8d05b - <unknown>
[INFO] [stdout]    3:     0x64a7a8a8cb3f - <unknown>
[INFO] [stdout]    4:     0x64a7a8a8c76a - <unknown>
[INFO] [stdout]    5:     0x64a7a8a8c2a2 - <unknown>
[INFO] [stdout]    6:     0x64a7a8ab2ff2 - <unknown>
[INFO] [stdout]    7:     0x64a7a8ab2f79 - <unknown>
[INFO] [stdout]    8:     0x64a7a8ab348c - <unknown>
[INFO] [stdout]    9:     0x64a7a89e9ffb - <unknown>
[INFO] [stdout]   10:     0x64a7a89ebea1 - <unknown>
[INFO] [stdout]   11:     0x64a7a89d1f3a - <unknown>
[INFO] [stdout]   12:     0x64a7a8acd43b - <unknown>
[INFO] [stdout]   13:     0x64a7a8ac9591 - <unknown>
[INFO] [stdout]   14:     0x64a7a8ac8d7c - <unknown>
[INFO] [stdout]   15:     0x64a7a8ae50dc - <unknown>
[INFO] [stdout]   16:     0x64a7a8ab4962 - <unknown>
[INFO] [stdout]   17:     0x71835079bdfa - <unknown>
[INFO] [stdout]   18:     0x71835082f3d4 - clone
[INFO] [stdout]   19:                0x0 - <unknown>
[INFO] [stdout] 
[INFO] [stdout] ---- keys_flag_with_format_override_does_not_leak_header_row stdout ----
[INFO] [stdout] 
[INFO] [stdout] thread 'keys_flag_with_format_override_does_not_leak_header_row' (2187) panicked at tests/cli.rs:616:5:
[INFO] [stdout] assertion failed: out.status.success()
[INFO] [stdout] stack backtrace:
[INFO] [stdout]    0:     0x64a7a8a8daa7 - <unknown>
[INFO] [stdout]    1:     0x64a7a89ea16a - <unknown>
[INFO] [stdout]    2:     0x64a7a8a8d05b - <unknown>
[INFO] [stdout]    3:     0x64a7a8a8cb3f - <unknown>
[INFO] [stdout]    4:     0x64a7a8a8c76a - <unknown>
[INFO] [stdout]    5:     0x64a7a8a8c2a2 - <unknown>
[INFO] [stdout]    6:     0x64a7a8ab2ff2 - <unknown>
[INFO] [stdout]    7:     0x64a7a8ab2f79 - <unknown>
[INFO] [stdout]    8:     0x64a7a8ab348c - <unknown>
[INFO] [stdout]    9:     0x64a7a89e9ffb - <unknown>
[INFO] [stdout]   10:     0x64a7a89ebea1 - <unknown>
[INFO] [stdout]   11:     0x64a7a89d836d - <unknown>
[INFO] [stdout]   12:     0x64a7a8acd43b - <unknown>
[INFO] [stdout]   13:     0x64a7a8ac9591 - <unknown>
[INFO] [stdout]   14:     0x64a7a8ac8d7c - <unknown>
[INFO] [stdout]   15:     0x64a7a8ae50dc - <unknown>
[INFO] [stdout]   16:     0x64a7a8ab4962 - <unknown>
[INFO] [stdout]   17:     0x71835079bdfa - <unknown>
[INFO] [stdout]   18:     0x71835082f3d4 - clone
[INFO] [stdout]   19:                0x0 - <unknown>
[INFO] [stdout] 
[INFO] [stdout] ---- keys_flag_unmatched_source_key_is_silently_ignored stdout ----
[INFO] [stdout] 
[INFO] [stdout] thread 'keys_flag_unmatched_source_key_is_silently_ignored' (2186) panicked at tests/cli.rs:200:5:
[INFO] [stdout] assertion failed: out.status.success()
[INFO] [stdout] stack backtrace:
[INFO] [stdout]    0:     0x64a7a8a8daa7 - <unknown>
[INFO] [stdout]    1:     0x64a7a89ea16a - <unknown>
[INFO] [stdout]    2:     0x64a7a8a8d05b - <unknown>
[INFO] [stdout]    3:     0x64a7a8a8cb3f - <unknown>
[INFO] [stdout]    4:     0x64a7a8a8c76a - <unknown>
[INFO] [stdout]    5:     0x64a7a8a8c2a2 - <unknown>
[INFO] [stdout]    6:     0x64a7a8ab2ff2 - <unknown>
[INFO] [stdout]    7:     0x64a7a8ab2f79 - <unknown>
[INFO] [stdout]    8:     0x64a7a8ab348c - <unknown>
[INFO] [stdout]    9:     0x64a7a89e9ffb - <unknown>
[INFO] [stdout]   10:     0x64a7a89ebea1 - <unknown>
[INFO] [stdout]   11:     0x64a7a89d2911 - <unknown>
[INFO] [stdout]   12:     0x64a7a8acd43b - <unknown>
[INFO] [stdout]   13:     0x64a7a8ac9591 - <unknown>
[INFO] [stdout]   14:     0x64a7a8ac8d7c - <unknown>
[INFO] [stdout]   15:     0x64a7a8ae50dc - <unknown>
[INFO] [stdout]   16:     0x64a7a8ab4962 - <unknown>
[INFO] [stdout]   17:     0x71835079bdfa - <unknown>
[INFO] [stdout]   18:     0x71835082f3d4 - clone
[INFO] [stdout]   19:                0x0 - <unknown>
[INFO] [stdout] 
[INFO] [stdout] ---- keys_flag_renames_columns_by_source_key stdout ----
[INFO] [stdout] 
[INFO] [stdout] thread 'keys_flag_renames_columns_by_source_key' (2184) panicked at tests/cli.rs:160:5:
[INFO] [stdout] assertion failed: out.status.success()
[INFO] [stdout] stack backtrace:
[INFO] [stdout]    0:     0x64a7a8a8daa7 - <unknown>
[INFO] [stdout]    1:     0x64a7a89ea16a - <unknown>
[INFO] [stdout]    2:     0x64a7a8a8d05b - <unknown>
[INFO] [stdout]    3:     0x64a7a8a8cb3f - <unknown>
[INFO] [stdout]    4:     0x64a7a8a8c76a - <unknown>
[INFO] [stdout]    5:     0x64a7a8a8c2a2 - <unknown>
[INFO] [stdout]    6:     0x64a7a8ab2ff2 - <unknown>
[INFO] [stdout]    7:     0x64a7a8ab2f79 - <unknown>
[INFO] [stdout]    8:     0x64a7a8ab348c - <unknown>
[INFO] [stdout]    9:     0x64a7a89e9ffb - <unknown>
[INFO] [stdout]   10:     0x64a7a89ebea1 - <unknown>
[INFO] [stdout]   11:     0x64a7a89c8afa - <unknown>
[INFO] [stdout]   12:     0x64a7a8acd43b - <unknown>
[INFO] [stdout]   13:     0x64a7a8ac9591 - <unknown>
[INFO] [stdout]   14:     0x64a7a8ac8d7c - <unknown>
[INFO] [stdout]   15:     0x64a7a8ae50dc - <unknown>
[INFO] [stdout]   16:     0x64a7a8ab4962 - <unknown>
[INFO] [stdout]   17:     0x71835079bdfa - <unknown>
[INFO] [stdout]   18:     0x71835082f3d4 - clone
[INFO] [stdout]   19:                0x0 - <unknown>
[INFO] [stdout] 
[INFO] [stdout] ---- keys_flag_overrides_one_field_out_of_many_without_padding stdout ----
[INFO] [stdout] 
[INFO] [stdout] thread 'keys_flag_overrides_one_field_out_of_many_without_padding' (2183) panicked at tests/cli.rs:175:5:
[INFO] [stdout] assertion failed: out.status.success()
[INFO] [stdout] stack backtrace:
[INFO] [stdout]    0:     0x64a7a8a8daa7 - <unknown>
[INFO] [stdout]    1:     0x64a7a89ea16a - <unknown>
[INFO] [stdout]    2:     0x64a7a8a8d05b - <unknown>
[INFO] [stdout]    3:     0x64a7a8a8cb3f - <unknown>
[INFO] [stdout]    4:     0x64a7a8a8c76a - <unknown>
[INFO] [stdout]    5:     0x64a7a8a8c2a2 - <unknown>
[INFO] [stdout]    6:     0x64a7a8ab2ff2 - <unknown>
[INFO] [stdout]    7:     0x64a7a8ab2f79 - <unknown>
[INFO] [stdout]    8:     0x64a7a8ab348c - <unknown>
[INFO] [stdout]    9:     0x64a7a89e9ffb - <unknown>
[INFO] [stdout]   10:     0x64a7a89ebea1 - <unknown>
[INFO] [stdout]   11:     0x64a7a89d8e4a - <unknown>
[INFO] [stdout]   12:     0x64a7a8acd43b - <unknown>
[INFO] [stdout]   13:     0x64a7a8ac9591 - <unknown>
[INFO] [stdout]   14:     0x64a7a8ac8d7c - <unknown>
[INFO] [stdout]   15:     0x64a7a8ae50dc - <unknown>
[INFO] [stdout]   16:     0x64a7a8ab4962 - <unknown>
[INFO] [stdout]   17:     0x71835079bdfa - <unknown>
[INFO] [stdout]   18:     0x71835082f3d4 - clone
[INFO] [stdout]   19:                0x0 - <unknown>
[INFO] [stdout] 
[INFO] [stdout] ---- keys_flag_casts_genuine_excel_date_cell_to_date_only stdout ----
[INFO] [stdout] 
[INFO] [stdout] thread 'keys_flag_casts_genuine_excel_date_cell_to_date_only' (2011) panicked at tests/cli.rs:712:5:
[INFO] [stdout] assertion failed: default_out.status.success()
[INFO] [stdout] stack backtrace:
[INFO] [stdout]    0:     0x64a7a8a8daa7 - <unknown>
[INFO] [stdout]    1:     0x64a7a89ea16a - <unknown>
[INFO] [stdout]    2:     0x64a7a8a8d05b - <unknown>
[INFO] [stdout]    3:     0x64a7a8a8cb3f - <unknown>
[INFO] [stdout]    4:     0x64a7a8a8c76a - <unknown>
[INFO] [stdout]    5:     0x64a7a8a8c2a2 - <unknown>
[INFO] [stdout]    6:     0x64a7a8ab2ff2 - <unknown>
[INFO] [stdout]    7:     0x64a7a8ab2f79 - <unknown>
[INFO] [stdout]    8:     0x64a7a8ab348c - <unknown>
[INFO] [stdout]    9:     0x64a7a89e9ffb - <unknown>
[INFO] [stdout]   10:     0x64a7a89ebea1 - <unknown>
[INFO] [stdout]   11:     0x64a7a89d565f - <unknown>
[INFO] [stdout]   12:     0x64a7a8acd43b - <unknown>
[INFO] [stdout]   13:     0x64a7a8ac9591 - <unknown>
[INFO] [stdout]   14:     0x64a7a8ac8d7c - <unknown>
[INFO] [stdout]   15:     0x64a7a8ae50dc - <unknown>
[INFO] [stdout]   16:     0x64a7a8ab4962 - <unknown>
[INFO] [stdout]   17:     0x71835079bdfa - <unknown>
[INFO] [stdout]   18:     0x71835082f3d4 - clone
[INFO] [stdout]   19:                0x0 - <unknown>
[INFO] [stdout] 
[INFO] [stdout] ---- keys_flag_compound_entries_mix_rename_and_format_only stdout ----
[INFO] [stdout] 
[INFO] [stdout] thread 'keys_flag_compound_entries_mix_rename_and_format_only' (2094) panicked at tests/cli.rs:214:5:
[INFO] [stdout] assertion failed: out.status.success()
[INFO] [stdout] stack backtrace:
[INFO] [stdout]    0:     0x64a7a8a8daa7 - <unknown>
[INFO] [stdout]    1:     0x64a7a89ea16a - <unknown>
[INFO] [stdout]    2:     0x64a7a8a8d05b - <unknown>
[INFO] [stdout]    3:     0x64a7a8a8cb3f - <unknown>
[INFO] [stdout]    4:     0x64a7a8a8c76a - <unknown>
[INFO] [stdout]    5:     0x64a7a8a8c2a2 - <unknown>
[INFO] [stdout]    6:     0x64a7a8ab2ff2 - <unknown>
[INFO] [stdout]    7:     0x64a7a8ab2f79 - <unknown>
[INFO] [stdout]    8:     0x64a7a8ab348c - <unknown>
[INFO] [stdout]    9:     0x64a7a89e9ffb - <unknown>
[INFO] [stdout]   10:     0x64a7a89ebea1 - <unknown>
[INFO] [stdout]   11:     0x64a7a89d6a6d - <unknown>
[INFO] [stdout]   12:     0x64a7a8acd43b - <unknown>
[INFO] [stdout]   13:     0x64a7a8ac9591 - <unknown>
[INFO] [stdout]   14:     0x64a7a8ac8d7c - <unknown>
[INFO] [stdout]   15:     0x64a7a8ae50dc - <unknown>
[INFO] [stdout]   16:     0x64a7a8ab4962 - <unknown>
[INFO] [stdout]   17:     0x71835079bdfa - <unknown>
[INFO] [stdout]   18:     0x71835082f3d4 - clone
[INFO] [stdout]   19:                0x0 - <unknown>
[INFO] [stdout] 
[INFO] [stdout] ---- parses_xlsm_same_as_xlsx stdout ----
[INFO] [stdout] 
[INFO] [stdout] thread 'parses_xlsm_same_as_xlsx' (2655) panicked at tests/cli.rs:140:5:
[INFO] [stdout] got: error: file not found: /opt/rustwide/workdir/tests/fixtures/products.xlsm
[INFO] [stdout] 
[INFO] [stdout] stack backtrace:
[INFO] [stdout]    0:     0x64a7a8a8daa7 - <unknown>
[INFO] [stdout]    1:     0x64a7a89ea16a - <unknown>
[INFO] [stdout]    2:     0x64a7a8a8d05b - <unknown>
[INFO] [stdout]    3:     0x64a7a8a8cb3f - <unknown>
[INFO] [stdout]    4:     0x64a7a8a8c76a - <unknown>
[INFO] [stdout]    5:     0x64a7a8a8c2a2 - <unknown>
[INFO] [stdout]    6:     0x64a7a8ab2fc1 - <unknown>
[INFO] [stdout]    7:     0x64a7a8ab2f79 - <unknown>
[INFO] [stdout]    8:     0x64a7a8ab348c - <unknown>
[INFO] [stdout]    9:     0x64a7a89e9ffb - <unknown>
[INFO] [stdout]   10:     0x64a7a89c31ed - <unknown>
[INFO] [stdout]   11:     0x64a7a8acd43b - <unknown>
[INFO] [stdout]   12:     0x64a7a8ac9591 - <unknown>
[INFO] [stdout]   13:     0x64a7a8ac8d7c - <unknown>
[INFO] [stdout]   14:     0x64a7a8ae50dc - <unknown>
[INFO] [stdout]   15:     0x64a7a8ab4962 - <unknown>
[INFO] [stdout]   16:     0x71835079bdfa - <unknown>
[INFO] [stdout]   17:     0x71835082f3d4 - clone
[INFO] [stdout]   18:                0x0 - <unknown>
[INFO] [stdout] 
[INFO] [stdout] ---- real_world_ods_preview_lists_both_sheets_with_correct_totals stdout ----
[INFO] [stdout] 
[INFO] [stdout] thread 'real_world_ods_preview_lists_both_sheets_with_correct_totals' (2827) panicked at tests/cli.rs:738:5:
[INFO] [stdout] assertion failed: out.status.success()
[INFO] [stdout] stack backtrace:
[INFO] [stdout]    0:     0x64a7a8a8daa7 - <unknown>
[INFO] [stdout]    1:     0x64a7a89ea16a - <unknown>
[INFO] [stdout]    2:     0x64a7a8a8d05b - <unknown>
[INFO] [stdout]    3:     0x64a7a8a8cb3f - <unknown>
[INFO] [stdout]    4:     0x64a7a8a8c76a - <unknown>
[INFO] [stdout]    5:     0x64a7a8a8c2a2 - <unknown>
[INFO] [stdout]    6:     0x64a7a8ab2ff2 - <unknown>
[INFO] [stdout]    7:     0x64a7a8ab2f79 - <unknown>
[INFO] [stdout]    8:     0x64a7a8ab348c - <unknown>
[INFO] [stdout]    9:     0x64a7a89e9ffb - <unknown>
[INFO] [stdout]   10:     0x64a7a89ebea1 - <unknown>
[INFO] [stdout]   11:     0x64a7a89dab33 - <unknown>
[INFO] [stdout]   12:     0x64a7a8acd43b - <unknown>
[INFO] [stdout]   13:     0x64a7a8ac9591 - <unknown>
[INFO] [stdout]   14:     0x64a7a8ac8d7c - <unknown>
[INFO] [stdout]   15:     0x64a7a8ae50dc - <unknown>
[INFO] [stdout]   16:     0x64a7a8ab4962 - <unknown>
[INFO] [stdout]   17:     0x71835079bdfa - <unknown>
[INFO] [stdout]   18:     0x71835082f3d4 - clone
[INFO] [stdout]   19:                0x0 - <unknown>
[INFO] [stdout] 
[INFO] [stdout] ---- max_flag_limits_row_count stdout ----
[INFO] [stdout] 
[INFO] [stdout] thread 'max_flag_limits_row_count' (2622) panicked at tests/cli.rs:150:5:
[INFO] [stdout] assertion failed: out.status.success()
[INFO] [stdout] stack backtrace:
[INFO] [stdout]    0:     0x64a7a8a8daa7 - <unknown>
[INFO] [stdout]    1:     0x64a7a89ea16a - <unknown>
[INFO] [stdout]    2:     0x64a7a8a8d05b - <unknown>
[INFO] [stdout]    3:     0x64a7a8a8cb3f - <unknown>
[INFO] [stdout]    4:     0x64a7a8a8c76a - <unknown>
[INFO] [stdout]    5:     0x64a7a8a8c2a2 - <unknown>
[INFO] [stdout]    6:     0x64a7a8ab2ff2 - <unknown>
[INFO] [stdout]    7:     0x64a7a8ab2f79 - <unknown>
[INFO] [stdout]    8:     0x64a7a8ab348c - <unknown>
[INFO] [stdout]    9:     0x64a7a89e9ffb - <unknown>
[INFO] [stdout]   10:     0x64a7a89ebea1 - <unknown>
[INFO] [stdout]   11:     0x64a7a89c3770 - <unknown>
[INFO] [stdout]   12:     0x64a7a8acd43b - <unknown>
[INFO] [stdout]   13:     0x64a7a8ac9591 - <unknown>
[INFO] [stdout]   14:     0x64a7a8ac8d7c - <unknown>
[INFO] [stdout]   15:     0x64a7a8ae50dc - <unknown>
[INFO] [stdout]   16:     0x64a7a8ab4962 - <unknown>
[INFO] [stdout]   17:     0x71835079bdfa - <unknown>
[INFO] [stdout]   18:     0x71835082f3d4 - clone
[INFO] [stdout]   19:                0x0 - <unknown>
[INFO] [stdout] 
[INFO] [stdout] ---- sheet_selection_by_index stdout ----
[INFO] [stdout] 
[INFO] [stdout] thread 'sheet_selection_by_index' (2836) panicked at tests/cli.rs:497:5:
[INFO] [stdout] assertion failed: out.status.success()
[INFO] [stdout] stack backtrace:
[INFO] [stdout]    0:     0x64a7a8a8daa7 - <unknown>
[INFO] [stdout]    1:     0x64a7a89ea16a - <unknown>
[INFO] [stdout]    2:     0x64a7a8a8d05b - <unknown>
[INFO] [stdout]    3:     0x64a7a8a8cb3f - <unknown>
[INFO] [stdout]    4:     0x64a7a8a8c76a - <unknown>
[INFO] [stdout]    5:     0x64a7a8a8c2a2 - <unknown>
[INFO] [stdout]    6:     0x64a7a8ab2ff2 - <unknown>
[INFO] [stdout]    7:     0x64a7a8ab2f79 - <unknown>
[INFO] [stdout]    8:     0x64a7a8ab348c - <unknown>
[INFO] [stdout]    9:     0x64a7a89e9ffb - <unknown>
[INFO] [stdout]   10:     0x64a7a89ebea1 - <unknown>
[INFO] [stdout]   11:     0x64a7a89c34b1 - <unknown>
[INFO] [stdout]   12:     0x64a7a8acd43b - <unknown>
[INFO] [stdout]   13:     0x64a7a8ac9591 - <unknown>
[INFO] [stdout]   14:     0x64a7a8ac8d7c - <unknown>
[INFO] [stdout]   15:     0x64a7a8ae50dc - <unknown>
[INFO] [stdout]   16:     0x64a7a8ab4962 - <unknown>
[INFO] [stdout]   17:     0x71835079bdfa - <unknown>
[INFO] [stdout]   18:     0x71835082f3d4 - clone
[INFO] [stdout]   19:                0x0 - <unknown>
[INFO] [stdout] 
[INFO] [stdout] ---- real_world_xlsx_parses_all_data_rows stdout ----
[INFO] [stdout] 
[INFO] [stdout] thread 'real_world_xlsx_parses_all_data_rows' (2834) panicked at tests/cli.rs:580:5:
[INFO] [stdout] assertion failed: out.status.success()
[INFO] [stdout] stack backtrace:
[INFO] [stdout]    0:     0x64a7a8a8daa7 - <unknown>
[INFO] [stdout]    1:     0x64a7a89ea16a - <unknown>
[INFO] [stdout]    2:     0x64a7a8a8d05b - <unknown>
[INFO] [stdout]    3:     0x64a7a8a8cb3f - <unknown>
[INFO] [stdout]    4:     0x64a7a8a8c76a - <unknown>
[INFO] [stdout]    5:     0x64a7a8a8c2a2 - <unknown>
[INFO] [stdout]    6:     0x64a7a8ab2ff2 - <unknown>
[INFO] [stdout]    7:     0x64a7a8ab2f79 - <unknown>
[INFO] [stdout]    8:     0x64a7a8ab348c - <unknown>
[INFO] [stdout]    9:     0x64a7a89e9ffb - <unknown>
[INFO] [stdout]   10:     0x64a7a89ebea1 - <unknown>
[INFO] [stdout]   11:     0x64a7a89c5a1c - <unknown>
[INFO] [stdout]   12:     0x64a7a8acd43b - <unknown>
[INFO] [stdout]   13:     0x64a7a8ac9591 - <unknown>
[INFO] [stdout]   14:     0x64a7a8ac8d7c - <unknown>
[INFO] [stdout]   15:     0x64a7a8ae50dc - <unknown>
[INFO] [stdout]   16:     0x64a7a8ab4962 - <unknown>
[INFO] [stdout]   17:     0x71835079bdfa - <unknown>
[INFO] [stdout]   18:     0x71835082f3d4 - clone
[INFO] [stdout]   19:                0x0 - <unknown>
[INFO] [stdout] 
[INFO] [stdout] ---- preview_mode_lists_every_sheet stdout ----
[INFO] [stdout] 
[INFO] [stdout] thread 'preview_mode_lists_every_sheet' (2661) panicked at tests/cli.rs:541:5:
[INFO] [stdout] assertion failed: out.status.success()
[INFO] [stdout] stack backtrace:
[INFO] [stdout]    0:     0x64a7a8a8daa7 - <unknown>
[INFO] [stdout]    1:     0x64a7a89ea16a - <unknown>
[INFO] [stdout]    2:     0x64a7a8a8d05b - <unknown>
[INFO] [stdout]    3:     0x64a7a8a8cb3f - <unknown>
[INFO] [stdout]    4:     0x64a7a8a8c76a - <unknown>
[INFO] [stdout]    5:     0x64a7a8a8c2a2 - <unknown>
[INFO] [stdout]    6:     0x64a7a8ab2ff2 - <unknown>
[INFO] [stdout]    7:     0x64a7a8ab2f79 - <unknown>
[INFO] [stdout]    8:     0x64a7a8ab348c - <unknown>
[INFO] [stdout]    9:     0x64a7a89e9ffb - <unknown>
[INFO] [stdout]   10:     0x64a7a89ebea1 - <unknown>
[INFO] [stdout]   11:     0x64a7a89c3993 - <unknown>
[INFO] [stdout]   12:     0x64a7a8acd43b - <unknown>
[INFO] [stdout]   13:     0x64a7a8ac9591 - <unknown>
[INFO] [stdout]   14:     0x64a7a8ac8d7c - <unknown>
[INFO] [stdout]   15:     0x64a7a8ae50dc - <unknown>
[INFO] [stdout]   16:     0x64a7a8ab4962 - <unknown>
[INFO] [stdout]   17:     0x71835079bdfa - <unknown>
[INFO] [stdout]   18:     0x71835082f3d4 - clone
[INFO] [stdout]   19:                0x0 - <unknown>
[INFO] [stdout] 
[INFO] [stdout] ---- preview_with_rows_only_does_not_drop_any_sheet stdout ----
[INFO] [stdout] 
[INFO] [stdout] thread 'preview_with_rows_only_does_not_drop_any_sheet' (2664) panicked at tests/cli.rs:557:5:
[INFO] [stdout] assertion failed: out.status.success()
[INFO] [stdout] stack backtrace:
[INFO] [stdout]    0:     0x64a7a8a8daa7 - <unknown>
[INFO] [stdout]    1:     0x64a7a89ea16a - <unknown>
[INFO] [stdout]    2:     0x64a7a8a8d05b - <unknown>
[INFO] [stdout]    3:     0x64a7a8a8cb3f - <unknown>
[INFO] [stdout]    4:     0x64a7a8a8c76a - <unknown>
[INFO] [stdout]    5:     0x64a7a8a8c2a2 - <unknown>
[INFO] [stdout]    6:     0x64a7a8ab2ff2 - <unknown>
[INFO] [stdout]    7:     0x64a7a8ab2f79 - <unknown>
[INFO] [stdout]    8:     0x64a7a8ab348c - <unknown>
[INFO] [stdout]    9:     0x64a7a89e9ffb - <unknown>
[INFO] [stdout]   10:     0x64a7a89ebea1 - <unknown>
[INFO] [stdout]   11:     0x64a7a89ce6ea - <unknown>
[INFO] [stdout]   12:     0x64a7a8acd43b - <unknown>
[INFO] [stdout]   13:     0x64a7a8ac9591 - <unknown>
[INFO] [stdout]   14:     0x64a7a8ac8d7c - <unknown>
[INFO] [stdout]   15:     0x64a7a8ae50dc - <unknown>
[INFO] [stdout]   16:     0x64a7a8ab4962 - <unknown>
[INFO] [stdout]   17:     0x71835079bdfa - <unknown>
[INFO] [stdout]   18:     0x71835082f3d4 - clone
[INFO] [stdout]   19:                0x0 - <unknown>
[INFO] [stdout] 
[INFO] [stdout] ---- real_world_ods_default_sheet_is_first_sheet stdout ----
[INFO] [stdout] 
[INFO] [stdout] thread 'real_world_ods_default_sheet_is_first_sheet' (2760) panicked at tests/cli.rs:726:5:
[INFO] [stdout] assertion failed: out.status.success()
[INFO] [stdout] stack backtrace:
[INFO] [stdout]    0:     0x64a7a8a8daa7 - <unknown>
[INFO] [stdout]    1:     0x64a7a89ea16a - <unknown>
[INFO] [stdout]    2:     0x64a7a8a8d05b - <unknown>
[INFO] [stdout]    3:     0x64a7a8a8cb3f - <unknown>
[INFO] [stdout]    4:     0x64a7a8a8c76a - <unknown>
[INFO] [stdout]    5:     0x64a7a8a8c2a2 - <unknown>
[INFO] [stdout]    6:     0x64a7a8ab2ff2 - <unknown>
[INFO] [stdout]    7:     0x64a7a8ab2f79 - <unknown>
[INFO] [stdout]    8:     0x64a7a8ab348c - <unknown>
[INFO] [stdout]    9:     0x64a7a89e9ffb - <unknown>
[INFO] [stdout]   10:     0x64a7a89ebea1 - <unknown>
[INFO] [stdout]   11:     0x64a7a89cc6c2 - <unknown>
[INFO] [stdout]   12:     0x64a7a8acd43b - <unknown>
[INFO] [stdout]   13:     0x64a7a8ac9591 - <unknown>
[INFO] [stdout]   14:     0x64a7a8ac8d7c - <unknown>
[INFO] [stdout]   15:     0x64a7a8ae50dc - <unknown>
[INFO] [stdout]   16:     0x64a7a8ab4962 - <unknown>
[INFO] [stdout]   17:     0x71835079bdfa - <unknown>
[INFO] [stdout]   18:     0x71835082f3d4 - clone
[INFO] [stdout]   19:                0x0 - <unknown>
[INFO] [stdout] 
[INFO] [stdout] ---- sheet_selection_by_name_is_fuzzy stdout ----
[INFO] [stdout] 
[INFO] [stdout] thread 'sheet_selection_by_name_is_fuzzy' (2902) panicked at tests/cli.rs:478:9:
[INFO] [stdout] variant 'DETAILS' should succeed
[INFO] [stdout] stack backtrace:
[INFO] [stdout]    0:     0x64a7a8a8daa7 - <unknown>
[INFO] [stdout]    1:     0x64a7a89ea16a - <unknown>
[INFO] [stdout]    2:     0x64a7a8a8d05b - <unknown>
[INFO] [stdout]    3:     0x64a7a8a8cb3f - <unknown>
[INFO] [stdout]    4:     0x64a7a8a8c76a - <unknown>
[INFO] [stdout]    5:     0x64a7a8a8c2a2 - <unknown>
[INFO] [stdout]    6:     0x64a7a8ab2fc1 - <unknown>
[INFO] [stdout]    7:     0x64a7a8ab2f79 - <unknown>
[INFO] [stdout]    8:     0x64a7a8ab348c - <unknown>
[INFO] [stdout]    9:     0x64a7a89e9ffb - <unknown>
[INFO] [stdout]   10:     0x64a7a89c3f84 - <unknown>
[INFO] [stdout]   11:     0x64a7a8acd43b - <unknown>
[INFO] [stdout]   12:     0x64a7a8ac9591 - <unknown>
[INFO] [stdout]   13:     0x64a7a8ac8d7c - <unknown>
[INFO] [stdout]   14:     0x64a7a8ae50dc - <unknown>
[INFO] [stdout]   15:     0x64a7a8ab4962 - <unknown>
[INFO] [stdout]   16:     0x71835079bdfa - <unknown>
[INFO] [stdout]   17:     0x71835082f3d4 - clone
[INFO] [stdout]   18:                0x0 - <unknown>
[INFO] [stdout] 
[INFO] [stdout] ---- sheet_selection_by_name stdout ----
[INFO] [stdout] 
[INFO] [stdout] thread 'sheet_selection_by_name' (2889) panicked at tests/cli.rs:462:5:
[INFO] [stdout] assertion failed: out.status.success()
[INFO] [stdout] stack backtrace:
[INFO] [stdout]    0:     0x64a7a8a8daa7 - <unknown>
[INFO] [stdout]    1:     0x64a7a89ea16a - <unknown>
[INFO] [stdout]    2:     0x64a7a8a8d05b - <unknown>
[INFO] [stdout]    3:     0x64a7a8a8cb3f - <unknown>
[INFO] [stdout]    4:     0x64a7a8a8c76a - <unknown>
[INFO] [stdout]    5:     0x64a7a8a8c2a2 - <unknown>
[INFO] [stdout]    6:     0x64a7a8ab2ff2 - <unknown>
[INFO] [stdout]    7:     0x64a7a8ab2f79 - <unknown>
[INFO] [stdout]    8:     0x64a7a8ab348c - <unknown>
[INFO] [stdout]    9:     0x64a7a89e9ffb - <unknown>
[INFO] [stdout]   10:     0x64a7a89ebea1 - <unknown>
[INFO] [stdout]   11:     0x64a7a89c2ef8 - <unknown>
[INFO] [stdout]   12:     0x64a7a8acd43b - <unknown>
[INFO] [stdout]   13:     0x64a7a8ac9591 - <unknown>
[INFO] [stdout]   14:     0x64a7a8ac8d7c - <unknown>
[INFO] [stdout]   15:     0x64a7a8ae50dc - <unknown>
[INFO] [stdout]   16:     0x64a7a8ab4962 - <unknown>
[INFO] [stdout]   17:     0x71835079bdfa - <unknown>
[INFO] [stdout]   18:     0x71835082f3d4 - clone
[INFO] [stdout]   19:                0x0 - <unknown>
[INFO] [stdout] 
[INFO] [stdout] ---- parses_basic_xlsx_rows stdout ----
[INFO] [stdout] 
[INFO] [stdout] thread 'parses_basic_xlsx_rows' (2651) panicked at tests/cli.rs:122:5:
[INFO] [stdout] assertion failed: out.status.success()
[INFO] [stdout] stack backtrace:
[INFO] [stdout]    0:     0x64a7a8a8daa7 - <unknown>
[INFO] [stdout]    1:     0x64a7a89ea16a - <unknown>
[INFO] [stdout]    2:     0x64a7a8a8d05b - <unknown>
[INFO] [stdout]    3:     0x64a7a8a8cb3f - <unknown>
[INFO] [stdout]    4:     0x64a7a8a8c76a - <unknown>
[INFO] [stdout]    5:     0x64a7a8a8c2a2 - <unknown>
[INFO] [stdout]    6:     0x64a7a8ab2ff2 - <unknown>
[INFO] [stdout]    7:     0x64a7a8ab2f79 - <unknown>
[INFO] [stdout]    8:     0x64a7a8ab348c - <unknown>
[INFO] [stdout]    9:     0x64a7a89e9ffb - <unknown>
[INFO] [stdout]   10:     0x64a7a89ebea1 - <unknown>
[INFO] [stdout]   11:     0x64a7a89c2b67 - <unknown>
[INFO] [stdout]   12:     0x64a7a8acd43b - <unknown>
[INFO] [stdout]   13:     0x64a7a8ac9591 - <unknown>
[INFO] [stdout]   14:     0x64a7a8ac8d7c - <unknown>
[INFO] [stdout]   15:     0x64a7a8ae50dc - <unknown>
[INFO] [stdout]   16:     0x64a7a8ab4962 - <unknown>
[INFO] [stdout]   17:     0x71835079bdfa - <unknown>
[INFO] [stdout]   18:     0x71835082f3d4 - clone
[INFO] [stdout]   19:                0x0 - <unknown>
[INFO] [stdout] 
[INFO] [stdout] ---- overview_flag_is_the_visible_name_exclude_cells_a_hidden_alias stdout ----
[INFO] [stdout] 
[INFO] [stdout] thread 'overview_flag_is_the_visible_name_exclude_cells_a_hidden_alias' (2643) panicked at tests/cli.rs:907:5:
[INFO] [stdout] assertion failed: short.status.success()
[INFO] [stdout] stack backtrace:
[INFO] [stdout]    0:     0x64a7a8a8daa7 - <unknown>
[INFO] [stdout]    1:     0x64a7a89ea16a - <unknown>
[INFO] [stdout]    2:     0x64a7a8a8d05b - <unknown>
[INFO] [stdout]    3:     0x64a7a8a8cb3f - <unknown>
[INFO] [stdout]    4:     0x64a7a8a8c76a - <unknown>
[INFO] [stdout]    5:     0x64a7a8a8c2a2 - <unknown>
[INFO] [stdout]    6:     0x64a7a8ab2ff2 - <unknown>
[INFO] [stdout]    7:     0x64a7a8ab2f79 - <unknown>
[INFO] [stdout]    8:     0x64a7a8ab348c - <unknown>
[INFO] [stdout]    9:     0x64a7a89e9ffb - <unknown>
[INFO] [stdout]   10:     0x64a7a89ebea1 - <unknown>
[INFO] [stdout]   11:     0x64a7a89dc007 - <unknown>
[INFO] [stdout]   12:     0x64a7a8acd43b - <unknown>
[INFO] [stdout]   13:     0x64a7a8ac9591 - <unknown>
[INFO] [stdout]   14:     0x64a7a8ac8d7c - <unknown>
[INFO] [stdout]   15:     0x64a7a8ae50dc - <unknown>
[INFO] [stdout]   16:     0x64a7a8ab4962 - <unknown>
[INFO] [stdout]   17:     0x71835079bdfa - <unknown>
[INFO] [stdout]   18:     0x71835082f3d4 - clone
[INFO] [stdout]   19:                0x0 - <unknown>
[INFO] [stdout] 
[INFO] [stdout] ---- sheet_selection_by_number_is_index_plus_one stdout ----
[INFO] [stdout] 
[INFO] [stdout] thread 'sheet_selection_by_number_is_index_plus_one' (2903) panicked at tests/cli.rs:510:5:
[INFO] [stdout] assertion failed: out_number.status.success()
[INFO] [stdout] stack backtrace:
[INFO] [stdout]    0:     0x64a7a8a8daa7 - <unknown>
[INFO] [stdout]    1:     0x64a7a89ea16a - <unknown>
[INFO] [stdout]    2:     0x64a7a8a8d05b - <unknown>
[INFO] [stdout]    3:     0x64a7a8a8cb3f - <unknown>
[INFO] [stdout]    4:     0x64a7a8a8c76a - <unknown>
[INFO] [stdout]    5:     0x64a7a8a8c2a2 - <unknown>
[INFO] [stdout]    6:     0x64a7a8ab2ff2 - <unknown>
[INFO] [stdout]    7:     0x64a7a8ab2f79 - <unknown>
[INFO] [stdout]    8:     0x64a7a8ab348c - <unknown>
[INFO] [stdout]    9:     0x64a7a89e9ffb - <unknown>
[INFO] [stdout]   10:     0x64a7a89ebea1 - <unknown>
[INFO] [stdout]   11:     0x64a7a89ccbfb - <unknown>
[INFO] [stdout]   12:     0x64a7a8acd43b - <unknown>
[INFO] [stdout]   13:     0x64a7a8ac9591 - <unknown>
[INFO] [stdout]   14:     0x64a7a8ac8d7c - <unknown>
[INFO] [stdout]   15:     0x64a7a8ae50dc - <unknown>
[INFO] [stdout]   16:     0x64a7a8ab4962 - <unknown>
[INFO] [stdout]   17:     0x71835079bdfa - <unknown>
[INFO] [stdout]   18:     0x71835082f3d4 - clone
[INFO] [stdout]   19:                0x0 - <unknown>
[INFO] [stdout] 
[INFO] [stdout] 
[INFO] [stdout] failures:
[INFO] [stdout]     a1_flag_is_shorthand_for_colstyle_a1_but_explicit_colstyle_still_wins
[INFO] [stdout]     body_start_skips_gap_between_header_row_and_real_data
[INFO] [stdout]     colstyle_flag_accepts_r1_and_r1c1_as_aliases_for_c01
[INFO] [stdout]     colstyle_flag_bare_a1_applies_to_every_field
[INFO] [stdout]     colstyle_flag_bare_value_applies_to_every_field
[INFO] [stdout]     colstyle_padding_width_scales_with_column_count
[INFO] [stdout]     corrupt_workbook_reports_clear_error
[INFO] [stdout]     debug_flag_does_not_corrupt_json_output
[INFO] [stdout]     deferred_flag_creates_parent_directories_for_custom_file_path
[INFO] [stdout]     deferred_flag_respects_max_row_scan_cap
[INFO] [stdout]     deferred_flag_returns_immediately_and_streams_in_the_background
[INFO] [stdout]     deferred_flag_with_json_reports_backgrounded_export_as_valid_json
[INFO] [stdout]     directory_path_reports_clear_error
[INFO] [stdout]     exclude_cells_flag_drops_row_values_but_keeps_columns_in_json_mode
[INFO] [stdout]     header_index_and_body_index_are_zero_based_equivalents
[INFO] [stdout]     incompatible_format_reports_clear_error
[INFO] [stdout]     json_mode_combined_with_rows_prints_only_rows_pretty_printed
[INFO] [stdout]     json_mode_omits_sheet_fields_for_csv
[INFO] [stdout]     json_mode_preview_has_top_level_columns_map_not_per_sheet_fields
[INFO] [stdout]     json_mode_preview_returns_data_per_sheet
[INFO] [stdout]     json_mode_reports_auto_detected_header_row_and_body_start
[INFO] [stdout]     json_mode_single_sheet_has_expected_shape
[INFO] [stdout]     json_mode_single_sheet_has_no_columns_map
[INFO] [stdout]     keys_flag_casts_genuine_excel_date_cell_to_date_only
[INFO] [stdout]     keys_flag_casts_native_datetime_column_to_date_only
[INFO] [stdout]     keys_flag_compound_entries_mix_rename_and_format_only
[INFO] [stdout]     keys_flag_format_only_override_keeps_natural_name
[INFO] [stdout]     keys_flag_overrides_one_field_out_of_many_without_padding
[INFO] [stdout]     keys_flag_renames_columns_by_source_key
[INFO] [stdout]     keys_flag_unmatched_source_key_is_silently_ignored
[INFO] [stdout]     keys_flag_with_format_override_does_not_leak_header_row
[INFO] [stdout]     max_flag_limits_row_count
[INFO] [stdout]     overview_flag_is_the_visible_name_exclude_cells_a_hidden_alias
[INFO] [stdout]     parses_basic_xlsx_rows
[INFO] [stdout]     parses_xlsm_same_as_xlsx
[INFO] [stdout]     preview_mode_lists_every_sheet
[INFO] [stdout]     preview_with_rows_only_does_not_drop_any_sheet
[INFO] [stdout]     real_world_ods_default_sheet_is_first_sheet
[INFO] [stdout]     real_world_ods_preview_lists_both_sheets_with_correct_totals
[INFO] [stdout]     real_world_xlsx_parses_all_data_rows
[INFO] [stdout]     sheet_selection_by_index
[INFO] [stdout]     sheet_selection_by_name
[INFO] [stdout]     sheet_selection_by_name_is_fuzzy
[INFO] [stdout]     sheet_selection_by_number_is_index_plus_one
[INFO] [stdout] 
[INFO] [stdout] test result: FAILED. 48 passed; 44 failed; 0 ignored; 0 measured; 0 filtered out; finished in 0.17s
[INFO] [stdout] 
[INFO] [stderr] error: test failed, to rerun pass `--test cli`
[INFO] running `Command { std: "docker" "inspect" "fbb6719877cbbbb22bf765fc0483661ae03cb10a98f52537ef63a29960ff69b8", kill_on_drop: false }`
[INFO] running `Command { std: "docker" "rm" "-f" "fbb6719877cbbbb22bf765fc0483661ae03cb10a98f52537ef63a29960ff69b8", kill_on_drop: false }`
[INFO] [stdout] fbb6719877cbbbb22bf765fc0483661ae03cb10a98f52537ef63a29960ff69b8
