[INFO] fetching crate spray 0.1.0...
[INFO] testing spray-0.1.0 against 1.99.0-beta.8+cargoflags=--release for beta-release-1.100-2
[INFO] extracting crate spray 0.1.0 into /workspace/builds/worker-5-tc1/source
[INFO] started tweaking crates.io crate spray 0.1.0
[INFO] finished tweaking crates.io crate spray 0.1.0
[INFO] tweaked toml for crates.io crate spray 0.1.0 written to /workspace/builds/worker-5-tc1/source/Cargo.toml
[INFO] validating manifest of crates.io crate spray 0.1.0 on toolchain 1.99.0-beta.8
[INFO] running `Command { std: CARGO_HOME="/workspace/cargo-home" RUSTUP_HOME="/workspace/rustup-home" "/workspace/cargo-home/bin/cargo" "+1.99.0-beta.8" "metadata" "--manifest-path" "Cargo.toml" "--no-deps", kill_on_drop: false }`
[INFO] crate crates.io crate spray 0.1.0 already has a lockfile, it will not be regenerated
[INFO] running `Command { std: CARGO_HOME="/workspace/cargo-home" RUSTUP_HOME="/workspace/rustup-home" "/workspace/cargo-home/bin/cargo" "+1.99.0-beta.8" "fetch" "--manifest-path" "Cargo.toml", kill_on_drop: false }`
[INFO] [stderr]     Updating crates.io index
[INFO] [stderr]  Downloading crates ...
[INFO] [stderr]   Downloaded uuid v0.8.1
[INFO] [stderr]   Downloaded futures-io v0.3.5
[INFO] [stderr]   Downloaded proc-macro-hack v0.5.16
[INFO] [stderr]   Downloaded bytesize v1.0.1
[INFO] [stderr]   Downloaded hermit-abi v0.1.13
[INFO] [stderr]   Downloaded proc-macro-nested v0.1.4
[INFO] [stderr]   Downloaded futures-macro v0.3.5
[INFO] [stderr]   Downloaded crc v1.8.1
[INFO] [stderr]   Downloaded ppv-lite86 v0.2.8
[INFO] [stderr]   Downloaded quote v1.0.6
[INFO] [stderr]   Downloaded pin-project-lite v0.1.7
[INFO] [stderr]   Downloaded once_cell v1.4.0
[INFO] [stderr]   Downloaded build_const v0.2.1
[INFO] [stderr]   Downloaded miow v0.3.4
[INFO] [stderr]   Downloaded futures-executor v0.3.5
[INFO] [stderr]   Downloaded futures v0.3.5
[INFO] [stderr]   Downloaded pin-project v0.4.19
[INFO] [stderr]   Downloaded pin-project-internal v0.4.19
[INFO] [stderr]   Downloaded proc-macro2 v1.0.18
[INFO] [stderr]   Downloaded arc-swap v0.4.7
[INFO] [stderr]   Downloaded log v0.4.8
[INFO] [stderr]   Downloaded syn v1.0.30
[INFO] [stderr]   Downloaded tokio v0.2.21
[INFO] [stderr]   Downloaded libc v0.2.71
[INFO] running `Command { std: "docker" "create" "-v" "/var/lib/crater-agent-workspace/builds/worker-5-tc1/source:/opt/rustwide/workdir:ro,Z" "-v" "/var/lib/crater-agent-workspace/builds/worker-5-tc1/target:/opt/rustwide/target:rw,Z" "-v" "/var/lib/crater-agent-workspace/cargo-home:/opt/rustwide/cargo-home:ro,Z" "-v" "/var/lib/crater-agent-workspace/rustup-home:/opt/rustwide/rustup-home:ro,Z" "-m" "1610612736" "--network" "none" "ghcr.io/rust-lang/crates-build-env/linux@sha256:77db811e55d90add9212f6832c23229e3de5f1c1f9905e8cb07319ea15df73ac" "sleep" "infinity", kill_on_drop: false }`
[INFO] [stdout] aa70b172508996479479f1b51d1d8aae5986310dc2e7181575483754216ec571
[INFO] running `Command { std: "docker" "start" "aa70b172508996479479f1b51d1d8aae5986310dc2e7181575483754216ec571", kill_on_drop: false }`
[INFO] running `Command { std: "docker" "inspect" "aa70b172508996479479f1b51d1d8aae5986310dc2e7181575483754216ec571", kill_on_drop: false }`
[INFO] running `Command { std: "docker" "exec" "-e" "SOURCE_DIR=/opt/rustwide/workdir" "-e" "CARGO_HOME=/opt/rustwide/cargo-home" "-e" "RUSTUP_HOME=/opt/rustwide/rustup-home" "-e" "CARGO_TARGET_DIR=/opt/rustwide/target" "-w" "/opt/rustwide/workdir" "--user" "0:0" "aa70b172508996479479f1b51d1d8aae5986310dc2e7181575483754216ec571" "/opt/rustwide/cargo-home/bin/cargo" "+1.99.0-beta.8" "metadata" "--no-deps" "--format-version=1", kill_on_drop: false }`
[INFO] running `Command { std: "docker" "inspect" "aa70b172508996479479f1b51d1d8aae5986310dc2e7181575483754216ec571", kill_on_drop: false }`
[INFO] running `Command { std: "docker" "exec" "-e" "SOURCE_DIR=/opt/rustwide/workdir" "-e" "CARGO_HOME=/opt/rustwide/cargo-home" "-e" "RUSTUP_HOME=/opt/rustwide/rustup-home" "-e" "CARGO_TARGET_DIR=/opt/rustwide/target" "-e" "CARGO_INCREMENTAL=0" "-e" "RUST_BACKTRACE=full" "-e" "RUSTFLAGS=--cap-lints=warn" "-e" "RUSTDOCFLAGS=--cap-lints=warn" "-w" "/opt/rustwide/workdir" "--user" "0:0" "aa70b172508996479479f1b51d1d8aae5986310dc2e7181575483754216ec571" "/opt/rustwide/cargo-home/bin/cargo" "+1.99.0-beta.8" "build" "--frozen" "--message-format=json" "--release", kill_on_drop: false }`
[INFO] [stderr]    Compiling libc v0.2.71
[INFO] [stderr]    Compiling proc-macro2 v1.0.18
[INFO] [stderr]    Compiling unicode-xid v0.2.0
[INFO] [stderr]    Compiling syn v1.0.30
[INFO] [stderr]    Compiling memchr v2.3.3
[INFO] [stderr]    Compiling getrandom v0.1.14
[INFO] [stderr]    Compiling slab v0.4.2
[INFO] [stderr]    Compiling futures-core v0.3.5
[INFO] [stderr]    Compiling log v0.4.8
[INFO] [stderr]    Compiling proc-macro-nested v0.1.4
[INFO] [stderr]    Compiling futures-sink v0.3.5
[INFO] [stderr]    Compiling once_cell v1.4.0
[INFO] [stderr]    Compiling proc-macro-hack v0.5.16
[INFO] [stderr]    Compiling futures-io v0.3.5
[INFO] [stderr]    Compiling build_const v0.2.1
[INFO] [stderr]    Compiling ppv-lite86 v0.2.8
[INFO] [stderr]    Compiling arc-swap v0.4.7
[INFO] [stderr]    Compiling futures-channel v0.3.5
[INFO] [stderr]    Compiling byteorder v1.3.4
[INFO] [stderr]    Compiling crc v1.8.1
[INFO] [stderr]    Compiling bytes v0.5.4
[INFO] [stderr]    Compiling lazy_static v1.4.0
[INFO] [stderr]    Compiling pin-project-lite v0.1.7
[INFO] [stderr]    Compiling bytesize v1.0.1
[INFO] [stderr]    Compiling futures-task v0.3.5
[INFO] [stderr]    Compiling net2 v0.2.34
[INFO] [stderr]    Compiling iovec v0.1.4
[INFO] [stderr]    Compiling signal-hook-registry v1.2.0
[INFO] [stderr]    Compiling num_cpus v1.13.0
[INFO] [stderr]    Compiling rand_core v0.5.1
[INFO] [stderr]    Compiling quote v1.0.6
[INFO] [stderr]    Compiling rand_chacha v0.2.2
[INFO] [stderr]    Compiling mio v0.6.22
[INFO] [stderr]    Compiling rand v0.7.3
[INFO] [stderr]    Compiling mio-uds v0.6.8
[INFO] [stderr]    Compiling uuid v0.8.1
[INFO] [stderr]    Compiling pin-project-internal v0.4.19
[INFO] [stderr]    Compiling futures-macro v0.3.5
[INFO] [stderr]    Compiling tokio-macros v0.2.5
[INFO] [stderr]    Compiling tokio v0.2.21
[INFO] [stderr]    Compiling pin-project v0.4.19
[INFO] [stderr]    Compiling futures-util v0.3.5
[INFO] [stderr]    Compiling futures-executor v0.3.5
[INFO] [stderr]    Compiling futures v0.3.5
[INFO] [stderr]    Compiling spray v0.1.0 (/opt/rustwide/workdir)
[INFO] [stdout] warning: unused import: `crate::files`
[INFO] [stdout]  --> src/handle.rs:1:5
[INFO] [stdout]   |
[INFO] [stdout] 1 | use crate::files;
[INFO] [stdout]   |     ^^^^^^^^^^^^
[INFO] [stdout]   |
[INFO] [stdout]   = note: `#[warn(unused_imports)]` (part of `#[warn(unused)]`) on by default
[INFO] [stdout] 
[INFO] [stdout] 
[INFO] [stdout] warning: type alias `File` is never used
[INFO] [stdout]  --> src/files.rs:5:10
[INFO] [stdout]   |
[INFO] [stdout] 5 | pub type File = tokio::fs::File;
[INFO] [stdout]   |          ^^^^
[INFO] [stdout]   |
[INFO] [stdout]   = note: `#[warn(dead_code)]` (part of `#[warn(unused)]`) on by default
[INFO] [stdout] 
[INFO] [stdout] 
[INFO] [stdout] warning: type alias `Path` is never used
[INFO] [stdout]  --> src/files.rs:6:10
[INFO] [stdout]   |
[INFO] [stdout] 6 | pub type Path = std::path::Path;
[INFO] [stdout]   |          ^^^^
[INFO] [stdout] 
[INFO] [stdout] 
[INFO] [stdout] warning: type alias `PathBuf` is never used
[INFO] [stdout]  --> src/files.rs:7:10
[INFO] [stdout]   |
[INFO] [stdout] 7 | pub type PathBuf = std::path::PathBuf;
[INFO] [stdout]   |          ^^^^^^^
[INFO] [stdout] 
[INFO] [stdout] 
[INFO] [stdout] warning: function `create` is never used
[INFO] [stdout]  --> src/files.rs:9:8
[INFO] [stdout]   |
[INFO] [stdout] 9 | pub fn create(path: &PathBuf) -> Result<File> {
[INFO] [stdout]   |        ^^^^^^
[INFO] [stdout] 
[INFO] [stdout] 
[INFO] [stdout] warning: function `open` is never used
[INFO] [stdout]   --> src/files.rs:22:8
[INFO] [stdout]    |
[INFO] [stdout] 22 | pub fn open(path: &PathBuf) -> Result<File> {
[INFO] [stdout]    |        ^^^^
[INFO] [stdout] 
[INFO] [stdout] 
[INFO] [stdout] warning: function `create_dir` is never used
[INFO] [stdout]   --> src/files.rs:29:8
[INFO] [stdout]    |
[INFO] [stdout] 29 | pub fn create_dir(path: &Path) -> Result<()> {
[INFO] [stdout]    |        ^^^^^^^^^^
[INFO] [stdout] 
[INFO] [stdout] 
[INFO] [stdout] warning: function `stem_as_u64` is never used
[INFO] [stdout]   --> src/files.rs:33:8
[INFO] [stdout]    |
[INFO] [stdout] 33 | pub fn stem_as_u64(path: PathBuf) -> u64 {
[INFO] [stdout]    |        ^^^^^^^^^^^
[INFO] [stdout] 
[INFO] [stdout] 
[INFO] [stdout] warning: function `list_files_as_u64` is never used
[INFO] [stdout]   --> src/files.rs:42:8
[INFO] [stdout]    |
[INFO] [stdout] 42 | pub fn list_files_as_u64(path: &Path, extension: &'static str) -> Result<Vec<u64>> {
[INFO] [stdout]    |        ^^^^^^^^^^^^^^^^^
[INFO] [stdout] 
[INFO] [stdout] 
[INFO] [stdout] warning: struct `Handle` is never constructed
[INFO] [stdout]  --> src/handle.rs:8:12
[INFO] [stdout]   |
[INFO] [stdout] 8 | pub struct Handle {
[INFO] [stdout]   |            ^^^^^^
[INFO] [stdout] 
[INFO] [stdout] 
[INFO] [stdout] warning: associated items `new`, `open`, `stream`, `add`, `log_size`, and `index_size` are never used
[INFO] [stdout]   --> src/handle.rs:14:18
[INFO] [stdout]    |
[INFO] [stdout] 13 | impl Handle {
[INFO] [stdout]    | ----------- associated items in this implementation
[INFO] [stdout] 14 |     pub async fn new(location: &PathBuf, id: u64) -> Result<Handle> {
[INFO] [stdout]    |                  ^^^
[INFO] [stdout] ...
[INFO] [stdout] 20 |     pub async fn open(location: &PathBuf, id: u64) -> Result<Handle> {
[INFO] [stdout]    |                  ^^^^
[INFO] [stdout] ...
[INFO] [stdout] 26 |     pub async fn stream<T>(&mut self, offset: u64, bytes: usize, target: &mut T) -> Result<()>
[INFO] [stdout]    |                  ^^^^^^
[INFO] [stdout] ...
[INFO] [stdout] 35 |     pub async fn add(&mut self, entries: Vec<Vec<u8>>) -> Result<()> {
[INFO] [stdout]    |                  ^^^
[INFO] [stdout] ...
[INFO] [stdout] 45 |     pub async fn log_size(&self) -> u64 {
[INFO] [stdout]    |                  ^^^^^^^^
[INFO] [stdout] ...
[INFO] [stdout] 49 |     pub async fn index_size(&self) -> u64 {
[INFO] [stdout]    |                  ^^^^^^^^^^
[INFO] [stdout] 
[INFO] [stdout] 
[INFO] [stdout] warning: constant `ENTRY_SIZE` is never used
[INFO] [stdout]  --> src/index.rs:7:7
[INFO] [stdout]   |
[INFO] [stdout] 7 | const ENTRY_SIZE: usize = 8;
[INFO] [stdout]   |       ^^^^^^^^^^
[INFO] [stdout] 
[INFO] [stdout] 
[INFO] [stdout] warning: struct `Index` is never constructed
[INFO] [stdout]  --> src/index.rs:9:12
[INFO] [stdout]   |
[INFO] [stdout] 9 | pub struct Index {
[INFO] [stdout]   |            ^^^^^
[INFO] [stdout] 
[INFO] [stdout] 
[INFO] [stdout] warning: associated items `new`, `open`, `add_entry`, `find_entry`, and `size` are never used
[INFO] [stdout]   --> src/index.rs:17:18
[INFO] [stdout]    |
[INFO] [stdout] 16 | impl Index {
[INFO] [stdout]    | ---------- associated items in this implementation
[INFO] [stdout] 17 |     pub async fn new(location: &PathBuf, id: u64) -> Result<Index> {
[INFO] [stdout]    |                  ^^^
[INFO] [stdout] ...
[INFO] [stdout] 29 |     pub async fn open(location: &PathBuf, id: u64) -> Result<Index> {
[INFO] [stdout]    |                  ^^^^
[INFO] [stdout] ...
[INFO] [stdout] 44 |     pub async fn add_entry(&mut self, value: u64) -> Result<()> {
[INFO] [stdout]    |                  ^^^^^^^^^
[INFO] [stdout] ...
[INFO] [stdout] 53 |     pub async fn find_entry(&mut self, offset: u64) -> Result<u64> {
[INFO] [stdout]    |                  ^^^^^^^^^^
[INFO] [stdout] ...
[INFO] [stdout] 62 |     pub async fn size(&self) -> u64 {
[INFO] [stdout]    |                  ^^^^
[INFO] [stdout] 
[INFO] [stdout] 
[INFO] [stdout] warning: struct `Ledger` is never constructed
[INFO] [stdout]  --> src/ledger.rs:7:12
[INFO] [stdout]   |
[INFO] [stdout] 7 | pub struct Ledger {
[INFO] [stdout]   |            ^^^^^^
[INFO] [stdout] 
[INFO] [stdout] 
[INFO] [stdout] warning: associated items `new`, `open`, `add`, `stream`, and `segment_size` are never used
[INFO] [stdout]   --> src/ledger.rs:14:18
[INFO] [stdout]    |
[INFO] [stdout] 13 | impl Ledger {
[INFO] [stdout]    | ----------- associated items in this implementation
[INFO] [stdout] 14 |     pub async fn new(location: &Path, segment_size: u64) -> Result<Ledger> {
[INFO] [stdout]    |                  ^^^
[INFO] [stdout] ...
[INFO] [stdout] 25 |     pub async fn open(location: &Path, id: String, segment_size: u64) -> Result<Option<Ledger>> {
[INFO] [stdout]    |                  ^^^^
[INFO] [stdout] ...
[INFO] [stdout] 38 |     pub async fn add(&mut self, segment_id: u64, entries: Vec<Vec<u8>>) -> Result<()> {
[INFO] [stdout]    |                  ^^^
[INFO] [stdout] ...
[INFO] [stdout] 48 |     pub async fn stream<T>(
[INFO] [stdout]    |                  ^^^^^^
[INFO] [stdout] ...
[INFO] [stdout] 64 |     pub async fn segment_size(&self, segment_id: u64) -> u64 {
[INFO] [stdout]    |                  ^^^^^^^^^^^^
[INFO] [stdout] 
[INFO] [stdout] 
[INFO] [stdout] warning: struct `Log` is never constructed
[INFO] [stdout]  --> src/log.rs:7:12
[INFO] [stdout]   |
[INFO] [stdout] 7 | pub struct Log {
[INFO] [stdout]   |            ^^^
[INFO] [stdout] 
[INFO] [stdout] 
[INFO] [stdout] warning: associated items `new`, `open`, `add_entry`, `stream_entries`, and `size` are never used
[INFO] [stdout]   --> src/log.rs:14:18
[INFO] [stdout]    |
[INFO] [stdout] 13 | impl Log {
[INFO] [stdout]    | -------- associated items in this implementation
[INFO] [stdout] 14 |     pub async fn new(location: &PathBuf, id: u64) -> Result<Log> {
[INFO] [stdout]    |                  ^^^
[INFO] [stdout] ...
[INFO] [stdout] 20 |     pub async fn open(location: &PathBuf, id: u64) -> Result<Log> {
[INFO] [stdout]    |                  ^^^^
[INFO] [stdout] ...
[INFO] [stdout] 27 |     pub async fn add_entry(&mut self, offset: u64, entry: Vec<u8>) -> Result<()> {
[INFO] [stdout]    |                  ^^^^^^^^^
[INFO] [stdout] ...
[INFO] [stdout] 41 |     pub async fn stream_entries<T>(
[INFO] [stdout]    |                  ^^^^^^^^^^^^^^
[INFO] [stdout] ...
[INFO] [stdout] 60 |     pub async fn size(&self) -> u64 {
[INFO] [stdout]    |                  ^^^^
[INFO] [stdout] 
[INFO] [stdout] 
[INFO] [stdout] warning: struct `Segments` is never constructed
[INFO] [stdout]  --> src/segment.rs:8:12
[INFO] [stdout]   |
[INFO] [stdout] 8 | pub struct Segments {
[INFO] [stdout]   |            ^^^^^^^^
[INFO] [stdout] 
[INFO] [stdout] 
[INFO] [stdout] warning: associated items `open`, `create`, `get`, `create_if_absent`, `get_mut`, and `len` are never used
[INFO] [stdout]   --> src/segment.rs:14:12
[INFO] [stdout]    |
[INFO] [stdout] 13 | impl Segments {
[INFO] [stdout]    | ------------- associated items in this implementation
[INFO] [stdout] 14 |     pub fn open(location: PathBuf) -> Result<Segments> {
[INFO] [stdout]    |            ^^^^
[INFO] [stdout] ...
[INFO] [stdout] 23 |     pub async fn create(&mut self, id: u64) -> Result<&mut Segment> {
[INFO] [stdout]    |                  ^^^^^^
[INFO] [stdout] ...
[INFO] [stdout] 29 |     pub fn get(&self, id: u64) -> Option<&Segment> {
[INFO] [stdout]    |            ^^^
[INFO] [stdout] ...
[INFO] [stdout] 33 |     pub fn create_if_absent(&mut self, id: u64) -> &mut Segment {
[INFO] [stdout]    |            ^^^^^^^^^^^^^^^^
[INFO] [stdout] ...
[INFO] [stdout] 41 |     pub fn get_mut(&mut self, id: u64) -> Option<&mut Segment> {
[INFO] [stdout]    |            ^^^^^^^
[INFO] [stdout] ...
[INFO] [stdout] 45 |     pub fn len(&self) -> usize {
[INFO] [stdout]    |            ^^^
[INFO] [stdout] 
[INFO] [stdout] 
[INFO] [stdout] warning: struct `Segment` is never constructed
[INFO] [stdout]   --> src/segment.rs:50:12
[INFO] [stdout]    |
[INFO] [stdout] 50 | pub struct Segment {
[INFO] [stdout]    |            ^^^^^^^
[INFO] [stdout] 
[INFO] [stdout] 
[INFO] [stdout] warning: associated items `new`, `add`, `stream`, and `size` are never used
[INFO] [stdout]   --> src/segment.rs:57:12
[INFO] [stdout]    |
[INFO] [stdout] 56 | impl Segment {
[INFO] [stdout]    | ------------ associated items in this implementation
[INFO] [stdout] 57 |     pub fn new(location: PathBuf, id: u64) -> Segment {
[INFO] [stdout]    |            ^^^
[INFO] [stdout] ...
[INFO] [stdout] 65 |     pub async fn add(&mut self, entries: Vec<Vec<u8>>) -> Result<()> {
[INFO] [stdout]    |                  ^^^
[INFO] [stdout] ...
[INFO] [stdout] 74 |     pub async fn stream<T>(&mut self, offset: u64, bytes: usize, target: &mut T) -> Result<()>
[INFO] [stdout]    |                  ^^^^^^
[INFO] [stdout] ...
[INFO] [stdout] 84 |     pub async fn size(&self) -> u64 {
[INFO] [stdout]    |                  ^^^^
[INFO] [stdout] 
[INFO] [stdout] 
[INFO] [stdout] warning: function `create_a_test_directory` is never used
[INFO] [stdout]  --> src/test_util.rs:5:8
[INFO] [stdout]   |
[INFO] [stdout] 5 | pub fn create_a_test_directory() -> PathBuf {
[INFO] [stdout]   |        ^^^^^^^^^^^^^^^^^^^^^^^
[INFO] [stdout] 
[INFO] [stdout] 
[INFO] [stdout] warning: type alias `Result` is never used
[INFO] [stdout]  --> src/types.rs:4:10
[INFO] [stdout]   |
[INFO] [stdout] 4 | pub type Result<T> = std::result::Result<T, Error>;
[INFO] [stdout]   |          ^^^^^^
[INFO] [stdout] 
[INFO] [stdout] 
[INFO] [stdout] warning: enum `Error` is never used
[INFO] [stdout]  --> src/types.rs:7:10
[INFO] [stdout]   |
[INFO] [stdout] 7 | pub enum Error {
[INFO] [stdout]   |          ^^^^^
[INFO] [stdout] 
[INFO] [stdout] 
[INFO] [stdout] warning: method `is_segment_full` is never used
[INFO] [stdout]   --> src/types.rs:13:12
[INFO] [stdout]    |
[INFO] [stdout] 12 | impl Error {
[INFO] [stdout]    | ---------- method in this implementation
[INFO] [stdout] 13 |     pub fn is_segment_full(&self) -> bool {
[INFO] [stdout]    |            ^^^^^^^^^^^^^^^
[INFO] [stdout] 
[INFO] [stdout] 
[INFO] [stdout] warning: unused import: `tokio::runtime::Runtime`
[INFO] [stdout]  --> src/main.rs:1:5
[INFO] [stdout]   |
[INFO] [stdout] 1 | use tokio::runtime::Runtime;
[INFO] [stdout]   |     ^^^^^^^^^^^^^^^^^^^^^^^
[INFO] [stdout]   |
[INFO] [stdout]   = note: `#[warn(unused_imports)]` (part of `#[warn(unused)]`) on by default
[INFO] [stdout] 
[INFO] [stdout] 
[INFO] [stderr]     Finished `release` profile [optimized] target(s) in 18.96s
[INFO] running `Command { std: "docker" "inspect" "aa70b172508996479479f1b51d1d8aae5986310dc2e7181575483754216ec571", kill_on_drop: false }`
[INFO] running `Command { std: "docker" "exec" "-e" "SOURCE_DIR=/opt/rustwide/workdir" "-e" "CARGO_HOME=/opt/rustwide/cargo-home" "-e" "RUSTUP_HOME=/opt/rustwide/rustup-home" "-e" "CARGO_TARGET_DIR=/opt/rustwide/target" "-e" "CARGO_INCREMENTAL=0" "-e" "RUST_BACKTRACE=full" "-e" "RUSTFLAGS=--cap-lints=warn" "-e" "RUSTDOCFLAGS=--cap-lints=warn" "-w" "/opt/rustwide/workdir" "--user" "0:0" "aa70b172508996479479f1b51d1d8aae5986310dc2e7181575483754216ec571" "/opt/rustwide/cargo-home/bin/cargo" "+1.99.0-beta.8" "test" "--frozen" "--no-run" "--message-format=json" "--release", kill_on_drop: false }`
[INFO] [stdout] warning: unused import: `crate::files`
[INFO] [stdout]  --> src/handle.rs:1:5
[INFO] [stdout]   |
[INFO] [stdout] 1 | use crate::files;
[INFO] [stdout]   |     ^^^^^^^^^^^^
[INFO] [stdout]   |
[INFO] [stdout]   = note: `#[warn(unused_imports)]` (part of `#[warn(unused)]`) on by default
[INFO] [stdout] 
[INFO] [stdout] 
[INFO] [stdout] warning: type alias `File` is never used
[INFO] [stdout]  --> src/files.rs:5:10
[INFO] [stdout]   |
[INFO] [stdout] 5 | pub type File = tokio::fs::File;
[INFO] [stdout]   |          ^^^^
[INFO] [stdout]   |
[INFO] [stdout]   = note: `#[warn(dead_code)]` (part of `#[warn(unused)]`) on by default
[INFO] [stdout] 
[INFO] [stdout] 
[INFO] [stdout] warning: type alias `Path` is never used
[INFO] [stdout]  --> src/files.rs:6:10
[INFO] [stdout]   |
[INFO] [stdout] 6 | pub type Path = std::path::Path;
[INFO] [stdout]   |          ^^^^
[INFO] [stdout] 
[INFO] [stdout] 
[INFO] [stdout] warning: type alias `PathBuf` is never used
[INFO] [stdout]  --> src/files.rs:7:10
[INFO] [stdout]   |
[INFO] [stdout] 7 | pub type PathBuf = std::path::PathBuf;
[INFO] [stdout]   |          ^^^^^^^
[INFO] [stdout] 
[INFO] [stdout] 
[INFO] [stdout] warning: function `create` is never used
[INFO] [stdout]  --> src/files.rs:9:8
[INFO] [stdout]   |
[INFO] [stdout] 9 | pub fn create(path: &PathBuf) -> Result<File> {
[INFO] [stdout]   |        ^^^^^^
[INFO] [stdout] 
[INFO] [stdout] 
[INFO] [stdout] warning: function `open` is never used
[INFO] [stdout]   --> src/files.rs:22:8
[INFO] [stdout]    |
[INFO] [stdout] 22 | pub fn open(path: &PathBuf) -> Result<File> {
[INFO] [stdout]    |        ^^^^
[INFO] [stdout] 
[INFO] [stdout] 
[INFO] [stdout] warning: function `create_dir` is never used
[INFO] [stdout]   --> src/files.rs:29:8
[INFO] [stdout]    |
[INFO] [stdout] 29 | pub fn create_dir(path: &Path) -> Result<()> {
[INFO] [stdout]    |        ^^^^^^^^^^
[INFO] [stdout] 
[INFO] [stdout] 
[INFO] [stdout] warning: function `stem_as_u64` is never used
[INFO] [stdout]   --> src/files.rs:33:8
[INFO] [stdout]    |
[INFO] [stdout] 33 | pub fn stem_as_u64(path: PathBuf) -> u64 {
[INFO] [stdout]    |        ^^^^^^^^^^^
[INFO] [stdout] 
[INFO] [stdout] 
[INFO] [stdout] warning: function `list_files_as_u64` is never used
[INFO] [stdout]   --> src/files.rs:42:8
[INFO] [stdout]    |
[INFO] [stdout] 42 | pub fn list_files_as_u64(path: &Path, extension: &'static str) -> Result<Vec<u64>> {
[INFO] [stdout]    |        ^^^^^^^^^^^^^^^^^
[INFO] [stdout] 
[INFO] [stdout] 
[INFO] [stdout] warning: struct `Handle` is never constructed
[INFO] [stdout]  --> src/handle.rs:8:12
[INFO] [stdout]   |
[INFO] [stdout] 8 | pub struct Handle {
[INFO] [stdout]   |            ^^^^^^
[INFO] [stdout] 
[INFO] [stdout] 
[INFO] [stdout] warning: associated items `new`, `open`, `stream`, `add`, `log_size`, and `index_size` are never used
[INFO] [stdout]   --> src/handle.rs:14:18
[INFO] [stdout]    |
[INFO] [stdout] 13 | impl Handle {
[INFO] [stdout]    | ----------- associated items in this implementation
[INFO] [stdout] 14 |     pub async fn new(location: &PathBuf, id: u64) -> Result<Handle> {
[INFO] [stdout]    |                  ^^^
[INFO] [stdout] ...
[INFO] [stdout] 20 |     pub async fn open(location: &PathBuf, id: u64) -> Result<Handle> {
[INFO] [stdout]    |                  ^^^^
[INFO] [stdout] ...
[INFO] [stdout] 26 |     pub async fn stream<T>(&mut self, offset: u64, bytes: usize, target: &mut T) -> Result<()>
[INFO] [stdout]    |                  ^^^^^^
[INFO] [stdout] ...
[INFO] [stdout] 35 |     pub async fn add(&mut self, entries: Vec<Vec<u8>>) -> Result<()> {
[INFO] [stdout]    |                  ^^^
[INFO] [stdout] ...
[INFO] [stdout] 45 |     pub async fn log_size(&self) -> u64 {
[INFO] [stdout]    |                  ^^^^^^^^
[INFO] [stdout] ...
[INFO] [stdout] 49 |     pub async fn index_size(&self) -> u64 {
[INFO] [stdout]    |                  ^^^^^^^^^^
[INFO] [stdout] 
[INFO] [stdout] 
[INFO] [stderr]    Compiling spray v0.1.0 (/opt/rustwide/workdir)
[INFO] [stdout] warning: constant `ENTRY_SIZE` is never used
[INFO] [stdout]  --> src/index.rs:7:7
[INFO] [stdout]   |
[INFO] [stdout] 7 | const ENTRY_SIZE: usize = 8;
[INFO] [stdout]   |       ^^^^^^^^^^
[INFO] [stdout] 
[INFO] [stdout] 
[INFO] [stdout] warning: struct `Index` is never constructed
[INFO] [stdout]  --> src/index.rs:9:12
[INFO] [stdout]   |
[INFO] [stdout] 9 | pub struct Index {
[INFO] [stdout]   |            ^^^^^
[INFO] [stdout] 
[INFO] [stdout] 
[INFO] [stdout] warning: associated items `new`, `open`, `add_entry`, `find_entry`, and `size` are never used
[INFO] [stdout]   --> src/index.rs:17:18
[INFO] [stdout]    |
[INFO] [stdout] 16 | impl Index {
[INFO] [stdout]    | ---------- associated items in this implementation
[INFO] [stdout] 17 |     pub async fn new(location: &PathBuf, id: u64) -> Result<Index> {
[INFO] [stdout]    |                  ^^^
[INFO] [stdout] ...
[INFO] [stdout] 29 |     pub async fn open(location: &PathBuf, id: u64) -> Result<Index> {
[INFO] [stdout]    |                  ^^^^
[INFO] [stdout] ...
[INFO] [stdout] 44 |     pub async fn add_entry(&mut self, value: u64) -> Result<()> {
[INFO] [stdout]    |                  ^^^^^^^^^
[INFO] [stdout] ...
[INFO] [stdout] 53 |     pub async fn find_entry(&mut self, offset: u64) -> Result<u64> {
[INFO] [stdout]    |                  ^^^^^^^^^^
[INFO] [stdout] ...
[INFO] [stdout] 62 |     pub async fn size(&self) -> u64 {
[INFO] [stdout]    |                  ^^^^
[INFO] [stdout] 
[INFO] [stdout] 
[INFO] [stdout] warning: struct `Ledger` is never constructed
[INFO] [stdout]  --> src/ledger.rs:7:12
[INFO] [stdout]   |
[INFO] [stdout] 7 | pub struct Ledger {
[INFO] [stdout]   |            ^^^^^^
[INFO] [stdout] 
[INFO] [stdout] 
[INFO] [stdout] warning: associated items `new`, `open`, `add`, `stream`, and `segment_size` are never used
[INFO] [stdout]   --> src/ledger.rs:14:18
[INFO] [stdout]    |
[INFO] [stdout] 13 | impl Ledger {
[INFO] [stdout]    | ----------- associated items in this implementation
[INFO] [stdout] 14 |     pub async fn new(location: &Path, segment_size: u64) -> Result<Ledger> {
[INFO] [stdout]    |                  ^^^
[INFO] [stdout] ...
[INFO] [stdout] 25 |     pub async fn open(location: &Path, id: String, segment_size: u64) -> Result<Option<Ledger>> {
[INFO] [stdout]    |                  ^^^^
[INFO] [stdout] ...
[INFO] [stdout] 38 |     pub async fn add(&mut self, segment_id: u64, entries: Vec<Vec<u8>>) -> Result<()> {
[INFO] [stdout]    |                  ^^^
[INFO] [stdout] ...
[INFO] [stdout] 48 |     pub async fn stream<T>(
[INFO] [stdout]    |                  ^^^^^^
[INFO] [stdout] ...
[INFO] [stdout] 64 |     pub async fn segment_size(&self, segment_id: u64) -> u64 {
[INFO] [stdout]    |                  ^^^^^^^^^^^^
[INFO] [stdout] 
[INFO] [stdout] 
[INFO] [stdout] warning: struct `Log` is never constructed
[INFO] [stdout]  --> src/log.rs:7:12
[INFO] [stdout]   |
[INFO] [stdout] 7 | pub struct Log {
[INFO] [stdout]   |            ^^^
[INFO] [stdout] 
[INFO] [stdout] 
[INFO] [stdout] warning: associated items `new`, `open`, `add_entry`, `stream_entries`, and `size` are never used
[INFO] [stdout]   --> src/log.rs:14:18
[INFO] [stdout]    |
[INFO] [stdout] 13 | impl Log {
[INFO] [stdout]    | -------- associated items in this implementation
[INFO] [stdout] 14 |     pub async fn new(location: &PathBuf, id: u64) -> Result<Log> {
[INFO] [stdout]    |                  ^^^
[INFO] [stdout] ...
[INFO] [stdout] 20 |     pub async fn open(location: &PathBuf, id: u64) -> Result<Log> {
[INFO] [stdout]    |                  ^^^^
[INFO] [stdout] ...
[INFO] [stdout] 27 |     pub async fn add_entry(&mut self, offset: u64, entry: Vec<u8>) -> Result<()> {
[INFO] [stdout]    |                  ^^^^^^^^^
[INFO] [stdout] ...
[INFO] [stdout] 41 |     pub async fn stream_entries<T>(
[INFO] [stdout]    |                  ^^^^^^^^^^^^^^
[INFO] [stdout] ...
[INFO] [stdout] 60 |     pub async fn size(&self) -> u64 {
[INFO] [stdout]    |                  ^^^^
[INFO] [stdout] 
[INFO] [stdout] 
[INFO] [stdout] warning: struct `Segments` is never constructed
[INFO] [stdout]  --> src/segment.rs:8:12
[INFO] [stdout]   |
[INFO] [stdout] 8 | pub struct Segments {
[INFO] [stdout]   |            ^^^^^^^^
[INFO] [stdout] 
[INFO] [stdout] 
[INFO] [stdout] warning: associated items `open`, `create`, `get`, `create_if_absent`, `get_mut`, and `len` are never used
[INFO] [stdout]   --> src/segment.rs:14:12
[INFO] [stdout]    |
[INFO] [stdout] 13 | impl Segments {
[INFO] [stdout]    | ------------- associated items in this implementation
[INFO] [stdout] 14 |     pub fn open(location: PathBuf) -> Result<Segments> {
[INFO] [stdout]    |            ^^^^
[INFO] [stdout] ...
[INFO] [stdout] 23 |     pub async fn create(&mut self, id: u64) -> Result<&mut Segment> {
[INFO] [stdout]    |                  ^^^^^^
[INFO] [stdout] ...
[INFO] [stdout] 29 |     pub fn get(&self, id: u64) -> Option<&Segment> {
[INFO] [stdout]    |            ^^^
[INFO] [stdout] ...
[INFO] [stdout] 33 |     pub fn create_if_absent(&mut self, id: u64) -> &mut Segment {
[INFO] [stdout]    |            ^^^^^^^^^^^^^^^^
[INFO] [stdout] ...
[INFO] [stdout] 41 |     pub fn get_mut(&mut self, id: u64) -> Option<&mut Segment> {
[INFO] [stdout]    |            ^^^^^^^
[INFO] [stdout] ...
[INFO] [stdout] 45 |     pub fn len(&self) -> usize {
[INFO] [stdout]    |            ^^^
[INFO] [stdout] 
[INFO] [stdout] 
[INFO] [stdout] warning: struct `Segment` is never constructed
[INFO] [stdout]   --> src/segment.rs:50:12
[INFO] [stdout]    |
[INFO] [stdout] 50 | pub struct Segment {
[INFO] [stdout]    |            ^^^^^^^
[INFO] [stdout] 
[INFO] [stdout] 
[INFO] [stdout] warning: associated items `new`, `add`, `stream`, and `size` are never used
[INFO] [stdout]   --> src/segment.rs:57:12
[INFO] [stdout]    |
[INFO] [stdout] 56 | impl Segment {
[INFO] [stdout]    | ------------ associated items in this implementation
[INFO] [stdout] 57 |     pub fn new(location: PathBuf, id: u64) -> Segment {
[INFO] [stdout]    |            ^^^
[INFO] [stdout] ...
[INFO] [stdout] 65 |     pub async fn add(&mut self, entries: Vec<Vec<u8>>) -> Result<()> {
[INFO] [stdout]    |                  ^^^
[INFO] [stdout] ...
[INFO] [stdout] 74 |     pub async fn stream<T>(&mut self, offset: u64, bytes: usize, target: &mut T) -> Result<()>
[INFO] [stdout]    |                  ^^^^^^
[INFO] [stdout] ...
[INFO] [stdout] 84 |     pub async fn size(&self) -> u64 {
[INFO] [stdout]    |                  ^^^^
[INFO] [stdout] 
[INFO] [stdout] 
[INFO] [stdout] warning: function `create_a_test_directory` is never used
[INFO] [stdout]  --> src/test_util.rs:5:8
[INFO] [stdout]   |
[INFO] [stdout] 5 | pub fn create_a_test_directory() -> PathBuf {
[INFO] [stdout]   |        ^^^^^^^^^^^^^^^^^^^^^^^
[INFO] [stdout] 
[INFO] [stdout] 
[INFO] [stdout] warning: type alias `Result` is never used
[INFO] [stdout]  --> src/types.rs:4:10
[INFO] [stdout]   |
[INFO] [stdout] 4 | pub type Result<T> = std::result::Result<T, Error>;
[INFO] [stdout]   |          ^^^^^^
[INFO] [stdout] 
[INFO] [stdout] 
[INFO] [stdout] warning: enum `Error` is never used
[INFO] [stdout]  --> src/types.rs:7:10
[INFO] [stdout]   |
[INFO] [stdout] 7 | pub enum Error {
[INFO] [stdout]   |          ^^^^^
[INFO] [stdout] 
[INFO] [stdout] 
[INFO] [stdout] warning: method `is_segment_full` is never used
[INFO] [stdout]   --> src/types.rs:13:12
[INFO] [stdout]    |
[INFO] [stdout] 12 | impl Error {
[INFO] [stdout]    | ---------- method in this implementation
[INFO] [stdout] 13 |     pub fn is_segment_full(&self) -> bool {
[INFO] [stdout]    |            ^^^^^^^^^^^^^^^
[INFO] [stdout] 
[INFO] [stdout] 
[INFO] [stdout] warning: unused import: `crate::files`
[INFO] [stdout]  --> src/handle.rs:1:5
[INFO] [stdout]   |
[INFO] [stdout] 1 | use crate::files;
[INFO] [stdout]   |     ^^^^^^^^^^^^
[INFO] [stdout]   |
[INFO] [stdout]   = note: `#[warn(unused_imports)]` (part of `#[warn(unused)]`) on by default
[INFO] [stdout] 
[INFO] [stdout] 
[INFO] [stdout] warning: unused import: `uuid::Uuid`
[INFO] [stdout]   --> src/index.rs:71:9
[INFO] [stdout]    |
[INFO] [stdout] 71 |     use uuid::Uuid;
[INFO] [stdout]    |         ^^^^^^^^^^
[INFO] [stdout] 
[INFO] [stdout] 
[INFO] [stdout] warning: unused import: `tokio::runtime::Runtime`
[INFO] [stdout]  --> src/main.rs:1:5
[INFO] [stdout]   |
[INFO] [stdout] 1 | use tokio::runtime::Runtime;
[INFO] [stdout]   |     ^^^^^^^^^^^^^^^^^^^^^^^
[INFO] [stdout]   |
[INFO] [stdout]   = note: `#[warn(unused_imports)]` (part of `#[warn(unused)]`) on by default
[INFO] [stdout] 
[INFO] [stdout] 
[INFO] [stdout] warning: field `id` is never read
[INFO] [stdout]   --> src/index.rs:10:9
[INFO] [stdout]    |
[INFO] [stdout]  9 | pub struct Index {
[INFO] [stdout]    |            ----- field in this struct
[INFO] [stdout] 10 |     pub id: u64,
[INFO] [stdout]    |         ^^
[INFO] [stdout]    |
[INFO] [stdout]    = note: `#[warn(dead_code)]` (part of `#[warn(unused)]`) on by default
[INFO] [stdout] 
[INFO] [stdout] 
[INFO] [stdout] warning: field `id` is never read
[INFO] [stdout]  --> src/log.rs:8:9
[INFO] [stdout]   |
[INFO] [stdout] 7 | pub struct Log {
[INFO] [stdout]   |            --- field in this struct
[INFO] [stdout] 8 |     pub id: u64,
[INFO] [stdout]   |         ^^
[INFO] [stdout] 
[INFO] [stdout] 
[INFO] [stderr]     Finished `release` profile [optimized] target(s) in 3.64s
[INFO] running `Command { std: "docker" "inspect" "aa70b172508996479479f1b51d1d8aae5986310dc2e7181575483754216ec571", kill_on_drop: false }`
[INFO] running `Command { std: "docker" "exec" "-e" "SOURCE_DIR=/opt/rustwide/workdir" "-e" "CARGO_HOME=/opt/rustwide/cargo-home" "-e" "RUSTUP_HOME=/opt/rustwide/rustup-home" "-e" "CARGO_TARGET_DIR=/opt/rustwide/target" "-e" "CARGO_INCREMENTAL=0" "-e" "RUST_BACKTRACE=full" "-e" "RUSTFLAGS=--cap-lints=warn" "-e" "RUSTDOCFLAGS=--cap-lints=warn" "-w" "/opt/rustwide/workdir" "--user" "0:0" "aa70b172508996479479f1b51d1d8aae5986310dc2e7181575483754216ec571" "/opt/rustwide/cargo-home/bin/cargo" "+1.99.0-beta.8" "test" "--frozen" "--release", kill_on_drop: false }`
[INFO] [stderr] warning: unused import: `crate::files`
[INFO] [stderr]  --> src/handle.rs:1:5
[INFO] [stderr]   |
[INFO] [stderr] 1 | use crate::files;
[INFO] [stderr]   |     ^^^^^^^^^^^^
[INFO] [stderr]   |
[INFO] [stderr]   = note: `#[warn(unused_imports)]` (part of `#[warn(unused)]`) on by default
[INFO] [stderr] 
[INFO] [stderr] warning: type alias `File` is never used
[INFO] [stderr]  --> src/files.rs:5:10
[INFO] [stderr]   |
[INFO] [stderr] 5 | pub type File = tokio::fs::File;
[INFO] [stderr]   |          ^^^^
[INFO] [stderr]   |
[INFO] [stderr]   = note: `#[warn(dead_code)]` (part of `#[warn(unused)]`) on by default
[INFO] [stderr] 
[INFO] [stderr] warning: type alias `Path` is never used
[INFO] [stderr]  --> src/files.rs:6:10
[INFO] [stderr]   |
[INFO] [stderr] 6 | pub type Path = std::path::Path;
[INFO] [stderr]   |          ^^^^
[INFO] [stderr] 
[INFO] [stderr] warning: type alias `PathBuf` is never used
[INFO] [stderr]  --> src/files.rs:7:10
[INFO] [stderr]   |
[INFO] [stderr] 7 | pub type PathBuf = std::path::PathBuf;
[INFO] [stderr]   |          ^^^^^^^
[INFO] [stderr] 
[INFO] [stderr] warning: function `create` is never used
[INFO] [stderr]  --> src/files.rs:9:8
[INFO] [stderr]   |
[INFO] [stderr] 9 | pub fn create(path: &PathBuf) -> Result<File> {
[INFO] [stderr]   |        ^^^^^^
[INFO] [stderr] 
[INFO] [stderr] warning: function `open` is never used
[INFO] [stderr]   --> src/files.rs:22:8
[INFO] [stderr]    |
[INFO] [stderr] 22 | pub fn open(path: &PathBuf) -> Result<File> {
[INFO] [stderr]    |        ^^^^
[INFO] [stderr] 
[INFO] [stderr] warning: function `create_dir` is never used
[INFO] [stderr]   --> src/files.rs:29:8
[INFO] [stderr]    |
[INFO] [stderr] 29 | pub fn create_dir(path: &Path) -> Result<()> {
[INFO] [stderr]    |        ^^^^^^^^^^
[INFO] [stderr] 
[INFO] [stderr] warning: function `stem_as_u64` is never used
[INFO] [stderr]   --> src/files.rs:33:8
[INFO] [stderr]    |
[INFO] [stderr] 33 | pub fn stem_as_u64(path: PathBuf) -> u64 {
[INFO] [stderr]    |        ^^^^^^^^^^^
[INFO] [stderr] 
[INFO] [stderr] warning: function `list_files_as_u64` is never used
[INFO] [stderr]   --> src/files.rs:42:8
[INFO] [stderr]    |
[INFO] [stderr] 42 | pub fn list_files_as_u64(path: &Path, extension: &'static str) -> Result<Vec<u64>> {
[INFO] [stderr]    |        ^^^^^^^^^^^^^^^^^
[INFO] [stderr] 
[INFO] [stderr] warning: struct `Handle` is never constructed
[INFO] [stderr]  --> src/handle.rs:8:12
[INFO] [stderr]   |
[INFO] [stderr] 8 | pub struct Handle {
[INFO] [stderr]   |            ^^^^^^
[INFO] [stderr] 
[INFO] [stderr] warning: associated items `new`, `open`, `stream`, `add`, `log_size`, and `index_size` are never used
[INFO] [stderr]   --> src/handle.rs:14:18
[INFO] [stderr]    |
[INFO] [stderr] 13 | impl Handle {
[INFO] [stderr]    | ----------- associated items in this implementation
[INFO] [stderr] 14 |     pub async fn new(location: &PathBuf, id: u64) -> Result<Handle> {
[INFO] [stderr]    |                  ^^^
[INFO] [stderr] ...
[INFO] [stderr] 20 |     pub async fn open(location: &PathBuf, id: u64) -> Result<Handle> {
[INFO] [stderr]    |                  ^^^^
[INFO] [stderr] ...
[INFO] [stderr] 26 |     pub async fn stream<T>(&mut self, offset: u64, bytes: usize, target: &mut T) -> Result<()>
[INFO] [stderr]    |                  ^^^^^^
[INFO] [stderr] ...
[INFO] [stderr] 35 |     pub async fn add(&mut self, entries: Vec<Vec<u8>>) -> Result<()> {
[INFO] [stderr]    |                  ^^^
[INFO] [stderr] ...
[INFO] [stderr] 45 |     pub async fn log_size(&self) -> u64 {
[INFO] [stderr]    |                  ^^^^^^^^
[INFO] [stderr] ...
[INFO] [stderr] 49 |     pub async fn index_size(&self) -> u64 {
[INFO] [stderr]    |                  ^^^^^^^^^^
[INFO] [stderr] 
[INFO] [stderr] warning: constant `ENTRY_SIZE` is never used
[INFO] [stderr]  --> src/index.rs:7:7
[INFO] [stderr]   |
[INFO] [stderr] 7 | const ENTRY_SIZE: usize = 8;
[INFO] [stderr]   |       ^^^^^^^^^^
[INFO] [stderr] 
[INFO] [stderr] warning: struct `Index` is never constructed
[INFO] [stderr]  --> src/index.rs:9:12
[INFO] [stderr]   |
[INFO] [stderr] 9 | pub struct Index {
[INFO] [stderr]   |            ^^^^^
[INFO] [stderr] 
[INFO] [stderr] warning: associated items `new`, `open`, `add_entry`, `find_entry`, and `size` are never used
[INFO] [stderr]   --> src/index.rs:17:18
[INFO] [stderr]    |
[INFO] [stderr] 16 | impl Index {
[INFO] [stderr]    | ---------- associated items in this implementation
[INFO] [stderr] 17 |     pub async fn new(location: &PathBuf, id: u64) -> Result<Index> {
[INFO] [stderr]    |                  ^^^
[INFO] [stderr] ...
[INFO] [stderr] 29 |     pub async fn open(location: &PathBuf, id: u64) -> Result<Index> {
[INFO] [stderr]    |                  ^^^^
[INFO] [stderr] ...
[INFO] [stderr] 44 |     pub async fn add_entry(&mut self, value: u64) -> Result<()> {
[INFO] [stderr]    |                  ^^^^^^^^^
[INFO] [stderr] ...
[INFO] [stderr] 53 |     pub async fn find_entry(&mut self, offset: u64) -> Result<u64> {
[INFO] [stderr]    |                  ^^^^^^^^^^
[INFO] [stderr] ...
[INFO] [stderr] 62 |     pub async fn size(&self) -> u64 {
[INFO] [stderr]    |                  ^^^^
[INFO] [stderr] 
[INFO] [stderr] warning: struct `Ledger` is never constructed
[INFO] [stderr]  --> src/ledger.rs:7:12
[INFO] [stderr]   |
[INFO] [stderr] 7 | pub struct Ledger {
[INFO] [stderr]   |            ^^^^^^
[INFO] [stderr] 
[INFO] [stderr] warning: associated items `new`, `open`, `add`, `stream`, and `segment_size` are never used
[INFO] [stderr]   --> src/ledger.rs:14:18
[INFO] [stderr]    |
[INFO] [stderr] 13 | impl Ledger {
[INFO] [stderr]    | ----------- associated items in this implementation
[INFO] [stderr] 14 |     pub async fn new(location: &Path, segment_size: u64) -> Result<Ledger> {
[INFO] [stderr]    |                  ^^^
[INFO] [stderr] ...
[INFO] [stderr] 25 |     pub async fn open(location: &Path, id: String, segment_size: u64) -> Result<Option<Ledger>> {
[INFO] [stderr]    |                  ^^^^
[INFO] [stderr] ...
[INFO] [stderr] 38 |     pub async fn add(&mut self, segment_id: u64, entries: Vec<Vec<u8>>) -> Result<()> {
[INFO] [stderr]    |                  ^^^
[INFO] [stderr] ...
[INFO] [stderr] 48 |     pub async fn stream<T>(
[INFO] [stderr]    |                  ^^^^^^
[INFO] [stderr] ...
[INFO] [stderr] 64 |     pub async fn segment_size(&self, segment_id: u64) -> u64 {
[INFO] [stderr]    |                  ^^^^^^^^^^^^
[INFO] [stderr] 
[INFO] [stderr] warning: struct `Log` is never constructed
[INFO] [stderr]  --> src/log.rs:7:12
[INFO] [stderr]   |
[INFO] [stderr] 7 | pub struct Log {
[INFO] [stderr]   |            ^^^
[INFO] [stderr] 
[INFO] [stderr] warning: associated items `new`, `open`, `add_entry`, `stream_entries`, and `size` are never used
[INFO] [stderr]   --> src/log.rs:14:18
[INFO] [stderr]    |
[INFO] [stderr] 13 | impl Log {
[INFO] [stderr]    | -------- associated items in this implementation
[INFO] [stderr] 14 |     pub async fn new(location: &PathBuf, id: u64) -> Result<Log> {
[INFO] [stderr]    |                  ^^^
[INFO] [stderr] ...
[INFO] [stderr] 20 |     pub async fn open(location: &PathBuf, id: u64) -> Result<Log> {
[INFO] [stderr]    |                  ^^^^
[INFO] [stderr] ...
[INFO] [stderr] 27 |     pub async fn add_entry(&mut self, offset: u64, entry: Vec<u8>) -> Result<()> {
[INFO] [stderr]    |                  ^^^^^^^^^
[INFO] [stderr] ...
[INFO] [stderr] 41 |     pub async fn stream_entries<T>(
[INFO] [stderr]    |                  ^^^^^^^^^^^^^^
[INFO] [stderr] ...
[INFO] [stderr] 60 |     pub async fn size(&self) -> u64 {
[INFO] [stderr]    |                  ^^^^
[INFO] [stderr] 
[INFO] [stderr] warning: struct `Segments` is never constructed
[INFO] [stderr]  --> src/segment.rs:8:12
[INFO] [stderr]   |
[INFO] [stderr] 8 | pub struct Segments {
[INFO] [stderr]   |            ^^^^^^^^
[INFO] [stderr] 
[INFO] [stderr] warning: associated items `open`, `create`, `get`, `create_if_absent`, `get_mut`, and `len` are never used
[INFO] [stderr]   --> src/segment.rs:14:12
[INFO] [stderr]    |
[INFO] [stderr] 13 | impl Segments {
[INFO] [stderr]    | ------------- associated items in this implementation
[INFO] [stderr] 14 |     pub fn open(location: PathBuf) -> Result<Segments> {
[INFO] [stderr]    |            ^^^^
[INFO] [stderr] ...
[INFO] [stderr] 23 |     pub async fn create(&mut self, id: u64) -> Result<&mut Segment> {
[INFO] [stderr]    |                  ^^^^^^
[INFO] [stderr] ...
[INFO] [stderr] 29 |     pub fn get(&self, id: u64) -> Option<&Segment> {
[INFO] [stderr]    |            ^^^
[INFO] [stderr] ...
[INFO] [stderr] 33 |     pub fn create_if_absent(&mut self, id: u64) -> &mut Segment {
[INFO] [stderr]    |            ^^^^^^^^^^^^^^^^
[INFO] [stderr] ...
[INFO] [stderr] 41 |     pub fn get_mut(&mut self, id: u64) -> Option<&mut Segment> {
[INFO] [stderr]    |            ^^^^^^^
[INFO] [stderr] ...
[INFO] [stderr] 45 |     pub fn len(&self) -> usize {
[INFO] [stderr]    |            ^^^
[INFO] [stderr] 
[INFO] [stderr] warning: struct `Segment` is never constructed
[INFO] [stderr]   --> src/segment.rs:50:12
[INFO] [stderr]    |
[INFO] [stderr] 50 | pub struct Segment {
[INFO] [stderr]    |            ^^^^^^^
[INFO] [stderr] 
[INFO] [stderr] warning: associated items `new`, `add`, `stream`, and `size` are never used
[INFO] [stderr]   --> src/segment.rs:57:12
[INFO] [stderr]    |
[INFO] [stderr] 56 | impl Segment {
[INFO] [stderr]    | ------------ associated items in this implementation
[INFO] [stderr] 57 |     pub fn new(location: PathBuf, id: u64) -> Segment {
[INFO] [stderr]    |            ^^^
[INFO] [stderr] ...
[INFO] [stderr] 65 |     pub async fn add(&mut self, entries: Vec<Vec<u8>>) -> Result<()> {
[INFO] [stderr]    |                  ^^^
[INFO] [stderr] ...
[INFO] [stderr] 74 |     pub async fn stream<T>(&mut self, offset: u64, bytes: usize, target: &mut T) -> Result<()>
[INFO] [stderr]    |                  ^^^^^^
[INFO] [stderr] ...
[INFO] [stderr] 84 |     pub async fn size(&self) -> u64 {
[INFO] [stderr]    |                  ^^^^
[INFO] [stderr] 
[INFO] [stderr] warning: function `create_a_test_directory` is never used
[INFO] [stderr]  --> src/test_util.rs:5:8
[INFO] [stderr]   |
[INFO] [stderr] 5 | pub fn create_a_test_directory() -> PathBuf {
[INFO] [stderr]   |        ^^^^^^^^^^^^^^^^^^^^^^^
[INFO] [stderr] 
[INFO] [stderr] warning: type alias `Result` is never used
[INFO] [stderr]  --> src/types.rs:4:10
[INFO] [stderr]   |
[INFO] [stderr] 4 | pub type Result<T> = std::result::Result<T, Error>;
[INFO] [stderr]   |          ^^^^^^
[INFO] [stderr] 
[INFO] [stderr] warning: enum `Error` is never used
[INFO] [stderr]  --> src/types.rs:7:10
[INFO] [stderr]   |
[INFO] [stderr] 7 | pub enum Error {
[INFO] [stderr]   |          ^^^^^
[INFO] [stderr] 
[INFO] [stderr] warning: method `is_segment_full` is never used
[INFO] [stderr]   --> src/types.rs:13:12
[INFO] [stderr]    |
[INFO] [stderr] 12 | impl Error {
[INFO] [stderr]    | ---------- method in this implementation
[INFO] [stderr] 13 |     pub fn is_segment_full(&self) -> bool {
[INFO] [stderr]    |            ^^^^^^^^^^^^^^^
[INFO] [stderr] 
[INFO] [stderr] warning: `spray` (lib) generated 26 warnings (run `cargo fix --lib -p spray` to apply 1 suggestion)
[INFO] [stderr] warning: unused import: `tokio::runtime::Runtime`
[INFO] [stderr]  --> src/main.rs:1:5
[INFO] [stderr]   |
[INFO] [stderr] 1 | use tokio::runtime::Runtime;
[INFO] [stderr]   |     ^^^^^^^^^^^^^^^^^^^^^^^
[INFO] [stderr]   |
[INFO] [stderr]   = note: `#[warn(unused_imports)]` (part of `#[warn(unused)]`) on by default
[INFO] [stderr] 
[INFO] [stderr] warning: unused import: `uuid::Uuid`
[INFO] [stderr]   --> src/index.rs:71:9
[INFO] [stderr]    |
[INFO] [stderr] 71 |     use uuid::Uuid;
[INFO] [stderr]    |         ^^^^^^^^^^
[INFO] [stderr] 
[INFO] [stderr] warning: field `id` is never read
[INFO] [stderr]   --> src/index.rs:10:9
[INFO] [stderr]    |
[INFO] [stderr]  9 | pub struct Index {
[INFO] [stderr]    |            ----- field in this struct
[INFO] [stderr] 10 |     pub id: u64,
[INFO] [stderr]    |         ^^
[INFO] [stderr]    |
[INFO] [stderr]    = note: `#[warn(dead_code)]` (part of `#[warn(unused)]`) on by default
[INFO] [stderr] 
[INFO] [stderr] warning: field `id` is never read
[INFO] [stderr]  --> src/log.rs:8:9
[INFO] [stderr]   |
[INFO] [stderr] 7 | pub struct Log {
[INFO] [stderr]   |            --- field in this struct
[INFO] [stderr] 8 |     pub id: u64,
[INFO] [stderr]   |         ^^
[INFO] [stderr] 
[INFO] [stderr] warning: `spray` (bin "spray" test) generated 1 warning (run `cargo fix --bin "spray" -p spray --tests` to apply 1 suggestion)
[INFO] [stderr] warning: `spray` (lib test) generated 4 warnings (1 duplicate) (run `cargo fix --lib -p spray --tests` to apply 1 suggestion)
[INFO] [stderr]     Finished `release` profile [optimized] target(s) in 0.14s
[INFO] [stderr]      Running unittests src/lib.rs (/opt/rustwide/target/release/deps/spray-5684655b2ac2ae1d)
[INFO] [stdout] 
[INFO] [stdout] running 22 tests
[INFO] [stdout] test ledger::tests::segment_full ... FAILED
[INFO] [stdout] test ledger::tests::create_new_ledger ... FAILED
[INFO] [stdout] test index::tests::find_entry ... FAILED
[INFO] [stdout] test log::tests::add_entry ... FAILED
[INFO] [stdout] test files::tests::list_files_as_u64 ... FAILED
[INFO] [stdout] test log::tests::open_existing_log ... FAILED
[INFO] [stdout] test handle::tests::create_new_handle ... FAILED
[INFO] [stdout] test index::tests::next_offset_for_existing_index ... FAILED
[INFO] [stdout] test ledger::tests::indicate_missing_ledger ... FAILED
[INFO] [stdout] test files::tests::create_new_file ... FAILED
[INFO] [stdout] test index::tests::create_new_index ... FAILED
[INFO] [stdout] test handle::tests::read_entries_from_active_handle ... FAILED
[INFO] [stdout] test log::tests::stream_partial ... FAILED
[INFO] [stdout] test handle::tests::open_existing_handle ... FAILED
[INFO] [stdout] test log::tests::stream_entries ... FAILED
[INFO] [stdout] test ledger::tests::stream_entries_from_ledger ... FAILED
[INFO] [stdout] test segment::tests::add_entries_to_segment ... FAILED
[INFO] [stdout] test ledger::tests::add_entries_to_ledger ... FAILED
[INFO] [stdout] test segment::tests::create_new_segment ... FAILED
[INFO] [stdout] test segment::tests::stream_entries_from_segment ... FAILED
[INFO] [stdout] test segment::tests::no_segments ... FAILED
[INFO] [stdout] test log::tests::create_new_log ... FAILED
[INFO] [stdout] 
[INFO] [stdout] failures:
[INFO] [stdout] 
[INFO] [stdout] ---- ledger::tests::segment_full stdout ----
[INFO] [stdout] 
[INFO] [stdout] thread 'ledger::tests::segment_full' (1045) panicked at src/test_util.rs:9:34:
[INFO] [stdout] called `Result::unwrap()` on an `Err` value: Os { code: 30, kind: ReadOnlyFilesystem, message: "Read-only file system" }
[INFO] [stdout] stack backtrace:
[INFO] [stdout]    0:     0x5907bcc49051 - <<std[70759c8f55707aa4]::sys::backtrace::BacktraceLock>::print::DisplayBacktrace as core[df12db4294e9bfd3]::fmt::Display>::fmt
[INFO] [stdout]    1:     0x5907bcc5e0ba - core[df12db4294e9bfd3]::fmt::write
[INFO] [stdout]    2:     0x5907bcc4d97c - <alloc[2182bb758b4b3781]::vec::Vec<u8> as core[df12db4294e9bfd3]::io::write::Write>::write_fmt
[INFO] [stdout]    3:     0x5907bcc24076 - std[70759c8f55707aa4]::panicking::default_hook::{closure#0}
[INFO] [stdout]    4:     0x5907bcc414f9 - std[70759c8f55707aa4]::panicking::default_hook
[INFO] [stdout]    5:     0x5907bcbbcdd0 - test[9d35eded1c95d3be]::test_main_inner::<test[9d35eded1c95d3be]::test_main_static::{closure#0}>::{closure#0}
[INFO] [stdout]    6:     0x5907bcc416b2 - std[70759c8f55707aa4]::panicking::panic_with_hook
[INFO] [stdout]    7:     0x5907bcc24122 - std[70759c8f55707aa4]::panicking::panic_handler::{closure#0}
[INFO] [stdout]    8:     0x5907bcc1ccb9 - std[70759c8f55707aa4]::sys::backtrace::__rust_end_short_backtrace::<std[70759c8f55707aa4]::panicking::panic_handler::{closure#0}, !>
[INFO] [stdout]    9:     0x5907bcc24d1d - __rustc[8fa7c3cbc660c2b3]::rust_begin_unwind
[INFO] [stdout]   10:     0x5907bcc5e81c - core[df12db4294e9bfd3]::panicking::panic_fmt
[INFO] [stdout]   11:     0x5907bcc5e5f2 - core[df12db4294e9bfd3]::result::unwrap_failed
[INFO] [stdout]   12:     0x5907bcba6f01 - spray[caf5516d1829b1a6]::test_util::create_a_test_directory
[INFO] [stdout]   13:     0x5907bcb86535 - spray[caf5516d1829b1a6]::ledger::tests::segment_full::{closure#0}
[INFO] [stdout]   14:     0x5907bcb8d512 - <tokio[215712cd408306d6]::macros::scoped_tls::ScopedKey<tokio[215712cd408306d6]::runtime::basic_scheduler::Context>>::set::<tokio[215712cd408306d6]::runtime::basic_scheduler::enter<<tokio[215712cd408306d6]::runtime::basic_scheduler::BasicScheduler<tokio[215712cd408306d6]::park::either::Either<tokio[215712cd408306d6]::time::driver::Driver<tokio[215712cd408306d6]::park::either::Either<tokio[215712cd408306d6]::io::driver::Driver, tokio[215712cd408306d6]::park::thread::ParkThread>>, tokio[215712cd408306d6]::park::either::Either<tokio[215712cd408306d6]::io::driver::Driver, tokio[215712cd408306d6]::park::thread::ParkThread>>>>::block_on<spray[caf5516d1829b1a6]::ledger::tests::segment_full::{closure#0}>::{closure#0}, (), tokio[215712cd408306d6]::park::either::Either<tokio[215712cd408306d6]::time::driver::Driver<tokio[215712cd408306d6]::park::either::Either<tokio[215712cd408306d6]::io::driver::Driver, tokio[215712cd408306d6]::park::thread::ParkThread>>, tokio[215712cd408306d6]::park::either::Either<tokio[215712cd408306d6]::io::driver::Driver, tokio[215712cd408306d6]::park::thread::ParkThread>>>::{closure#0}, ()>
[INFO] [stdout]   15:     0x5907bcb9c1f2 - tokio[215712cd408306d6]::runtime::basic_scheduler::enter::<<tokio[215712cd408306d6]::runtime::basic_scheduler::BasicScheduler<tokio[215712cd408306d6]::park::either::Either<tokio[215712cd408306d6]::time::driver::Driver<tokio[215712cd408306d6]::park::either::Either<tokio[215712cd408306d6]::io::driver::Driver, tokio[215712cd408306d6]::park::thread::ParkThread>>, tokio[215712cd408306d6]::park::either::Either<tokio[215712cd408306d6]::io::driver::Driver, tokio[215712cd408306d6]::park::thread::ParkThread>>>>::block_on<spray[caf5516d1829b1a6]::ledger::tests::segment_full::{closure#0}>::{closure#0}, (), tokio[215712cd408306d6]::park::either::Either<tokio[215712cd408306d6]::time::driver::Driver<tokio[215712cd408306d6]::park::either::Either<tokio[215712cd408306d6]::io::driver::Driver, tokio[215712cd408306d6]::park::thread::ParkThread>>, tokio[215712cd408306d6]::park::either::Either<tokio[215712cd408306d6]::io::driver::Driver, tokio[215712cd408306d6]::park::thread::ParkThread>>>
[INFO] [stdout]   16:     0x5907bcb9f9ff - tokio[215712cd408306d6]::runtime::context::enter::<<tokio[215712cd408306d6]::runtime::Runtime>::block_on<spray[caf5516d1829b1a6]::ledger::tests::segment_full::{closure#0}>::{closure#0}, ()>
[INFO] [stdout]   17:     0x5907bcba59bf - spray[caf5516d1829b1a6]::ledger::tests::segment_full
[INFO] [stdout]   18:     0x5907bcba8f29 - <spray[caf5516d1829b1a6]::ledger::tests::segment_full::{closure#0} as core[df12db4294e9bfd3]::ops::function::FnOnce<()>>::call_once
[INFO] [stdout]   19:     0x5907bcbb00bb - test[9d35eded1c95d3be]::__rust_begin_short_backtrace::<core[df12db4294e9bfd3]::result::Result<(), alloc[2182bb758b4b3781]::string::String>, fn() -> core[df12db4294e9bfd3]::result::Result<(), alloc[2182bb758b4b3781]::string::String>>
[INFO] [stdout]   20:     0x5907bcbbd725 - test[9d35eded1c95d3be]::run_test::{closure#0}
[INFO] [stdout]   21:     0x5907bcbb6fe4 - std[70759c8f55707aa4]::sys::backtrace::__rust_begin_short_backtrace::<test[9d35eded1c95d3be]::run_test::{closure#1}, ()>
[INFO] [stdout]   22:     0x5907bcbc0882 - <std[70759c8f55707aa4]::thread::lifecycle::spawn_unchecked<test[9d35eded1c95d3be]::run_test::{closure#1}, ()>::{closure#1} as core[df12db4294e9bfd3]::ops::function::FnOnce<()>>::call_once::{shim:vtable#0}
[INFO] [stdout]   23:     0x5907bcc48929 - <std[70759c8f55707aa4]::sys::thread::unix::Thread>::new::thread_start
[INFO] [stdout]   24:     0x7f5f6acffdfa - <unknown>
[INFO] [stdout]   25:     0x7f5f6ad933d4 - clone
[INFO] [stdout]   26:                0x0 - <unknown>
[INFO] [stdout] 
[INFO] [stdout] ---- ledger::tests::create_new_ledger stdout ----
[INFO] [stdout] 
[INFO] [stdout] thread 'ledger::tests::create_new_ledger' (1043) panicked at src/test_util.rs:9:34:
[INFO] [stdout] called `Result::unwrap()` on an `Err` value: Os { code: 30, kind: ReadOnlyFilesystem, message: "Read-only file system" }
[INFO] [stdout] stack backtrace:
[INFO] [stdout]    0:     0x5907bcc49051 - <<std[70759c8f55707aa4]::sys::backtrace::BacktraceLock>::print::DisplayBacktrace as core[df12db4294e9bfd3]::fmt::Display>::fmt
[INFO] [stdout]    1:     0x5907bcc5e0ba - core[df12db4294e9bfd3]::fmt::write
[INFO] [stdout]    2:     0x5907bcc4d97c - <alloc[2182bb758b4b3781]::vec::Vec<u8> as core[df12db4294e9bfd3]::io::write::Write>::write_fmt
[INFO] [stdout]    3:     0x5907bcc24076 - std[70759c8f55707aa4]::panicking::default_hook::{closure#0}
[INFO] [stdout]    4:     0x5907bcc414f9 - std[70759c8f55707aa4]::panicking::default_hook
[INFO] [stdout]    5:     0x5907bcbbcdd0 - test[9d35eded1c95d3be]::test_main_inner::<test[9d35eded1c95d3be]::test_main_static::{closure#0}>::{closure#0}
[INFO] [stdout]    6:     0x5907bcc416b2 - std[70759c8f55707aa4]::panicking::panic_with_hook
[INFO] [stdout]    7:     0x5907bcc24122 - std[70759c8f55707aa4]::panicking::panic_handler::{closure#0}
[INFO] [stdout]    8:     0x5907bcc1ccb9 - std[70759c8f55707aa4]::sys::backtrace::__rust_end_short_backtrace::<std[70759c8f55707aa4]::panicking::panic_handler::{closure#0}, !>
[INFO] [stdout]    9:     0x5907bcc24d1d - __rustc[8fa7c3cbc660c2b3]::rust_begin_unwind
[INFO] [stdout]   10:     0x5907bcc5e81c - core[df12db4294e9bfd3]::panicking::panic_fmt
[INFO] [stdout]   11:     0x5907bcc5e5f2 - core[df12db4294e9bfd3]::result::unwrap_failed
[INFO] [stdout]   12:     0x5907bcba6f01 - spray[caf5516d1829b1a6]::test_util::create_a_test_directory
[INFO] [stdout]   13:     0x5907bcb86dae - spray[caf5516d1829b1a6]::ledger::tests::create_new_ledger::{closure#0}
[INFO] [stdout]   14:     0x5907bcb8d9ea - <tokio[215712cd408306d6]::macros::scoped_tls::ScopedKey<tokio[215712cd408306d6]::runtime::basic_scheduler::Context>>::set::<tokio[215712cd408306d6]::runtime::basic_scheduler::enter<<tokio[215712cd408306d6]::runtime::basic_scheduler::BasicScheduler<tokio[215712cd408306d6]::park::either::Either<tokio[215712cd408306d6]::time::driver::Driver<tokio[215712cd408306d6]::park::either::Either<tokio[215712cd408306d6]::io::driver::Driver, tokio[215712cd408306d6]::park::thread::ParkThread>>, tokio[215712cd408306d6]::park::either::Either<tokio[215712cd408306d6]::io::driver::Driver, tokio[215712cd408306d6]::park::thread::ParkThread>>>>::block_on<spray[caf5516d1829b1a6]::ledger::tests::create_new_ledger::{closure#0}>::{closure#0}, (), tokio[215712cd408306d6]::park::either::Either<tokio[215712cd408306d6]::time::driver::Driver<tokio[215712cd408306d6]::park::either::Either<tokio[215712cd408306d6]::io::driver::Driver, tokio[215712cd408306d6]::park::thread::ParkThread>>, tokio[215712cd408306d6]::park::either::Either<tokio[215712cd408306d6]::io::driver::Driver, tokio[215712cd408306d6]::park::thread::ParkThread>>>::{closure#0}, ()>
[INFO] [stdout]   15:     0x5907bcb9c312 - tokio[215712cd408306d6]::runtime::basic_scheduler::enter::<<tokio[215712cd408306d6]::runtime::basic_scheduler::BasicScheduler<tokio[215712cd408306d6]::park::either::Either<tokio[215712cd408306d6]::time::driver::Driver<tokio[215712cd408306d6]::park::either::Either<tokio[215712cd408306d6]::io::driver::Driver, tokio[215712cd408306d6]::park::thread::ParkThread>>, tokio[215712cd408306d6]::park::either::Either<tokio[215712cd408306d6]::io::driver::Driver, tokio[215712cd408306d6]::park::thread::ParkThread>>>>::block_on<spray[caf5516d1829b1a6]::ledger::tests::create_new_ledger::{closure#0}>::{closure#0}, (), tokio[215712cd408306d6]::park::either::Either<tokio[215712cd408306d6]::time::driver::Driver<tokio[215712cd408306d6]::park::either::Either<tokio[215712cd408306d6]::io::driver::Driver, tokio[215712cd408306d6]::park::thread::ParkThread>>, tokio[215712cd408306d6]::park::either::Either<tokio[215712cd408306d6]::io::driver::Driver, tokio[215712cd408306d6]::park::thread::ParkThread>>>
[INFO] [stdout]   16:     0x5907bcb9fb40 - tokio[215712cd408306d6]::runtime::context::enter::<<tokio[215712cd408306d6]::runtime::Runtime>::block_on<spray[caf5516d1829b1a6]::ledger::tests::create_new_ledger::{closure#0}>::{closure#0}, ()>
[INFO] [stdout]   17:     0x5907bcba5b92 - spray[caf5516d1829b1a6]::ledger::tests::create_new_ledger
[INFO] [stdout]   18:     0x5907bcba8f49 - <spray[caf5516d1829b1a6]::ledger::tests::create_new_ledger::{closure#0} as core[df12db4294e9bfd3]::ops::function::FnOnce<()>>::call_once
[INFO] [stdout]   19:     0x5907bcbb00bb - test[9d35eded1c95d3be]::__rust_begin_short_backtrace::<core[df12db4294e9bfd3]::result::Result<(), alloc[2182bb758b4b3781]::string::String>, fn() -> core[df12db4294e9bfd3]::result::Result<(), alloc[2182bb758b4b3781]::string::String>>
[INFO] [stdout]   20:     0x5907bcbbd725 - test[9d35eded1c95d3be]::run_test::{closure#0}
[INFO] [stdout]   21:     0x5907bcbb6fe4 - std[70759c8f55707aa4]::sys::backtrace::__rust_begin_short_backtrace::<test[9d35eded1c95d3be]::run_test::{closure#1}, ()>
[INFO] [stdout]   22:     0x5907bcbc0882 - <std[70759c8f55707aa4]::thread::lifecycle::spawn_unchecked<test[9d35eded1c95d3be]::run_test::{closure#1}, ()>::{closure#1} as core[df12db4294e9bfd3]::ops::function::FnOnce<()>>::call_once::{shim:vtable#0}
[INFO] [stdout]   23:     0x5907bcc48929 - <std[70759c8f55707aa4]::sys::thread::unix::Thread>::new::thread_start
[INFO] [stdout]   24:     0x7f5f6acffdfa - <unknown>
[INFO] [stdout]   25:     0x7f5f6ad933d4 - clone
[INFO] [stdout]   26:                0x0 - <unknown>
[INFO] [stdout] 
[INFO] [stdout] ---- index::tests::find_entry stdout ----
[INFO] [stdout] 
[INFO] [stdout] thread 'index::tests::find_entry' (1040) panicked at src/test_util.rs:9:34:
[INFO] [stdout] called `Result::unwrap()` on an `Err` value: Os { code: 30, kind: ReadOnlyFilesystem, message: "Read-only file system" }
[INFO] [stdout] stack backtrace:
[INFO] [stdout]    0:     0x5907bcc49051 - <<std[70759c8f55707aa4]::sys::backtrace::BacktraceLock>::print::DisplayBacktrace as core[df12db4294e9bfd3]::fmt::Display>::fmt
[INFO] [stdout]    1:     0x5907bcc5e0ba - core[df12db4294e9bfd3]::fmt::write
[INFO] [stdout]    2:     0x5907bcc4d97c - <alloc[2182bb758b4b3781]::vec::Vec<u8> as core[df12db4294e9bfd3]::io::write::Write>::write_fmt
[INFO] [stdout]    3:     0x5907bcc24076 - std[70759c8f55707aa4]::panicking::default_hook::{closure#0}
[INFO] [stdout]    4:     0x5907bcc414f9 - std[70759c8f55707aa4]::panicking::default_hook
[INFO] [stdout]    5:     0x5907bcbbcdd0 - test[9d35eded1c95d3be]::test_main_inner::<test[9d35eded1c95d3be]::test_main_static::{closure#0}>::{closure#0}
[INFO] [stdout]    6:     0x5907bcc416b2 - std[70759c8f55707aa4]::panicking::panic_with_hook
[INFO] [stdout]    7:     0x5907bcc24122 - std[70759c8f55707aa4]::panicking::panic_handler::{closure#0}
[INFO] [stdout]    8:     0x5907bcc1ccb9 - std[70759c8f55707aa4]::sys::backtrace::__rust_end_short_backtrace::<std[70759c8f55707aa4]::panicking::panic_handler::{closure#0}, !>
[INFO] [stdout]    9:     0x5907bcc24d1d - __rustc[8fa7c3cbc660c2b3]::rust_begin_unwind
[INFO] [stdout]   10:     0x5907bcc5e81c - core[df12db4294e9bfd3]::panicking::panic_fmt
[INFO] [stdout]   11:     0x5907bcc5e5f2 - core[df12db4294e9bfd3]::result::unwrap_failed
[INFO] [stdout]   12:     0x5907bcba6f01 - spray[caf5516d1829b1a6]::test_util::create_a_test_directory
[INFO] [stdout]   13:     0x5907bcb83103 - spray[caf5516d1829b1a6]::index::tests::find_entry::{closure#0}
[INFO] [stdout]   14:     0x5907bcb8b5e2 - <tokio[215712cd408306d6]::macros::scoped_tls::ScopedKey<tokio[215712cd408306d6]::runtime::basic_scheduler::Context>>::set::<tokio[215712cd408306d6]::runtime::basic_scheduler::enter<<tokio[215712cd408306d6]::runtime::basic_scheduler::BasicScheduler<tokio[215712cd408306d6]::park::either::Either<tokio[215712cd408306d6]::time::driver::Driver<tokio[215712cd408306d6]::park::either::Either<tokio[215712cd408306d6]::io::driver::Driver, tokio[215712cd408306d6]::park::thread::ParkThread>>, tokio[215712cd408306d6]::park::either::Either<tokio[215712cd408306d6]::io::driver::Driver, tokio[215712cd408306d6]::park::thread::ParkThread>>>>::block_on<spray[caf5516d1829b1a6]::index::tests::find_entry::{closure#0}>::{closure#0}, (), tokio[215712cd408306d6]::park::either::Either<tokio[215712cd408306d6]::time::driver::Driver<tokio[215712cd408306d6]::park::either::Either<tokio[215712cd408306d6]::io::driver::Driver, tokio[215712cd408306d6]::park::thread::ParkThread>>, tokio[215712cd408306d6]::park::either::Either<tokio[215712cd408306d6]::io::driver::Driver, tokio[215712cd408306d6]::park::thread::ParkThread>>>::{closure#0}, ()>
[INFO] [stdout]   15:     0x5907bcb9bb5f - tokio[215712cd408306d6]::runtime::basic_scheduler::enter::<<tokio[215712cd408306d6]::runtime::basic_scheduler::BasicScheduler<tokio[215712cd408306d6]::park::either::Either<tokio[215712cd408306d6]::time::driver::Driver<tokio[215712cd408306d6]::park::either::Either<tokio[215712cd408306d6]::io::driver::Driver, tokio[215712cd408306d6]::park::thread::ParkThread>>, tokio[215712cd408306d6]::park::either::Either<tokio[215712cd408306d6]::io::driver::Driver, tokio[215712cd408306d6]::park::thread::ParkThread>>>>::block_on<spray[caf5516d1829b1a6]::index::tests::find_entry::{closure#0}>::{closure#0}, (), tokio[215712cd408306d6]::park::either::Either<tokio[215712cd408306d6]::time::driver::Driver<tokio[215712cd408306d6]::park::either::Either<tokio[215712cd408306d6]::io::driver::Driver, tokio[215712cd408306d6]::park::thread::ParkThread>>, tokio[215712cd408306d6]::park::either::Either<tokio[215712cd408306d6]::io::driver::Driver, tokio[215712cd408306d6]::park::thread::ParkThread>>>
[INFO] [stdout]   16:     0x5907bcb9f22f - tokio[215712cd408306d6]::runtime::context::enter::<<tokio[215712cd408306d6]::runtime::Runtime>::block_on<spray[caf5516d1829b1a6]::index::tests::find_entry::{closure#0}>::{closure#0}, ()>
[INFO] [stdout]   17:     0x5907bcbab972 - spray[caf5516d1829b1a6]::index::tests::find_entry
[INFO] [stdout]   18:     0x5907bcba8929 - <spray[caf5516d1829b1a6]::index::tests::find_entry::{closure#0} as core[df12db4294e9bfd3]::ops::function::FnOnce<()>>::call_once
[INFO] [stdout]   19:     0x5907bcbb00bb - test[9d35eded1c95d3be]::__rust_begin_short_backtrace::<core[df12db4294e9bfd3]::result::Result<(), alloc[2182bb758b4b3781]::string::String>, fn() -> core[df12db4294e9bfd3]::result::Result<(), alloc[2182bb758b4b3781]::string::String>>
[INFO] [stdout]   20:     0x5907bcbbd725 - test[9d35eded1c95d3be]::run_test::{closure#0}
[INFO] [stdout]   21:     0x5907bcbb6fe4 - std[70759c8f55707aa4]::sys::backtrace::__rust_begin_short_backtrace::<test[9d35eded1c95d3be]::run_test::{closure#1}, ()>
[INFO] [stdout]   22:     0x5907bcbc0882 - <std[70759c8f55707aa4]::thread::lifecycle::spawn_unchecked<test[9d35eded1c95d3be]::run_test::{closure#1}, ()>::{closure#1} as core[df12db4294e9bfd3]::ops::function::FnOnce<()>>::call_once::{shim:vtable#0}
[INFO] [stdout]   23:     0x5907bcc48929 - <std[70759c8f55707aa4]::sys::thread::unix::Thread>::new::thread_start
[INFO] [stdout]   24:     0x7f5f6acffdfa - <unknown>
[INFO] [stdout]   25:     0x7f5f6ad933d4 - clone
[INFO] [stdout]   26:                0x0 - <unknown>
[INFO] [stdout] 
[INFO] [stdout] ---- log::tests::add_entry stdout ----
[INFO] [stdout] 
[INFO] [stdout] thread 'log::tests::add_entry' (1047) panicked at src/test_util.rs:9:34:
[INFO] [stdout] called `Result::unwrap()` on an `Err` value: Os { code: 30, kind: ReadOnlyFilesystem, message: "Read-only file system" }
[INFO] [stdout] stack backtrace:
[INFO] [stdout]    0:     0x5907bcc49051 - <<std[70759c8f55707aa4]::sys::backtrace::BacktraceLock>::print::DisplayBacktrace as core[df12db4294e9bfd3]::fmt::Display>::fmt
[INFO] [stdout]    1:     0x5907bcc5e0ba - core[df12db4294e9bfd3]::fmt::write
[INFO] [stdout]    2:     0x5907bcc4d97c - <alloc[2182bb758b4b3781]::vec::Vec<u8> as core[df12db4294e9bfd3]::io::write::Write>::write_fmt
[INFO] [stdout]    3:     0x5907bcc24076 - std[70759c8f55707aa4]::panicking::default_hook::{closure#0}
[INFO] [stdout]    4:     0x5907bcc414f9 - std[70759c8f55707aa4]::panicking::default_hook
[INFO] [stdout]    5:     0x5907bcbbcdd0 - test[9d35eded1c95d3be]::test_main_inner::<test[9d35eded1c95d3be]::test_main_static::{closure#0}>::{closure#0}
[INFO] [stdout]    6:     0x5907bcc416b2 - std[70759c8f55707aa4]::panicking::panic_with_hook
[INFO] [stdout]    7:     0x5907bcc24122 - std[70759c8f55707aa4]::panicking::panic_handler::{closure#0}
[INFO] [stdout]    8:     0x5907bcc1ccb9 - std[70759c8f55707aa4]::sys::backtrace::__rust_end_short_backtrace::<std[70759c8f55707aa4]::panicking::panic_handler::{closure#0}, !>
[INFO] [stdout]    9:     0x5907bcc24d1d - __rustc[8fa7c3cbc660c2b3]::rust_begin_unwind
[INFO] [stdout]   10:     0x5907bcc5e81c - core[df12db4294e9bfd3]::panicking::panic_fmt
[INFO] [stdout]   11:     0x5907bcc5e5f2 - core[df12db4294e9bfd3]::result::unwrap_failed
[INFO] [stdout]   12:     0x5907bcba6f01 - spray[caf5516d1829b1a6]::test_util::create_a_test_directory
[INFO] [stdout]   13:     0x5907bcb821a0 - spray[caf5516d1829b1a6]::log::tests::add_entry::{closure#0}
[INFO] [stdout]   14:     0x5907bcb8aa32 - <tokio[215712cd408306d6]::macros::scoped_tls::ScopedKey<tokio[215712cd408306d6]::runtime::basic_scheduler::Context>>::set::<tokio[215712cd408306d6]::runtime::basic_scheduler::enter<<tokio[215712cd408306d6]::runtime::basic_scheduler::BasicScheduler<tokio[215712cd408306d6]::park::either::Either<tokio[215712cd408306d6]::time::driver::Driver<tokio[215712cd408306d6]::park::either::Either<tokio[215712cd408306d6]::io::driver::Driver, tokio[215712cd408306d6]::park::thread::ParkThread>>, tokio[215712cd408306d6]::park::either::Either<tokio[215712cd408306d6]::io::driver::Driver, tokio[215712cd408306d6]::park::thread::ParkThread>>>>::block_on<spray[caf5516d1829b1a6]::log::tests::add_entry::{closure#0}>::{closure#0}, (), tokio[215712cd408306d6]::park::either::Either<tokio[215712cd408306d6]::time::driver::Driver<tokio[215712cd408306d6]::park::either::Either<tokio[215712cd408306d6]::io::driver::Driver, tokio[215712cd408306d6]::park::thread::ParkThread>>, tokio[215712cd408306d6]::park::either::Either<tokio[215712cd408306d6]::io::driver::Driver, tokio[215712cd408306d6]::park::thread::ParkThread>>>::{closure#0}, ()>
[INFO] [stdout]   15:     0x5907bcb9b822 - tokio[215712cd408306d6]::runtime::basic_scheduler::enter::<<tokio[215712cd408306d6]::runtime::basic_scheduler::BasicScheduler<tokio[215712cd408306d6]::park::either::Either<tokio[215712cd408306d6]::time::driver::Driver<tokio[215712cd408306d6]::park::either::Either<tokio[215712cd408306d6]::io::driver::Driver, tokio[215712cd408306d6]::park::thread::ParkThread>>, tokio[215712cd408306d6]::park::either::Either<tokio[215712cd408306d6]::io::driver::Driver, tokio[215712cd408306d6]::park::thread::ParkThread>>>>::block_on<spray[caf5516d1829b1a6]::log::tests::add_entry::{closure#0}>::{closure#0}, (), tokio[215712cd408306d6]::park::either::Either<tokio[215712cd408306d6]::time::driver::Driver<tokio[215712cd408306d6]::park::either::Either<tokio[215712cd408306d6]::io::driver::Driver, tokio[215712cd408306d6]::park::thread::ParkThread>>, tokio[215712cd408306d6]::park::either::Either<tokio[215712cd408306d6]::io::driver::Driver, tokio[215712cd408306d6]::park::thread::ParkThread>>>
[INFO] [stdout]   16:     0x5907bcb9eddf - tokio[215712cd408306d6]::runtime::context::enter::<<tokio[215712cd408306d6]::runtime::Runtime>::block_on<spray[caf5516d1829b1a6]::log::tests::add_entry::{closure#0}>::{closure#0}, ()>
[INFO] [stdout]   17:     0x5907bcbab79f - spray[caf5516d1829b1a6]::log::tests::add_entry
[INFO] [stdout]   18:     0x5907bcba88c9 - <spray[caf5516d1829b1a6]::log::tests::add_entry::{closure#0} as core[df12db4294e9bfd3]::ops::function::FnOnce<()>>::call_once
[INFO] [stdout]   19:     0x5907bcbb00bb - test[9d35eded1c95d3be]::__rust_begin_short_backtrace::<core[df12db4294e9bfd3]::result::Result<(), alloc[2182bb758b4b3781]::string::String>, fn() -> core[df12db4294e9bfd3]::result::Result<(), alloc[2182bb758b4b3781]::string::String>>
[INFO] [stdout]   20:     0x5907bcbbd725 - test[9d35eded1c95d3be]::run_test::{closure#0}
[INFO] [stdout]   21:     0x5907bcbb6fe4 - std[70759c8f55707aa4]::sys::backtrace::__rust_begin_short_backtrace::<test[9d35eded1c95d3be]::run_test::{closure#1}, ()>
[INFO] [stdout]   22:     0x5907bcbc0882 - <std[70759c8f55707aa4]::thread::lifecycle::spawn_unchecked<test[9d35eded1c95d3be]::run_test::{closure#1}, ()>::{closure#1} as core[df12db4294e9bfd3]::ops::function::FnOnce<()>>::call_once::{shim:vtable#0}
[INFO] [stdout]   23:     0x5907bcc48929 - <std[70759c8f55707aa4]::sys::thread::unix::Thread>::new::thread_start
[INFO] [stdout]   24:     0x7f5f6acffdfa - <unknown>
[INFO] [stdout]   25:     0x7f5f6ad933d4 - clone
[INFO] [stdout]   26:                0x0 - <unknown>
[INFO] [stdout] 
[INFO] [stdout] ---- files::tests::list_files_as_u64 stdout ----
[INFO] [stdout] 
[INFO] [stdout] thread 'files::tests::list_files_as_u64' (1035) panicked at src/files.rs:12:30:
[INFO] [stdout] called `Result::unwrap()` on an `Err` value: Os { code: 30, kind: ReadOnlyFilesystem, message: "Read-only file system" }
[INFO] [stdout] stack backtrace:
[INFO] [stdout]    0:     0x5907bcc49051 - <<std[70759c8f55707aa4]::sys::backtrace::BacktraceLock>::print::DisplayBacktrace as core[df12db4294e9bfd3]::fmt::Display>::fmt
[INFO] [stdout]    1:     0x5907bcc5e0ba - core[df12db4294e9bfd3]::fmt::write
[INFO] [stdout]    2:     0x5907bcc4d97c - <alloc[2182bb758b4b3781]::vec::Vec<u8> as core[df12db4294e9bfd3]::io::write::Write>::write_fmt
[INFO] [stdout]    3:     0x5907bcc24076 - std[70759c8f55707aa4]::panicking::default_hook::{closure#0}
[INFO] [stdout]    4:     0x5907bcc414f9 - std[70759c8f55707aa4]::panicking::default_hook
[INFO] [stdout]    5:     0x5907bcbbcdd0 - test[9d35eded1c95d3be]::test_main_inner::<test[9d35eded1c95d3be]::test_main_static::{closure#0}>::{closure#0}
[INFO] [stdout]    6:     0x5907bcc416b2 - std[70759c8f55707aa4]::panicking::panic_with_hook
[INFO] [stdout]    7:     0x5907bcc24122 - std[70759c8f55707aa4]::panicking::panic_handler::{closure#0}
[INFO] [stdout]    8:     0x5907bcc1ccb9 - std[70759c8f55707aa4]::sys::backtrace::__rust_end_short_backtrace::<std[70759c8f55707aa4]::panicking::panic_handler::{closure#0}, !>
[INFO] [stdout]    9:     0x5907bcc24d1d - __rustc[8fa7c3cbc660c2b3]::rust_begin_unwind
[INFO] [stdout]   10:     0x5907bcc5e81c - core[df12db4294e9bfd3]::panicking::panic_fmt
[INFO] [stdout]   11:     0x5907bcc5e5f2 - core[df12db4294e9bfd3]::result::unwrap_failed
[INFO] [stdout]   12:     0x5907bcba6d1f - spray[caf5516d1829b1a6]::files::create
[INFO] [stdout]   13:     0x5907bcb82bb5 - spray[caf5516d1829b1a6]::files::tests::list_files_as_u64::{closure#0}
[INFO] [stdout]   14:     0x5907bcb8b43c - <tokio[215712cd408306d6]::macros::scoped_tls::ScopedKey<tokio[215712cd408306d6]::runtime::basic_scheduler::Context>>::set::<tokio[215712cd408306d6]::runtime::basic_scheduler::enter<<tokio[215712cd408306d6]::runtime::basic_scheduler::BasicScheduler<tokio[215712cd408306d6]::park::either::Either<tokio[215712cd408306d6]::time::driver::Driver<tokio[215712cd408306d6]::park::either::Either<tokio[215712cd408306d6]::io::driver::Driver, tokio[215712cd408306d6]::park::thread::ParkThread>>, tokio[215712cd408306d6]::park::either::Either<tokio[215712cd408306d6]::io::driver::Driver, tokio[215712cd408306d6]::park::thread::ParkThread>>>>::block_on<spray[caf5516d1829b1a6]::files::tests::list_files_as_u64::{closure#0}>::{closure#0}, (), tokio[215712cd408306d6]::park::either::Either<tokio[215712cd408306d6]::time::driver::Driver<tokio[215712cd408306d6]::park::either::Either<tokio[215712cd408306d6]::io::driver::Driver, tokio[215712cd408306d6]::park::thread::ParkThread>>, tokio[215712cd408306d6]::park::either::Either<tokio[215712cd408306d6]::io::driver::Driver, tokio[215712cd408306d6]::park::thread::ParkThread>>>::{closure#0}, ()>
[INFO] [stdout]   15:     0x5907bcb9ba69 - tokio[215712cd408306d6]::runtime::basic_scheduler::enter::<<tokio[215712cd408306d6]::runtime::basic_scheduler::BasicScheduler<tokio[215712cd408306d6]::park::either::Either<tokio[215712cd408306d6]::time::driver::Driver<tokio[215712cd408306d6]::park::either::Either<tokio[215712cd408306d6]::io::driver::Driver, tokio[215712cd408306d6]::park::thread::ParkThread>>, tokio[215712cd408306d6]::park::either::Either<tokio[215712cd408306d6]::io::driver::Driver, tokio[215712cd408306d6]::park::thread::ParkThread>>>>::block_on<spray[caf5516d1829b1a6]::files::tests::list_files_as_u64::{closure#0}>::{closure#0}, (), tokio[215712cd408306d6]::park::either::Either<tokio[215712cd408306d6]::time::driver::Driver<tokio[215712cd408306d6]::park::either::Either<tokio[215712cd408306d6]::io::driver::Driver, tokio[215712cd408306d6]::park::thread::ParkThread>>, tokio[215712cd408306d6]::park::either::Either<tokio[215712cd408306d6]::io::driver::Driver, tokio[215712cd408306d6]::park::thread::ParkThread>>>
[INFO] [stdout]   16:     0x5907bcb9f0df - tokio[215712cd408306d6]::runtime::context::enter::<<tokio[215712cd408306d6]::runtime::Runtime>::block_on<spray[caf5516d1829b1a6]::files::tests::list_files_as_u64::{closure#0}>::{closure#0}, ()>
[INFO] [stdout]   17:     0x5907bcba57f8 - spray[caf5516d1829b1a6]::files::tests::list_files_as_u64
[INFO] [stdout]   18:     0x5907bcba8909 - <spray[caf5516d1829b1a6]::files::tests::list_files_as_u64::{closure#0} as core[df12db4294e9bfd3]::ops::function::FnOnce<()>>::call_once
[INFO] [stdout]   19:     0x5907bcbb00bb - test[9d35eded1c95d3be]::__rust_begin_short_backtrace::<core[df12db4294e9bfd3]::result::Result<(), alloc[2182bb758b4b3781]::string::String>, fn() -> core[df12db4294e9bfd3]::result::Result<(), alloc[2182bb758b4b3781]::string::String>>
[INFO] [stdout]   20:     0x5907bcbbd725 - test[9d35eded1c95d3be]::run_test::{closure#0}
[INFO] [stdout]   21:     0x5907bcbb6fe4 - std[70759c8f55707aa4]::sys::backtrace::__rust_begin_short_backtrace::<test[9d35eded1c95d3be]::run_test::{closure#1}, ()>
[INFO] [stdout]   22:     0x5907bcbc0882 - <std[70759c8f55707aa4]::thread::lifecycle::spawn_unchecked<test[9d35eded1c95d3be]::run_test::{closure#1}, ()>::{closure#1} as core[df12db4294e9bfd3]::ops::function::FnOnce<()>>::call_once::{shim:vtable#0}
[INFO] [stdout]   23:     0x5907bcc48929 - <std[70759c8f55707aa4]::sys::thread::unix::Thread>::new::thread_start
[INFO] [stdout]   24:     0x7f5f6acffdfa - <unknown>
[INFO] [stdout]   25:     0x7f5f6ad933d4 - clone
[INFO] [stdout]   26:                0x0 - <unknown>
[INFO] [stdout] 
[INFO] [stdout] ---- log::tests::open_existing_log stdout ----
[INFO] [stdout] 
[INFO] [stdout] thread 'log::tests::open_existing_log' (1049) panicked at src/test_util.rs:9:34:
[INFO] [stdout] called `Result::unwrap()` on an `Err` value: Os { code: 30, kind: ReadOnlyFilesystem, message: "Read-only file system" }
[INFO] [stdout] stack backtrace:
[INFO] [stdout]    0:     0x5907bcc49051 - <<std[70759c8f55707aa4]::sys::backtrace::BacktraceLock>::print::DisplayBacktrace as core[df12db4294e9bfd3]::fmt::Display>::fmt
[INFO] [stdout]    1:     0x5907bcc5e0ba - core[df12db4294e9bfd3]::fmt::write
[INFO] [stdout]    2:     0x5907bcc4d97c - <alloc[2182bb758b4b3781]::vec::Vec<u8> as core[df12db4294e9bfd3]::io::write::Write>::write_fmt
[INFO] [stdout]    3:     0x5907bcc24076 - std[70759c8f55707aa4]::panicking::default_hook::{closure#0}
[INFO] [stdout]    4:     0x5907bcc414f9 - std[70759c8f55707aa4]::panicking::default_hook
[INFO] [stdout]    5:     0x5907bcbbcdd0 - test[9d35eded1c95d3be]::test_main_inner::<test[9d35eded1c95d3be]::test_main_static::{closure#0}>::{closure#0}
[INFO] [stdout]    6:     0x5907bcc416b2 - std[70759c8f55707aa4]::panicking::panic_with_hook
[INFO] [stdout]    7:     0x5907bcc24122 - std[70759c8f55707aa4]::panicking::panic_handler::{closure#0}
[INFO] [stdout]    8:     0x5907bcc1ccb9 - std[70759c8f55707aa4]::sys::backtrace::__rust_end_short_backtrace::<std[70759c8f55707aa4]::panicking::panic_handler::{closure#0}, !>
[INFO] [stdout]    9:     0x5907bcc24d1d - __rustc[8fa7c3cbc660c2b3]::rust_begin_unwind
[INFO] [stdout]   10:     0x5907bcc5e81c - core[df12db4294e9bfd3]::panicking::panic_fmt
[INFO] [stdout]   11:     0x5907bcc5e5f2 - core[df12db4294e9bfd3]::result::unwrap_failed
[INFO] [stdout]   12:     0x5907bcba6f01 - spray[caf5516d1829b1a6]::test_util::create_a_test_directory
[INFO] [stdout]   13:     0x5907bcb81d63 - spray[caf5516d1829b1a6]::log::tests::open_existing_log::{closure#0}
[INFO] [stdout]   14:     0x5907bcb8a522 - <tokio[215712cd408306d6]::macros::scoped_tls::ScopedKey<tokio[215712cd408306d6]::runtime::basic_scheduler::Context>>::set::<tokio[215712cd408306d6]::runtime::basic_scheduler::enter<<tokio[215712cd408306d6]::runtime::basic_scheduler::BasicScheduler<tokio[215712cd408306d6]::park::either::Either<tokio[215712cd408306d6]::time::driver::Driver<tokio[215712cd408306d6]::park::either::Either<tokio[215712cd408306d6]::io::driver::Driver, tokio[215712cd408306d6]::park::thread::ParkThread>>, tokio[215712cd408306d6]::park::either::Either<tokio[215712cd408306d6]::io::driver::Driver, tokio[215712cd408306d6]::park::thread::ParkThread>>>>::block_on<spray[caf5516d1829b1a6]::log::tests::open_existing_log::{closure#0}>::{closure#0}, (), tokio[215712cd408306d6]::park::either::Either<tokio[215712cd408306d6]::time::driver::Driver<tokio[215712cd408306d6]::park::either::Either<tokio[215712cd408306d6]::io::driver::Driver, tokio[215712cd408306d6]::park::thread::ParkThread>>, tokio[215712cd408306d6]::park::either::Either<tokio[215712cd408306d6]::io::driver::Driver, tokio[215712cd408306d6]::park::thread::ParkThread>>>::{closure#0}, ()>
[INFO] [stdout]   15:     0x5907bcb9b712 - tokio[215712cd408306d6]::runtime::basic_scheduler::enter::<<tokio[215712cd408306d6]::runtime::basic_scheduler::BasicScheduler<tokio[215712cd408306d6]::park::either::Either<tokio[215712cd408306d6]::time::driver::Driver<tokio[215712cd408306d6]::park::either::Either<tokio[215712cd408306d6]::io::driver::Driver, tokio[215712cd408306d6]::park::thread::ParkThread>>, tokio[215712cd408306d6]::park::either::Either<tokio[215712cd408306d6]::io::driver::Driver, tokio[215712cd408306d6]::park::thread::ParkThread>>>>::block_on<spray[caf5516d1829b1a6]::log::tests::open_existing_log::{closure#0}>::{closure#0}, (), tokio[215712cd408306d6]::park::either::Either<tokio[215712cd408306d6]::time::driver::Driver<tokio[215712cd408306d6]::park::either::Either<tokio[215712cd408306d6]::io::driver::Driver, tokio[215712cd408306d6]::park::thread::ParkThread>>, tokio[215712cd408306d6]::park::either::Either<tokio[215712cd408306d6]::io::driver::Driver, tokio[215712cd408306d6]::park::thread::ParkThread>>>
[INFO] [stdout]   16:     0x5907bcb9ec9f - tokio[215712cd408306d6]::runtime::context::enter::<<tokio[215712cd408306d6]::runtime::Runtime>::block_on<spray[caf5516d1829b1a6]::log::tests::open_existing_log::{closure#0}>::{closure#0}, ()>
[INFO] [stdout]   17:     0x5907bcbab5cf - spray[caf5516d1829b1a6]::log::tests::open_existing_log
[INFO] [stdout]   18:     0x5907bcba88a9 - <spray[caf5516d1829b1a6]::log::tests::open_existing_log::{closure#0} as core[df12db4294e9bfd3]::ops::function::FnOnce<()>>::call_once
[INFO] [stdout]   19:     0x5907bcbb00bb - test[9d35eded1c95d3be]::__rust_begin_short_backtrace::<core[df12db4294e9bfd3]::result::Result<(), alloc[2182bb758b4b3781]::string::String>, fn() -> core[df12db4294e9bfd3]::result::Result<(), alloc[2182bb758b4b3781]::string::String>>
[INFO] [stdout]   20:     0x5907bcbbd725 - test[9d35eded1c95d3be]::run_test::{closure#0}
[INFO] [stdout]   21:     0x5907bcbb6fe4 - std[70759c8f55707aa4]::sys::backtrace::__rust_begin_short_backtrace::<test[9d35eded1c95d3be]::run_test::{closure#1}, ()>
[INFO] [stdout]   22:     0x5907bcbc0882 - <std[70759c8f55707aa4]::thread::lifecycle::spawn_unchecked<test[9d35eded1c95d3be]::run_test::{closure#1}, ()>::{closure#1} as core[df12db4294e9bfd3]::ops::function::FnOnce<()>>::call_once::{shim:vtable#0}
[INFO] [stderr] error: test failed, to rerun pass `--lib`
[INFO] [stdout]   23:     0x5907bcc48929 - <std[70759c8f55707aa4]::sys::thread::unix::Thread>::new::thread_start
[INFO] [stdout]   24:     0x7f5f6acffdfa - <unknown>
[INFO] [stdout]   25:     0x7f5f6ad933d4 - clone
[INFO] [stdout]   26:                0x0 - <unknown>
[INFO] [stdout] 
[INFO] [stdout] ---- handle::tests::create_new_handle stdout ----
[INFO] [stdout] 
[INFO] [stdout] thread 'handle::tests::create_new_handle' (1036) panicked at src/test_util.rs:9:34:
[INFO] [stdout] called `Result::unwrap()` on an `Err` value: Os { code: 30, kind: ReadOnlyFilesystem, message: "Read-only file system" }
[INFO] [stdout] stack backtrace:
[INFO] [stdout]    0:     0x5907bcc49051 - <<std[70759c8f55707aa4]::sys::backtrace::BacktraceLock>::print::DisplayBacktrace as core[df12db4294e9bfd3]::fmt::Display>::fmt
[INFO] [stdout]    1:     0x5907bcc5e0ba - core[df12db4294e9bfd3]::fmt::write
[INFO] [stdout]    2:     0x5907bcc4d97c - <alloc[2182bb758b4b3781]::vec::Vec<u8> as core[df12db4294e9bfd3]::io::write::Write>::write_fmt
[INFO] [stdout]    3:     0x5907bcc24076 - std[70759c8f55707aa4]::panicking::default_hook::{closure#0}
[INFO] [stdout]    4:     0x5907bcc414f9 - std[70759c8f55707aa4]::panicking::default_hook
[INFO] [stdout]    5:     0x5907bcbbcdd0 - test[9d35eded1c95d3be]::test_main_inner::<test[9d35eded1c95d3be]::test_main_static::{closure#0}>::{closure#0}
[INFO] [stdout]    6:     0x5907bcc416b2 - std[70759c8f55707aa4]::panicking::panic_with_hook
[INFO] [stdout]    7:     0x5907bcc24122 - std[70759c8f55707aa4]::panicking::panic_handler::{closure#0}
[INFO] [stdout]    8:     0x5907bcc1ccb9 - std[70759c8f55707aa4]::sys::backtrace::__rust_end_short_backtrace::<std[70759c8f55707aa4]::panicking::panic_handler::{closure#0}, !>
[INFO] [stdout]    9:     0x5907bcc24d1d - __rustc[8fa7c3cbc660c2b3]::rust_begin_unwind
[INFO] [stdout]   10:     0x5907bcc5e81c - core[df12db4294e9bfd3]::panicking::panic_fmt
[INFO] [stdout]   11:     0x5907bcc5e5f2 - core[df12db4294e9bfd3]::result::unwrap_failed
[INFO] [stdout]   12:     0x5907bcba6f01 - spray[caf5516d1829b1a6]::test_util::create_a_test_directory
[INFO] [stdout]   13:     0x5907bcb84bfe - spray[caf5516d1829b1a6]::handle::tests::create_new_handle::{closure#0}
[INFO] [stdout]   14:     0x5907bcb8c50c - <tokio[215712cd408306d6]::macros::scoped_tls::ScopedKey<tokio[215712cd408306d6]::runtime::basic_scheduler::Context>>::set::<tokio[215712cd408306d6]::runtime::basic_scheduler::enter<<tokio[215712cd408306d6]::runtime::basic_scheduler::BasicScheduler<tokio[215712cd408306d6]::park::either::Either<tokio[215712cd408306d6]::time::driver::Driver<tokio[215712cd408306d6]::park::either::Either<tokio[215712cd408306d6]::io::driver::Driver, tokio[215712cd408306d6]::park::thread::ParkThread>>, tokio[215712cd408306d6]::park::either::Either<tokio[215712cd408306d6]::io::driver::Driver, tokio[215712cd408306d6]::park::thread::ParkThread>>>>::block_on<spray[caf5516d1829b1a6]::handle::tests::create_new_handle::{closure#0}>::{closure#0}, (), tokio[215712cd408306d6]::park::either::Either<tokio[215712cd408306d6]::time::driver::Driver<tokio[215712cd408306d6]::park::either::Either<tokio[215712cd408306d6]::io::driver::Driver, tokio[215712cd408306d6]::park::thread::ParkThread>>, tokio[215712cd408306d6]::park::either::Either<tokio[215712cd408306d6]::io::driver::Driver, tokio[215712cd408306d6]::park::thread::ParkThread>>>::{closure#0}, ()>
[INFO] [stdout]   15:     0x5907bcb9bec2 - tokio[215712cd408306d6]::runtime::basic_scheduler::enter::<<tokio[215712cd408306d6]::runtime::basic_scheduler::BasicScheduler<tokio[215712cd408306d6]::park::either::Either<tokio[215712cd408306d6]::time::driver::Driver<tokio[215712cd408306d6]::park::either::Either<tokio[215712cd408306d6]::io::driver::Driver, tokio[215712cd408306d6]::park::thread::ParkThread>>, tokio[215712cd408306d6]::park::either::Either<tokio[215712cd408306d6]::io::driver::Driver, tokio[215712cd408306d6]::park::thread::ParkThread>>>>::block_on<spray[caf5516d1829b1a6]::handle::tests::create_new_handle::{closure#0}>::{closure#0}, (), tokio[215712cd408306d6]::park::either::Either<tokio[215712cd408306d6]::time::driver::Driver<tokio[215712cd408306d6]::park::either::Either<tokio[215712cd408306d6]::io::driver::Driver, tokio[215712cd408306d6]::park::thread::ParkThread>>, tokio[215712cd408306d6]::park::either::Either<tokio[215712cd408306d6]::io::driver::Driver, tokio[215712cd408306d6]::park::thread::ParkThread>>>
[INFO] [stdout]   16:     0x5907bcb9f63f - tokio[215712cd408306d6]::runtime::context::enter::<<tokio[215712cd408306d6]::runtime::Runtime>::block_on<spray[caf5516d1829b1a6]::handle::tests::create_new_handle::{closure#0}>::{closure#0}, ()>
[INFO] [stdout]   17:     0x5907bcba8ab4 - <spray[caf5516d1829b1a6]::handle::tests::create_new_handle::{closure#0} as core[df12db4294e9bfd3]::ops::function::FnOnce<()>>::call_once
[INFO] [stdout]   18:     0x5907bcbb00bb - test[9d35eded1c95d3be]::__rust_begin_short_backtrace::<core[df12db4294e9bfd3]::result::Result<(), alloc[2182bb758b4b3781]::string::String>, fn() -> core[df12db4294e9bfd3]::result::Result<(), alloc[2182bb758b4b3781]::string::String>>
[INFO] [stdout]   19:     0x5907bcbbd725 - test[9d35eded1c95d3be]::run_test::{closure#0}
[INFO] [stdout]   20:     0x5907bcbb6fe4 - std[70759c8f55707aa4]::sys::backtrace::__rust_begin_short_backtrace::<test[9d35eded1c95d3be]::run_test::{closure#1}, ()>
[INFO] [stdout]   21:     0x5907bcbc0882 - <std[70759c8f55707aa4]::thread::lifecycle::spawn_unchecked<test[9d35eded1c95d3be]::run_test::{closure#1}, ()>::{closure#1} as core[df12db4294e9bfd3]::ops::function::FnOnce<()>>::call_once::{shim:vtable#0}
[INFO] [stdout]   22:     0x5907bcc48929 - <std[70759c8f55707aa4]::sys::thread::unix::Thread>::new::thread_start
[INFO] [stdout]   23:     0x7f5f6acffdfa - <unknown>
[INFO] [stdout]   24:     0x7f5f6ad933d4 - clone
[INFO] [stdout]   25:                0x0 - <unknown>
[INFO] [stdout] 
[INFO] [stdout] ---- index::tests::next_offset_for_existing_index stdout ----
[INFO] [stdout] 
[INFO] [stdout] thread 'index::tests::next_offset_for_existing_index' (1041) panicked at src/test_util.rs:9:34:
[INFO] [stdout] called `Result::unwrap()` on an `Err` value: Os { code: 30, kind: ReadOnlyFilesystem, message: "Read-only file system" }
[INFO] [stdout] stack backtrace:
[INFO] [stdout]    0:     0x5907bcc49051 - <<std[70759c8f55707aa4]::sys::backtrace::BacktraceLock>::print::DisplayBacktrace as core[df12db4294e9bfd3]::fmt::Display>::fmt
[INFO] [stdout]    1:     0x5907bcc5e0ba - core[df12db4294e9bfd3]::fmt::write
[INFO] [stdout]    2:     0x5907bcc4d97c - <alloc[2182bb758b4b3781]::vec::Vec<u8> as core[df12db4294e9bfd3]::io::write::Write>::write_fmt
[INFO] [stdout]    3:     0x5907bcc24076 - std[70759c8f55707aa4]::panicking::default_hook::{closure#0}
[INFO] [stdout]    4:     0x5907bcc414f9 - std[70759c8f55707aa4]::panicking::default_hook
[INFO] [stdout]    5:     0x5907bcbbcdd0 - test[9d35eded1c95d3be]::test_main_inner::<test[9d35eded1c95d3be]::test_main_static::{closure#0}>::{closure#0}
[INFO] [stdout]    6:     0x5907bcc416b2 - std[70759c8f55707aa4]::panicking::panic_with_hook
[INFO] [stdout]    7:     0x5907bcc24122 - std[70759c8f55707aa4]::panicking::panic_handler::{closure#0}
[INFO] [stdout]    8:     0x5907bcc1ccb9 - std[70759c8f55707aa4]::sys::backtrace::__rust_end_short_backtrace::<std[70759c8f55707aa4]::panicking::panic_handler::{closure#0}, !>
[INFO] [stdout]    9:     0x5907bcc24d1d - __rustc[8fa7c3cbc660c2b3]::rust_begin_unwind
[INFO] [stdout]   10:     0x5907bcc5e81c - core[df12db4294e9bfd3]::panicking::panic_fmt
[INFO] [stdout]   11:     0x5907bcc5e5f2 - core[df12db4294e9bfd3]::result::unwrap_failed
[INFO] [stdout]   12:     0x5907bcba6f01 - spray[caf5516d1829b1a6]::test_util::create_a_test_directory
[INFO] [stdout]   13:     0x5907bcb842e3 - spray[caf5516d1829b1a6]::index::tests::next_offset_for_existing_index::{closure#0}
[INFO] [stdout]   14:     0x5907bcb8c032 - <tokio[215712cd408306d6]::macros::scoped_tls::ScopedKey<tokio[215712cd408306d6]::runtime::basic_scheduler::Context>>::set::<tokio[215712cd408306d6]::runtime::basic_scheduler::enter<<tokio[215712cd408306d6]::runtime::basic_scheduler::BasicScheduler<tokio[215712cd408306d6]::park::either::Either<tokio[215712cd408306d6]::time::driver::Driver<tokio[215712cd408306d6]::park::either::Either<tokio[215712cd408306d6]::io::driver::Driver, tokio[215712cd408306d6]::park::thread::ParkThread>>, tokio[215712cd408306d6]::park::either::Either<tokio[215712cd408306d6]::io::driver::Driver, tokio[215712cd408306d6]::park::thread::ParkThread>>>>::block_on<spray[caf5516d1829b1a6]::index::tests::next_offset_for_existing_index::{closure#0}>::{closure#0}, (), tokio[215712cd408306d6]::park::either::Either<tokio[215712cd408306d6]::time::driver::Driver<tokio[215712cd408306d6]::park::either::Either<tokio[215712cd408306d6]::io::driver::Driver, tokio[215712cd408306d6]::park::thread::ParkThread>>, tokio[215712cd408306d6]::park::either::Either<tokio[215712cd408306d6]::io::driver::Driver, tokio[215712cd408306d6]::park::thread::ParkThread>>>::{closure#0}, ()>
[INFO] [stdout]   15:     0x5907bcb9bdaf - tokio[215712cd408306d6]::runtime::basic_scheduler::enter::<<tokio[215712cd408306d6]::runtime::basic_scheduler::BasicScheduler<tokio[215712cd408306d6]::park::either::Either<tokio[215712cd408306d6]::time::driver::Driver<tokio[215712cd408306d6]::park::either::Either<tokio[215712cd408306d6]::io::driver::Driver, tokio[215712cd408306d6]::park::thread::ParkThread>>, tokio[215712cd408306d6]::park::either::Either<tokio[215712cd408306d6]::io::driver::Driver, tokio[215712cd408306d6]::park::thread::ParkThread>>>>::block_on<spray[caf5516d1829b1a6]::index::tests::next_offset_for_existing_index::{closure#0}>::{closure#0}, (), tokio[215712cd408306d6]::park::either::Either<tokio[215712cd408306d6]::time::driver::Driver<tokio[215712cd408306d6]::park::either::Either<tokio[215712cd408306d6]::io::driver::Driver, tokio[215712cd408306d6]::park::thread::ParkThread>>, tokio[215712cd408306d6]::park::either::Either<tokio[215712cd408306d6]::io::driver::Driver, tokio[215712cd408306d6]::park::thread::ParkThread>>>
[INFO] [stdout]   16:     0x5907bcb9f4ff - tokio[215712cd408306d6]::runtime::context::enter::<<tokio[215712cd408306d6]::runtime::Runtime>::block_on<spray[caf5516d1829b1a6]::index::tests::next_offset_for_existing_index::{closure#0}>::{closure#0}, ()>
[INFO] [stdout]   17:     0x5907bcbabd12 - spray[caf5516d1829b1a6]::index::tests::next_offset_for_existing_index
[INFO] [stdout]   18:     0x5907bcba8969 - <spray[caf5516d1829b1a6]::index::tests::next_offset_for_existing_index::{closure#0} as core[df12db4294e9bfd3]::ops::function::FnOnce<()>>::call_once
[INFO] [stdout]   19:     0x5907bcbb00bb - test[9d35eded1c95d3be]::__rust_begin_short_backtrace::<core[df12db4294e9bfd3]::result::Result<(), alloc[2182bb758b4b3781]::string::String>, fn() -> core[df12db4294e9bfd3]::result::Result<(), alloc[2182bb758b4b3781]::string::String>>
[INFO] [stdout]   20:     0x5907bcbbd725 - test[9d35eded1c95d3be]::run_test::{closure#0}
[INFO] [stdout]   21:     0x5907bcbb6fe4 - std[70759c8f55707aa4]::sys::backtrace::__rust_begin_short_backtrace::<test[9d35eded1c95d3be]::run_test::{closure#1}, ()>
[INFO] [stdout]   22:     0x5907bcbc0882 - <std[70759c8f55707aa4]::thread::lifecycle::spawn_unchecked<test[9d35eded1c95d3be]::run_test::{closure#1}, ()>::{closure#1} as core[df12db4294e9bfd3]::ops::function::FnOnce<()>>::call_once::{shim:vtable#0}
[INFO] [stdout]   23:     0x5907bcc48929 - <std[70759c8f55707aa4]::sys::thread::unix::Thread>::new::thread_start
[INFO] [stdout]   24:     0x7f5f6acffdfa - <unknown>
[INFO] [stdout]   25:     0x7f5f6ad933d4 - clone
[INFO] [stdout]   26:                0x0 - <unknown>
[INFO] [stdout] 
[INFO] [stdout] ---- ledger::tests::indicate_missing_ledger stdout ----
[INFO] [stdout] 
[INFO] [stdout] thread 'ledger::tests::indicate_missing_ledger' (1044) panicked at src/test_util.rs:9:34:
[INFO] [stdout] called `Result::unwrap()` on an `Err` value: Os { code: 30, kind: ReadOnlyFilesystem, message: "Read-only file system" }
[INFO] [stdout] stack backtrace:
[INFO] [stdout]    0:     0x5907bcc49051 - <<std[70759c8f55707aa4]::sys::backtrace::BacktraceLock>::print::DisplayBacktrace as core[df12db4294e9bfd3]::fmt::Display>::fmt
[INFO] [stdout]    1:     0x5907bcc5e0ba - core[df12db4294e9bfd3]::fmt::write
[INFO] [stdout]    2:     0x5907bcc4d97c - <alloc[2182bb758b4b3781]::vec::Vec<u8> as core[df12db4294e9bfd3]::io::write::Write>::write_fmt
[INFO] [stdout]    3:     0x5907bcc24076 - std[70759c8f55707aa4]::panicking::default_hook::{closure#0}
[INFO] [stdout]    4:     0x5907bcc414f9 - std[70759c8f55707aa4]::panicking::default_hook
[INFO] [stdout]    5:     0x5907bcbbcdd0 - test[9d35eded1c95d3be]::test_main_inner::<test[9d35eded1c95d3be]::test_main_static::{closure#0}>::{closure#0}
[INFO] [stdout]    6:     0x5907bcc416b2 - std[70759c8f55707aa4]::panicking::panic_with_hook
[INFO] [stdout]    7:     0x5907bcc24122 - std[70759c8f55707aa4]::panicking::panic_handler::{closure#0}
[INFO] [stdout]    8:     0x5907bcc1ccb9 - std[70759c8f55707aa4]::sys::backtrace::__rust_end_short_backtrace::<std[70759c8f55707aa4]::panicking::panic_handler::{closure#0}, !>
[INFO] [stdout]    9:     0x5907bcc24d1d - __rustc[8fa7c3cbc660c2b3]::rust_begin_unwind
[INFO] [stdout]   10:     0x5907bcc5e81c - core[df12db4294e9bfd3]::panicking::panic_fmt
[INFO] [stdout]   11:     0x5907bcc5e5f2 - core[df12db4294e9bfd3]::result::unwrap_failed
[INFO] [stdout]   12:     0x5907bcba6f01 - spray[caf5516d1829b1a6]::test_util::create_a_test_directory
[INFO] [stdout]   13:     0x5907bcb877b4 - spray[caf5516d1829b1a6]::ledger::tests::indicate_missing_ledger::{closure#0}
[INFO] [stdout]   14:     0x5907bcb8e47c - <tokio[215712cd408306d6]::macros::scoped_tls::ScopedKey<tokio[215712cd408306d6]::runtime::basic_scheduler::Context>>::set::<tokio[215712cd408306d6]::runtime::basic_scheduler::enter<<tokio[215712cd408306d6]::runtime::basic_scheduler::BasicScheduler<tokio[215712cd408306d6]::park::either::Either<tokio[215712cd408306d6]::time::driver::Driver<tokio[215712cd408306d6]::park::either::Either<tokio[215712cd408306d6]::io::driver::Driver, tokio[215712cd408306d6]::park::thread::ParkThread>>, tokio[215712cd408306d6]::park::either::Either<tokio[215712cd408306d6]::io::driver::Driver, tokio[215712cd408306d6]::park::thread::ParkThread>>>>::block_on<spray[caf5516d1829b1a6]::ledger::tests::indicate_missing_ledger::{closure#0}>::{closure#0}, (), tokio[215712cd408306d6]::park::either::Either<tokio[215712cd408306d6]::time::driver::Driver<tokio[215712cd408306d6]::park::either::Either<tokio[215712cd408306d6]::io::driver::Driver, tokio[215712cd408306d6]::park::thread::ParkThread>>, tokio[215712cd408306d6]::park::either::Either<tokio[215712cd408306d6]::io::driver::Driver, tokio[215712cd408306d6]::park::thread::ParkThread>>>::{closure#0}, ()>
[INFO] [stdout]   15:     0x5907bcb9c560 - tokio[215712cd408306d6]::runtime::basic_scheduler::enter::<<tokio[215712cd408306d6]::runtime::basic_scheduler::BasicScheduler<tokio[215712cd408306d6]::park::either::Either<tokio[215712cd408306d6]::time::driver::Driver<tokio[215712cd408306d6]::park::either::Either<tokio[215712cd408306d6]::io::driver::Driver, tokio[215712cd408306d6]::park::thread::ParkThread>>, tokio[215712cd408306d6]::park::either::Either<tokio[215712cd408306d6]::io::driver::Driver, tokio[215712cd408306d6]::park::thread::ParkThread>>>>::block_on<spray[caf5516d1829b1a6]::ledger::tests::indicate_missing_ledger::{closure#0}>::{closure#0}, (), tokio[215712cd408306d6]::park::either::Either<tokio[215712cd408306d6]::time::driver::Driver<tokio[215712cd408306d6]::park::either::Either<tokio[215712cd408306d6]::io::driver::Driver, tokio[215712cd408306d6]::park::thread::ParkThread>>, tokio[215712cd408306d6]::park::either::Either<tokio[215712cd408306d6]::io::driver::Driver, tokio[215712cd408306d6]::park::thread::ParkThread>>>
[INFO] [stdout]   16:     0x5907bcb9fde9 - tokio[215712cd408306d6]::runtime::context::enter::<<tokio[215712cd408306d6]::runtime::Runtime>::block_on<spray[caf5516d1829b1a6]::ledger::tests::indicate_missing_ledger::{closure#0}>::{closure#0}, ()>
[INFO] [stdout]   17:     0x5907bcba5f32 - spray[caf5516d1829b1a6]::ledger::tests::indicate_missing_ledger
[INFO] [stdout]   18:     0x5907bcba8f89 - <spray[caf5516d1829b1a6]::ledger::tests::indicate_missing_ledger::{closure#0} as core[df12db4294e9bfd3]::ops::function::FnOnce<()>>::call_once
[INFO] [stdout]   19:     0x5907bcbb00bb - test[9d35eded1c95d3be]::__rust_begin_short_backtrace::<core[df12db4294e9bfd3]::result::Result<(), alloc[2182bb758b4b3781]::string::String>, fn() -> core[df12db4294e9bfd3]::result::Result<(), alloc[2182bb758b4b3781]::string::String>>
[INFO] [stdout]   20:     0x5907bcbbd725 - test[9d35eded1c95d3be]::run_test::{closure#0}
[INFO] [stdout]   21:     0x5907bcbb6fe4 - std[70759c8f55707aa4]::sys::backtrace::__rust_begin_short_backtrace::<test[9d35eded1c95d3be]::run_test::{closure#1}, ()>
[INFO] [stdout]   22:     0x5907bcbc0882 - <std[70759c8f55707aa4]::thread::lifecycle::spawn_unchecked<test[9d35eded1c95d3be]::run_test::{closure#1}, ()>::{closure#1} as core[df12db4294e9bfd3]::ops::function::FnOnce<()>>::call_once::{shim:vtable#0}
[INFO] [stdout]   23:     0x5907bcc48929 - <std[70759c8f55707aa4]::sys::thread::unix::Thread>::new::thread_start
[INFO] [stdout]   24:     0x7f5f6acffdfa - <unknown>
[INFO] [stdout]   25:     0x7f5f6ad933d4 - clone
[INFO] [stdout]   26:                0x0 - <unknown>
[INFO] [stdout] 
[INFO] [stdout] ---- files::tests::create_new_file stdout ----
[INFO] [stdout] 
[INFO] [stdout] thread 'files::tests::create_new_file' (1034) panicked at src/files.rs:12:30:
[INFO] [stdout] called `Result::unwrap()` on an `Err` value: Os { code: 30, kind: ReadOnlyFilesystem, message: "Read-only file system" }
[INFO] [stdout] stack backtrace:
[INFO] [stdout]    0:     0x5907bcc49051 - <<std[70759c8f55707aa4]::sys::backtrace::BacktraceLock>::print::DisplayBacktrace as core[df12db4294e9bfd3]::fmt::Display>::fmt
[INFO] [stdout]    1:     0x5907bcc5e0ba - core[df12db4294e9bfd3]::fmt::write
[INFO] [stdout]    2:     0x5907bcc4d97c - <alloc[2182bb758b4b3781]::vec::Vec<u8> as core[df12db4294e9bfd3]::io::write::Write>::write_fmt
[INFO] [stdout]    3:     0x5907bcc24076 - std[70759c8f55707aa4]::panicking::default_hook::{closure#0}
[INFO] [stdout]    4:     0x5907bcc414f9 - std[70759c8f55707aa4]::panicking::default_hook
[INFO] [stdout]    5:     0x5907bcbbcdd0 - test[9d35eded1c95d3be]::test_main_inner::<test[9d35eded1c95d3be]::test_main_static::{closure#0}>::{closure#0}
[INFO] [stdout]    6:     0x5907bcc416b2 - std[70759c8f55707aa4]::panicking::panic_with_hook
[INFO] [stdout]    7:     0x5907bcc24122 - std[70759c8f55707aa4]::panicking::panic_handler::{closure#0}
[INFO] [stdout]    8:     0x5907bcc1ccb9 - std[70759c8f55707aa4]::sys::backtrace::__rust_end_short_backtrace::<std[70759c8f55707aa4]::panicking::panic_handler::{closure#0}, !>
[INFO] [stdout]    9:     0x5907bcc24d1d - __rustc[8fa7c3cbc660c2b3]::rust_begin_unwind
[INFO] [stdout]   10:     0x5907bcc5e81c - core[df12db4294e9bfd3]::panicking::panic_fmt
[INFO] [stdout]   11:     0x5907bcc5e5f2 - core[df12db4294e9bfd3]::result::unwrap_failed
[INFO] [stdout]   12:     0x5907bcba6d1f - spray[caf5516d1829b1a6]::files::create
[INFO] [stdout]   13:     0x5907bcb826af - spray[caf5516d1829b1a6]::files::tests::create_new_file::{closure#0}
[INFO] [stdout]   14:     0x5907bcb8afed - <tokio[215712cd408306d6]::macros::scoped_tls::ScopedKey<tokio[215712cd408306d6]::runtime::basic_scheduler::Context>>::set::<tokio[215712cd408306d6]::runtime::basic_scheduler::enter<<tokio[215712cd408306d6]::runtime::basic_scheduler::BasicScheduler<tokio[215712cd408306d6]::park::either::Either<tokio[215712cd408306d6]::time::driver::Driver<tokio[215712cd408306d6]::park::either::Either<tokio[215712cd408306d6]::io::driver::Driver, tokio[215712cd408306d6]::park::thread::ParkThread>>, tokio[215712cd408306d6]::park::either::Either<tokio[215712cd408306d6]::io::driver::Driver, tokio[215712cd408306d6]::park::thread::ParkThread>>>>::block_on<spray[caf5516d1829b1a6]::files::tests::create_new_file::{closure#0}>::{closure#0}, (), tokio[215712cd408306d6]::park::either::Either<tokio[215712cd408306d6]::time::driver::Driver<tokio[215712cd408306d6]::park::either::Either<tokio[215712cd408306d6]::io::driver::Driver, tokio[215712cd408306d6]::park::thread::ParkThread>>, tokio[215712cd408306d6]::park::either::Either<tokio[215712cd408306d6]::io::driver::Driver, tokio[215712cd408306d6]::park::thread::ParkThread>>>::{closure#0}, ()>
[INFO] [stdout]   15:     0x5907bcb9b978 - tokio[215712cd408306d6]::runtime::basic_scheduler::enter::<<tokio[215712cd408306d6]::runtime::basic_scheduler::BasicScheduler<tokio[215712cd408306d6]::park::either::Either<tokio[215712cd408306d6]::time::driver::Driver<tokio[215712cd408306d6]::park::either::Either<tokio[215712cd408306d6]::io::driver::Driver, tokio[215712cd408306d6]::park::thread::ParkThread>>, tokio[215712cd408306d6]::park::either::Either<tokio[215712cd408306d6]::io::driver::Driver, tokio[215712cd408306d6]::park::thread::ParkThread>>>>::block_on<spray[caf5516d1829b1a6]::files::tests::create_new_file::{closure#0}>::{closure#0}, (), tokio[215712cd408306d6]::park::either::Either<tokio[215712cd408306d6]::time::driver::Driver<tokio[215712cd408306d6]::park::either::Either<tokio[215712cd408306d6]::io::driver::Driver, tokio[215712cd408306d6]::park::thread::ParkThread>>, tokio[215712cd408306d6]::park::either::Either<tokio[215712cd408306d6]::io::driver::Driver, tokio[215712cd408306d6]::park::thread::ParkThread>>>
[INFO] [stdout]   16:     0x5907bcb9ef4e - tokio[215712cd408306d6]::runtime::context::enter::<<tokio[215712cd408306d6]::runtime::Runtime>::block_on<spray[caf5516d1829b1a6]::files::tests::create_new_file::{closure#0}>::{closure#0}, ()>
[INFO] [stdout]   17:     0x5907bcba5622 - spray[caf5516d1829b1a6]::files::tests::create_new_file
[INFO] [stdout]   18:     0x5907bcba88e9 - <spray[caf5516d1829b1a6]::files::tests::create_new_file::{closure#0} as core[df12db4294e9bfd3]::ops::function::FnOnce<()>>::call_once
[INFO] [stdout]   19:     0x5907bcbb00bb - test[9d35eded1c95d3be]::__rust_begin_short_backtrace::<core[df12db4294e9bfd3]::result::Result<(), alloc[2182bb758b4b3781]::string::String>, fn() -> core[df12db4294e9bfd3]::result::Result<(), alloc[2182bb758b4b3781]::string::String>>
[INFO] [stdout]   20:     0x5907bcbbd725 - test[9d35eded1c95d3be]::run_test::{closure#0}
[INFO] [stdout]   21:     0x5907bcbb6fe4 - std[70759c8f55707aa4]::sys::backtrace::__rust_begin_short_backtrace::<test[9d35eded1c95d3be]::run_test::{closure#1}, ()>
[INFO] [stdout]   22:     0x5907bcbc0882 - <std[70759c8f55707aa4]::thread::lifecycle::spawn_unchecked<test[9d35eded1c95d3be]::run_test::{closure#1}, ()>::{closure#1} as core[df12db4294e9bfd3]::ops::function::FnOnce<()>>::call_once::{shim:vtable#0}
[INFO] [stdout]   23:     0x5907bcc48929 - <std[70759c8f55707aa4]::sys::thread::unix::Thread>::new::thread_start
[INFO] [stdout]   24:     0x7f5f6acffdfa - <unknown>
[INFO] [stdout]   25:     0x7f5f6ad933d4 - clone
[INFO] [stdout]   26:                0x0 - <unknown>
[INFO] [stdout] 
[INFO] [stdout] ---- index::tests::create_new_index stdout ----
[INFO] [stdout] 
[INFO] [stdout] thread 'index::tests::create_new_index' (1039) panicked at src/test_util.rs:9:34:
[INFO] [stdout] called `Result::unwrap()` on an `Err` value: Os { code: 30, kind: ReadOnlyFilesystem, message: "Read-only file system" }
[INFO] [stdout] stack backtrace:
[INFO] [stdout]    0:     0x5907bcc49051 - <<std[70759c8f55707aa4]::sys::backtrace::BacktraceLock>::print::DisplayBacktrace as core[df12db4294e9bfd3]::fmt::Display>::fmt
[INFO] [stdout]    1:     0x5907bcc5e0ba - core[df12db4294e9bfd3]::fmt::write
[INFO] [stdout]    2:     0x5907bcc4d97c - <alloc[2182bb758b4b3781]::vec::Vec<u8> as core[df12db4294e9bfd3]::io::write::Write>::write_fmt
[INFO] [stdout]    3:     0x5907bcc24076 - std[70759c8f55707aa4]::panicking::default_hook::{closure#0}
[INFO] [stdout]    4:     0x5907bcc414f9 - std[70759c8f55707aa4]::panicking::default_hook
[INFO] [stdout]    5:     0x5907bcbbcdd0 - test[9d35eded1c95d3be]::test_main_inner::<test[9d35eded1c95d3be]::test_main_static::{closure#0}>::{closure#0}
[INFO] [stdout]    6:     0x5907bcc416b2 - std[70759c8f55707aa4]::panicking::panic_with_hook
[INFO] [stdout]    7:     0x5907bcc24122 - std[70759c8f55707aa4]::panicking::panic_handler::{closure#0}
[INFO] [stdout]    8:     0x5907bcc1ccb9 - std[70759c8f55707aa4]::sys::backtrace::__rust_end_short_backtrace::<std[70759c8f55707aa4]::panicking::panic_handler::{closure#0}, !>
[INFO] [stdout]    9:     0x5907bcc24d1d - __rustc[8fa7c3cbc660c2b3]::rust_begin_unwind
[INFO] [stdout]   10:     0x5907bcc5e81c - core[df12db4294e9bfd3]::panicking::panic_fmt
[INFO] [stdout]   11:     0x5907bcc5e5f2 - core[df12db4294e9bfd3]::result::unwrap_failed
[INFO] [stdout]   12:     0x5907bcba6f01 - spray[caf5516d1829b1a6]::test_util::create_a_test_directory
[INFO] [stdout]   13:     0x5907bcb84030 - spray[caf5516d1829b1a6]::index::tests::create_new_index::{closure#0}
[INFO] [stdout]   14:     0x5907bcb8bacc - <tokio[215712cd408306d6]::macros::scoped_tls::ScopedKey<tokio[215712cd408306d6]::runtime::basic_scheduler::Context>>::set::<tokio[215712cd408306d6]::runtime::basic_scheduler::enter<<tokio[215712cd408306d6]::runtime::basic_scheduler::BasicScheduler<tokio[215712cd408306d6]::park::either::Either<tokio[215712cd408306d6]::time::driver::Driver<tokio[215712cd408306d6]::park::either::Either<tokio[215712cd408306d6]::io::driver::Driver, tokio[215712cd408306d6]::park::thread::ParkThread>>, tokio[215712cd408306d6]::park::either::Either<tokio[215712cd408306d6]::io::driver::Driver, tokio[215712cd408306d6]::park::thread::ParkThread>>>>::block_on<spray[caf5516d1829b1a6]::index::tests::create_new_index::{closure#0}>::{closure#0}, (), tokio[215712cd408306d6]::park::either::Either<tokio[215712cd408306d6]::time::driver::Driver<tokio[215712cd408306d6]::park::either::Either<tokio[215712cd408306d6]::io::driver::Driver, tokio[215712cd408306d6]::park::thread::ParkThread>>, tokio[215712cd408306d6]::park::either::Either<tokio[215712cd408306d6]::io::driver::Driver, tokio[215712cd408306d6]::park::thread::ParkThread>>>::{closure#0}, ()>
[INFO] [stdout]   15:     0x5907bcb9bca0 - tokio[215712cd408306d6]::runtime::basic_scheduler::enter::<<tokio[215712cd408306d6]::runtime::basic_scheduler::BasicScheduler<tokio[215712cd408306d6]::park::either::Either<tokio[215712cd408306d6]::time::driver::Driver<tokio[215712cd408306d6]::park::either::Either<tokio[215712cd408306d6]::io::driver::Driver, tokio[215712cd408306d6]::park::thread::ParkThread>>, tokio[215712cd408306d6]::park::either::Either<tokio[215712cd408306d6]::io::driver::Driver, tokio[215712cd408306d6]::park::thread::ParkThread>>>>::block_on<spray[caf5516d1829b1a6]::index::tests::create_new_index::{closure#0}>::{closure#0}, (), tokio[215712cd408306d6]::park::either::Either<tokio[215712cd408306d6]::time::driver::Driver<tokio[215712cd408306d6]::park::either::Either<tokio[215712cd408306d6]::io::driver::Driver, tokio[215712cd408306d6]::park::thread::ParkThread>>, tokio[215712cd408306d6]::park::either::Either<tokio[215712cd408306d6]::io::driver::Driver, tokio[215712cd408306d6]::park::thread::ParkThread>>>
[INFO] [stdout]   16:     0x5907bcb9f389 - tokio[215712cd408306d6]::runtime::context::enter::<<tokio[215712cd408306d6]::runtime::Runtime>::block_on<spray[caf5516d1829b1a6]::index::tests::create_new_index::{closure#0}>::{closure#0}, ()>
[INFO] [stdout]   17:     0x5907bcbabb42 - spray[caf5516d1829b1a6]::index::tests::create_new_index
[INFO] [stdout]   18:     0x5907bcba8949 - <spray[caf5516d1829b1a6]::index::tests::create_new_index::{closure#0} as core[df12db4294e9bfd3]::ops::function::FnOnce<()>>::call_once
[INFO] [stdout]   19:     0x5907bcbb00bb - test[9d35eded1c95d3be]::__rust_begin_short_backtrace::<core[df12db4294e9bfd3]::result::Result<(), alloc[2182bb758b4b3781]::string::String>, fn() -> core[df12db4294e9bfd3]::result::Result<(), alloc[2182bb758b4b3781]::string::String>>
[INFO] [stdout]   20:     0x5907bcbbd725 - test[9d35eded1c95d3be]::run_test::{closure#0}
[INFO] [stdout]   21:     0x5907bcbb6fe4 - std[70759c8f55707aa4]::sys::backtrace::__rust_begin_short_backtrace::<test[9d35eded1c95d3be]::run_test::{closure#1}, ()>
[INFO] [stdout]   22:     0x5907bcbc0882 - <std[70759c8f55707aa4]::thread::lifecycle::spawn_unchecked<test[9d35eded1c95d3be]::run_test::{closure#1}, ()>::{closure#1} as core[df12db4294e9bfd3]::ops::function::FnOnce<()>>::call_once::{shim:vtable#0}
[INFO] [stdout]   23:     0x5907bcc48929 - <std[70759c8f55707aa4]::sys::thread::unix::Thread>::new::thread_start
[INFO] [stdout]   24:     0x7f5f6acffdfa - <unknown>
[INFO] [stdout]   25:     0x7f5f6ad933d4 - clone
[INFO] [stdout]   26:                0x0 - <unknown>
[INFO] [stdout] 
[INFO] [stdout] ---- handle::tests::read_entries_from_active_handle stdout ----
[INFO] [stdout] 
[INFO] [stdout] thread 'handle::tests::read_entries_from_active_handle' (1038) panicked at src/test_util.rs:9:34:
[INFO] [stdout] called `Result::unwrap()` on an `Err` value: Os { code: 30, kind: ReadOnlyFilesystem, message: "Read-only file system" }
[INFO] [stdout] stack backtrace:
[INFO] [stdout]    0:     0x5907bcc49051 - <<std[70759c8f55707aa4]::sys::backtrace::BacktraceLock>::print::DisplayBacktrace as core[df12db4294e9bfd3]::fmt::Display>::fmt
[INFO] [stdout]    1:     0x5907bcc5e0ba - core[df12db4294e9bfd3]::fmt::write
[INFO] [stdout]    2:     0x5907bcc4d97c - <alloc[2182bb758b4b3781]::vec::Vec<u8> as core[df12db4294e9bfd3]::io::write::Write>::write_fmt
[INFO] [stdout]    3:     0x5907bcc24076 - std[70759c8f55707aa4]::panicking::default_hook::{closure#0}
[INFO] [stdout]    4:     0x5907bcc414f9 - std[70759c8f55707aa4]::panicking::default_hook
[INFO] [stdout]    5:     0x5907bcbbcdd0 - test[9d35eded1c95d3be]::test_main_inner::<test[9d35eded1c95d3be]::test_main_static::{closure#0}>::{closure#0}
[INFO] [stdout]    6:     0x5907bcc416b2 - std[70759c8f55707aa4]::panicking::panic_with_hook
[INFO] [stdout]    7:     0x5907bcc24122 - std[70759c8f55707aa4]::panicking::panic_handler::{closure#0}
[INFO] [stdout]    8:     0x5907bcc1ccb9 - std[70759c8f55707aa4]::sys::backtrace::__rust_end_short_backtrace::<std[70759c8f55707aa4]::panicking::panic_handler::{closure#0}, !>
[INFO] [stdout]    9:     0x5907bcc24d1d - __rustc[8fa7c3cbc660c2b3]::rust_begin_unwind
[INFO] [stdout]   10:     0x5907bcc5e81c - core[df12db4294e9bfd3]::panicking::panic_fmt
[INFO] [stdout]   11:     0x5907bcc5e5f2 - core[df12db4294e9bfd3]::result::unwrap_failed
[INFO] [stdout]   12:     0x5907bcba6f01 - spray[caf5516d1829b1a6]::test_util::create_a_test_directory
[INFO] [stdout]   13:     0x5907bcb85f06 - spray[caf5516d1829b1a6]::handle::tests::read_entries_from_active_handle::{closure#0}
[INFO] [stdout]   14:     0x5907bcb8d002 - <tokio[215712cd408306d6]::macros::scoped_tls::ScopedKey<tokio[215712cd408306d6]::runtime::basic_scheduler::Context>>::set::<tokio[215712cd408306d6]::runtime::basic_scheduler::enter<<tokio[215712cd408306d6]::runtime::basic_scheduler::BasicScheduler<tokio[215712cd408306d6]::park::either::Either<tokio[215712cd408306d6]::time::driver::Driver<tokio[215712cd408306d6]::park::either::Either<tokio[215712cd408306d6]::io::driver::Driver, tokio[215712cd408306d6]::park::thread::ParkThread>>, tokio[215712cd408306d6]::park::either::Either<tokio[215712cd408306d6]::io::driver::Driver, tokio[215712cd408306d6]::park::thread::ParkThread>>>>::block_on<spray[caf5516d1829b1a6]::handle::tests::read_entries_from_active_handle::{closure#0}>::{closure#0}, (), tokio[215712cd408306d6]::park::either::Either<tokio[215712cd408306d6]::time::driver::Driver<tokio[215712cd408306d6]::park::either::Either<tokio[215712cd408306d6]::io::driver::Driver, tokio[215712cd408306d6]::park::thread::ParkThread>>, tokio[215712cd408306d6]::park::either::Either<tokio[215712cd408306d6]::io::driver::Driver, tokio[215712cd408306d6]::park::thread::ParkThread>>>::{closure#0}, ()>
[INFO] [stdout]   15:     0x5907bcb9c0e2 - tokio[215712cd408306d6]::runtime::basic_scheduler::enter::<<tokio[215712cd408306d6]::runtime::basic_scheduler::BasicScheduler<tokio[215712cd408306d6]::park::either::Either<tokio[215712cd408306d6]::time::driver::Driver<tokio[215712cd408306d6]::park::either::Either<tokio[215712cd408306d6]::io::driver::Driver, tokio[215712cd408306d6]::park::thread::ParkThread>>, tokio[215712cd408306d6]::park::either::Either<tokio[215712cd408306d6]::io::driver::Driver, tokio[215712cd408306d6]::park::thread::ParkThread>>>>::block_on<spray[caf5516d1829b1a6]::handle::tests::read_entries_from_active_handle::{closure#0}>::{closure#0}, (), tokio[215712cd408306d6]::park::either::Either<tokio[215712cd408306d6]::time::driver::Driver<tokio[215712cd408306d6]::park::either::Either<tokio[215712cd408306d6]::io::driver::Driver, tokio[215712cd408306d6]::park::thread::ParkThread>>, tokio[215712cd408306d6]::park::either::Either<tokio[215712cd408306d6]::io::driver::Driver, tokio[215712cd408306d6]::park::thread::ParkThread>>>
[INFO] [stdout]   16:     0x5907bcb9f8bf - tokio[215712cd408306d6]::runtime::context::enter::<<tokio[215712cd408306d6]::runtime::Runtime>::block_on<spray[caf5516d1829b1a6]::handle::tests::read_entries_from_active_handle::{closure#0}>::{closure#0}, ()>
[INFO] [stdout]   17:     0x5907bcba8e77 - <spray[caf5516d1829b1a6]::handle::tests::read_entries_from_active_handle::{closure#0} as core[df12db4294e9bfd3]::ops::function::FnOnce<()>>::call_once
[INFO] [stdout]   18:     0x5907bcbb00bb - test[9d35eded1c95d3be]::__rust_begin_short_backtrace::<core[df12db4294e9bfd3]::result::Result<(), alloc[2182bb758b4b3781]::string::String>, fn() -> core[df12db4294e9bfd3]::result::Result<(), alloc[2182bb758b4b3781]::string::String>>
[INFO] [stdout]   19:     0x5907bcbbd725 - test[9d35eded1c95d3be]::run_test::{closure#0}
[INFO] [stdout]   20:     0x5907bcbb6fe4 - std[70759c8f55707aa4]::sys::backtrace::__rust_begin_short_backtrace::<test[9d35eded1c95d3be]::run_test::{closure#1}, ()>
[INFO] [stdout]   21:     0x5907bcbc0882 - <std[70759c8f55707aa4]::thread::lifecycle::spawn_unchecked<test[9d35eded1c95d3be]::run_test::{closure#1}, ()>::{closure#1} as core[df12db4294e9bfd3]::ops::function::FnOnce<()>>::call_once::{shim:vtable#0}
[INFO] [stdout]   22:     0x5907bcc48929 - <std[70759c8f55707aa4]::sys::thread::unix::Thread>::new::thread_start
[INFO] [stdout]   23:     0x7f5f6acffdfa - <unknown>
[INFO] [stdout]   24:     0x7f5f6ad933d4 - clone
[INFO] [stdout]   25:                0x0 - <unknown>
[INFO] [stdout] 
[INFO] [stdout] ---- log::tests::stream_partial stdout ----
[INFO] [stdout] 
[INFO] [stdout] thread 'log::tests::stream_partial' (1051) panicked at src/test_util.rs:9:34:
[INFO] [stdout] called `Result::unwrap()` on an `Err` value: Os { code: 30, kind: ReadOnlyFilesystem, message: "Read-only file system" }
[INFO] [stdout] stack backtrace:
[INFO] [stdout]    0:     0x5907bcc49051 - <<std[70759c8f55707aa4]::sys::backtrace::BacktraceLock>::print::DisplayBacktrace as core[df12db4294e9bfd3]::fmt::Display>::fmt
[INFO] [stdout]    1:     0x5907bcc5e0ba - core[df12db4294e9bfd3]::fmt::write
[INFO] [stdout]    2:     0x5907bcc4d97c - <alloc[2182bb758b4b3781]::vec::Vec<u8> as core[df12db4294e9bfd3]::io::write::Write>::write_fmt
[INFO] [stdout]    3:     0x5907bcc24076 - std[70759c8f55707aa4]::panicking::default_hook::{closure#0}
[INFO] [stdout]    4:     0x5907bcc414f9 - std[70759c8f55707aa4]::panicking::default_hook
[INFO] [stdout]    5:     0x5907bcbbcdd0 - test[9d35eded1c95d3be]::test_main_inner::<test[9d35eded1c95d3be]::test_main_static::{closure#0}>::{closure#0}
[INFO] [stdout]    6:     0x5907bcc416b2 - std[70759c8f55707aa4]::panicking::panic_with_hook
[INFO] [stdout]    7:     0x5907bcc24122 - std[70759c8f55707aa4]::panicking::panic_handler::{closure#0}
[INFO] [stdout]    8:     0x5907bcc1ccb9 - std[70759c8f55707aa4]::sys::backtrace::__rust_end_short_backtrace::<std[70759c8f55707aa4]::panicking::panic_handler::{closure#0}, !>
[INFO] [stdout]    9:     0x5907bcc24d1d - __rustc[8fa7c3cbc660c2b3]::rust_begin_unwind
[INFO] [stdout]   10:     0x5907bcc5e81c - core[df12db4294e9bfd3]::panicking::panic_fmt
[INFO] [stdout]   11:     0x5907bcc5e5f2 - core[df12db4294e9bfd3]::result::unwrap_failed
[INFO] [stdout]   12:     0x5907bcba6f01 - spray[caf5516d1829b1a6]::test_util::create_a_test_directory
[INFO] [stdout]   13:     0x5907bcb81800 - spray[caf5516d1829b1a6]::log::tests::stream_partial::{closure#0}
[INFO] [stdout]   14:     0x5907bcb8a012 - <tokio[215712cd408306d6]::macros::scoped_tls::ScopedKey<tokio[215712cd408306d6]::runtime::basic_scheduler::Context>>::set::<tokio[215712cd408306d6]::runtime::basic_scheduler::enter<<tokio[215712cd408306d6]::runtime::basic_scheduler::BasicScheduler<tokio[215712cd408306d6]::park::either::Either<tokio[215712cd408306d6]::time::driver::Driver<tokio[215712cd408306d6]::park::either::Either<tokio[215712cd408306d6]::io::driver::Driver, tokio[215712cd408306d6]::park::thread::ParkThread>>, tokio[215712cd408306d6]::park::either::Either<tokio[215712cd408306d6]::io::driver::Driver, tokio[215712cd408306d6]::park::thread::ParkThread>>>>::block_on<spray[caf5516d1829b1a6]::log::tests::stream_partial::{closure#0}>::{closure#0}, (), tokio[215712cd408306d6]::park::either::Either<tokio[215712cd408306d6]::time::driver::Driver<tokio[215712cd408306d6]::park::either::Either<tokio[215712cd408306d6]::io::driver::Driver, tokio[215712cd408306d6]::park::thread::ParkThread>>, tokio[215712cd408306d6]::park::either::Either<tokio[215712cd408306d6]::io::driver::Driver, tokio[215712cd408306d6]::park::thread::ParkThread>>>::{closure#0}, ()>
[INFO] [stdout]   15:     0x5907bcb9b5ff - tokio[215712cd408306d6]::runtime::basic_scheduler::enter::<<tokio[215712cd408306d6]::runtime::basic_scheduler::BasicScheduler<tokio[215712cd408306d6]::park::either::Either<tokio[215712cd408306d6]::time::driver::Driver<tokio[215712cd408306d6]::park::either::Either<tokio[215712cd408306d6]::io::driver::Driver, tokio[215712cd408306d6]::park::thread::ParkThread>>, tokio[215712cd408306d6]::park::either::Either<tokio[215712cd408306d6]::io::driver::Driver, tokio[215712cd408306d6]::park::thread::ParkThread>>>>::block_on<spray[caf5516d1829b1a6]::log::tests::stream_partial::{closure#0}>::{closure#0}, (), tokio[215712cd408306d6]::park::either::Either<tokio[215712cd408306d6]::time::driver::Driver<tokio[215712cd408306d6]::park::either::Either<tokio[215712cd408306d6]::io::driver::Driver, tokio[215712cd408306d6]::park::thread::ParkThread>>, tokio[215712cd408306d6]::park::either::Either<tokio[215712cd408306d6]::io::driver::Driver, tokio[215712cd408306d6]::park::thread::ParkThread>>>
[INFO] [stdout]   16:     0x5907bcb9eb5f - tokio[215712cd408306d6]::runtime::context::enter::<<tokio[215712cd408306d6]::runtime::Runtime>::block_on<spray[caf5516d1829b1a6]::log::tests::stream_partial::{closure#0}>::{closure#0}, ()>
[INFO] [stdout]   17:     0x5907bcbab402 - spray[caf5516d1829b1a6]::log::tests::stream_partial
[INFO] [stdout]   18:     0x5907bcba8889 - <spray[caf5516d1829b1a6]::log::tests::stream_partial::{closure#0} as core[df12db4294e9bfd3]::ops::function::FnOnce<()>>::call_once
[INFO] [stdout]   19:     0x5907bcbb00bb - test[9d35eded1c95d3be]::__rust_begin_short_backtrace::<core[df12db4294e9bfd3]::result::Result<(), alloc[2182bb758b4b3781]::string::String>, fn() -> core[df12db4294e9bfd3]::result::Result<(), alloc[2182bb758b4b3781]::string::String>>
[INFO] [stdout]   20:     0x5907bcbbd725 - test[9d35eded1c95d3be]::run_test::{closure#0}
[INFO] [stdout]   21:     0x5907bcbb6fe4 - std[70759c8f55707aa4]::sys::backtrace::__rust_begin_short_backtrace::<test[9d35eded1c95d3be]::run_test::{closure#1}, ()>
[INFO] [stdout]   22:     0x5907bcbc0882 - <std[70759c8f55707aa4]::thread::lifecycle::spawn_unchecked<test[9d35eded1c95d3be]::run_test::{closure#1}, ()>::{closure#1} as core[df12db4294e9bfd3]::ops::function::FnOnce<()>>::call_once::{shim:vtable#0}
[INFO] [stdout]   23:     0x5907bcc48929 - <std[70759c8f55707aa4]::sys::thread::unix::Thread>::new::thread_start
[INFO] [stdout]   24:     0x7f5f6acffdfa - <unknown>
[INFO] [stdout]   25:     0x7f5f6ad933d4 - clone
[INFO] [stdout]   26:                0x0 - <unknown>
[INFO] [stdout] 
[INFO] [stdout] ---- handle::tests::open_existing_handle stdout ----
[INFO] [stdout] 
[INFO] [stdout] thread 'handle::tests::open_existing_handle' (1037) panicked at src/test_util.rs:9:34:
[INFO] [stdout] called `Result::unwrap()` on an `Err` value: Os { code: 30, kind: ReadOnlyFilesystem, message: "Read-only file system" }
[INFO] [stdout] stack backtrace:
[INFO] [stdout]    0:     0x5907bcc49051 - <<std[70759c8f55707aa4]::sys::backtrace::BacktraceLock>::print::DisplayBacktrace as core[df12db4294e9bfd3]::fmt::Display>::fmt
[INFO] [stdout]    1:     0x5907bcc5e0ba - core[df12db4294e9bfd3]::fmt::write
[INFO] [stdout]    2:     0x5907bcc4d97c - <alloc[2182bb758b4b3781]::vec::Vec<u8> as core[df12db4294e9bfd3]::io::write::Write>::write_fmt
[INFO] [stdout]    3:     0x5907bcc24076 - std[70759c8f55707aa4]::panicking::default_hook::{closure#0}
[INFO] [stdout]    4:     0x5907bcc414f9 - std[70759c8f55707aa4]::panicking::default_hook
[INFO] [stdout]    5:     0x5907bcbbcdd0 - test[9d35eded1c95d3be]::test_main_inner::<test[9d35eded1c95d3be]::test_main_static::{closure#0}>::{closure#0}
[INFO] [stdout]    6:     0x5907bcc416b2 - std[70759c8f55707aa4]::panicking::panic_with_hook
[INFO] [stdout]    7:     0x5907bcc24122 - std[70759c8f55707aa4]::panicking::panic_handler::{closure#0}
[INFO] [stdout]    8:     0x5907bcc1ccb9 - std[70759c8f55707aa4]::sys::backtrace::__rust_end_short_backtrace::<std[70759c8f55707aa4]::panicking::panic_handler::{closure#0}, !>
[INFO] [stdout]    9:     0x5907bcc24d1d - __rustc[8fa7c3cbc660c2b3]::rust_begin_unwind
[INFO] [stdout]   10:     0x5907bcc5e81c - core[df12db4294e9bfd3]::panicking::panic_fmt
[INFO] [stdout]   11:     0x5907bcc5e5f2 - core[df12db4294e9bfd3]::result::unwrap_failed
[INFO] [stdout]   12:     0x5907bcba6f01 - spray[caf5516d1829b1a6]::test_util::create_a_test_directory
[INFO] [stdout]   13:     0x5907bcb85291 - spray[caf5516d1829b1a6]::handle::tests::open_existing_handle::{closure#0}
[INFO] [stdout]   14:     0x5907bcb8caf2 - <tokio[215712cd408306d6]::macros::scoped_tls::ScopedKey<tokio[215712cd408306d6]::runtime::basic_scheduler::Context>>::set::<tokio[215712cd408306d6]::runtime::basic_scheduler::enter<<tokio[215712cd408306d6]::runtime::basic_scheduler::BasicScheduler<tokio[215712cd408306d6]::park::either::Either<tokio[215712cd408306d6]::time::driver::Driver<tokio[215712cd408306d6]::park::either::Either<tokio[215712cd408306d6]::io::driver::Driver, tokio[215712cd408306d6]::park::thread::ParkThread>>, tokio[215712cd408306d6]::park::either::Either<tokio[215712cd408306d6]::io::driver::Driver, tokio[215712cd408306d6]::park::thread::ParkThread>>>>::block_on<spray[caf5516d1829b1a6]::handle::tests::open_existing_handle::{closure#0}>::{closure#0}, (), tokio[215712cd408306d6]::park::either::Either<tokio[215712cd408306d6]::time::driver::Driver<tokio[215712cd408306d6]::park::either::Either<tokio[215712cd408306d6]::io::driver::Driver, tokio[215712cd408306d6]::park::thread::ParkThread>>, tokio[215712cd408306d6]::park::either::Either<tokio[215712cd408306d6]::io::driver::Driver, tokio[215712cd408306d6]::park::thread::ParkThread>>>::{closure#0}, ()>
[INFO] [stdout]   15:     0x5907bcb9bfcf - tokio[215712cd408306d6]::runtime::basic_scheduler::enter::<<tokio[215712cd408306d6]::runtime::basic_scheduler::BasicScheduler<tokio[215712cd408306d6]::park::either::Either<tokio[215712cd408306d6]::time::driver::Driver<tokio[215712cd408306d6]::park::either::Either<tokio[215712cd408306d6]::io::driver::Driver, tokio[215712cd408306d6]::park::thread::ParkThread>>, tokio[215712cd408306d6]::park::either::Either<tokio[215712cd408306d6]::io::driver::Driver, tokio[215712cd408306d6]::park::thread::ParkThread>>>>::block_on<spray[caf5516d1829b1a6]::handle::tests::open_existing_handle::{closure#0}>::{closure#0}, (), tokio[215712cd408306d6]::park::either::Either<tokio[215712cd408306d6]::time::driver::Driver<tokio[215712cd408306d6]::park::either::Either<tokio[215712cd408306d6]::io::driver::Driver, tokio[215712cd408306d6]::park::thread::ParkThread>>, tokio[215712cd408306d6]::park::either::Either<tokio[215712cd408306d6]::io::driver::Driver, tokio[215712cd408306d6]::park::thread::ParkThread>>>
[INFO] [stdout]   16:     0x5907bcb9f77f - tokio[215712cd408306d6]::runtime::context::enter::<<tokio[215712cd408306d6]::runtime::Runtime>::block_on<spray[caf5516d1829b1a6]::handle::tests::open_existing_handle::{closure#0}>::{closure#0}, ()>
[INFO] [stdout]   17:     0x5907bcba8c94 - <spray[caf5516d1829b1a6]::handle::tests::open_existing_handle::{closure#0} as core[df12db4294e9bfd3]::ops::function::FnOnce<()>>::call_once
[INFO] [stdout]   18:     0x5907bcbb00bb - test[9d35eded1c95d3be]::__rust_begin_short_backtrace::<core[df12db4294e9bfd3]::result::Result<(), alloc[2182bb758b4b3781]::string::String>, fn() -> core[df12db4294e9bfd3]::result::Result<(), alloc[2182bb758b4b3781]::string::String>>
[INFO] [stdout]   19:     0x5907bcbbd725 - test[9d35eded1c95d3be]::run_test::{closure#0}
[INFO] [stdout]   20:     0x5907bcbb6fe4 - std[70759c8f55707aa4]::sys::backtrace::__rust_begin_short_backtrace::<test[9d35eded1c95d3be]::run_test::{closure#1}, ()>
[INFO] [stdout]   21:     0x5907bcbc0882 - <std[70759c8f55707aa4]::thread::lifecycle::spawn_unchecked<test[9d35eded1c95d3be]::run_test::{closure#1}, ()>::{closure#1} as core[df12db4294e9bfd3]::ops::function::FnOnce<()>>::call_once::{shim:vtable#0}
[INFO] [stdout]   22:     0x5907bcc48929 - <std[70759c8f55707aa4]::sys::thread::unix::Thread>::new::thread_start
[INFO] [stdout]   23:     0x7f5f6acffdfa - <unknown>
[INFO] [stdout]   24:     0x7f5f6ad933d4 - clone
[INFO] [stdout]   25:                0x0 - <unknown>
[INFO] [stdout] 
[INFO] [stdout] ---- log::tests::stream_entries stdout ----
[INFO] [stdout] 
[INFO] [stdout] thread 'log::tests::stream_entries' (1050) panicked at src/test_util.rs:9:34:
[INFO] [stdout] called `Result::unwrap()` on an `Err` value: Os { code: 30, kind: ReadOnlyFilesystem, message: "Read-only file system" }
[INFO] [stdout] stack backtrace:
[INFO] [stdout]    0:     0x5907bcc49051 - <<std[70759c8f55707aa4]::sys::backtrace::BacktraceLock>::print::DisplayBacktrace as core[df12db4294e9bfd3]::fmt::Display>::fmt
[INFO] [stdout]    1:     0x5907bcc5e0ba - core[df12db4294e9bfd3]::fmt::write
[INFO] [stdout]    2:     0x5907bcc4d97c - <alloc[2182bb758b4b3781]::vec::Vec<u8> as core[df12db4294e9bfd3]::io::write::Write>::write_fmt
[INFO] [stdout]    3:     0x5907bcc24076 - std[70759c8f55707aa4]::panicking::default_hook::{closure#0}
[INFO] [stdout]    4:     0x5907bcc414f9 - std[70759c8f55707aa4]::panicking::default_hook
[INFO] [stdout]    5:     0x5907bcbbcdd0 - test[9d35eded1c95d3be]::test_main_inner::<test[9d35eded1c95d3be]::test_main_static::{closure#0}>::{closure#0}
[INFO] [stdout]    6:     0x5907bcc416b2 - std[70759c8f55707aa4]::panicking::panic_with_hook
[INFO] [stdout]    7:     0x5907bcc24122 - std[70759c8f55707aa4]::panicking::panic_handler::{closure#0}
[INFO] [stdout]    8:     0x5907bcc1ccb9 - std[70759c8f55707aa4]::sys::backtrace::__rust_end_short_backtrace::<std[70759c8f55707aa4]::panicking::panic_handler::{closure#0}, !>
[INFO] [stdout]    9:     0x5907bcc24d1d - __rustc[8fa7c3cbc660c2b3]::rust_begin_unwind
[INFO] [stdout]   10:     0x5907bcc5e81c - core[df12db4294e9bfd3]::panicking::panic_fmt
[INFO] [stdout]   11:     0x5907bcc5e5f2 - core[df12db4294e9bfd3]::result::unwrap_failed
[INFO] [stdout]   12:     0x5907bcba6f01 - spray[caf5516d1829b1a6]::test_util::create_a_test_directory
[INFO] [stdout]   13:     0x5907bcb81290 - spray[caf5516d1829b1a6]::log::tests::stream_entries::{closure#0}
[INFO] [stdout]   14:     0x5907bcb89b02 - <tokio[215712cd408306d6]::macros::scoped_tls::ScopedKey<tokio[215712cd408306d6]::runtime::basic_scheduler::Context>>::set::<tokio[215712cd408306d6]::runtime::basic_scheduler::enter<<tokio[215712cd408306d6]::runtime::basic_scheduler::BasicScheduler<tokio[215712cd408306d6]::park::either::Either<tokio[215712cd408306d6]::time::driver::Driver<tokio[215712cd408306d6]::park::either::Either<tokio[215712cd408306d6]::io::driver::Driver, tokio[215712cd408306d6]::park::thread::ParkThread>>, tokio[215712cd408306d6]::park::either::Either<tokio[215712cd408306d6]::io::driver::Driver, tokio[215712cd408306d6]::park::thread::ParkThread>>>>::block_on<spray[caf5516d1829b1a6]::log::tests::stream_entries::{closure#0}>::{closure#0}, (), tokio[215712cd408306d6]::park::either::Either<tokio[215712cd408306d6]::time::driver::Driver<tokio[215712cd408306d6]::park::either::Either<tokio[215712cd408306d6]::io::driver::Driver, tokio[215712cd408306d6]::park::thread::ParkThread>>, tokio[215712cd408306d6]::park::either::Either<tokio[215712cd408306d6]::io::driver::Driver, tokio[215712cd408306d6]::park::thread::ParkThread>>>::{closure#0}, ()>
[INFO] [stdout]   15:     0x5907bcb9b4ef - tokio[215712cd408306d6]::runtime::basic_scheduler::enter::<<tokio[215712cd408306d6]::runtime::basic_scheduler::BasicScheduler<tokio[215712cd408306d6]::park::either::Either<tokio[215712cd408306d6]::time::driver::Driver<tokio[215712cd408306d6]::park::either::Either<tokio[215712cd408306d6]::io::driver::Driver, tokio[215712cd408306d6]::park::thread::ParkThread>>, tokio[215712cd408306d6]::park::either::Either<tokio[215712cd408306d6]::io::driver::Driver, tokio[215712cd408306d6]::park::thread::ParkThread>>>>::block_on<spray[caf5516d1829b1a6]::log::tests::stream_entries::{closure#0}>::{closure#0}, (), tokio[215712cd408306d6]::park::either::Either<tokio[215712cd408306d6]::time::driver::Driver<tokio[215712cd408306d6]::park::either::Either<tokio[215712cd408306d6]::io::driver::Driver, tokio[215712cd408306d6]::park::thread::ParkThread>>, tokio[215712cd408306d6]::park::either::Either<tokio[215712cd408306d6]::io::driver::Driver, tokio[215712cd408306d6]::park::thread::ParkThread>>>
[INFO] [stdout]   16:     0x5907bcb9ea1f - tokio[215712cd408306d6]::runtime::context::enter::<<tokio[215712cd408306d6]::runtime::Runtime>::block_on<spray[caf5516d1829b1a6]::log::tests::stream_entries::{closure#0}>::{closure#0}, ()>
[INFO] [stdout]   17:     0x5907bcbab232 - spray[caf5516d1829b1a6]::log::tests::stream_entries
[INFO] [stdout]   18:     0x5907bcba8869 - <spray[caf5516d1829b1a6]::log::tests::stream_entries::{closure#0} as core[df12db4294e9bfd3]::ops::function::FnOnce<()>>::call_once
[INFO] [stdout]   19:     0x5907bcbb00bb - test[9d35eded1c95d3be]::__rust_begin_short_backtrace::<core[df12db4294e9bfd3]::result::Result<(), alloc[2182bb758b4b3781]::string::String>, fn() -> core[df12db4294e9bfd3]::result::Result<(), alloc[2182bb758b4b3781]::string::String>>
[INFO] [stdout]   20:     0x5907bcbbd725 - test[9d35eded1c95d3be]::run_test::{closure#0}
[INFO] [stdout]   21:     0x5907bcbb6fe4 - std[70759c8f55707aa4]::sys::backtrace::__rust_begin_short_backtrace::<test[9d35eded1c95d3be]::run_test::{closure#1}, ()>
[INFO] [stdout]   22:     0x5907bcbc0882 - <std[70759c8f55707aa4]::thread::lifecycle::spawn_unchecked<test[9d35eded1c95d3be]::run_test::{closure#1}, ()>::{closure#1} as core[df12db4294e9bfd3]::ops::function::FnOnce<()>>::call_once::{shim:vtable#0}
[INFO] [stdout]   23:     0x5907bcc48929 - <std[70759c8f55707aa4]::sys::thread::unix::Thread>::new::thread_start
[INFO] [stdout]   24:     0x7f5f6acffdfa - <unknown>
[INFO] [stdout]   25:     0x7f5f6ad933d4 - clone
[INFO] [stdout]   26:                0x0 - <unknown>
[INFO] [stdout] 
[INFO] [stdout] ---- ledger::tests::stream_entries_from_ledger stdout ----
[INFO] [stdout] 
[INFO] [stdout] thread 'ledger::tests::stream_entries_from_ledger' (1046) panicked at src/test_util.rs:9:34:
[INFO] [stdout] called `Result::unwrap()` on an `Err` value: Os { code: 30, kind: ReadOnlyFilesystem, message: "Read-only file system" }
[INFO] [stdout] stack backtrace:
[INFO] [stdout]    0:     0x5907bcc49051 - <<std[70759c8f55707aa4]::sys::backtrace::BacktraceLock>::print::DisplayBacktrace as core[df12db4294e9bfd3]::fmt::Display>::fmt
[INFO] [stdout]    1:     0x5907bcc5e0ba - core[df12db4294e9bfd3]::fmt::write
[INFO] [stdout]    2:     0x5907bcc4d97c - <alloc[2182bb758b4b3781]::vec::Vec<u8> as core[df12db4294e9bfd3]::io::write::Write>::write_fmt
[INFO] [stdout]    3:     0x5907bcc24076 - std[70759c8f55707aa4]::panicking::default_hook::{closure#0}
[INFO] [stdout]    4:     0x5907bcc414f9 - std[70759c8f55707aa4]::panicking::default_hook
[INFO] [stdout]    5:     0x5907bcbbcdd0 - test[9d35eded1c95d3be]::test_main_inner::<test[9d35eded1c95d3be]::test_main_static::{closure#0}>::{closure#0}
[INFO] [stdout]    6:     0x5907bcc416b2 - std[70759c8f55707aa4]::panicking::panic_with_hook
[INFO] [stdout]    7:     0x5907bcc24122 - std[70759c8f55707aa4]::panicking::panic_handler::{closure#0}
[INFO] [stdout]    8:     0x5907bcc1ccb9 - std[70759c8f55707aa4]::sys::backtrace::__rust_end_short_backtrace::<std[70759c8f55707aa4]::panicking::panic_handler::{closure#0}, !>
[INFO] [stdout]    9:     0x5907bcc24d1d - __rustc[8fa7c3cbc660c2b3]::rust_begin_unwind
[INFO] [stdout]   10:     0x5907bcc5e81c - core[df12db4294e9bfd3]::panicking::panic_fmt
[INFO] [stdout]   11:     0x5907bcc5e5f2 - core[df12db4294e9bfd3]::result::unwrap_failed
[INFO] [stdout]   12:     0x5907bcba6f01 - spray[caf5516d1829b1a6]::test_util::create_a_test_directory
[INFO] [stdout]   13:     0x5907bcb87cbd - spray[caf5516d1829b1a6]::ledger::tests::stream_entries_from_ledger::{closure#0}
[INFO] [stdout]   14:     0x5907bcb8ea12 - <tokio[215712cd408306d6]::macros::scoped_tls::ScopedKey<tokio[215712cd408306d6]::runtime::basic_scheduler::Context>>::set::<tokio[215712cd408306d6]::runtime::basic_scheduler::enter<<tokio[215712cd408306d6]::runtime::basic_scheduler::BasicScheduler<tokio[215712cd408306d6]::park::either::Either<tokio[215712cd408306d6]::time::driver::Driver<tokio[215712cd408306d6]::park::either::Either<tokio[215712cd408306d6]::io::driver::Driver, tokio[215712cd408306d6]::park::thread::ParkThread>>, tokio[215712cd408306d6]::park::either::Either<tokio[215712cd408306d6]::io::driver::Driver, tokio[215712cd408306d6]::park::thread::ParkThread>>>>::block_on<spray[caf5516d1829b1a6]::ledger::tests::stream_entries_from_ledger::{closure#0}>::{closure#0}, (), tokio[215712cd408306d6]::park::either::Either<tokio[215712cd408306d6]::time::driver::Driver<tokio[215712cd408306d6]::park::either::Either<tokio[215712cd408306d6]::io::driver::Driver, tokio[215712cd408306d6]::park::thread::ParkThread>>, tokio[215712cd408306d6]::park::either::Either<tokio[215712cd408306d6]::io::driver::Driver, tokio[215712cd408306d6]::park::thread::ParkThread>>>::{closure#0}, ()>
[INFO] [stdout]   15:     0x5907bcb9c672 - tokio[215712cd408306d6]::runtime::basic_scheduler::enter::<<tokio[215712cd408306d6]::runtime::basic_scheduler::BasicScheduler<tokio[215712cd408306d6]::park::either::Either<tokio[215712cd408306d6]::time::driver::Driver<tokio[215712cd408306d6]::park::either::Either<tokio[215712cd408306d6]::io::driver::Driver, tokio[215712cd408306d6]::park::thread::ParkThread>>, tokio[215712cd408306d6]::park::either::Either<tokio[215712cd408306d6]::io::driver::Driver, tokio[215712cd408306d6]::park::thread::ParkThread>>>>::block_on<spray[caf5516d1829b1a6]::ledger::tests::stream_entries_from_ledger::{closure#0}>::{closure#0}, (), tokio[215712cd408306d6]::park::either::Either<tokio[215712cd408306d6]::time::driver::Driver<tokio[215712cd408306d6]::park::either::Either<tokio[215712cd408306d6]::io::driver::Driver, tokio[215712cd408306d6]::park::thread::ParkThread>>, tokio[215712cd408306d6]::park::either::Either<tokio[215712cd408306d6]::io::driver::Driver, tokio[215712cd408306d6]::park::thread::ParkThread>>>
[INFO] [stdout]   16:     0x5907bcb9ff5f - tokio[215712cd408306d6]::runtime::context::enter::<<tokio[215712cd408306d6]::runtime::Runtime>::block_on<spray[caf5516d1829b1a6]::ledger::tests::stream_entries_from_ledger::{closure#0}>::{closure#0}, ()>
[INFO] [stdout]   17:     0x5907bcba60ff - spray[caf5516d1829b1a6]::ledger::tests::stream_entries_from_ledger
[INFO] [stdout]   18:     0x5907bcba8fa9 - <spray[caf5516d1829b1a6]::ledger::tests::stream_entries_from_ledger::{closure#0} as core[df12db4294e9bfd3]::ops::function::FnOnce<()>>::call_once
[INFO] [stdout]   19:     0x5907bcbb00bb - test[9d35eded1c95d3be]::__rust_begin_short_backtrace::<core[df12db4294e9bfd3]::result::Result<(), alloc[2182bb758b4b3781]::string::String>, fn() -> core[df12db4294e9bfd3]::result::Result<(), alloc[2182bb758b4b3781]::string::String>>
[INFO] [stdout]   20:     0x5907bcbbd725 - test[9d35eded1c95d3be]::run_test::{closure#0}
[INFO] [stdout]   21:     0x5907bcbb6fe4 - std[70759c8f55707aa4]::sys::backtrace::__rust_begin_short_backtrace::<test[9d35eded1c95d3be]::run_test::{closure#1}, ()>
[INFO] [stdout]   22:     0x5907bcbc0882 - <std[70759c8f55707aa4]::thread::lifecycle::spawn_unchecked<test[9d35eded1c95d3be]::run_test::{closure#1}, ()>::{closure#1} as core[df12db4294e9bfd3]::ops::function::FnOnce<()>>::call_once::{shim:vtable#0}
[INFO] [stdout]   23:     0x5907bcc48929 - <std[70759c8f55707aa4]::sys::thread::unix::Thread>::new::thread_start
[INFO] [stdout]   24:     0x7f5f6acffdfa - <unknown>
[INFO] [stdout]   25:     0x7f5f6ad933d4 - clone
[INFO] [stdout]   26:                0x0 - <unknown>
[INFO] [stdout] 
[INFO] [stdout] ---- segment::tests::add_entries_to_segment stdout ----
[INFO] [stdout] 
[INFO] [stdout] thread 'segment::tests::add_entries_to_segment' (1052) panicked at src/test_util.rs:9:34:
[INFO] [stdout] called `Result::unwrap()` on an `Err` value: Os { code: 30, kind: ReadOnlyFilesystem, message: "Read-only file system" }
[INFO] [stdout] stack backtrace:
[INFO] [stdout]    0:     0x5907bcc49051 - <<std[70759c8f55707aa4]::sys::backtrace::BacktraceLock>::print::DisplayBacktrace as core[df12db4294e9bfd3]::fmt::Display>::fmt
[INFO] [stdout]    1:     0x5907bcc5e0ba - core[df12db4294e9bfd3]::fmt::write
[INFO] [stdout]    2:     0x5907bcc4d97c - <alloc[2182bb758b4b3781]::vec::Vec<u8> as core[df12db4294e9bfd3]::io::write::Write>::write_fmt
[INFO] [stdout]    3:     0x5907bcc24076 - std[70759c8f55707aa4]::panicking::default_hook::{closure#0}
[INFO] [stdout]    4:     0x5907bcc414f9 - std[70759c8f55707aa4]::panicking::default_hook
[INFO] [stdout]    5:     0x5907bcbbcdd0 - test[9d35eded1c95d3be]::test_main_inner::<test[9d35eded1c95d3be]::test_main_static::{closure#0}>::{closure#0}
[INFO] [stdout]    6:     0x5907bcc416b2 - std[70759c8f55707aa4]::panicking::panic_with_hook
[INFO] [stdout]    7:     0x5907bcc24122 - std[70759c8f55707aa4]::panicking::panic_handler::{closure#0}
[INFO] [stdout]    8:     0x5907bcc1ccb9 - std[70759c8f55707aa4]::sys::backtrace::__rust_end_short_backtrace::<std[70759c8f55707aa4]::panicking::panic_handler::{closure#0}, !>
[INFO] [stdout]    9:     0x5907bcc24d1d - __rustc[8fa7c3cbc660c2b3]::rust_begin_unwind
[INFO] [stdout]   10:     0x5907bcc5e81c - core[df12db4294e9bfd3]::panicking::panic_fmt
[INFO] [stdout]   11:     0x5907bcc5e5f2 - core[df12db4294e9bfd3]::result::unwrap_failed
[INFO] [stdout]   12:     0x5907bcba6f01 - spray[caf5516d1829b1a6]::test_util::create_a_test_directory
[INFO] [stdout]   13:     0x5907bcb88721 - spray[caf5516d1829b1a6]::segment::tests::add_entries_to_segment::{closure#0}
[INFO] [stdout]   14:     0x5907bcb8f632 - <tokio[215712cd408306d6]::macros::scoped_tls::ScopedKey<tokio[215712cd408306d6]::runtime::basic_scheduler::Context>>::set::<tokio[215712cd408306d6]::runtime::basic_scheduler::enter<<tokio[215712cd408306d6]::runtime::basic_scheduler::BasicScheduler<tokio[215712cd408306d6]::park::either::Either<tokio[215712cd408306d6]::time::driver::Driver<tokio[215712cd408306d6]::park::either::Either<tokio[215712cd408306d6]::io::driver::Driver, tokio[215712cd408306d6]::park::thread::ParkThread>>, tokio[215712cd408306d6]::park::either::Either<tokio[215712cd408306d6]::io::driver::Driver, tokio[215712cd408306d6]::park::thread::ParkThread>>>>::block_on<spray[caf5516d1829b1a6]::segment::tests::add_entries_to_segment::{closure#0}>::{closure#0}, (), tokio[215712cd408306d6]::park::either::Either<tokio[215712cd408306d6]::time::driver::Driver<tokio[215712cd408306d6]::park::either::Either<tokio[215712cd408306d6]::io::driver::Driver, tokio[215712cd408306d6]::park::thread::ParkThread>>, tokio[215712cd408306d6]::park::either::Either<tokio[215712cd408306d6]::io::driver::Driver, tokio[215712cd408306d6]::park::thread::ParkThread>>>::{closure#0}, ()>
[INFO] [stdout]   15:     0x5907bcb9c9b2 - tokio[215712cd408306d6]::runtime::basic_scheduler::enter::<<tokio[215712cd408306d6]::runtime::basic_scheduler::BasicScheduler<tokio[215712cd408306d6]::park::either::Either<tokio[215712cd408306d6]::time::driver::Driver<tokio[215712cd408306d6]::park::either::Either<tokio[215712cd408306d6]::io::driver::Driver, tokio[215712cd408306d6]::park::thread::ParkThread>>, tokio[215712cd408306d6]::park::either::Either<tokio[215712cd408306d6]::io::driver::Driver, tokio[215712cd408306d6]::park::thread::ParkThread>>>>::block_on<spray[caf5516d1829b1a6]::segment::tests::add_entries_to_segment::{closure#0}>::{closure#0}, (), tokio[215712cd408306d6]::park::either::Either<tokio[215712cd408306d6]::time::driver::Driver<tokio[215712cd408306d6]::park::either::Either<tokio[215712cd408306d6]::io::driver::Driver, tokio[215712cd408306d6]::park::thread::ParkThread>>, tokio[215712cd408306d6]::park::either::Either<tokio[215712cd408306d6]::io::driver::Driver, tokio[215712cd408306d6]::park::thread::ParkThread>>>
[INFO] [stdout]   16:     0x5907bcba037f - tokio[215712cd408306d6]::runtime::context::enter::<<tokio[215712cd408306d6]::runtime::Runtime>::block_on<spray[caf5516d1829b1a6]::segment::tests::add_entries_to_segment::{closure#0}>::{closure#0}, ()>
[INFO] [stdout]   17:     0x5907bcba94c7 - <spray[caf5516d1829b1a6]::segment::tests::add_entries_to_segment::{closure#0} as core[df12db4294e9bfd3]::ops::function::FnOnce<()>>::call_once
[INFO] [stdout]   18:     0x5907bcbb00bb - test[9d35eded1c95d3be]::__rust_begin_short_backtrace::<core[df12db4294e9bfd3]::result::Result<(), alloc[2182bb758b4b3781]::string::String>, fn() -> core[df12db4294e9bfd3]::result::Result<(), alloc[2182bb758b4b3781]::string::String>>
[INFO] [stdout]   19:     0x5907bcbbd725 - test[9d35eded1c95d3be]::run_test::{closure#0}
[INFO] [stdout]   20:     0x5907bcbb6fe4 - std[70759c8f55707aa4]::sys::backtrace::__rust_begin_short_backtrace::<test[9d35eded1c95d3be]::run_test::{closure#1}, ()>
[INFO] [stdout]   21:     0x5907bcbc0882 - <std[70759c8f55707aa4]::thread::lifecycle::spawn_unchecked<test[9d35eded1c95d3be]::run_test::{closure#1}, ()>::{closure#1} as core[df12db4294e9bfd3]::ops::function::FnOnce<()>>::call_once::{shim:vtable#0}
[INFO] [stdout]   22:     0x5907bcc48929 - <std[70759c8f55707aa4]::sys::thread::unix::Thread>::new::thread_start
[INFO] [stdout]   23:     0x7f5f6acffdfa - <unknown>
[INFO] [stdout]   24:     0x7f5f6ad933d4 - clone
[INFO] [stdout]   25:                0x0 - <unknown>
[INFO] [stdout] 
[INFO] [stdout] ---- ledger::tests::add_entries_to_ledger stdout ----
[INFO] [stdout] 
[INFO] [stdout] thread 'ledger::tests::add_entries_to_ledger' (1042) panicked at src/test_util.rs:9:34:
[INFO] [stdout] called `Result::unwrap()` on an `Err` value: Os { code: 30, kind: ReadOnlyFilesystem, message: "Read-only file system" }
[INFO] [stdout] stack backtrace:
[INFO] [stdout]    0:     0x5907bcc49051 - <<std[70759c8f55707aa4]::sys::backtrace::BacktraceLock>::print::DisplayBacktrace as core[df12db4294e9bfd3]::fmt::Display>::fmt
[INFO] [stdout]    1:     0x5907bcc5e0ba - core[df12db4294e9bfd3]::fmt::write
[INFO] [stdout]    2:     0x5907bcc4d97c - <alloc[2182bb758b4b3781]::vec::Vec<u8> as core[df12db4294e9bfd3]::io::write::Write>::write_fmt
[INFO] [stdout]    3:     0x5907bcc24076 - std[70759c8f55707aa4]::panicking::default_hook::{closure#0}
[INFO] [stdout]    4:     0x5907bcc414f9 - std[70759c8f55707aa4]::panicking::default_hook
[INFO] [stdout]    5:     0x5907bcbbcdd0 - test[9d35eded1c95d3be]::test_main_inner::<test[9d35eded1c95d3be]::test_main_static::{closure#0}>::{closure#0}
[INFO] [stdout]    6:     0x5907bcc416b2 - std[70759c8f55707aa4]::panicking::panic_with_hook
[INFO] [stdout]    7:     0x5907bcc24122 - std[70759c8f55707aa4]::panicking::panic_handler::{closure#0}
[INFO] [stdout]    8:     0x5907bcc1ccb9 - std[70759c8f55707aa4]::sys::backtrace::__rust_end_short_backtrace::<std[70759c8f55707aa4]::panicking::panic_handler::{closure#0}, !>
[INFO] [stdout]    9:     0x5907bcc24d1d - __rustc[8fa7c3cbc660c2b3]::rust_begin_unwind
[INFO] [stdout]   10:     0x5907bcc5e81c - core[df12db4294e9bfd3]::panicking::panic_fmt
[INFO] [stdout]   11:     0x5907bcc5e5f2 - core[df12db4294e9bfd3]::result::unwrap_failed
[INFO] [stdout]   12:     0x5907bcba6f01 - spray[caf5516d1829b1a6]::test_util::create_a_test_directory
[INFO] [stdout]   13:     0x5907bcb87135 - spray[caf5516d1829b1a6]::ledger::tests::add_entries_to_ledger::{closure#0}
[INFO] [stdout]   14:     0x5907bcb8df42 - <tokio[215712cd408306d6]::macros::scoped_tls::ScopedKey<tokio[215712cd408306d6]::runtime::basic_scheduler::Context>>::set::<tokio[215712cd408306d6]::runtime::basic_scheduler::enter<<tokio[215712cd408306d6]::runtime::basic_scheduler::BasicScheduler<tokio[215712cd408306d6]::park::either::Either<tokio[215712cd408306d6]::time::driver::Driver<tokio[215712cd408306d6]::park::either::Either<tokio[215712cd408306d6]::io::driver::Driver, tokio[215712cd408306d6]::park::thread::ParkThread>>, tokio[215712cd408306d6]::park::either::Either<tokio[215712cd408306d6]::io::driver::Driver, tokio[215712cd408306d6]::park::thread::ParkThread>>>>::block_on<spray[caf5516d1829b1a6]::ledger::tests::add_entries_to_ledger::{closure#0}>::{closure#0}, (), tokio[215712cd408306d6]::park::either::Either<tokio[215712cd408306d6]::time::driver::Driver<tokio[215712cd408306d6]::park::either::Either<tokio[215712cd408306d6]::io::driver::Driver, tokio[215712cd408306d6]::park::thread::ParkThread>>, tokio[215712cd408306d6]::park::either::Either<tokio[215712cd408306d6]::io::driver::Driver, tokio[215712cd408306d6]::park::thread::ParkThread>>>::{closure#0}, ()>
[INFO] [stdout]   15:     0x5907bcb9c422 - tokio[215712cd408306d6]::runtime::basic_scheduler::enter::<<tokio[215712cd408306d6]::runtime::basic_scheduler::BasicScheduler<tokio[215712cd408306d6]::park::either::Either<tokio[215712cd408306d6]::time::driver::Driver<tokio[215712cd408306d6]::park::either::Either<tokio[215712cd408306d6]::io::driver::Driver, tokio[215712cd408306d6]::park::thread::ParkThread>>, tokio[215712cd408306d6]::park::either::Either<tokio[215712cd408306d6]::io::driver::Driver, tokio[215712cd408306d6]::park::thread::ParkThread>>>>::block_on<spray[caf5516d1829b1a6]::ledger::tests::add_entries_to_ledger::{closure#0}>::{closure#0}, (), tokio[215712cd408306d6]::park::either::Either<tokio[215712cd408306d6]::time::driver::Driver<tokio[215712cd408306d6]::park::either::Either<tokio[215712cd408306d6]::io::driver::Driver, tokio[215712cd408306d6]::park::thread::ParkThread>>, tokio[215712cd408306d6]::park::either::Either<tokio[215712cd408306d6]::io::driver::Driver, tokio[215712cd408306d6]::park::thread::ParkThread>>>
[INFO] [stdout]   16:     0x5907bcb9fc8f - tokio[215712cd408306d6]::runtime::context::enter::<<tokio[215712cd408306d6]::runtime::Runtime>::block_on<spray[caf5516d1829b1a6]::ledger::tests::add_entries_to_ledger::{closure#0}>::{closure#0}, ()>
[INFO] [stdout]   17:     0x5907bcba5d5f - spray[caf5516d1829b1a6]::ledger::tests::add_entries_to_ledger
[INFO] [stdout]   18:     0x5907bcba8f69 - <spray[caf5516d1829b1a6]::ledger::tests::add_entries_to_ledger::{closure#0} as core[df12db4294e9bfd3]::ops::function::FnOnce<()>>::call_once
[INFO] [stdout]   19:     0x5907bcbb00bb - test[9d35eded1c95d3be]::__rust_begin_short_backtrace::<core[df12db4294e9bfd3]::result::Result<(), alloc[2182bb758b4b3781]::string::String>, fn() -> core[df12db4294e9bfd3]::result::Result<(), alloc[2182bb758b4b3781]::string::String>>
[INFO] [stdout]   20:     0x5907bcbbd725 - test[9d35eded1c95d3be]::run_test::{closure#0}
[INFO] [stdout]   21:     0x5907bcbb6fe4 - std[70759c8f55707aa4]::sys::backtrace::__rust_begin_short_backtrace::<test[9d35eded1c95d3be]::run_test::{closure#1}, ()>
[INFO] [stdout]   22:     0x5907bcbc0882 - <std[70759c8f55707aa4]::thread::lifecycle::spawn_unchecked<test[9d35eded1c95d3be]::run_test::{closure#1}, ()>::{closure#1} as core[df12db4294e9bfd3]::ops::function::FnOnce<()>>::call_once::{shim:vtable#0}
[INFO] [stdout]   23:     0x5907bcc48929 - <std[70759c8f55707aa4]::sys::thread::unix::Thread>::new::thread_start
[INFO] [stdout]   24:     0x7f5f6acffdfa - <unknown>
[INFO] [stdout]   25:     0x7f5f6ad933d4 - clone
[INFO] [stdout]   26:                0x0 - <unknown>
[INFO] [stdout] 
[INFO] [stdout] ---- segment::tests::create_new_segment stdout ----
[INFO] [stdout] 
[INFO] [stdout] thread 'segment::tests::create_new_segment' (1053) panicked at src/test_util.rs:9:34:
[INFO] [stdout] called `Result::unwrap()` on an `Err` value: Os { code: 30, kind: ReadOnlyFilesystem, message: "Read-only file system" }
[INFO] [stdout] stack backtrace:
[INFO] [stdout]    0:     0x5907bcc49051 - <<std[70759c8f55707aa4]::sys::backtrace::BacktraceLock>::print::DisplayBacktrace as core[df12db4294e9bfd3]::fmt::Display>::fmt
[INFO] [stdout]    1:     0x5907bcc5e0ba - core[df12db4294e9bfd3]::fmt::write
[INFO] [stdout]    2:     0x5907bcc4d97c - <alloc[2182bb758b4b3781]::vec::Vec<u8> as core[df12db4294e9bfd3]::io::write::Write>::write_fmt
[INFO] [stdout]    3:     0x5907bcc24076 - std[70759c8f55707aa4]::panicking::default_hook::{closure#0}
[INFO] [stdout]    4:     0x5907bcc414f9 - std[70759c8f55707aa4]::panicking::default_hook
[INFO] [stdout]    5:     0x5907bcbbcdd0 - test[9d35eded1c95d3be]::test_main_inner::<test[9d35eded1c95d3be]::test_main_static::{closure#0}>::{closure#0}
[INFO] [stdout]    6:     0x5907bcc416b2 - std[70759c8f55707aa4]::panicking::panic_with_hook
[INFO] [stdout]    7:     0x5907bcc24122 - std[70759c8f55707aa4]::panicking::panic_handler::{closure#0}
[INFO] [stdout]    8:     0x5907bcc1ccb9 - std[70759c8f55707aa4]::sys::backtrace::__rust_end_short_backtrace::<std[70759c8f55707aa4]::panicking::panic_handler::{closure#0}, !>
[INFO] [stdout]    9:     0x5907bcc24d1d - __rustc[8fa7c3cbc660c2b3]::rust_begin_unwind
[INFO] [stdout]   10:     0x5907bcc5e81c - core[df12db4294e9bfd3]::panicking::panic_fmt
[INFO] [stdout]   11:     0x5907bcc5e5f2 - core[df12db4294e9bfd3]::result::unwrap_failed
[INFO] [stdout]   12:     0x5907bcba6f01 - spray[caf5516d1829b1a6]::test_util::create_a_test_directory
[INFO] [stdout]   13:     0x5907bcb88529 - spray[caf5516d1829b1a6]::segment::tests::create_new_segment::{closure#0}
[INFO] [stdout]   14:     0x5907bcb8f05b - <tokio[215712cd408306d6]::macros::scoped_tls::ScopedKey<tokio[215712cd408306d6]::runtime::basic_scheduler::Context>>::set::<tokio[215712cd408306d6]::runtime::basic_scheduler::enter<<tokio[215712cd408306d6]::runtime::basic_scheduler::BasicScheduler<tokio[215712cd408306d6]::park::either::Either<tokio[215712cd408306d6]::time::driver::Driver<tokio[215712cd408306d6]::park::either::Either<tokio[215712cd408306d6]::io::driver::Driver, tokio[215712cd408306d6]::park::thread::ParkThread>>, tokio[215712cd408306d6]::park::either::Either<tokio[215712cd408306d6]::io::driver::Driver, tokio[215712cd408306d6]::park::thread::ParkThread>>>>::block_on<spray[caf5516d1829b1a6]::segment::tests::create_new_segment::{closure#0}>::{closure#0}, (), tokio[215712cd408306d6]::park::either::Either<tokio[215712cd408306d6]::time::driver::Driver<tokio[215712cd408306d6]::park::either::Either<tokio[215712cd408306d6]::io::driver::Driver, tokio[215712cd408306d6]::park::thread::ParkThread>>, tokio[215712cd408306d6]::park::either::Either<tokio[215712cd408306d6]::io::driver::Driver, tokio[215712cd408306d6]::park::thread::ParkThread>>>::{closure#0}, ()>
[INFO] [stdout]   15:     0x5907bcb9c89c - tokio[215712cd408306d6]::runtime::basic_scheduler::enter::<<tokio[215712cd408306d6]::runtime::basic_scheduler::BasicScheduler<tokio[215712cd408306d6]::park::either::Either<tokio[215712cd408306d6]::time::driver::Driver<tokio[215712cd408306d6]::park::either::Either<tokio[215712cd408306d6]::io::driver::Driver, tokio[215712cd408306d6]::park::thread::ParkThread>>, tokio[215712cd408306d6]::park::either::Either<tokio[215712cd408306d6]::io::driver::Driver, tokio[215712cd408306d6]::park::thread::ParkThread>>>>::block_on<spray[caf5516d1829b1a6]::segment::tests::create_new_segment::{closure#0}>::{closure#0}, (), tokio[215712cd408306d6]::park::either::Either<tokio[215712cd408306d6]::time::driver::Driver<tokio[215712cd408306d6]::park::either::Either<tokio[215712cd408306d6]::io::driver::Driver, tokio[215712cd408306d6]::park::thread::ParkThread>>, tokio[215712cd408306d6]::park::either::Either<tokio[215712cd408306d6]::io::driver::Driver, tokio[215712cd408306d6]::park::thread::ParkThread>>>
[INFO] [stdout]   16:     0x5907bcba01f2 - tokio[215712cd408306d6]::runtime::context::enter::<<tokio[215712cd408306d6]::runtime::Runtime>::block_on<spray[caf5516d1829b1a6]::segment::tests::create_new_segment::{closure#0}>::{closure#0}, ()>
[INFO] [stdout]   17:     0x5907bcba92e4 - <spray[caf5516d1829b1a6]::segment::tests::create_new_segment::{closure#0} as core[df12db4294e9bfd3]::ops::function::FnOnce<()>>::call_once
[INFO] [stdout]   18:     0x5907bcbb00bb - test[9d35eded1c95d3be]::__rust_begin_short_backtrace::<core[df12db4294e9bfd3]::result::Result<(), alloc[2182bb758b4b3781]::string::String>, fn() -> core[df12db4294e9bfd3]::result::Result<(), alloc[2182bb758b4b3781]::string::String>>
[INFO] [stdout]   19:     0x5907bcbbd725 - test[9d35eded1c95d3be]::run_test::{closure#0}
[INFO] [stdout]   20:     0x5907bcbb6fe4 - std[70759c8f55707aa4]::sys::backtrace::__rust_begin_short_backtrace::<test[9d35eded1c95d3be]::run_test::{closure#1}, ()>
[INFO] [stdout]   21:     0x5907bcbc0882 - <std[70759c8f55707aa4]::thread::lifecycle::spawn_unchecked<test[9d35eded1c95d3be]::run_test::{closure#1}, ()>::{closure#1} as core[df12db4294e9bfd3]::ops::function::FnOnce<()>>::call_once::{shim:vtable#0}
[INFO] [stdout]   22:     0x5907bcc48929 - <std[70759c8f55707aa4]::sys::thread::unix::Thread>::new::thread_start
[INFO] [stdout]   23:     0x7f5f6acffdfa - <unknown>
[INFO] [stdout]   24:     0x7f5f6ad933d4 - clone
[INFO] [stdout]   25:                0x0 - <unknown>
[INFO] [stdout] 
[INFO] [stdout] ---- segment::tests::stream_entries_from_segment stdout ----
[INFO] [stdout] 
[INFO] [stdout] thread 'segment::tests::stream_entries_from_segment' (1055) panicked at src/test_util.rs:9:34:
[INFO] [stdout] called `Result::unwrap()` on an `Err` value: Os { code: 30, kind: ReadOnlyFilesystem, message: "Read-only file system" }
[INFO] [stdout] stack backtrace:
[INFO] [stdout]    0:     0x5907bcc49051 - <<std[70759c8f55707aa4]::sys::backtrace::BacktraceLock>::print::DisplayBacktrace as core[df12db4294e9bfd3]::fmt::Display>::fmt
[INFO] [stdout]    1:     0x5907bcc5e0ba - core[df12db4294e9bfd3]::fmt::write
[INFO] [stdout]    2:     0x5907bcc4d97c - <alloc[2182bb758b4b3781]::vec::Vec<u8> as core[df12db4294e9bfd3]::io::write::Write>::write_fmt
[INFO] [stdout]    3:     0x5907bcc24076 - std[70759c8f55707aa4]::panicking::default_hook::{closure#0}
[INFO] [stdout]    4:     0x5907bcc414f9 - std[70759c8f55707aa4]::panicking::default_hook
[INFO] [stdout]    5:     0x5907bcbbcdd0 - test[9d35eded1c95d3be]::test_main_inner::<test[9d35eded1c95d3be]::test_main_static::{closure#0}>::{closure#0}
[INFO] [stdout]    6:     0x5907bcc416b2 - std[70759c8f55707aa4]::panicking::panic_with_hook
[INFO] [stdout]    7:     0x5907bcc24122 - std[70759c8f55707aa4]::panicking::panic_handler::{closure#0}
[INFO] [stdout]    8:     0x5907bcc1ccb9 - std[70759c8f55707aa4]::sys::backtrace::__rust_end_short_backtrace::<std[70759c8f55707aa4]::panicking::panic_handler::{closure#0}, !>
[INFO] [stdout]    9:     0x5907bcc24d1d - __rustc[8fa7c3cbc660c2b3]::rust_begin_unwind
[INFO] [stdout]   10:     0x5907bcc5e81c - core[df12db4294e9bfd3]::panicking::panic_fmt
[INFO] [stdout]   11:     0x5907bcc5e5f2 - core[df12db4294e9bfd3]::result::unwrap_failed
[INFO] [stdout]   12:     0x5907bcba6f01 - spray[caf5516d1829b1a6]::test_util::create_a_test_directory
[INFO] [stdout]   13:     0x5907bcb88b58 - spray[caf5516d1829b1a6]::segment::tests::stream_entries_from_segment::{closure#0}
[INFO] [stdout]   14:     0x5907bcb8fb42 - <tokio[215712cd408306d6]::macros::scoped_tls::ScopedKey<tokio[215712cd408306d6]::runtime::basic_scheduler::Context>>::set::<tokio[215712cd408306d6]::runtime::basic_scheduler::enter<<tokio[215712cd408306d6]::runtime::basic_scheduler::BasicScheduler<tokio[215712cd408306d6]::park::either::Either<tokio[215712cd408306d6]::time::driver::Driver<tokio[215712cd408306d6]::park::either::Either<tokio[215712cd408306d6]::io::driver::Driver, tokio[215712cd408306d6]::park::thread::ParkThread>>, tokio[215712cd408306d6]::park::either::Either<tokio[215712cd408306d6]::io::driver::Driver, tokio[215712cd408306d6]::park::thread::ParkThread>>>>::block_on<spray[caf5516d1829b1a6]::segment::tests::stream_entries_from_segment::{closure#0}>::{closure#0}, (), tokio[215712cd408306d6]::park::either::Either<tokio[215712cd408306d6]::time::driver::Driver<tokio[215712cd408306d6]::park::either::Either<tokio[215712cd408306d6]::io::driver::Driver, tokio[215712cd408306d6]::park::thread::ParkThread>>, tokio[215712cd408306d6]::park::either::Either<tokio[215712cd408306d6]::io::driver::Driver, tokio[215712cd408306d6]::park::thread::ParkThread>>>::{closure#0}, ()>
[INFO] [stdout]   15:     0x5907bcb9cac2 - tokio[215712cd408306d6]::runtime::basic_scheduler::enter::<<tokio[215712cd408306d6]::runtime::basic_scheduler::BasicScheduler<tokio[215712cd408306d6]::park::either::Either<tokio[215712cd408306d6]::time::driver::Driver<tokio[215712cd408306d6]::park::either::Either<tokio[215712cd408306d6]::io::driver::Driver, tokio[215712cd408306d6]::park::thread::ParkThread>>, tokio[215712cd408306d6]::park::either::Either<tokio[215712cd408306d6]::io::driver::Driver, tokio[215712cd408306d6]::park::thread::ParkThread>>>>::block_on<spray[caf5516d1829b1a6]::segment::tests::stream_entries_from_segment::{closure#0}>::{closure#0}, (), tokio[215712cd408306d6]::park::either::Either<tokio[215712cd408306d6]::time::driver::Driver<tokio[215712cd408306d6]::park::either::Either<tokio[215712cd408306d6]::io::driver::Driver, tokio[215712cd408306d6]::park::thread::ParkThread>>, tokio[215712cd408306d6]::park::either::Either<tokio[215712cd408306d6]::io::driver::Driver, tokio[215712cd408306d6]::park::thread::ParkThread>>>
[INFO] [stdout]   16:     0x5907bcba04bf - tokio[215712cd408306d6]::runtime::context::enter::<<tokio[215712cd408306d6]::runtime::Runtime>::block_on<spray[caf5516d1829b1a6]::segment::tests::stream_entries_from_segment::{closure#0}>::{closure#0}, ()>
[INFO] [stdout]   17:     0x5907bcba96a7 - <spray[caf5516d1829b1a6]::segment::tests::stream_entries_from_segment::{closure#0} as core[df12db4294e9bfd3]::ops::function::FnOnce<()>>::call_once
[INFO] [stdout]   18:     0x5907bcbb00bb - test[9d35eded1c95d3be]::__rust_begin_short_backtrace::<core[df12db4294e9bfd3]::result::Result<(), alloc[2182bb758b4b3781]::string::String>, fn() -> core[df12db4294e9bfd3]::result::Result<(), alloc[2182bb758b4b3781]::string::String>>
[INFO] [stdout]   19:     0x5907bcbbd725 - test[9d35eded1c95d3be]::run_test::{closure#0}
[INFO] [stdout]   20:     0x5907bcbb6fe4 - std[70759c8f55707aa4]::sys::backtrace::__rust_begin_short_backtrace::<test[9d35eded1c95d3be]::run_test::{closure#1}, ()>
[INFO] [stdout]   21:     0x5907bcbc0882 - <std[70759c8f55707aa4]::thread::lifecycle::spawn_unchecked<test[9d35eded1c95d3be]::run_test::{closure#1}, ()>::{closure#1} as core[df12db4294e9bfd3]::ops::function::FnOnce<()>>::call_once::{shim:vtable#0}
[INFO] [stdout]   22:     0x5907bcc48929 - <std[70759c8f55707aa4]::sys::thread::unix::Thread>::new::thread_start
[INFO] [stdout]   23:     0x7f5f6acffdfa - <unknown>
[INFO] [stdout]   24:     0x7f5f6ad933d4 - clone
[INFO] [stdout]   25:                0x0 - <unknown>
[INFO] [stdout] 
[INFO] [stdout] ---- segment::tests::no_segments stdout ----
[INFO] [stdout] 
[INFO] [stdout] thread 'segment::tests::no_segments' (1054) panicked at src/test_util.rs:9:34:
[INFO] [stdout] called `Result::unwrap()` on an `Err` value: Os { code: 30, kind: ReadOnlyFilesystem, message: "Read-only file system" }
[INFO] [stdout] stack backtrace:
[INFO] [stdout]    0:     0x5907bcc49051 - <<std[70759c8f55707aa4]::sys::backtrace::BacktraceLock>::print::DisplayBacktrace as core[df12db4294e9bfd3]::fmt::Display>::fmt
[INFO] [stdout]    1:     0x5907bcc5e0ba - core[df12db4294e9bfd3]::fmt::write
[INFO] [stdout]    2:     0x5907bcc4d97c - <alloc[2182bb758b4b3781]::vec::Vec<u8> as core[df12db4294e9bfd3]::io::write::Write>::write_fmt
[INFO] [stdout]    3:     0x5907bcc24076 - std[70759c8f55707aa4]::panicking::default_hook::{closure#0}
[INFO] [stdout]    4:     0x5907bcc414f9 - std[70759c8f55707aa4]::panicking::default_hook
[INFO] [stdout]    5:     0x5907bcbbcdd0 - test[9d35eded1c95d3be]::test_main_inner::<test[9d35eded1c95d3be]::test_main_static::{closure#0}>::{closure#0}
[INFO] [stdout]    6:     0x5907bcc416b2 - std[70759c8f55707aa4]::panicking::panic_with_hook
[INFO] [stdout]    7:     0x5907bcc24122 - std[70759c8f55707aa4]::panicking::panic_handler::{closure#0}
[INFO] [stdout]    8:     0x5907bcc1ccb9 - std[70759c8f55707aa4]::sys::backtrace::__rust_end_short_backtrace::<std[70759c8f55707aa4]::panicking::panic_handler::{closure#0}, !>
[INFO] [stdout]    9:     0x5907bcc24d1d - __rustc[8fa7c3cbc660c2b3]::rust_begin_unwind
[INFO] [stdout]   10:     0x5907bcc5e81c - core[df12db4294e9bfd3]::panicking::panic_fmt
[INFO] [stdout]   11:     0x5907bcc5e5f2 - core[df12db4294e9bfd3]::result::unwrap_failed
[INFO] [stdout]   12:     0x5907bcba6f01 - spray[caf5516d1829b1a6]::test_util::create_a_test_directory
[INFO] [stdout]   13:     0x5907bcb883b5 - spray[caf5516d1829b1a6]::segment::tests::no_segments::{closure#0}
[INFO] [stdout]   14:     0x5907bcb8ee6c - <tokio[215712cd408306d6]::macros::scoped_tls::ScopedKey<tokio[215712cd408306d6]::runtime::basic_scheduler::Context>>::set::<tokio[215712cd408306d6]::runtime::basic_scheduler::enter<<tokio[215712cd408306d6]::runtime::basic_scheduler::BasicScheduler<tokio[215712cd408306d6]::park::either::Either<tokio[215712cd408306d6]::time::driver::Driver<tokio[215712cd408306d6]::park::either::Either<tokio[215712cd408306d6]::io::driver::Driver, tokio[215712cd408306d6]::park::thread::ParkThread>>, tokio[215712cd408306d6]::park::either::Either<tokio[215712cd408306d6]::io::driver::Driver, tokio[215712cd408306d6]::park::thread::ParkThread>>>>::block_on<spray[caf5516d1829b1a6]::segment::tests::no_segments::{closure#0}>::{closure#0}, (), tokio[215712cd408306d6]::park::either::Either<tokio[215712cd408306d6]::time::driver::Driver<tokio[215712cd408306d6]::park::either::Either<tokio[215712cd408306d6]::io::driver::Driver, tokio[215712cd408306d6]::park::thread::ParkThread>>, tokio[215712cd408306d6]::park::either::Either<tokio[215712cd408306d6]::io::driver::Driver, tokio[215712cd408306d6]::park::thread::ParkThread>>>::{closure#0}, ()>
[INFO] [stdout]   15:     0x5907bcb9c769 - tokio[215712cd408306d6]::runtime::basic_scheduler::enter::<<tokio[215712cd408306d6]::runtime::basic_scheduler::BasicScheduler<tokio[215712cd408306d6]::park::either::Either<tokio[215712cd408306d6]::time::driver::Driver<tokio[215712cd408306d6]::park::either::Either<tokio[215712cd408306d6]::io::driver::Driver, tokio[215712cd408306d6]::park::thread::ParkThread>>, tokio[215712cd408306d6]::park::either::Either<tokio[215712cd408306d6]::io::driver::Driver, tokio[215712cd408306d6]::park::thread::ParkThread>>>>::block_on<spray[caf5516d1829b1a6]::segment::tests::no_segments::{closure#0}>::{closure#0}, (), tokio[215712cd408306d6]::park::either::Either<tokio[215712cd408306d6]::time::driver::Driver<tokio[215712cd408306d6]::park::either::Either<tokio[215712cd408306d6]::io::driver::Driver, tokio[215712cd408306d6]::park::thread::ParkThread>>, tokio[215712cd408306d6]::park::either::Either<tokio[215712cd408306d6]::io::driver::Driver, tokio[215712cd408306d6]::park::thread::ParkThread>>>
[INFO] [stdout]   16:     0x5907bcba007f - tokio[215712cd408306d6]::runtime::context::enter::<<tokio[215712cd408306d6]::runtime::Runtime>::block_on<spray[caf5516d1829b1a6]::segment::tests::no_segments::{closure#0}>::{closure#0}, ()>
[INFO] [stdout]   17:     0x5907bcba9100 - <spray[caf5516d1829b1a6]::segment::tests::no_segments::{closure#0} as core[df12db4294e9bfd3]::ops::function::FnOnce<()>>::call_once
[INFO] [stdout]   18:     0x5907bcbb00bb - test[9d35eded1c95d3be]::__rust_begin_short_backtrace::<core[df12db4294e9bfd3]::result::Result<(), alloc[2182bb758b4b3781]::string::String>, fn() -> core[df12db4294e9bfd3]::result::Result<(), alloc[2182bb758b4b3781]::string::String>>
[INFO] [stdout]   19:     0x5907bcbbd725 - test[9d35eded1c95d3be]::run_test::{closure#0}
[INFO] [stdout]   20:     0x5907bcbb6fe4 - std[70759c8f55707aa4]::sys::backtrace::__rust_begin_short_backtrace::<test[9d35eded1c95d3be]::run_test::{closure#1}, ()>
[INFO] [stdout]   21:     0x5907bcbc0882 - <std[70759c8f55707aa4]::thread::lifecycle::spawn_unchecked<test[9d35eded1c95d3be]::run_test::{closure#1}, ()>::{closure#1} as core[df12db4294e9bfd3]::ops::function::FnOnce<()>>::call_once::{shim:vtable#0}
[INFO] [stdout]   22:     0x5907bcc48929 - <std[70759c8f55707aa4]::sys::thread::unix::Thread>::new::thread_start
[INFO] [stdout]   23:     0x7f5f6acffdfa - <unknown>
[INFO] [stdout]   24:     0x7f5f6ad933d4 - clone
[INFO] [stdout]   25:                0x0 - <unknown>
[INFO] [stdout] 
[INFO] [stdout] ---- log::tests::create_new_log stdout ----
[INFO] [stdout] 
[INFO] [stdout] thread 'log::tests::create_new_log' (1048) panicked at src/test_util.rs:9:34:
[INFO] [stdout] called `Result::unwrap()` on an `Err` value: Os { code: 30, kind: ReadOnlyFilesystem, message: "Read-only file system" }
[INFO] [stdout] stack backtrace:
[INFO] [stdout]    0:     0x5907bcc49051 - <<std[70759c8f55707aa4]::sys::backtrace::BacktraceLock>::print::DisplayBacktrace as core[df12db4294e9bfd3]::fmt::Display>::fmt
[INFO] [stdout]    1:     0x5907bcc5e0ba - core[df12db4294e9bfd3]::fmt::write
[INFO] [stdout]    2:     0x5907bcc4d97c - <alloc[2182bb758b4b3781]::vec::Vec<u8> as core[df12db4294e9bfd3]::io::write::Write>::write_fmt
[INFO] [stdout]    3:     0x5907bcc24076 - std[70759c8f55707aa4]::panicking::default_hook::{closure#0}
[INFO] [stdout]    4:     0x5907bcc414f9 - std[70759c8f55707aa4]::panicking::default_hook
[INFO] [stdout]    5:     0x5907bcbbcdd0 - test[9d35eded1c95d3be]::test_main_inner::<test[9d35eded1c95d3be]::test_main_static::{closure#0}>::{closure#0}
[INFO] [stdout]    6:     0x5907bcc416b2 - std[70759c8f55707aa4]::panicking::panic_with_hook
[INFO] [stdout]    7:     0x5907bcc24122 - std[70759c8f55707aa4]::panicking::panic_handler::{closure#0}
[INFO] [stdout]    8:     0x5907bcc1ccb9 - std[70759c8f55707aa4]::sys::backtrace::__rust_end_short_backtrace::<std[70759c8f55707aa4]::panicking::panic_handler::{closure#0}, !>
[INFO] [stdout]    9:     0x5907bcc24d1d - __rustc[8fa7c3cbc660c2b3]::rust_begin_unwind
[INFO] [stdout]   10:     0x5907bcc5e81c - core[df12db4294e9bfd3]::panicking::panic_fmt
[INFO] [stdout]   11:     0x5907bcc5e5f2 - core[df12db4294e9bfd3]::result::unwrap_failed
[INFO] [stdout]   12:     0x5907bcba6f01 - spray[caf5516d1829b1a6]::test_util::create_a_test_directory
[INFO] [stdout]   13:     0x5907bcb8100c - spray[caf5516d1829b1a6]::log::tests::create_new_log::{closure#0}
[INFO] [stdout]   14:     0x5907bcb895f2 - <tokio[215712cd408306d6]::macros::scoped_tls::ScopedKey<tokio[215712cd408306d6]::runtime::basic_scheduler::Context>>::set::<tokio[215712cd408306d6]::runtime::basic_scheduler::enter<<tokio[215712cd408306d6]::runtime::basic_scheduler::BasicScheduler<tokio[215712cd408306d6]::park::either::Either<tokio[215712cd408306d6]::time::driver::Driver<tokio[215712cd408306d6]::park::either::Either<tokio[215712cd408306d6]::io::driver::Driver, tokio[215712cd408306d6]::park::thread::ParkThread>>, tokio[215712cd408306d6]::park::either::Either<tokio[215712cd408306d6]::io::driver::Driver, tokio[215712cd408306d6]::park::thread::ParkThread>>>>::block_on<spray[caf5516d1829b1a6]::log::tests::create_new_log::{closure#0}>::{closure#0}, (), tokio[215712cd408306d6]::park::either::Either<tokio[215712cd408306d6]::time::driver::Driver<tokio[215712cd408306d6]::park::either::Either<tokio[215712cd408306d6]::io::driver::Driver, tokio[215712cd408306d6]::park::thread::ParkThread>>, tokio[215712cd408306d6]::park::either::Either<tokio[215712cd408306d6]::io::driver::Driver, tokio[215712cd408306d6]::park::thread::ParkThread>>>::{closure#0}, ()>
[INFO] [stdout]   15:     0x5907bcb9b3e2 - tokio[215712cd408306d6]::runtime::basic_scheduler::enter::<<tokio[215712cd408306d6]::runtime::basic_scheduler::BasicScheduler<tokio[215712cd408306d6]::park::either::Either<tokio[215712cd408306d6]::time::driver::Driver<tokio[215712cd408306d6]::park::either::Either<tokio[215712cd408306d6]::io::driver::Driver, tokio[215712cd408306d6]::park::thread::ParkThread>>, tokio[215712cd408306d6]::park::either::Either<tokio[215712cd408306d6]::io::driver::Driver, tokio[215712cd408306d6]::park::thread::ParkThread>>>>::block_on<spray[caf5516d1829b1a6]::log::tests::create_new_log::{closure#0}>::{closure#0}, (), tokio[215712cd408306d6]::park::either::Either<tokio[215712cd408306d6]::time::driver::Driver<tokio[215712cd408306d6]::park::either::Either<tokio[215712cd408306d6]::io::driver::Driver, tokio[215712cd408306d6]::park::thread::ParkThread>>, tokio[215712cd408306d6]::park::either::Either<tokio[215712cd408306d6]::io::driver::Driver, tokio[215712cd408306d6]::park::thread::ParkThread>>>
[INFO] [stdout]   16:     0x5907bcb9e8df - tokio[215712cd408306d6]::runtime::context::enter::<<tokio[215712cd408306d6]::runtime::Runtime>::block_on<spray[caf5516d1829b1a6]::log::tests::create_new_log::{closure#0}>::{closure#0}, ()>
[INFO] [stdout]   17:     0x5907bcbab062 - spray[caf5516d1829b1a6]::log::tests::create_new_log
[INFO] [stdout]   18:     0x5907bcba8849 - <spray[caf5516d1829b1a6]::log::tests::create_new_log::{closure#0} as core[df12db4294e9bfd3]::ops::function::FnOnce<()>>::call_once
[INFO] [stdout]   19:     0x5907bcbb00bb - test[9d35eded1c95d3be]::__rust_begin_short_backtrace::<core[df12db4294e9bfd3]::result::Result<(), alloc[2182bb758b4b3781]::string::String>, fn() -> core[df12db4294e9bfd3]::result::Result<(), alloc[2182bb758b4b3781]::string::String>>
[INFO] [stdout]   20:     0x5907bcbbd725 - test[9d35eded1c95d3be]::run_test::{closure#0}
[INFO] [stdout]   21:     0x5907bcbb6fe4 - std[70759c8f55707aa4]::sys::backtrace::__rust_begin_short_backtrace::<test[9d35eded1c95d3be]::run_test::{closure#1}, ()>
[INFO] [stdout]   22:     0x5907bcbc0882 - <std[70759c8f55707aa4]::thread::lifecycle::spawn_unchecked<test[9d35eded1c95d3be]::run_test::{closure#1}, ()>::{closure#1} as core[df12db4294e9bfd3]::ops::function::FnOnce<()>>::call_once::{shim:vtable#0}
[INFO] [stdout]   23:     0x5907bcc48929 - <std[70759c8f55707aa4]::sys::thread::unix::Thread>::new::thread_start
[INFO] [stdout]   24:     0x7f5f6acffdfa - <unknown>
[INFO] [stdout]   25:     0x7f5f6ad933d4 - clone
[INFO] [stdout]   26:                0x0 - <unknown>
[INFO] [stdout] 
[INFO] [stdout] 
[INFO] [stdout] failures:
[INFO] [stdout]     files::tests::create_new_file
[INFO] [stdout]     files::tests::list_files_as_u64
[INFO] [stdout]     handle::tests::create_new_handle
[INFO] [stdout]     handle::tests::open_existing_handle
[INFO] [stdout]     handle::tests::read_entries_from_active_handle
[INFO] [stdout]     index::tests::create_new_index
[INFO] [stdout]     index::tests::find_entry
[INFO] [stdout]     index::tests::next_offset_for_existing_index
[INFO] [stdout]     ledger::tests::add_entries_to_ledger
[INFO] [stdout]     ledger::tests::create_new_ledger
[INFO] [stdout]     ledger::tests::indicate_missing_ledger
[INFO] [stdout]     ledger::tests::segment_full
[INFO] [stdout]     ledger::tests::stream_entries_from_ledger
[INFO] [stdout]     log::tests::add_entry
[INFO] [stdout]     log::tests::create_new_log
[INFO] [stdout]     log::tests::open_existing_log
[INFO] [stdout]     log::tests::stream_entries
[INFO] [stdout]     log::tests::stream_partial
[INFO] [stdout]     segment::tests::add_entries_to_segment
[INFO] [stdout]     segment::tests::create_new_segment
[INFO] [stdout]     segment::tests::no_segments
[INFO] [stdout]     segment::tests::stream_entries_from_segment
[INFO] [stdout] 
[INFO] [stdout] test result: FAILED. 0 passed; 22 failed; 0 ignored; 0 measured; 0 filtered out; finished in 0.03s
[INFO] [stdout] 
[INFO] running `Command { std: "docker" "inspect" "aa70b172508996479479f1b51d1d8aae5986310dc2e7181575483754216ec571", kill_on_drop: false }`
[INFO] running `Command { std: "docker" "rm" "-f" "aa70b172508996479479f1b51d1d8aae5986310dc2e7181575483754216ec571", kill_on_drop: false }`
[INFO] [stdout] aa70b172508996479479f1b51d1d8aae5986310dc2e7181575483754216ec571
