[INFO] fetching crate spotify-parser 1.0.1...
[INFO] testing spotify-parser-1.0.1 against 1.100.0-beta.1+cargoflags=--release for beta-release-1.100-2
[INFO] extracting crate spotify-parser 1.0.1 into /workspace/builds/worker-5-tc2/source
[INFO] started tweaking crates.io crate spotify-parser 1.0.1
[INFO] finished tweaking crates.io crate spotify-parser 1.0.1
[INFO] tweaked toml for crates.io crate spotify-parser 1.0.1 written to /workspace/builds/worker-5-tc2/source/Cargo.toml
[INFO] validating manifest of crates.io crate spotify-parser 1.0.1 on toolchain 1.100.0-beta.1
[INFO] running `Command { std: CARGO_HOME="/workspace/cargo-home" RUSTUP_HOME="/workspace/rustup-home" "/workspace/cargo-home/bin/cargo" "+1.100.0-beta.1" "metadata" "--manifest-path" "Cargo.toml" "--no-deps", kill_on_drop: false }`
[INFO] running `Command { std: CARGO_HOME="/workspace/cargo-home" RUSTUP_HOME="/workspace/rustup-home" "/workspace/cargo-home/bin/cargo" "+1.100.0-beta.1" "generate-lockfile" "--manifest-path" "Cargo.toml", kill_on_drop: false }`
[INFO] [stderr]     Updating crates.io index
[INFO] [stderr]      Locking 226 packages to highest compatible versions
[INFO] [stderr]       Adding reqwest v0.12.28 (available: v0.13.5)
[INFO] [stderr]       Adding scraper v0.19.1 (available: v0.27.0)
[INFO] running `Command { std: CARGO_HOME="/workspace/cargo-home" RUSTUP_HOME="/workspace/rustup-home" "/workspace/cargo-home/bin/cargo" "+1.100.0-beta.1" "fetch" "--manifest-path" "Cargo.toml", kill_on_drop: false }`
[INFO] running `Command { std: "docker" "create" "-v" "/var/lib/crater-agent-workspace/builds/worker-5-tc2/source:/opt/rustwide/workdir:ro,Z" "-v" "/var/lib/crater-agent-workspace/builds/worker-5-tc2/target:/opt/rustwide/target:rw,Z" "-v" "/var/lib/crater-agent-workspace/cargo-home:/opt/rustwide/cargo-home:ro,Z" "-v" "/var/lib/crater-agent-workspace/rustup-home:/opt/rustwide/rustup-home:ro,Z" "-m" "1610612736" "--network" "none" "ghcr.io/rust-lang/crates-build-env/linux@sha256:77db811e55d90add9212f6832c23229e3de5f1c1f9905e8cb07319ea15df73ac" "sleep" "infinity", kill_on_drop: false }`
[INFO] [stdout] 4757b233d20d1652aa107fc798a6354725b274cd08e1291ae46cf177cbe6fc0a
[INFO] running `Command { std: "docker" "start" "4757b233d20d1652aa107fc798a6354725b274cd08e1291ae46cf177cbe6fc0a", kill_on_drop: false }`
[INFO] running `Command { std: "docker" "inspect" "4757b233d20d1652aa107fc798a6354725b274cd08e1291ae46cf177cbe6fc0a", kill_on_drop: false }`
[INFO] running `Command { std: "docker" "exec" "-e" "SOURCE_DIR=/opt/rustwide/workdir" "-e" "CARGO_HOME=/opt/rustwide/cargo-home" "-e" "RUSTUP_HOME=/opt/rustwide/rustup-home" "-e" "CARGO_TARGET_DIR=/opt/rustwide/target" "-w" "/opt/rustwide/workdir" "--user" "0:0" "4757b233d20d1652aa107fc798a6354725b274cd08e1291ae46cf177cbe6fc0a" "/opt/rustwide/cargo-home/bin/cargo" "+1.100.0-beta.1" "metadata" "--no-deps" "--format-version=1", kill_on_drop: false }`
[INFO] running `Command { std: "docker" "inspect" "4757b233d20d1652aa107fc798a6354725b274cd08e1291ae46cf177cbe6fc0a", kill_on_drop: false }`
[INFO] running `Command { std: "docker" "exec" "-e" "SOURCE_DIR=/opt/rustwide/workdir" "-e" "CARGO_HOME=/opt/rustwide/cargo-home" "-e" "RUSTUP_HOME=/opt/rustwide/rustup-home" "-e" "CARGO_TARGET_DIR=/opt/rustwide/target" "-e" "CARGO_INCREMENTAL=0" "-e" "RUST_BACKTRACE=full" "-e" "RUSTFLAGS=--cap-lints=warn" "-e" "RUSTDOCFLAGS=--cap-lints=warn" "-w" "/opt/rustwide/workdir" "--user" "0:0" "4757b233d20d1652aa107fc798a6354725b274cd08e1291ae46cf177cbe6fc0a" "/opt/rustwide/cargo-home/bin/cargo" "+1.100.0-beta.1" "build" "--frozen" "--message-format=json" "--release", kill_on_drop: false }`
[INFO] [stderr]    Compiling zerocopy v0.8.63
[INFO] [stderr]    Compiling stable_deref_trait v1.2.1
[INFO] [stderr]    Compiling smallvec v1.16.3
[INFO] [stderr]    Compiling syn v3.0.9
[INFO] [stderr]    Compiling getrandom v0.2.17
[INFO] [stderr]    Compiling syn v2.0.119
[INFO] [stderr]    Compiling siphasher v1.0.4
[INFO] [stderr]    Compiling openssl-sys v0.9.117
[INFO] [stderr]    Compiling ring v0.17.14
[INFO] [stderr]    Compiling rand_core v0.6.4
[INFO] [stderr]    Compiling phf_shared v0.11.3
[INFO] [stderr]    Compiling new_debug_unreachable v1.0.6
[INFO] [stderr]    Compiling siphasher v0.3.11
[INFO] [stderr]    Compiling zeroize v1.9.1
[INFO] [stderr]    Compiling futures-util v0.3.34
[INFO] [stderr]    Compiling rustls-pki-types v1.15.1
[INFO] [stderr]    Compiling phf_shared v0.10.0
[INFO] [stderr]    Compiling tracing v0.1.44
[INFO] [stderr]    Compiling serde v1.0.229
[INFO] [stderr]    Compiling openssl v0.10.81
[INFO] [stderr]    Compiling parking_lot_core v0.9.12
[INFO] [stderr]    Compiling rustls v0.23.46
[INFO] [stderr]    Compiling mac v0.1.1
[INFO] [stderr]    Compiling precomputed-hash v0.1.1
[INFO] [stderr]    Compiling futf v0.1.5
[INFO] [stderr]    Compiling parking_lot v0.12.5
[INFO] [stderr]    Compiling native-tls v0.2.18
[INFO] [stderr]    Compiling utf-8 v0.7.6
[INFO] [stderr]    Compiling ipnet v2.12.2
[INFO] [stderr]    Compiling dtoa v1.0.11
[INFO] [stderr]    Compiling dtoa-short v0.3.5
[INFO] [stderr]    Compiling string_cache v0.8.9
[INFO] [stderr]    Compiling tendril v0.4.3
[INFO] [stderr]    Compiling encoding_rs v0.8.42
[INFO] [stderr]    Compiling fxhash v0.2.1
[INFO] [stderr]    Compiling getrandom v0.3.4
[INFO] [stderr]    Compiling phf v0.10.1
[INFO] [stderr]    Compiling webpki-roots v1.0.9
[INFO] [stderr]    Compiling http-body-util v0.1.5
[INFO] [stderr]    Compiling servo_arc v0.3.0
[INFO] [stderr]    Compiling serde_json v1.0.154
[INFO] [stderr]    Compiling core_detect v1.0.0
[INFO] [stderr]    Compiling multiversion_no_op v1.0.0
[INFO] [stderr]    Compiling simdutf8 v0.1.5
[INFO] [stderr]    Compiling serde_urlencoded v0.7.1
[INFO] [stderr]    Compiling getopts v0.2.24
[INFO] [stderr]    Compiling ahash v0.8.12
[INFO] [stderr]    Compiling ego-tree v0.6.3
[INFO] [stderr]    Compiling synstructure v0.14.0
[INFO] [stderr]    Compiling ppv-lite86 v0.2.21
[INFO] [stderr]    Compiling openssl-macros v0.1.1
[INFO] [stderr]    Compiling html5ever v0.27.0
[INFO] [stderr]    Compiling cssparser-macros v0.6.1
[INFO] [stderr]    Compiling rand_chacha v0.3.1
[INFO] [stderr]    Compiling zerofrom-derive v0.1.8
[INFO] [stderr]    Compiling yoke-derive v0.8.4
[INFO] [stderr]    Compiling rand v0.8.8
[INFO] [stderr]    Compiling zerovec-derive v0.11.6
[INFO] [stderr]    Compiling displaydoc v0.2.7
[INFO] [stderr]    Compiling tokio-macros v2.7.2
[INFO] [stderr]    Compiling zerofrom v0.1.8
[INFO] [stderr]    Compiling yoke v0.8.3
[INFO] [stderr]    Compiling phf_generator v0.11.3
[INFO] [stderr]    Compiling zerovec v0.11.8
[INFO] [stderr]    Compiling zerotrie v0.2.5
[INFO] [stderr]    Compiling phf_macros v0.11.3
[INFO] [stderr]    Compiling tokio v1.53.3
[INFO] [stderr]    Compiling phf_codegen v0.11.3
[INFO] [stderr]    Compiling string_cache_codegen v0.5.4
[INFO] [stderr]    Compiling phf_generator v0.10.0
[INFO] [stderr]    Compiling phf v0.11.3
[INFO] [stderr]    Compiling phf_codegen v0.10.0
[INFO] [stderr]    Compiling selectors v0.25.0
[INFO] [stderr]    Compiling cssparser v0.31.2
[INFO] [stderr]    Compiling tinystr v0.8.4
[INFO] [stderr]    Compiling potential_utf v0.1.6
[INFO] [stderr]    Compiling icu_collections v2.3.0
[INFO] [stderr]    Compiling markup5ever v0.12.1
[INFO] [stderr]    Compiling derive_more v0.99.20
[INFO] [stderr]    Compiling icu_locale_core v2.3.0
[INFO] [stderr]    Compiling icu_provider v2.3.1
[INFO] [stderr]    Compiling icu_normalizer v2.3.0
[INFO] [stderr]    Compiling icu_properties v2.3.0
[INFO] [stderr]    Compiling scraper v0.19.1
[INFO] [stderr]    Compiling idna_adapter v1.2.2
[INFO] [stderr]    Compiling idna v1.1.0
[INFO] [stderr]    Compiling url v2.5.8
[INFO] [stderr]    Compiling tokio-util v0.7.20
[INFO] [stderr]    Compiling rustls-webpki v0.103.15
[INFO] [stderr]    Compiling tower v0.5.3
[INFO] [stderr]    Compiling h2 v0.4.20
[INFO] [stderr]    Compiling tokio-native-tls v0.3.1
[INFO] [stderr]    Compiling tower-http v0.6.11
[INFO] [stderr]    Compiling hyper v1.12.0
[INFO] [stderr]    Compiling tokio-rustls v0.26.6
[INFO] [stderr]    Compiling hyper-util v0.1.21
[INFO] [stderr]    Compiling hyper-tls v0.6.0
[INFO] [stderr]    Compiling hyper-rustls v0.27.10
[INFO] [stderr]    Compiling reqwest v0.12.28
[INFO] [stderr]    Compiling spotify-parser v1.0.1 (/opt/rustwide/workdir)
[INFO] [stderr]     Finished `release` profile [optimized] target(s) in 3m 02s
[INFO] running `Command { std: "docker" "inspect" "4757b233d20d1652aa107fc798a6354725b274cd08e1291ae46cf177cbe6fc0a", kill_on_drop: false }`
[INFO] running `Command { std: "docker" "exec" "-e" "SOURCE_DIR=/opt/rustwide/workdir" "-e" "CARGO_HOME=/opt/rustwide/cargo-home" "-e" "RUSTUP_HOME=/opt/rustwide/rustup-home" "-e" "CARGO_TARGET_DIR=/opt/rustwide/target" "-e" "CARGO_INCREMENTAL=0" "-e" "RUST_BACKTRACE=full" "-e" "RUSTFLAGS=--cap-lints=warn" "-e" "RUSTDOCFLAGS=--cap-lints=warn" "-w" "/opt/rustwide/workdir" "--user" "0:0" "4757b233d20d1652aa107fc798a6354725b274cd08e1291ae46cf177cbe6fc0a" "/opt/rustwide/cargo-home/bin/cargo" "+1.100.0-beta.1" "test" "--frozen" "--no-run" "--message-format=json" "--release", kill_on_drop: false }`
[INFO] [stderr]    Compiling spotify-parser v1.0.1 (/opt/rustwide/workdir)
[INFO] [stderr]     Finished `release` profile [optimized] target(s) in 3.16s
[INFO] running `Command { std: "docker" "inspect" "4757b233d20d1652aa107fc798a6354725b274cd08e1291ae46cf177cbe6fc0a", kill_on_drop: false }`
[INFO] running `Command { std: "docker" "exec" "-e" "SOURCE_DIR=/opt/rustwide/workdir" "-e" "CARGO_HOME=/opt/rustwide/cargo-home" "-e" "RUSTUP_HOME=/opt/rustwide/rustup-home" "-e" "CARGO_TARGET_DIR=/opt/rustwide/target" "-e" "CARGO_INCREMENTAL=0" "-e" "RUST_BACKTRACE=full" "-e" "RUSTFLAGS=--cap-lints=warn" "-e" "RUSTDOCFLAGS=--cap-lints=warn" "-w" "/opt/rustwide/workdir" "--user" "0:0" "4757b233d20d1652aa107fc798a6354725b274cd08e1291ae46cf177cbe6fc0a" "/opt/rustwide/cargo-home/bin/cargo" "+1.100.0-beta.1" "test" "--frozen" "--release", kill_on_drop: false }`
[INFO] [stderr]     Finished `release` profile [optimized] target(s) in 0.33s
[INFO] [stderr]      Running unittests src/lib.rs (/opt/rustwide/target/release/build/spotify-parser/e5095aeffe405dbc/out/spotify_parser-e5095aeffe405dbc)
[INFO] [stdout] 
[INFO] [stdout] running 4 tests
[INFO] [stdout] test tests::check_playlist ... FAILED
[INFO] [stdout] test tests::check_track ... FAILED
[INFO] [stdout] test tests::check_album ... FAILED
[INFO] [stdout] test tests::check_multiple_artists_track ... FAILED
[INFO] [stdout] 
[INFO] [stdout] failures:
[INFO] [stdout] 
[INFO] [stdout] ---- tests::check_playlist stdout ----
[INFO] [stdout] 
[INFO] [stdout] thread 'tests::check_playlist' (1885) panicked at src/retriever.rs:32:50:
[INFO] [stdout] called `Result::unwrap()` on an `Err` value: reqwest::Error { kind: Request, url: "https://embed.spotify.com/?uri=spotify:playlist:37i9dQZF1DZ06evO05tE88", source: hyper_util::client::legacy::Error(Connect, ConnectError("dns error", Custom { kind: Uncategorized, error: "failed to lookup address information: Temporary failure in name resolution" })) }
[INFO] [stdout] stack backtrace:
[INFO] [stdout]    0:     0x625589b04921 - <<std[617be2ca0a6fd877]::sys::backtrace::BacktraceLock>::print::DisplayBacktrace as core[a373ad73a504971]::fmt::Display>::fmt
[INFO] [stdout]    1:     0x625589b1baea - core[a373ad73a504971]::fmt::write
[INFO] [stdout]    2:     0x625589b0928c - <alloc[2e1b2a31b91974c5]::vec::Vec<u8> as core[a373ad73a504971]::io::write::Write>::write_fmt
[INFO] [stdout]    3:     0x625589adf8c6 - std[617be2ca0a6fd877]::panicking::default_hook::{closure#0}
[INFO] [stdout]    4:     0x625589afc689 - std[617be2ca0a6fd877]::panicking::default_hook
[INFO] [stdout]    5:     0x625589717110 - test[aada8e7e76ba119b]::test_main_inner::{closure#0}
[INFO] [stdout]    6:     0x625589afc9b2 - std[617be2ca0a6fd877]::panicking::panic_with_hook
[INFO] [stdout]    7:     0x625589adf972 - std[617be2ca0a6fd877]::panicking::panic_handler::{closure#0}
[INFO] [stdout]    8:     0x625589ad85a9 - std[617be2ca0a6fd877]::sys::backtrace::__rust_end_short_backtrace::<std[617be2ca0a6fd877]::panicking::panic_handler::{closure#0}, !>
[INFO] [stdout]    9:     0x625589ae076d - __rustc[ea4f61d10b84890b]::rust_begin_unwind
[INFO] [stdout]   10:     0x625589b1c2cc - core[a373ad73a504971]::panicking::panic_fmt
[INFO] [stdout]   11:     0x625589b1c0a2 - core[a373ad73a504971]::result::unwrap_failed
[INFO] [stdout]   12:     0x625589708930 - spotify_parser[88a207dd48155dd2]::retriever::retrieve_tracks
[INFO] [stdout]   13:     0x6255896ffe99 - spotify_parser[88a207dd48155dd2]::retrieve_url
[INFO] [stdout]   14:     0x62558970a1a1 - <spotify_parser[88a207dd48155dd2]::tests::check_playlist::{closure#0} as core[a373ad73a504971]::ops::function::FnOnce<()>>::call_once
[INFO] [stdout]   15:     0x62558970a55b - test[aada8e7e76ba119b]::__rust_begin_short_backtrace::<core[a373ad73a504971]::result::Result<(), alloc[2e1b2a31b91974c5]::string::String>, fn() -> core[a373ad73a504971]::result::Result<(), alloc[2e1b2a31b91974c5]::string::String>>
[INFO] [stdout]   16:     0x625589717735 - test[aada8e7e76ba119b]::run_test::{closure#0}
[INFO] [stdout]   17:     0x625589711024 - std[617be2ca0a6fd877]::sys::backtrace::__rust_begin_short_backtrace::<test[aada8e7e76ba119b]::run_test::{closure#1}, ()>
[INFO] [stdout]   18:     0x62558971a7c2 - <std[617be2ca0a6fd877]::thread::lifecycle::spawn_unchecked<test[aada8e7e76ba119b]::run_test::{closure#1}, ()>::{closure#1} as core[a373ad73a504971]::ops::function::FnOnce<()>>::call_once::{shim:vtable#0}
[INFO] [stdout]   19:     0x625589b03dcf - <std[617be2ca0a6fd877]::sys::thread::unix::Thread>::new::thread_start
[INFO] [stdout]   20:     0x7d53131d7dfa - <unknown>
[INFO] [stdout]   21:     0x7d531326b3d4 - clone
[INFO] [stdout]   22:                0x0 - <unknown>
[INFO] [stdout] 
[INFO] [stdout] ---- tests::check_track stdout ----
[INFO] [stdout] 
[INFO] [stdout] thread 'tests::check_track' (1886) panicked at src/retriever.rs:12:50:
[INFO] [stdout] called `Result::unwrap()` on an `Err` value: reqwest::Error { kind: Request, url: "https://embed.spotify.com/?uri=spotify:track:4PTG3Z6ehGkBFwjybzWkR8", source: hyper_util::client::legacy::Error(Connect, ConnectError("dns error", Custom { kind: Uncategorized, error: "failed to lookup address information: Temporary failure in name resolution" })) }
[INFO] [stdout] stack backtrace:
[INFO] [stdout]    0:     0x625589b04921 - <<std[617be2ca0a6fd877]::sys::backtrace::BacktraceLock>::print::DisplayBacktrace as core[a373ad73a504971]::fmt::Display>::fmt
[INFO] [stdout]    1:     0x625589b1baea - core[a373ad73a504971]::fmt::write
[INFO] [stdout]    2:     0x625589b0928c - <alloc[2e1b2a31b91974c5]::vec::Vec<u8> as core[a373ad73a504971]::io::write::Write>::write_fmt
[INFO] [stdout]    3:     0x625589adf8c6 - std[617be2ca0a6fd877]::panicking::default_hook::{closure#0}
[INFO] [stdout]    4:     0x625589afc689 - std[617be2ca0a6fd877]::panicking::default_hook
[INFO] [stdout]    5:     0x625589717110 - test[aada8e7e76ba119b]::test_main_inner::{closure#0}
[INFO] [stdout]    6:     0x625589afc9b2 - std[617be2ca0a6fd877]::panicking::panic_with_hook
[INFO] [stdout]    7:     0x625589adf972 - std[617be2ca0a6fd877]::panicking::panic_handler::{closure#0}
[INFO] [stdout]    8:     0x625589ad85a9 - std[617be2ca0a6fd877]::sys::backtrace::__rust_end_short_backtrace::<std[617be2ca0a6fd877]::panicking::panic_handler::{closure#0}, !>
[INFO] [stdout]    9:     0x625589ae076d - __rustc[ea4f61d10b84890b]::rust_begin_unwind
[INFO] [stdout]   10:     0x625589b1c2cc - core[a373ad73a504971]::panicking::panic_fmt
[INFO] [stdout]   11:     0x625589b1c0a2 - core[a373ad73a504971]::result::unwrap_failed
[INFO] [stdout]   12:     0x62558970848e - spotify_parser[88a207dd48155dd2]::retriever::retrieve_track
[INFO] [stdout]   13:     0x6255896fff31 - spotify_parser[88a207dd48155dd2]::retrieve_url
[INFO] [stdout]   14:     0x625589709b5f - <spotify_parser[88a207dd48155dd2]::tests::check_track::{closure#0} as core[a373ad73a504971]::ops::function::FnOnce<()>>::call_once
[INFO] [stdout]   15:     0x62558970a55b - test[aada8e7e76ba119b]::__rust_begin_short_backtrace::<core[a373ad73a504971]::result::Result<(), alloc[2e1b2a31b91974c5]::string::String>, fn() -> core[a373ad73a504971]::result::Result<(), alloc[2e1b2a31b91974c5]::string::String>>
[INFO] [stdout]   16:     0x625589717735 - test[aada8e7e76ba119b]::run_test::{closure#0}
[INFO] [stdout]   17:     0x625589711024 - std[617be2ca0a6fd877]::sys::backtrace::__rust_begin_short_backtrace::<test[aada8e7e76ba119b]::run_test::{closure#1}, ()>
[INFO] [stdout]   18:     0x62558971a7c2 - <std[617be2ca0a6fd877]::thread::lifecycle::spawn_unchecked<test[aada8e7e76ba119b]::run_test::{closure#1}, ()>::{closure#1} as core[a373ad73a504971]::ops::function::FnOnce<()>>::call_once::{shim:vtable#0}
[INFO] [stdout]   19:     0x625589b03dcf - <std[617be2ca0a6fd877]::sys::thread::unix::Thread>::new::thread_start
[INFO] [stdout]   20:     0x7d53131d7dfa - <unknown>
[INFO] [stdout]   21:     0x7d531326b3d4 - clone
[INFO] [stdout]   22:                0x0 - <unknown>
[INFO] [stdout] 
[INFO] [stdout] ---- tests::check_album stdout ----
[INFO] [stdout] 
[INFO] [stdout] thread 'tests::check_album' (1883) panicked at src/retriever.rs:32:50:
[INFO] [stdout] called `Result::unwrap()` on an `Err` value: reqwest::Error { kind: Request, url: "https://embed.spotify.com/?uri=spotify:album:6eUW0wxWtzkFdaEFsTJto6", source: hyper_util::client::legacy::Error(Connect, ConnectError("dns error", Custom { kind: Uncategorized, error: "failed to lookup address information: Temporary failure in name resolution" })) }
[INFO] [stdout] stack backtrace:
[INFO] [stdout]    0:     0x625589b04921 - <<std[617be2ca0a6fd877]::sys::backtrace::BacktraceLock>::print::DisplayBacktrace as core[a373ad73a504971]::fmt::Display>::fmt
[INFO] [stdout]    1:     0x625589b1baea - core[a373ad73a504971]::fmt::write
[INFO] [stdout]    2:     0x625589b0928c - <alloc[2e1b2a31b91974c5]::vec::Vec<u8> as core[a373ad73a504971]::io::write::Write>::write_fmt
[INFO] [stdout]    3:     0x625589adf8c6 - std[617be2ca0a6fd877]::panicking::default_hook::{closure#0}
[INFO] [stdout]    4:     0x625589afc689 - std[617be2ca0a6fd877]::panicking::default_hook
[INFO] [stdout]    5:     0x625589717110 - test[aada8e7e76ba119b]::test_main_inner::{closure#0}
[INFO] [stdout]    6:     0x625589afc9b2 - std[617be2ca0a6fd877]::panicking::panic_with_hook
[INFO] [stdout]    7:     0x625589adf972 - std[617be2ca0a6fd877]::panicking::panic_handler::{closure#0}
[INFO] [stdout]    8:     0x625589ad85a9 - std[617be2ca0a6fd877]::sys::backtrace::__rust_end_short_backtrace::<std[617be2ca0a6fd877]::panicking::panic_handler::{closure#0}, !>
[INFO] [stdout]    9:     0x625589ae076d - __rustc[ea4f61d10b84890b]::rust_begin_unwind
[INFO] [stdout]   10:     0x625589b1c2cc - core[a373ad73a504971]::panicking::panic_fmt
[INFO] [stdout]   11:     0x625589b1c0a2 - core[a373ad73a504971]::result::unwrap_failed
[INFO] [stdout]   12:     0x625589708930 - spotify_parser[88a207dd48155dd2]::retriever::retrieve_tracks
[INFO] [stdout]   13:     0x6255896ffe99 - spotify_parser[88a207dd48155dd2]::retrieve_url
[INFO] [stdout]   14:     0x625589709724 - <spotify_parser[88a207dd48155dd2]::tests::check_album::{closure#0} as core[a373ad73a504971]::ops::function::FnOnce<()>>::call_once
[INFO] [stdout]   15:     0x62558970a55b - test[aada8e7e76ba119b]::__rust_begin_short_backtrace::<core[a373ad73a504971]::result::Result<(), alloc[2e1b2a31b91974c5]::string::String>, fn() -> core[a373ad73a504971]::result::Result<(), alloc[2e1b2a31b91974c5]::string::String>>
[INFO] [stdout]   16:     0x625589717735 - test[aada8e7e76ba119b]::run_test::{closure#0}
[INFO] [stdout]   17:     0x625589711024 - std[617be2ca0a6fd877]::sys::backtrace::__rust_begin_short_backtrace::<test[aada8e7e76ba119b]::run_test::{closure#1}, ()>
[INFO] [stdout]   18:     0x62558971a7c2 - <std[617be2ca0a6fd877]::thread::lifecycle::spawn_unchecked<test[aada8e7e76ba119b]::run_test::{closure#1}, ()>::{closure#1} as core[a373ad73a504971]::ops::function::FnOnce<()>>::call_once::{shim:vtable#0}
[INFO] [stdout]   19:     0x625589b03dcf - <std[617be2ca0a6fd877]::sys::thread::unix::Thread>::new::thread_start
[INFO] [stdout]   20:     0x7d53131d7dfa - <unknown>
[INFO] [stdout]   21:     0x7d531326b3d4 - clone
[INFO] [stdout]   22:                0x0 - <unknown>
[INFO] [stdout] 
[INFO] [stdout] ---- tests::check_multiple_artists_track stdout ----
[INFO] [stdout] 
[INFO] [stdout] thread 'tests::check_multiple_artists_track' (1884) panicked at src/retriever.rs:12:50:
[INFO] [stdout] called `Result::unwrap()` on an `Err` value: reqwest::Error { kind: Request, url: "https://embed.spotify.com/?uri=spotify:track:1O0SdrryPeGp6eSSUibdgo", source: hyper_util::client::legacy::Error(Connect, ConnectError("dns error", Custom { kind: Uncategorized, error: "failed to lookup address information: Temporary failure in name resolution" })) }
[INFO] [stdout] stack backtrace:
[INFO] [stdout]    0:     0x625589b04921 - <<std[617be2ca0a6fd877]::sys::backtrace::BacktraceLock>::print::DisplayBacktrace as core[a373ad73a504971]::fmt::Display>::fmt
[INFO] [stdout]    1:     0x625589b1baea - core[a373ad73a504971]::fmt::write
[INFO] [stdout]    2:     0x625589b0928c - <alloc[2e1b2a31b91974c5]::vec::Vec<u8> as core[a373ad73a504971]::io::write::Write>::write_fmt
[INFO] [stdout]    3:     0x625589adf8c6 - std[617be2ca0a6fd877]::panicking::default_hook::{closure#0}
[INFO] [stdout]    4:     0x625589afc689 - std[617be2ca0a6fd877]::panicking::default_hook
[INFO] [stdout]    5:     0x625589717110 - test[aada8e7e76ba119b]::test_main_inner::{closure#0}
[INFO] [stdout]    6:     0x625589afc9b2 - std[617be2ca0a6fd877]::panicking::panic_with_hook
[INFO] [stdout]    7:     0x625589adf972 - std[617be2ca0a6fd877]::panicking::panic_handler::{closure#0}
[INFO] [stdout]    8:     0x625589ad85a9 - std[617be2ca0a6fd877]::sys::backtrace::__rust_end_short_backtrace::<std[617be2ca0a6fd877]::panicking::panic_handler::{closure#0}, !>
[INFO] [stdout]    9:     0x625589ae076d - __rustc[ea4f61d10b84890b]::rust_begin_unwind
[INFO] [stdout]   10:     0x625589b1c2cc - core[a373ad73a504971]::panicking::panic_fmt
[INFO] [stdout]   11:     0x625589b1c0a2 - core[a373ad73a504971]::result::unwrap_failed
[INFO] [stdout]   12:     0x62558970848e - spotify_parser[88a207dd48155dd2]::retriever::retrieve_track
[INFO] [stdout]   13:     0x6255896fff31 - spotify_parser[88a207dd48155dd2]::retrieve_url
[INFO] [stdout]   14:     0x62558970a3ff - <spotify_parser[88a207dd48155dd2]::tests::check_multiple_artists_track::{closure#0} as core[a373ad73a504971]::ops::function::FnOnce<()>>::call_once
[INFO] [stdout]   15:     0x62558970a55b - test[aada8e7e76ba119b]::__rust_begin_short_backtrace::<core[a373ad73a504971]::result::Result<(), alloc[2e1b2a31b91974c5]::string::String>, fn() -> core[a373ad73a504971]::result::Result<(), alloc[2e1b2a31b91974c5]::string::String>>
[INFO] [stdout]   16:     0x625589717735 - test[aada8e7e76ba119b]::run_test::{closure#0}
[INFO] [stdout]   17:     0x625589711024 - std[617be2ca0a6fd877]::sys::backtrace::__rust_begin_short_backtrace::<test[aada8e7e76ba119b]::run_test::{closure#1}, ()>
[INFO] [stdout]   18:     0x62558971a7c2 - <std[617be2ca0a6fd877]::thread::lifecycle::spawn_unchecked<test[aada8e7e76ba119b]::run_test::{closure#1}, ()>::{closure#1} as core[a373ad73a504971]::ops::function::FnOnce<()>>::call_once::{shim:vtable#0}
[INFO] [stdout]   19:     0x625589b03dcf - <std[617be2ca0a6fd877]::sys::thread::unix::Thread>::new::thread_start
[INFO] [stdout]   20:     0x7d53131d7dfa - <unknown>
[INFO] [stdout]   21:     0x7d531326b3d4 - clone
[INFO] [stdout]   22:                0x0 - <unknown>
[INFO] [stdout] 
[INFO] [stdout] 
[INFO] [stdout] failures:
[INFO] [stdout]     tests::check_album
[INFO] [stdout]     tests::check_multiple_artists_track
[INFO] [stdout]     tests::check_playlist
[INFO] [stdout]     tests::check_track
[INFO] [stdout] 
[INFO] [stdout] test result: FAILED. 0 passed; 4 failed; 0 ignored; 0 measured; 0 filtered out; finished in 0.02s
[INFO] [stdout] 
[INFO] [stderr] error: test failed, to rerun pass `--lib`
[INFO] running `Command { std: "docker" "inspect" "4757b233d20d1652aa107fc798a6354725b274cd08e1291ae46cf177cbe6fc0a", kill_on_drop: false }`
[INFO] running `Command { std: "docker" "rm" "-f" "4757b233d20d1652aa107fc798a6354725b274cd08e1291ae46cf177cbe6fc0a", kill_on_drop: false }`
[INFO] [stdout] 4757b233d20d1652aa107fc798a6354725b274cd08e1291ae46cf177cbe6fc0a
