[INFO] fetching crate spork 0.1.0...
[INFO] testing spork-0.1.0 against 1.99.0-beta.8+cargoflags=--release for beta-release-1.100-2
[INFO] extracting crate spork 0.1.0 into /workspace/builds/worker-0-tc1/source
[INFO] started tweaking crates.io crate spork 0.1.0
[INFO] finished tweaking crates.io crate spork 0.1.0
[INFO] tweaked toml for crates.io crate spork 0.1.0 written to /workspace/builds/worker-0-tc1/source/Cargo.toml
[INFO] validating manifest of crates.io crate spork 0.1.0 on toolchain 1.99.0-beta.8
[INFO] running `Command { std: CARGO_HOME="/workspace/cargo-home" RUSTUP_HOME="/workspace/rustup-home" "/workspace/cargo-home/bin/cargo" "+1.99.0-beta.8" "metadata" "--manifest-path" "Cargo.toml" "--no-deps", kill_on_drop: false }`
[INFO] crate crates.io crate spork 0.1.0 already has a lockfile, it will not be regenerated
[INFO] running `Command { std: CARGO_HOME="/workspace/cargo-home" RUSTUP_HOME="/workspace/rustup-home" "/workspace/cargo-home/bin/cargo" "+1.99.0-beta.8" "fetch" "--manifest-path" "Cargo.toml", kill_on_drop: false }`
[INFO] [stderr]  Downloading crates ...
[INFO] [stderr]   Downloaded serde_derive v1.0.148
[INFO] [stderr]   Downloaded rmp-serde v1.1.1
[INFO] [stderr]   Downloaded rmp v0.8.11
[INFO] [stderr]   Downloaded net2 v0.2.38
[INFO] [stderr]   Downloaded serde v1.0.148
[INFO] [stderr]   Downloaded syn v1.0.105
[INFO] [stderr]   Downloaded ipc-channel v0.16.0
[INFO] [stderr]   Downloaded libc v0.2.138
[INFO] running `Command { std: "docker" "create" "-v" "/var/lib/crater-agent-workspace/builds/worker-0-tc1/source:/opt/rustwide/workdir:ro,Z" "-v" "/var/lib/crater-agent-workspace/builds/worker-0-tc1/target:/opt/rustwide/target:rw,Z" "-v" "/var/lib/crater-agent-workspace/cargo-home:/opt/rustwide/cargo-home:ro,Z" "-v" "/var/lib/crater-agent-workspace/rustup-home:/opt/rustwide/rustup-home:ro,Z" "-m" "1610612736" "--network" "none" "ghcr.io/rust-lang/crates-build-env/linux@sha256:77db811e55d90add9212f6832c23229e3de5f1c1f9905e8cb07319ea15df73ac" "sleep" "infinity", kill_on_drop: false }`
[INFO] [stdout] 5fcd94dc58e3937a97eb10d07060e14e813b592c8565790efc5b83d2fd5d4af2
[INFO] running `Command { std: "docker" "start" "5fcd94dc58e3937a97eb10d07060e14e813b592c8565790efc5b83d2fd5d4af2", kill_on_drop: false }`
[INFO] running `Command { std: "docker" "inspect" "5fcd94dc58e3937a97eb10d07060e14e813b592c8565790efc5b83d2fd5d4af2", kill_on_drop: false }`
[INFO] running `Command { std: "docker" "exec" "-e" "SOURCE_DIR=/opt/rustwide/workdir" "-e" "CARGO_HOME=/opt/rustwide/cargo-home" "-e" "RUSTUP_HOME=/opt/rustwide/rustup-home" "-e" "CARGO_TARGET_DIR=/opt/rustwide/target" "-w" "/opt/rustwide/workdir" "--user" "0:0" "5fcd94dc58e3937a97eb10d07060e14e813b592c8565790efc5b83d2fd5d4af2" "/opt/rustwide/cargo-home/bin/cargo" "+1.99.0-beta.8" "metadata" "--no-deps" "--format-version=1", kill_on_drop: false }`
[INFO] running `Command { std: "docker" "inspect" "5fcd94dc58e3937a97eb10d07060e14e813b592c8565790efc5b83d2fd5d4af2", kill_on_drop: false }`
[INFO] running `Command { std: "docker" "exec" "-e" "SOURCE_DIR=/opt/rustwide/workdir" "-e" "CARGO_HOME=/opt/rustwide/cargo-home" "-e" "RUSTUP_HOME=/opt/rustwide/rustup-home" "-e" "CARGO_TARGET_DIR=/opt/rustwide/target" "-e" "CARGO_INCREMENTAL=0" "-e" "RUST_BACKTRACE=full" "-e" "RUSTFLAGS=--cap-lints=warn" "-e" "RUSTDOCFLAGS=--cap-lints=warn" "-w" "/opt/rustwide/workdir" "--user" "0:0" "5fcd94dc58e3937a97eb10d07060e14e813b592c8565790efc5b83d2fd5d4af2" "/opt/rustwide/cargo-home/bin/cargo" "+1.99.0-beta.8" "build" "--frozen" "--message-format=json" "--release", kill_on_drop: false }`
[INFO] [stderr]    Compiling libc v0.2.138
[INFO] [stderr]    Compiling proc-macro2 v1.0.47
[INFO] [stderr]    Compiling unicode-ident v1.0.5
[INFO] [stderr]    Compiling quote v1.0.21
[INFO] [stderr]    Compiling syn v1.0.105
[INFO] [stderr]    Compiling serde_derive v1.0.148
[INFO] [stderr]    Compiling getrandom v0.1.16
[INFO] [stderr]    Compiling ppv-lite86 v0.2.17
[INFO] [stderr]    Compiling serde v1.0.148
[INFO] [stderr]    Compiling crossbeam-utils v0.7.2
[INFO] [stderr]    Compiling slab v0.4.7
[INFO] [stderr]    Compiling num-traits v0.2.15
[INFO] [stderr]    Compiling maybe-uninit v2.0.0
[INFO] [stderr]    Compiling lazy_static v1.4.0
[INFO] [stderr]    Compiling paste v1.0.9
[INFO] [stderr]    Compiling remove_dir_all v0.5.3
[INFO] [stderr]    Compiling fastrand v1.8.0
[INFO] [stderr]    Compiling thiserror v1.0.37
[INFO] [stderr]    Compiling byteorder v1.4.3
[INFO] [stderr]    Compiling base64 v0.13.1
[INFO] [stderr]    Compiling crossbeam-channel v0.4.4
[INFO] [stderr]    Compiling getrandom v0.2.8
[INFO] [stderr]    Compiling net2 v0.2.38
[INFO] [stderr]    Compiling iovec v0.1.4
[INFO] [stderr]    Compiling tempfile v3.3.0
[INFO] [stderr]    Compiling rand_core v0.6.4
[INFO] [stderr]    Compiling uuid v0.8.2
[INFO] [stderr]    Compiling rand_core v0.5.1
[INFO] [stderr]    Compiling rand_chacha v0.3.1
[INFO] [stderr]    Compiling rand_chacha v0.2.2
[INFO] [stderr]    Compiling mio v0.6.23
[INFO] [stderr]    Compiling rand v0.8.5
[INFO] [stderr]    Compiling rand v0.7.3
[INFO] [stderr]    Compiling rmp v0.8.11
[INFO] [stderr]    Compiling thiserror-impl v1.0.37
[INFO] [stderr]    Compiling bincode v1.3.3
[INFO] [stderr]    Compiling rmp-serde v1.1.1
[INFO] [stderr]    Compiling ipc-channel v0.16.0
[INFO] [stderr]    Compiling spork v0.1.0 (/opt/rustwide/workdir)
[INFO] [stdout] warning: unused import: `crate::callable::CallableOnce`
[INFO] [stdout]  --> src/builder.rs:1:5
[INFO] [stdout]   |
[INFO] [stdout] 1 | use crate::callable::CallableOnce;
[INFO] [stdout]   |     ^^^^^^^^^^^^^^^^^^^^^^^^^^^^^
[INFO] [stdout]   |
[INFO] [stdout]   = note: `#[warn(unused_imports)]` (part of `#[warn(unused)]`) on by default
[INFO] [stdout] 
[INFO] [stdout] 
[INFO] [stdout] warning: use of deprecated type alias `std::panic::PanicInfo`: use `PanicHookInfo` instead
[INFO] [stdout]  --> src/catch_panic.rs:3:36
[INFO] [stdout]   |
[INFO] [stdout] 3 | use std::panic::{AssertUnwindSafe, PanicInfo};
[INFO] [stdout]   |                                    ^^^^^^^^^
[INFO] [stdout]   |
[INFO] [stdout]   = note: `#[warn(deprecated)]` on by default
[INFO] [stdout] 
[INFO] [stdout] 
[INFO] [stdout] warning: use of deprecated type alias `std::panic::PanicInfo`: use `PanicHookInfo` instead
[INFO] [stdout]   --> src/catch_panic.rs:33:37
[INFO] [stdout]    |
[INFO] [stdout] 33 |     let old_panic_hook: Arc<dyn Fn(&PanicInfo<'_>) + Sync + Send + 'static> =
[INFO] [stdout]    |                                     ^^^^^^^^^
[INFO] [stdout] 
[INFO] [stdout] 
[INFO] [stdout] warning: use of deprecated type alias `std::panic::PanicInfo`: use `PanicHookInfo` instead
[INFO] [stdout]    --> src/catch_panic.rs:118:43
[INFO] [stdout]     |
[INFO] [stdout] 118 | fn send_panic_info_to_parent(panic_info: &PanicInfo<'_>, shared_sender: &IpcBytesSender) {
[INFO] [stdout]     |                                           ^^^^^^^^^
[INFO] [stdout] 
[INFO] [stdout] 
[INFO] [stdout] warning: field `environment` is never read
[INFO] [stdout]  --> src/builder.rs:9:16
[INFO] [stdout]   |
[INFO] [stdout] 8 | pub struct Builder<E> {
[INFO] [stdout]   |            ------- field in this struct
[INFO] [stdout] 9 |     pub(crate) environment: E,
[INFO] [stdout]   |                ^^^^^^^^^^^
[INFO] [stdout]   |
[INFO] [stdout]   = note: `#[warn(dead_code)]` (part of `#[warn(unused)]`) on by default
[INFO] [stdout] 
[INFO] [stdout] 
[INFO] [stdout] warning: field `before_exit_hook` is never read
[INFO] [stdout]   --> src/blocking/dispatch_table.rs:22:5
[INFO] [stdout]    |
[INFO] [stdout] 20 | pub struct DispatchTable {
[INFO] [stdout]    |            ------------- field in this struct
[INFO] [stdout] 21 |     pub(super) table: HashMap<EncodedCallableID, Box<dyn DispatchEntry>>,
[INFO] [stdout] 22 |     before_exit_hook: Option<Box<dyn FnOnce(&Result<(), OpaqueError>)>>,
[INFO] [stdout]    |     ^^^^^^^^^^^^^^^^
[INFO] [stdout] 
[INFO] [stdout] 
[INFO] [stdout] warning: fields `stdout_thread_handle` and `stderr_thread_handle` are never read
[INFO] [stdout]   --> src/blocking/join_handle.rs:23:16
[INFO] [stdout]    |
[INFO] [stdout] 12 | pub struct JoinHandle<T> {
[INFO] [stdout]    |            ---------- fields in this struct
[INFO] [stdout] ...
[INFO] [stdout] 23 |     pub(super) stdout_thread_handle: Option<std::thread::JoinHandle<()>>,
[INFO] [stdout]    |                ^^^^^^^^^^^^^^^^^^^^
[INFO] [stdout] ...
[INFO] [stdout] 26 |     pub(super) stderr_thread_handle: Option<std::thread::JoinHandle<()>>,
[INFO] [stdout]    |                ^^^^^^^^^^^^^^^^^^^^
[INFO] [stdout] 
[INFO] [stdout] 
[INFO] [stderr]     Finished `release` profile [optimized] target(s) in 18.28s
[INFO] running `Command { std: "docker" "inspect" "5fcd94dc58e3937a97eb10d07060e14e813b592c8565790efc5b83d2fd5d4af2", kill_on_drop: false }`
[INFO] running `Command { std: "docker" "exec" "-e" "SOURCE_DIR=/opt/rustwide/workdir" "-e" "CARGO_HOME=/opt/rustwide/cargo-home" "-e" "RUSTUP_HOME=/opt/rustwide/rustup-home" "-e" "CARGO_TARGET_DIR=/opt/rustwide/target" "-e" "CARGO_INCREMENTAL=0" "-e" "RUST_BACKTRACE=full" "-e" "RUSTFLAGS=--cap-lints=warn" "-e" "RUSTDOCFLAGS=--cap-lints=warn" "-w" "/opt/rustwide/workdir" "--user" "0:0" "5fcd94dc58e3937a97eb10d07060e14e813b592c8565790efc5b83d2fd5d4af2" "/opt/rustwide/cargo-home/bin/cargo" "+1.99.0-beta.8" "test" "--frozen" "--no-run" "--message-format=json" "--release", kill_on_drop: false }`
[INFO] [stderr]    Compiling once_cell v1.16.0
[INFO] [stdout] warning: unused import: `crate::callable::CallableOnce`
[INFO] [stdout]  --> src/builder.rs:1:5
[INFO] [stdout]   |
[INFO] [stdout] 1 | use crate::callable::CallableOnce;
[INFO] [stdout]   |     ^^^^^^^^^^^^^^^^^^^^^^^^^^^^^
[INFO] [stdout]   |
[INFO] [stdout]   = note: `#[warn(unused_imports)]` (part of `#[warn(unused)]`) on by default
[INFO] [stdout] 
[INFO] [stdout] 
[INFO] [stdout] warning: use of deprecated type alias `std::panic::PanicInfo`: use `PanicHookInfo` instead
[INFO] [stdout]  --> src/catch_panic.rs:3:36
[INFO] [stdout]   |
[INFO] [stdout] 3 | use std::panic::{AssertUnwindSafe, PanicInfo};
[INFO] [stdout]   |                                    ^^^^^^^^^
[INFO] [stdout]   |
[INFO] [stdout]   = note: `#[warn(deprecated)]` on by default
[INFO] [stdout] 
[INFO] [stdout] 
[INFO] [stdout] warning: use of deprecated type alias `std::panic::PanicInfo`: use `PanicHookInfo` instead
[INFO] [stdout]   --> src/catch_panic.rs:33:37
[INFO] [stdout]    |
[INFO] [stdout] 33 |     let old_panic_hook: Arc<dyn Fn(&PanicInfo<'_>) + Sync + Send + 'static> =
[INFO] [stdout]    |                                     ^^^^^^^^^
[INFO] [stdout] 
[INFO] [stdout] 
[INFO] [stdout] warning: use of deprecated type alias `std::panic::PanicInfo`: use `PanicHookInfo` instead
[INFO] [stdout]    --> src/catch_panic.rs:118:43
[INFO] [stdout]     |
[INFO] [stdout] 118 | fn send_panic_info_to_parent(panic_info: &PanicInfo<'_>, shared_sender: &IpcBytesSender) {
[INFO] [stdout]     |                                           ^^^^^^^^^
[INFO] [stdout] 
[INFO] [stdout] 
[INFO] [stdout] warning: field `environment` is never read
[INFO] [stdout]  --> src/builder.rs:9:16
[INFO] [stdout]   |
[INFO] [stdout] 8 | pub struct Builder<E> {
[INFO] [stdout]   |            ------- field in this struct
[INFO] [stdout] 9 |     pub(crate) environment: E,
[INFO] [stdout]   |                ^^^^^^^^^^^
[INFO] [stdout]   |
[INFO] [stdout]   = note: `#[warn(dead_code)]` (part of `#[warn(unused)]`) on by default
[INFO] [stdout] 
[INFO] [stdout] 
[INFO] [stdout] warning: field `before_exit_hook` is never read
[INFO] [stdout]   --> src/blocking/dispatch_table.rs:22:5
[INFO] [stdout]    |
[INFO] [stdout] 20 | pub struct DispatchTable {
[INFO] [stdout]    |            ------------- field in this struct
[INFO] [stdout] 21 |     pub(super) table: HashMap<EncodedCallableID, Box<dyn DispatchEntry>>,
[INFO] [stdout] 22 |     before_exit_hook: Option<Box<dyn FnOnce(&Result<(), OpaqueError>)>>,
[INFO] [stdout]    |     ^^^^^^^^^^^^^^^^
[INFO] [stdout] 
[INFO] [stdout] 
[INFO] [stdout] warning: fields `stdout_thread_handle` and `stderr_thread_handle` are never read
[INFO] [stdout]   --> src/blocking/join_handle.rs:23:16
[INFO] [stdout]    |
[INFO] [stdout] 12 | pub struct JoinHandle<T> {
[INFO] [stdout]    |            ---------- fields in this struct
[INFO] [stdout] ...
[INFO] [stdout] 23 |     pub(super) stdout_thread_handle: Option<std::thread::JoinHandle<()>>,
[INFO] [stdout]    |                ^^^^^^^^^^^^^^^^^^^^
[INFO] [stdout] ...
[INFO] [stdout] 26 |     pub(super) stderr_thread_handle: Option<std::thread::JoinHandle<()>>,
[INFO] [stdout]    |                ^^^^^^^^^^^^^^^^^^^^
[INFO] [stdout] 
[INFO] [stdout] 
[INFO] [stderr]    Compiling spork v0.1.0 (/opt/rustwide/workdir)
[INFO] [stdout] warning: function `should_fail_compile` is never used
[INFO] [stdout]    --> tests/tools/mod.rs:153:8
[INFO] [stdout]     |
[INFO] [stdout] 153 | pub fn should_fail_compile(source: &str) -> (String, String) {
[INFO] [stdout]     |        ^^^^^^^^^^^^^^^^^^^
[INFO] [stdout]     |
[INFO] [stdout]     = note: `#[warn(dead_code)]` (part of `#[warn(unused)]`) on by default
[INFO] [stdout] 
[INFO] [stdout] 
[INFO] [stdout] warning: function `should_fail_compile` is never used
[INFO] [stdout]    --> tests/tools/mod.rs:153:8
[INFO] [stdout]     |
[INFO] [stdout] 153 | pub fn should_fail_compile(source: &str) -> (String, String) {
[INFO] [stdout]     |        ^^^^^^^^^^^^^^^^^^^
[INFO] [stdout]     |
[INFO] [stdout]     = note: `#[warn(dead_code)]` (part of `#[warn(unused)]`) on by default
[INFO] [stdout] 
[INFO] [stdout] 
[INFO] [stdout] warning: function `should_fail_compile` is never used
[INFO] [stdout]    --> tests/tools/mod.rs:153:8
[INFO] [stdout]     |
[INFO] [stdout] 153 | pub fn should_fail_compile(source: &str) -> (String, String) {
[INFO] [stdout]     |        ^^^^^^^^^^^^^^^^^^^
[INFO] [stdout]     |
[INFO] [stdout]     = note: `#[warn(dead_code)]` (part of `#[warn(unused)]`) on by default
[INFO] [stdout] 
[INFO] [stdout] 
[INFO] [stdout] warning: unused import: `crate::callable::CallableOnce`
[INFO] [stdout]  --> src/builder.rs:1:5
[INFO] [stdout]   |
[INFO] [stdout] 1 | use crate::callable::CallableOnce;
[INFO] [stdout]   |     ^^^^^^^^^^^^^^^^^^^^^^^^^^^^^
[INFO] [stdout]   |
[INFO] [stdout]   = note: `#[warn(unused_imports)]` (part of `#[warn(unused)]`) on by default
[INFO] [stdout] 
[INFO] [stdout] 
[INFO] [stdout] warning: function `should_fail_compile` is never used
[INFO] [stdout]    --> tests/tools/mod.rs:153:8
[INFO] [stdout]     |
[INFO] [stdout] 153 | pub fn should_fail_compile(source: &str) -> (String, String) {
[INFO] [stdout]     |        ^^^^^^^^^^^^^^^^^^^
[INFO] [stdout]     |
[INFO] [stdout]     = note: `#[warn(dead_code)]` (part of `#[warn(unused)]`) on by default
[INFO] [stdout] 
[INFO] [stdout] 
[INFO] [stdout] warning: use of deprecated type alias `std::panic::PanicInfo`: use `PanicHookInfo` instead
[INFO] [stdout]  --> src/catch_panic.rs:3:36
[INFO] [stdout]   |
[INFO] [stdout] 3 | use std::panic::{AssertUnwindSafe, PanicInfo};
[INFO] [stdout]   |                                    ^^^^^^^^^
[INFO] [stdout]   |
[INFO] [stdout]   = note: `#[warn(deprecated)]` on by default
[INFO] [stdout] 
[INFO] [stdout] 
[INFO] [stdout] warning: use of deprecated type alias `std::panic::PanicInfo`: use `PanicHookInfo` instead
[INFO] [stdout]   --> src/catch_panic.rs:33:37
[INFO] [stdout]    |
[INFO] [stdout] 33 |     let old_panic_hook: Arc<dyn Fn(&PanicInfo<'_>) + Sync + Send + 'static> =
[INFO] [stdout]    |                                     ^^^^^^^^^
[INFO] [stdout] 
[INFO] [stdout] 
[INFO] [stdout] warning: use of deprecated type alias `std::panic::PanicInfo`: use `PanicHookInfo` instead
[INFO] [stdout]    --> src/catch_panic.rs:118:43
[INFO] [stdout]     |
[INFO] [stdout] 118 | fn send_panic_info_to_parent(panic_info: &PanicInfo<'_>, shared_sender: &IpcBytesSender) {
[INFO] [stdout]     |                                           ^^^^^^^^^
[INFO] [stdout] 
[INFO] [stdout] 
[INFO] [stdout] warning: function `should_fail_compile` is never used
[INFO] [stdout]    --> tests/tools/mod.rs:153:8
[INFO] [stdout]     |
[INFO] [stdout] 153 | pub fn should_fail_compile(source: &str) -> (String, String) {
[INFO] [stdout]     |        ^^^^^^^^^^^^^^^^^^^
[INFO] [stdout]     |
[INFO] [stdout]     = note: `#[warn(dead_code)]` (part of `#[warn(unused)]`) on by default
[INFO] [stdout] 
[INFO] [stdout] 
[INFO] [stdout] warning: field `environment` is never read
[INFO] [stdout]  --> src/builder.rs:9:16
[INFO] [stdout]   |
[INFO] [stdout] 8 | pub struct Builder<E> {
[INFO] [stdout]   |            ------- field in this struct
[INFO] [stdout] 9 |     pub(crate) environment: E,
[INFO] [stdout]   |                ^^^^^^^^^^^
[INFO] [stdout]   |
[INFO] [stdout]   = note: `#[warn(dead_code)]` (part of `#[warn(unused)]`) on by default
[INFO] [stdout] 
[INFO] [stdout] 
[INFO] [stdout] warning: field `before_exit_hook` is never read
[INFO] [stdout]   --> src/blocking/dispatch_table.rs:22:5
[INFO] [stdout]    |
[INFO] [stdout] 20 | pub struct DispatchTable {
[INFO] [stdout]    |            ------------- field in this struct
[INFO] [stdout] 21 |     pub(super) table: HashMap<EncodedCallableID, Box<dyn DispatchEntry>>,
[INFO] [stdout] 22 |     before_exit_hook: Option<Box<dyn FnOnce(&Result<(), OpaqueError>)>>,
[INFO] [stdout]    |     ^^^^^^^^^^^^^^^^
[INFO] [stdout] 
[INFO] [stdout] 
[INFO] [stdout] warning: fields `stdout_thread_handle` and `stderr_thread_handle` are never read
[INFO] [stdout]   --> src/blocking/join_handle.rs:23:16
[INFO] [stdout]    |
[INFO] [stdout] 12 | pub struct JoinHandle<T> {
[INFO] [stdout]    |            ---------- fields in this struct
[INFO] [stdout] ...
[INFO] [stdout] 23 |     pub(super) stdout_thread_handle: Option<std::thread::JoinHandle<()>>,
[INFO] [stdout]    |                ^^^^^^^^^^^^^^^^^^^^
[INFO] [stdout] ...
[INFO] [stdout] 26 |     pub(super) stderr_thread_handle: Option<std::thread::JoinHandle<()>>,
[INFO] [stdout]    |                ^^^^^^^^^^^^^^^^^^^^
[INFO] [stdout] 
[INFO] [stdout] 
[INFO] [stderr]     Finished `release` profile [optimized] target(s) in 4.07s
[INFO] running `Command { std: "docker" "inspect" "5fcd94dc58e3937a97eb10d07060e14e813b592c8565790efc5b83d2fd5d4af2", kill_on_drop: false }`
[INFO] running `Command { std: "docker" "exec" "-e" "SOURCE_DIR=/opt/rustwide/workdir" "-e" "CARGO_HOME=/opt/rustwide/cargo-home" "-e" "RUSTUP_HOME=/opt/rustwide/rustup-home" "-e" "CARGO_TARGET_DIR=/opt/rustwide/target" "-e" "CARGO_INCREMENTAL=0" "-e" "RUST_BACKTRACE=full" "-e" "RUSTFLAGS=--cap-lints=warn" "-e" "RUSTDOCFLAGS=--cap-lints=warn" "-w" "/opt/rustwide/workdir" "--user" "0:0" "5fcd94dc58e3937a97eb10d07060e14e813b592c8565790efc5b83d2fd5d4af2" "/opt/rustwide/cargo-home/bin/cargo" "+1.99.0-beta.8" "test" "--frozen" "--release", kill_on_drop: false }`
[INFO] [stderr] warning: unused import: `crate::callable::CallableOnce`
[INFO] [stderr]  --> src/builder.rs:1:5
[INFO] [stderr]   |
[INFO] [stderr] 1 | use crate::callable::CallableOnce;
[INFO] [stderr]   |     ^^^^^^^^^^^^^^^^^^^^^^^^^^^^^
[INFO] [stderr]   |
[INFO] [stderr]   = note: `#[warn(unused_imports)]` (part of `#[warn(unused)]`) on by default
[INFO] [stderr] 
[INFO] [stderr] warning: use of deprecated type alias `std::panic::PanicInfo`: use `PanicHookInfo` instead
[INFO] [stderr]  --> src/catch_panic.rs:3:36
[INFO] [stderr]   |
[INFO] [stderr] 3 | use std::panic::{AssertUnwindSafe, PanicInfo};
[INFO] [stderr]   |                                    ^^^^^^^^^
[INFO] [stderr]   |
[INFO] [stderr]   = note: `#[warn(deprecated)]` on by default
[INFO] [stderr] 
[INFO] [stderr] warning: use of deprecated type alias `std::panic::PanicInfo`: use `PanicHookInfo` instead
[INFO] [stderr]   --> src/catch_panic.rs:33:37
[INFO] [stderr]    |
[INFO] [stderr] 33 |     let old_panic_hook: Arc<dyn Fn(&PanicInfo<'_>) + Sync + Send + 'static> =
[INFO] [stderr]    |                                     ^^^^^^^^^
[INFO] [stderr] 
[INFO] [stderr] warning: use of deprecated type alias `std::panic::PanicInfo`: use `PanicHookInfo` instead
[INFO] [stderr]    --> src/catch_panic.rs:118:43
[INFO] [stderr]     |
[INFO] [stderr] 118 | fn send_panic_info_to_parent(panic_info: &PanicInfo<'_>, shared_sender: &IpcBytesSender) {
[INFO] [stderr]     |                                           ^^^^^^^^^
[INFO] [stderr] 
[INFO] [stderr] warning: field `environment` is never read
[INFO] [stderr]  --> src/builder.rs:9:16
[INFO] [stderr]   |
[INFO] [stderr] 8 | pub struct Builder<E> {
[INFO] [stderr]   |            ------- field in this struct
[INFO] [stderr] 9 |     pub(crate) environment: E,
[INFO] [stderr]   |                ^^^^^^^^^^^
[INFO] [stderr]   |
[INFO] [stderr]   = note: `#[warn(dead_code)]` (part of `#[warn(unused)]`) on by default
[INFO] [stderr] 
[INFO] [stderr] warning: field `before_exit_hook` is never read
[INFO] [stderr]   --> src/blocking/dispatch_table.rs:22:5
[INFO] [stderr]    |
[INFO] [stderr] 20 | pub struct DispatchTable {
[INFO] [stderr]    |            ------------- field in this struct
[INFO] [stderr] 21 |     pub(super) table: HashMap<EncodedCallableID, Box<dyn DispatchEntry>>,
[INFO] [stderr] 22 |     before_exit_hook: Option<Box<dyn FnOnce(&Result<(), OpaqueError>)>>,
[INFO] [stderr]    |     ^^^^^^^^^^^^^^^^
[INFO] [stderr] 
[INFO] [stderr] warning: fields `stdout_thread_handle` and `stderr_thread_handle` are never read
[INFO] [stderr]   --> src/blocking/join_handle.rs:23:16
[INFO] [stderr]    |
[INFO] [stderr] 12 | pub struct JoinHandle<T> {
[INFO] [stderr]    |            ---------- fields in this struct
[INFO] [stderr] ...
[INFO] [stderr] 23 |     pub(super) stdout_thread_handle: Option<std::thread::JoinHandle<()>>,
[INFO] [stderr]    |                ^^^^^^^^^^^^^^^^^^^^
[INFO] [stderr] ...
[INFO] [stderr] 26 |     pub(super) stderr_thread_handle: Option<std::thread::JoinHandle<()>>,
[INFO] [stderr]    |                ^^^^^^^^^^^^^^^^^^^^
[INFO] [stderr] 
[INFO] [stderr] warning: `spork` (lib) generated 7 warnings (run `cargo fix --lib -p spork` to apply 1 suggestion)
[INFO] [stderr] warning: function `should_fail_compile` is never used
[INFO] [stderr]    --> tests/tools/mod.rs:153:8
[INFO] [stderr]     |
[INFO] [stderr] 153 | pub fn should_fail_compile(source: &str) -> (String, String) {
[INFO] [stderr]     |        ^^^^^^^^^^^^^^^^^^^
[INFO] [stderr]     |
[INFO] [stderr]     = note: `#[warn(dead_code)]` (part of `#[warn(unused)]`) on by default
[INFO] [stderr] 
[INFO] [stderr] warning: `spork` (test "stdout") generated 1 warning
[INFO] [stderr] warning: `spork` (test "stderr") generated 1 warning (1 duplicate)
[INFO] [stderr] warning: `spork` (test "happy_path") generated 1 warning (1 duplicate)
[INFO] [stderr] warning: `spork` (test "tool") generated 1 warning (1 duplicate)
[INFO] [stderr] warning: `spork` (test "stdin") generated 1 warning (1 duplicate)
[INFO] [stderr] warning: `spork` (lib test) generated 7 warnings (7 duplicates)
[INFO] [stderr]     Finished `release` profile [optimized] target(s) in 0.08s
[INFO] [stderr]      Running unittests src/lib.rs (/opt/rustwide/target/release/deps/spork-a6fdbe1d847d36a4)
[INFO] [stdout] 
[INFO] [stdout] running 6 tests
[INFO] [stdout] test callable::call_1_arg ... ok
[INFO] [stdout] test callable::call_3_arg ... ok
[INFO] [stdout] test errors::child::test::panic_display ... ok
[INFO] [stdout] test callable_id::callable_handle ... ok
[INFO] [stdout] test callable::call_2_arg ... ok
[INFO] [stdout] test callable::call_0_arg ... ok
[INFO] [stdout] 
[INFO] [stdout] test result: ok. 6 passed; 0 failed; 0 ignored; 0 measured; 0 filtered out; finished in 0.00s
[INFO] [stdout] 
[INFO] [stderr]      Running tests/args.rs (/opt/rustwide/target/release/deps/args-ee7935d0bca1dc6a)
[INFO] [stdout] 
[INFO] [stdout] running 0 tests
[INFO] [stdout] 
[INFO] [stdout] test result: ok. 0 passed; 0 failed; 0 ignored; 0 measured; 0 filtered out; finished in 0.00s
[INFO] [stdout] 
[INFO] [stdout] 
[INFO] [stdout] running 7 tests
[INFO] [stderr]      Running tests/happy_path.rs (/opt/rustwide/target/release/deps/happy_path-1f03a171f0574e4c)
[INFO] [stdout] test many ... FAILED
[INFO] [stdout] test fundamental_usage ... FAILED
[INFO] [stdout] test demo_add_function ... FAILED
[INFO] [stdout] test nested ... FAILED
[INFO] [stdout] test child_panic_but_caught ... FAILED
[INFO] [stdout] test move_closure ... FAILED
[INFO] [stdout] test closure ... FAILED
[INFO] [stdout] 
[INFO] [stdout] failures:
[INFO] [stdout] 
[INFO] [stdout] ---- many stdout ----
[INFO] [stdout] 
[INFO] [stdout] thread 'many' (1346) panicked at tests/tools/mod.rs:126:9:
[INFO] [stdout] failed to run rustc:
[INFO] [stdout] --- rustc stdout ---
[INFO] [stdout] 
[INFO] [stdout] --- rustc stderr ---
[INFO] [stdout] error: extern location for spork does not exist: /opt/rustwide/workdir/target/debug/deps/libspork-9ed0fa64698ca313.rlib
[INFO] [stdout]  --> /tmp/.tmpp5VCu4/test.rs:1:5
[INFO] [stdout]   |
[INFO] [stdout] 1 | use spork::*; pub fn test_a() {} pub fn test_b(x: u32) -> u32 { x } pub fn
[INFO] [stdout]   |     ^^^^^
[INFO] [stdout] 
[INFO] [stdout] error: aborting due to 1 previous error
[INFO] [stdout] 
[INFO] [stdout] 
[INFO] [stdout] stack backtrace:
[INFO] [stdout]    0:     0x644e08604131 - <<std[70759c8f55707aa4]::sys::backtrace::BacktraceLock>::print::DisplayBacktrace as core[df12db4294e9bfd3]::fmt::Display>::fmt
[INFO] [stdout]    1:     0x644e0861875a - core[df12db4294e9bfd3]::fmt::write
[INFO] [stdout]    2:     0x644e0860894c - <alloc[2182bb758b4b3781]::vec::Vec<u8> as core[df12db4294e9bfd3]::io::write::Write>::write_fmt
[INFO] [stdout]    3:     0x644e085dec86 - std[70759c8f55707aa4]::panicking::default_hook::{closure#0}
[INFO] [stdout]    4:     0x644e085fbf99 - std[70759c8f55707aa4]::panicking::default_hook
[INFO] [stdout]    5:     0x644e08595e70 - test[9d35eded1c95d3be]::test_main_inner::<test[9d35eded1c95d3be]::test_main_static::{closure#0}>::{closure#0}
[INFO] [stdout]    6:     0x644e085fc152 - std[70759c8f55707aa4]::panicking::panic_with_hook
[INFO] [stdout]    7:     0x644e085ded32 - std[70759c8f55707aa4]::panicking::panic_handler::{closure#0}
[INFO] [stdout]    8:     0x644e085d7969 - std[70759c8f55707aa4]::sys::backtrace::__rust_end_short_backtrace::<std[70759c8f55707aa4]::panicking::panic_handler::{closure#0}, !>
[INFO] [stdout]    9:     0x644e085df92d - __rustc[8fa7c3cbc660c2b3]::rust_begin_unwind
[INFO] [stdout]   10:     0x644e08618e8c - core[df12db4294e9bfd3]::panicking::panic_fmt
[INFO] [stdout]   11:     0x644e085872b9 - happy_path[da64867fedfe3709]::tools::run_program
[INFO] [stdout]   12:     0x644e08588716 - <happy_path[da64867fedfe3709]::many::{closure#0} as core[df12db4294e9bfd3]::ops::function::FnOnce<()>>::call_once
[INFO] [stdout]   13:     0x644e0858915b - test[9d35eded1c95d3be]::__rust_begin_short_backtrace::<core[df12db4294e9bfd3]::result::Result<(), alloc[2182bb758b4b3781]::string::String>, fn() -> core[df12db4294e9bfd3]::result::Result<(), alloc[2182bb758b4b3781]::string::String>>
[INFO] [stdout]   14:     0x644e085967c5 - test[9d35eded1c95d3be]::run_test::{closure#0}
[INFO] [stdout]   15:     0x644e08590084 - std[70759c8f55707aa4]::sys::backtrace::__rust_begin_short_backtrace::<test[9d35eded1c95d3be]::run_test::{closure#1}, ()>
[INFO] [stdout]   16:     0x644e08599922 - <std[70759c8f55707aa4]::thread::lifecycle::spawn_unchecked<test[9d35eded1c95d3be]::run_test::{closure#1}, ()>::{closure#1} as core[df12db4294e9bfd3]::ops::function::FnOnce<()>>::call_once::{shim:vtable#0}
[INFO] [stdout]   17:     0x644e08603819 - <std[70759c8f55707aa4]::sys::thread::unix::Thread>::new::thread_start
[INFO] [stdout]   18:     0x78e79c93ddfa - <unknown>
[INFO] [stdout]   19:     0x78e79c9d13d4 - clone
[INFO] [stdout]   20:                0x0 - <unknown>
[INFO] [stdout] 
[INFO] [stdout] ---- fundamental_usage stdout ----
[INFO] [stdout] 
[INFO] [stdout] thread 'fundamental_usage' (1345) panicked at tests/tools/mod.rs:126:9:
[INFO] [stdout] failed to run rustc:
[INFO] [stdout] --- rustc stdout ---
[INFO] [stdout] 
[INFO] [stdout] --- rustc stderr ---
[INFO] [stdout] error: extern location for spork does not exist: /opt/rustwide/workdir/target/debug/deps/libspork-9ed0fa64698ca313.rlib
[INFO] [stdout]  --> /tmp/.tmpOGMZ85/test.rs:1:5
[INFO] [stdout]   |
[INFO] [stdout] 1 | use spork::*; fn test() {} pub fn main()
[INFO] [stdout]   |     ^^^^^
[INFO] [stdout] 
[INFO] [stdout] error: aborting due to 1 previous error
[INFO] [stdout] 
[INFO] [stdout] 
[INFO] [stdout] stack backtrace:
[INFO] [stdout]    0:     0x644e08604131 - <<std[70759c8f55707aa4]::sys::backtrace::BacktraceLock>::print::DisplayBacktrace as core[df12db4294e9bfd3]::fmt::Display>::fmt
[INFO] [stdout]    1:     0x644e0861875a - core[df12db4294e9bfd3]::fmt::write
[INFO] [stdout]    2:     0x644e0860894c - <alloc[2182bb758b4b3781]::vec::Vec<u8> as core[df12db4294e9bfd3]::io::write::Write>::write_fmt
[INFO] [stdout]    3:     0x644e085dec86 - std[70759c8f55707aa4]::panicking::default_hook::{closure#0}
[INFO] [stdout]    4:     0x644e085fbf99 - std[70759c8f55707aa4]::panicking::default_hook
[INFO] [stdout]    5:     0x644e08595e70 - test[9d35eded1c95d3be]::test_main_inner::<test[9d35eded1c95d3be]::test_main_static::{closure#0}>::{closure#0}
[INFO] [stdout]    6:     0x644e085fc152 - std[70759c8f55707aa4]::panicking::panic_with_hook
[INFO] [stdout]    7:     0x644e085ded32 - std[70759c8f55707aa4]::panicking::panic_handler::{closure#0}
[INFO] [stdout]    8:     0x644e085d7969 - std[70759c8f55707aa4]::sys::backtrace::__rust_end_short_backtrace::<std[70759c8f55707aa4]::panicking::panic_handler::{closure#0}, !>
[INFO] [stdout]    9:     0x644e085df92d - __rustc[8fa7c3cbc660c2b3]::rust_begin_unwind
[INFO] [stdout]   10:     0x644e08618e8c - core[df12db4294e9bfd3]::panicking::panic_fmt
[INFO] [stdout]   11:     0x644e085872b9 - happy_path[da64867fedfe3709]::tools::run_program
[INFO] [stdout]   12:     0x644e085880d6 - <happy_path[da64867fedfe3709]::fundamental_usage::{closure#0} as core[df12db4294e9bfd3]::ops::function::FnOnce<()>>::call_once
[INFO] [stdout]   13:     0x644e0858915b - test[9d35eded1c95d3be]::__rust_begin_short_backtrace::<core[df12db4294e9bfd3]::result::Result<(), alloc[2182bb758b4b3781]::string::String>, fn() -> core[df12db4294e9bfd3]::result::Result<(), alloc[2182bb758b4b3781]::string::String>>
[INFO] [stdout]   14:     0x644e085967c5 - test[9d35eded1c95d3be]::run_test::{closure#0}
[INFO] [stdout]   15:     0x644e08590084 - std[70759c8f55707aa4]::sys::backtrace::__rust_begin_short_backtrace::<test[9d35eded1c95d3be]::run_test::{closure#1}, ()>
[INFO] [stdout]   16:     0x644e08599922 - <std[70759c8f55707aa4]::thread::lifecycle::spawn_unchecked<test[9d35eded1c95d3be]::run_test::{closure#1}, ()>::{closure#1} as core[df12db4294e9bfd3]::ops::function::FnOnce<()>>::call_once::{shim:vtable#0}
[INFO] [stdout]   17:     0x644e08603819 - <std[70759c8f55707aa4]::sys::thread::unix::Thread>::new::thread_start
[INFO] [stdout]   18:     0x78e79c93ddfa - <unknown>
[INFO] [stdout]   19:     0x78e79c9d13d4 - clone
[INFO] [stdout]   20:                0x0 - <unknown>
[INFO] [stdout] 
[INFO] [stdout] ---- demo_add_function stdout ----
[INFO] [stdout] 
[INFO] [stdout] thread 'demo_add_function' (1344) panicked at tests/tools/mod.rs:126:9:
[INFO] [stdout] failed to run rustc:
[INFO] [stdout] --- rustc stdout ---
[INFO] [stdout] 
[INFO] [stdout] --- rustc stderr ---
[INFO] [stdout] error: extern location for spork does not exist: /opt/rustwide/workdir/target/debug/deps/libspork-9ed0fa64698ca313.rlib
[INFO] [stdout]  --> /tmp/.tmpnV8Vjr/test.rs:1:5
[INFO] [stdout]   |
[INFO] [stdout] 1 | use spork::*; fn add(a: i32, b: i32) -> i32 { a + b } pub fn main()
[INFO] [stdout]   |     ^^^^^
[INFO] [stdout] 
[INFO] [stdout] error: aborting due to 1 previous error
[INFO] [stdout] 
[INFO] [stdout] 
[INFO] [stdout] stack backtrace:
[INFO] [stdout]    0:     0x644e08604131 - <<std[70759c8f55707aa4]::sys::backtrace::BacktraceLock>::print::DisplayBacktrace as core[df12db4294e9bfd3]::fmt::Display>::fmt
[INFO] [stdout]    1:     0x644e0861875a - core[df12db4294e9bfd3]::fmt::write
[INFO] [stdout]    2:     0x644e0860894c - <alloc[2182bb758b4b3781]::vec::Vec<u8> as core[df12db4294e9bfd3]::io::write::Write>::write_fmt
[INFO] [stdout]    3:     0x644e085dec86 - std[70759c8f55707aa4]::panicking::default_hook::{closure#0}
[INFO] [stdout]    4:     0x644e085fbf99 - std[70759c8f55707aa4]::panicking::default_hook
[INFO] [stdout]    5:     0x644e08595e70 - test[9d35eded1c95d3be]::test_main_inner::<test[9d35eded1c95d3be]::test_main_static::{closure#0}>::{closure#0}
[INFO] [stdout]    6:     0x644e085fc152 - std[70759c8f55707aa4]::panicking::panic_with_hook
[INFO] [stdout]    7:     0x644e085ded32 - std[70759c8f55707aa4]::panicking::panic_handler::{closure#0}
[INFO] [stdout]    8:     0x644e085d7969 - std[70759c8f55707aa4]::sys::backtrace::__rust_end_short_backtrace::<std[70759c8f55707aa4]::panicking::panic_handler::{closure#0}, !>
[INFO] [stdout]    9:     0x644e085df92d - __rustc[8fa7c3cbc660c2b3]::rust_begin_unwind
[INFO] [stdout]   10:     0x644e08618e8c - core[df12db4294e9bfd3]::panicking::panic_fmt
[INFO] [stdout]   11:     0x644e085872b9 - happy_path[da64867fedfe3709]::tools::run_program
[INFO] [stdout]   12:     0x644e08587fb6 - <happy_path[da64867fedfe3709]::demo_add_function::{closure#0} as core[df12db4294e9bfd3]::ops::function::FnOnce<()>>::call_once
[INFO] [stdout]   13:     0x644e0858915b - test[9d35eded1c95d3be]::__rust_begin_short_backtrace::<core[df12db4294e9bfd3]::result::Result<(), alloc[2182bb758b4b3781]::string::String>, fn() -> core[df12db4294e9bfd3]::result::Result<(), alloc[2182bb758b4b3781]::string::String>>
[INFO] [stdout]   14:     0x644e085967c5 - test[9d35eded1c95d3be]::run_test::{closure#0}
[INFO] [stdout]   15:     0x644e08590084 - std[70759c8f55707aa4]::sys::backtrace::__rust_begin_short_backtrace::<test[9d35eded1c95d3be]::run_test::{closure#1}, ()>
[INFO] [stdout]   16:     0x644e08599922 - <std[70759c8f55707aa4]::thread::lifecycle::spawn_unchecked<test[9d35eded1c95d3be]::run_test::{closure#1}, ()>::{closure#1} as core[df12db4294e9bfd3]::ops::function::FnOnce<()>>::call_once::{shim:vtable#0}
[INFO] [stdout]   17:     0x644e08603819 - <std[70759c8f55707aa4]::sys::thread::unix::Thread>::new::thread_start
[INFO] [stdout]   18:     0x78e79c93ddfa - <unknown>
[INFO] [stdout]   19:     0x78e79c9d13d4 - clone
[INFO] [stdout]   20:                0x0 - <unknown>
[INFO] [stdout] 
[INFO] [stdout] ---- nested stdout ----
[INFO] [stdout] 
[INFO] [stdout] thread 'nested' (1348) panicked at tests/tools/mod.rs:126:9:
[INFO] [stdout] failed to run rustc:
[INFO] [stdout] --- rustc stdout ---
[INFO] [stdout] 
[INFO] [stdout] --- rustc stderr ---
[INFO] [stdout] error: extern location for spork does not exist: /opt/rustwide/workdir/target/debug/deps/libspork-9ed0fa64698ca313.rlib
[INFO] [stdout]  --> /tmp/.tmpc6eyiO/test.rs:1:5
[INFO] [stdout]   |
[INFO] [stdout] 1 | use spork::*; pub fn recurse(level: usize)
[INFO] [stdout]   |     ^^^^^
[INFO] [stdout] 
[INFO] [stdout] error: aborting due to 1 previous error
[INFO] [stdout] 
[INFO] [stdout] 
[INFO] [stdout] stack backtrace:
[INFO] [stdout]    0:     0x644e08604131 - <<std[70759c8f55707aa4]::sys::backtrace::BacktraceLock>::print::DisplayBacktrace as core[df12db4294e9bfd3]::fmt::Display>::fmt
[INFO] [stdout]    1:     0x644e0861875a - core[df12db4294e9bfd3]::fmt::write
[INFO] [stdout]    2:     0x644e0860894c - <alloc[2182bb758b4b3781]::vec::Vec<u8> as core[df12db4294e9bfd3]::io::write::Write>::write_fmt
[INFO] [stdout]    3:     0x644e085dec86 - std[70759c8f55707aa4]::panicking::default_hook::{closure#0}
[INFO] [stdout]    4:     0x644e085fbf99 - std[70759c8f55707aa4]::panicking::default_hook
[INFO] [stdout]    5:     0x644e08595e70 - test[9d35eded1c95d3be]::test_main_inner::<test[9d35eded1c95d3be]::test_main_static::{closure#0}>::{closure#0}
[INFO] [stdout]    6:     0x644e085fc152 - std[70759c8f55707aa4]::panicking::panic_with_hook
[INFO] [stdout]    7:     0x644e085ded32 - std[70759c8f55707aa4]::panicking::panic_handler::{closure#0}
[INFO] [stdout]    8:     0x644e085d7969 - std[70759c8f55707aa4]::sys::backtrace::__rust_end_short_backtrace::<std[70759c8f55707aa4]::panicking::panic_handler::{closure#0}, !>
[INFO] [stdout]    9:     0x644e085df92d - __rustc[8fa7c3cbc660c2b3]::rust_begin_unwind
[INFO] [stdout]   10:     0x644e08618e8c - core[df12db4294e9bfd3]::panicking::panic_fmt
[INFO] [stdout]   11:     0x644e085872b9 - happy_path[da64867fedfe3709]::tools::run_program
[INFO] [stdout]   12:     0x644e0858883e - <happy_path[da64867fedfe3709]::nested::{closure#0} as core[df12db4294e9bfd3]::ops::function::FnOnce<()>>::call_once
[INFO] [stdout]   13:     0x644e0858915b - test[9d35eded1c95d3be]::__rust_begin_short_backtrace::<core[df12db4294e9bfd3]::result::Result<(), alloc[2182bb758b4b3781]::string::String>, fn() -> core[df12db4294e9bfd3]::result::Result<(), alloc[2182bb758b4b3781]::string::String>>
[INFO] [stdout]   14:     0x644e085967c5 - test[9d35eded1c95d3be]::run_test::{closure#0}
[INFO] [stdout]   15:     0x644e08590084 - std[70759c8f55707aa4]::sys::backtrace::__rust_begin_short_backtrace::<test[9d35eded1c95d3be]::run_test::{closure#1}, ()>
[INFO] [stdout]   16:     0x644e08599922 - <std[70759c8f55707aa4]::thread::lifecycle::spawn_unchecked<test[9d35eded1c95d3be]::run_test::{closure#1}, ()>::{closure#1} as core[df12db4294e9bfd3]::ops::function::FnOnce<()>>::call_once::{shim:vtable#0}
[INFO] [stdout]   17:     0x644e08603819 - <std[70759c8f55707aa4]::sys::thread::unix::Thread>::new::thread_start
[INFO] [stdout]   18:     0x78e79c93ddfa - <unknown>
[INFO] [stdout]   19:     0x78e79c9d13d4 - clone
[INFO] [stdout]   20:                0x0 - <unknown>
[INFO] [stdout] 
[INFO] [stdout] ---- child_panic_but_caught stdout ----
[INFO] [stdout] 
[INFO] [stdout] thread 'child_panic_but_caught' (1342) panicked at tests/tools/mod.rs:126:9:
[INFO] [stdout] failed to run rustc:
[INFO] [stdout] --- rustc stdout ---
[INFO] [stdout] 
[INFO] [stdout] --- rustc stderr ---
[INFO] [stdout] error: extern location for spork does not exist: /opt/rustwide/workdir/target/debug/deps/libspork-9ed0fa64698ca313.rlib
[INFO] [stdout]  --> /tmp/.tmp4yyrNu/test.rs:1:5
[INFO] [stdout]   |
[INFO] [stdout] 1 | use spork::*; fn add(a: i32, b: i32) -> i32
[INFO] [stdout]   |     ^^^^^
[INFO] [stdout] 
[INFO] [stdout] error: aborting due to 1 previous error
[INFO] [stdout] 
[INFO] [stdout] 
[INFO] [stdout] stack backtrace:
[INFO] [stdout]    0:     0x644e08604131 - <<std[70759c8f55707aa4]::sys::backtrace::BacktraceLock>::print::DisplayBacktrace as core[df12db4294e9bfd3]::fmt::Display>::fmt
[INFO] [stdout]    1:     0x644e0861875a - core[df12db4294e9bfd3]::fmt::write
[INFO] [stdout]    2:     0x644e0860894c - <alloc[2182bb758b4b3781]::vec::Vec<u8> as core[df12db4294e9bfd3]::io::write::Write>::write_fmt
[INFO] [stdout]    3:     0x644e085dec86 - std[70759c8f55707aa4]::panicking::default_hook::{closure#0}
[INFO] [stdout]    4:     0x644e085fbf99 - std[70759c8f55707aa4]::panicking::default_hook
[INFO] [stdout]    5:     0x644e08595e70 - test[9d35eded1c95d3be]::test_main_inner::<test[9d35eded1c95d3be]::test_main_static::{closure#0}>::{closure#0}
[INFO] [stdout]    6:     0x644e085fc152 - std[70759c8f55707aa4]::panicking::panic_with_hook
[INFO] [stdout]    7:     0x644e085ded32 - std[70759c8f55707aa4]::panicking::panic_handler::{closure#0}
[INFO] [stdout]    8:     0x644e085d7969 - std[70759c8f55707aa4]::sys::backtrace::__rust_end_short_backtrace::<std[70759c8f55707aa4]::panicking::panic_handler::{closure#0}, !>
[INFO] [stdout]    9:     0x644e085df92d - __rustc[8fa7c3cbc660c2b3]::rust_begin_unwind
[INFO] [stdout]   10:     0x644e08618e8c - core[df12db4294e9bfd3]::panicking::panic_fmt
[INFO] [stdout]   11:     0x644e085872b9 - happy_path[da64867fedfe3709]::tools::run_program
[INFO] [stdout]   12:     0x644e08588200 - <happy_path[da64867fedfe3709]::child_panic_but_caught::{closure#0} as core[df12db4294e9bfd3]::ops::function::FnOnce<()>>::call_once
[INFO] [stdout]   13:     0x644e0858915b - test[9d35eded1c95d3be]::__rust_begin_short_backtrace::<core[df12db4294e9bfd3]::result::Result<(), alloc[2182bb758b4b3781]::string::String>, fn() -> core[df12db4294e9bfd3]::result::Result<(), alloc[2182bb758b4b3781]::string::String>>
[INFO] [stdout]   14:     0x644e085967c5 - test[9d35eded1c95d3be]::run_test::{closure#0}
[INFO] [stdout]   15:     0x644e08590084 - std[70759c8f55707aa4]::sys::backtrace::__rust_begin_short_backtrace::<test[9d35eded1c95d3be]::run_test::{closure#1}, ()>
[INFO] [stdout]   16:     0x644e08599922 - <std[70759c8f55707aa4]::thread::lifecycle::spawn_unchecked<test[9d35eded1c95d3be]::run_test::{closure#1}, ()>::{closure#1} as core[df12db4294e9bfd3]::ops::function::FnOnce<()>>::call_once::{shim:vtable#0}
[INFO] [stdout]   17:     0x644e08603819 - <std[70759c8f55707aa4]::sys::thread::unix::Thread>::new::thread_start
[INFO] [stdout]   18:     0x78e79c93ddfa - <unknown>
[INFO] [stdout]   19:     0x78e79c9d13d4 - clone
[INFO] [stdout]   20:                0x0 - <unknown>
[INFO] [stdout] 
[INFO] [stdout] ---- move_closure stdout ----
[INFO] [stdout] 
[INFO] [stdout] thread 'move_closure' (1347) panicked at tests/tools/mod.rs:126:9:
[INFO] [stdout] failed to run rustc:
[INFO] [stdout] --- rustc stdout ---
[INFO] [stdout] 
[INFO] [stdout] --- rustc stderr ---
[INFO] [stdout] error: extern location for spork does not exist: /opt/rustwide/workdir/target/debug/deps/libspork-9ed0fa64698ca313.rlib
[INFO] [stdout]  --> /tmp/.tmpUAYmSu/test.rs:1:5
[INFO] [stdout]   |
[INFO] [stdout] 1 | use spork::*; pub fn main()
[INFO] [stdout]   |     ^^^^^
[INFO] [stdout] 
[INFO] [stdout] error: aborting due to 1 previous error
[INFO] [stdout] 
[INFO] [stdout] 
[INFO] [stdout] stack backtrace:
[INFO] [stdout]    0:     0x644e08604131 - <<std[70759c8f55707aa4]::sys::backtrace::BacktraceLock>::print::DisplayBacktrace as core[df12db4294e9bfd3]::fmt::Display>::fmt
[INFO] [stdout]    1:     0x644e0861875a - core[df12db4294e9bfd3]::fmt::write
[INFO] [stdout]    2:     0x644e0860894c - <alloc[2182bb758b4b3781]::vec::Vec<u8> as core[df12db4294e9bfd3]::io::write::Write>::write_fmt
[INFO] [stdout]    3:     0x644e085dec86 - std[70759c8f55707aa4]::panicking::default_hook::{closure#0}
[INFO] [stdout]    4:     0x644e085fbf99 - std[70759c8f55707aa4]::panicking::default_hook
[INFO] [stdout]    5:     0x644e08595e70 - test[9d35eded1c95d3be]::test_main_inner::<test[9d35eded1c95d3be]::test_main_static::{closure#0}>::{closure#0}
[INFO] [stdout]    6:     0x644e085fc152 - std[70759c8f55707aa4]::panicking::panic_with_hook
[INFO] [stdout]    7:     0x644e085ded32 - std[70759c8f55707aa4]::panicking::panic_handler::{closure#0}
[INFO] [stdout]    8:     0x644e085d7969 - std[70759c8f55707aa4]::sys::backtrace::__rust_end_short_backtrace::<std[70759c8f55707aa4]::panicking::panic_handler::{closure#0}, !>
[INFO] [stdout]    9:     0x644e085df92d - __rustc[8fa7c3cbc660c2b3]::rust_begin_unwind
[INFO] [stdout]   10:     0x644e08618e8c - core[df12db4294e9bfd3]::panicking::panic_fmt
[INFO] [stdout]   11:     0x644e085872b9 - happy_path[da64867fedfe3709]::tools::run_program
[INFO] [stdout]   12:     0x644e08587e96 - <happy_path[da64867fedfe3709]::move_closure::{closure#0} as core[df12db4294e9bfd3]::ops::function::FnOnce<()>>::call_once
[INFO] [stdout]   13:     0x644e0858915b - test[9d35eded1c95d3be]::__rust_begin_short_backtrace::<core[df12db4294e9bfd3]::result::Result<(), alloc[2182bb758b4b3781]::string::String>, fn() -> core[df12db4294e9bfd3]::result::Result<(), alloc[2182bb758b4b3781]::string::String>>
[INFO] [stdout]   14:     0x644e085967c5 - test[9d35eded1c95d3be]::run_test::{closure#0}
[INFO] [stdout]   15:     0x644e08590084 - std[70759c8f55707aa4]::sys::backtrace::__rust_begin_short_backtrace::<test[9d35eded1c95d3be]::run_test::{closure#1}, ()>
[INFO] [stdout]   16:     0x644e08599922 - <std[70759c8f55707aa4]::thread::lifecycle::spawn_unchecked<test[9d35eded1c95d3be]::run_test::{closure#1}, ()>::{closure#1} as core[df12db4294e9bfd3]::ops::function::FnOnce<()>>::call_once::{shim:vtable#0}
[INFO] [stdout]   17:     0x644e08603819 - <std[70759c8f55707aa4]::sys::thread::unix::Thread>::new::thread_start
[INFO] [stdout]   18:     0x78e79c93ddfa - <unknown>
[INFO] [stdout]   19:     0x78e79c9d13d4 - clone
[INFO] [stdout]   20:                0x0 - <unknown>
[INFO] [stdout] 
[INFO] [stdout] ---- closure stdout ----
[INFO] [stdout] 
[INFO] [stdout] thread 'closure' (1343) panicked at tests/tools/mod.rs:126:9:
[INFO] [stdout] failed to run rustc:
[INFO] [stdout] --- rustc stdout ---
[INFO] [stdout] 
[INFO] [stdout] --- rustc stderr ---
[INFO] [stdout] error: extern location for spork does not exist: /opt/rustwide/workdir/target/debug/deps/libspork-9ed0fa64698ca313.rlib
[INFO] [stdout]  --> /tmp/.tmp0aqCnR/test.rs:1:5
[INFO] [stdout]   |
[INFO] [stdout] 1 | use spork::*; pub fn main()
[INFO] [stdout]   |     ^^^^^
[INFO] [stdout] 
[INFO] [stdout] error: aborting due to 1 previous error
[INFO] [stdout] 
[INFO] [stdout] 
[INFO] [stdout] stack backtrace:
[INFO] [stdout]    0:     0x644e08604131 - <<std[70759c8f55707aa4]::sys::backtrace::BacktraceLock>::print::DisplayBacktrace as core[df12db4294e9bfd3]::fmt::Display>::fmt
[INFO] [stdout]    1:     0x644e0861875a - core[df12db4294e9bfd3]::fmt::write
[INFO] [stdout]    2:     0x644e0860894c - <alloc[2182bb758b4b3781]::vec::Vec<u8> as core[df12db4294e9bfd3]::io::write::Write>::write_fmt
[INFO] [stdout]    3:     0x644e085dec86 - std[70759c8f55707aa4]::panicking::default_hook::{closure#0}
[INFO] [stdout]    4:     0x644e085fbf99 - std[70759c8f55707aa4]::panicking::default_hook
[INFO] [stdout]    5:     0x644e08595e70 - test[9d35eded1c95d3be]::test_main_inner::<test[9d35eded1c95d3be]::test_main_static::{closure#0}>::{closure#0}
[INFO] [stdout]    6:     0x644e085fc152 - std[70759c8f55707aa4]::panicking::panic_with_hook
[INFO] [stdout]    7:     0x644e085ded32 - std[70759c8f55707aa4]::panicking::panic_handler::{closure#0}
[INFO] [stdout]    8:     0x644e085d7969 - std[70759c8f55707aa4]::sys::backtrace::__rust_end_short_backtrace::<std[70759c8f55707aa4]::panicking::panic_handler::{closure#0}, !>
[INFO] [stdout]    9:     0x644e085df92d - __rustc[8fa7c3cbc660c2b3]::rust_begin_unwind
[INFO] [stdout]   10:     0x644e08618e8c - core[df12db4294e9bfd3]::panicking::panic_fmt
[INFO] [stdout]   11:     0x644e085872b9 - happy_path[da64867fedfe3709]::tools::run_program
[INFO] [stdout]   12:     0x644e08588996 - <happy_path[da64867fedfe3709]::closure::{closure#0} as core[df12db4294e9bfd3]::ops::function::FnOnce<()>>::call_once
[INFO] [stdout]   13:     0x644e0858915b - test[9d35eded1c95d3be]::__rust_begin_short_backtrace::<core[df12db4294e9bfd3]::result::Result<(), alloc[2182bb758b4b3781]::string::String>, fn() -> core[df12db4294e9bfd3]::result::Result<(), alloc[2182bb758b4b3781]::string::String>>
[INFO] [stdout]   14:     0x644e085967c5 - test[9d35eded1c95d3be]::run_test::{closure#0}
[INFO] [stdout]   15:     0x644e08590084 - std[70759c8f55707aa4]::sys::backtrace::__rust_begin_short_backtrace::<test[9d35eded1c95d3be]::run_test::{closure#1}, ()>
[INFO] [stdout]   16:     0x644e08599922 - <std[70759c8f55707aa4]::thread::lifecycle::spawn_unchecked<test[9d35eded1c95d3be]::run_test::{closure#1}, ()>::{closure#1} as core[df12db4294e9bfd3]::ops::function::FnOnce<()>>::call_once::{shim:vtable#0}
[INFO] [stdout]   17:     0x644e08603819 - <std[70759c8f55707aa4]::sys::thread::unix::Thread>::new::thread_start
[INFO] [stdout]   18:     0x78e79c93ddfa - <unknown>
[INFO] [stdout]   19:     0x78e79c9d13d4 - clone
[INFO] [stdout]   20:                0x0 - <unknown>
[INFO] [stdout] 
[INFO] [stdout] 
[INFO] [stdout] failures:
[INFO] [stdout]     child_panic_but_caught
[INFO] [stdout]     closure
[INFO] [stdout]     demo_add_function
[INFO] [stdout]     fundamental_usage
[INFO] [stdout]     many
[INFO] [stdout]     move_closure
[INFO] [stdout]     nested
[INFO] [stdout] 
[INFO] [stdout] test result: FAILED. 0 passed; 7 failed; 0 ignored; 0 measured; 0 filtered out; finished in 0.15s
[INFO] [stdout] 
[INFO] [stderr] error: test failed, to rerun pass `--test happy_path`
[INFO] running `Command { std: "docker" "inspect" "5fcd94dc58e3937a97eb10d07060e14e813b592c8565790efc5b83d2fd5d4af2", kill_on_drop: false }`
[INFO] running `Command { std: "docker" "rm" "-f" "5fcd94dc58e3937a97eb10d07060e14e813b592c8565790efc5b83d2fd5d4af2", kill_on_drop: false }`
[INFO] [stdout] 5fcd94dc58e3937a97eb10d07060e14e813b592c8565790efc5b83d2fd5d4af2
