[INFO] fetching crate spoor-cli 0.14.0...
[INFO] testing spoor-cli-0.14.0 against 1.99.0-beta.8+cargoflags=--release for beta-release-1.100-2
[INFO] extracting crate spoor-cli 0.14.0 into /workspace/builds/worker-4-tc1/source
[INFO] started tweaking crates.io crate spoor-cli 0.14.0
[INFO] removed 0 missing tests
[INFO] finished tweaking crates.io crate spoor-cli 0.14.0
[INFO] tweaked toml for crates.io crate spoor-cli 0.14.0 written to /workspace/builds/worker-4-tc1/source/Cargo.toml
[INFO] validating manifest of crates.io crate spoor-cli 0.14.0 on toolchain 1.99.0-beta.8
[INFO] running `Command { std: CARGO_HOME="/workspace/cargo-home" RUSTUP_HOME="/workspace/rustup-home" "/workspace/cargo-home/bin/cargo" "+1.99.0-beta.8" "metadata" "--manifest-path" "Cargo.toml" "--no-deps", kill_on_drop: false }`
[INFO] crate crates.io crate spoor-cli 0.14.0 already has a lockfile, it will not be regenerated
[INFO] running `Command { std: CARGO_HOME="/workspace/cargo-home" RUSTUP_HOME="/workspace/rustup-home" "/workspace/cargo-home/bin/cargo" "+1.99.0-beta.8" "fetch" "--manifest-path" "Cargo.toml", kill_on_drop: false }`
[INFO] [stderr]     Updating crates.io index
[INFO] [stderr]  Downloading crates ...
[INFO] [stderr]   Downloaded scraper v0.20.0
[INFO] [stderr]   Downloaded quick-xml v0.36.2
[INFO] [stderr]   Downloaded spoor-core v0.14.0
[INFO] [stderr]   Downloaded lopdf v0.34.0
[INFO] running `Command { std: "docker" "create" "-v" "/var/lib/crater-agent-workspace/builds/worker-4-tc1/source:/opt/rustwide/workdir:ro,Z" "-v" "/var/lib/crater-agent-workspace/builds/worker-4-tc1/target:/opt/rustwide/target:rw,Z" "-v" "/var/lib/crater-agent-workspace/cargo-home:/opt/rustwide/cargo-home:ro,Z" "-v" "/var/lib/crater-agent-workspace/rustup-home:/opt/rustwide/rustup-home:ro,Z" "-m" "1610612736" "--network" "none" "ghcr.io/rust-lang/crates-build-env/linux@sha256:77db811e55d90add9212f6832c23229e3de5f1c1f9905e8cb07319ea15df73ac" "sleep" "infinity", kill_on_drop: false }`
[INFO] [stdout] 70a5a3ee68edce2e23929fc98f58854ee65f284ab485688f6eb09bcb709d9e8a
[INFO] running `Command { std: "docker" "start" "70a5a3ee68edce2e23929fc98f58854ee65f284ab485688f6eb09bcb709d9e8a", kill_on_drop: false }`
[INFO] running `Command { std: "docker" "inspect" "70a5a3ee68edce2e23929fc98f58854ee65f284ab485688f6eb09bcb709d9e8a", kill_on_drop: false }`
[INFO] running `Command { std: "docker" "exec" "-e" "SOURCE_DIR=/opt/rustwide/workdir" "-e" "CARGO_HOME=/opt/rustwide/cargo-home" "-e" "RUSTUP_HOME=/opt/rustwide/rustup-home" "-e" "CARGO_TARGET_DIR=/opt/rustwide/target" "-w" "/opt/rustwide/workdir" "--user" "0:0" "70a5a3ee68edce2e23929fc98f58854ee65f284ab485688f6eb09bcb709d9e8a" "/opt/rustwide/cargo-home/bin/cargo" "+1.99.0-beta.8" "metadata" "--no-deps" "--format-version=1", kill_on_drop: false }`
[INFO] running `Command { std: "docker" "inspect" "70a5a3ee68edce2e23929fc98f58854ee65f284ab485688f6eb09bcb709d9e8a", kill_on_drop: false }`
[INFO] running `Command { std: "docker" "exec" "-e" "SOURCE_DIR=/opt/rustwide/workdir" "-e" "CARGO_HOME=/opt/rustwide/cargo-home" "-e" "RUSTUP_HOME=/opt/rustwide/rustup-home" "-e" "CARGO_TARGET_DIR=/opt/rustwide/target" "-e" "CARGO_INCREMENTAL=0" "-e" "RUST_BACKTRACE=full" "-e" "RUSTFLAGS=--cap-lints=warn" "-e" "RUSTDOCFLAGS=--cap-lints=warn" "-w" "/opt/rustwide/workdir" "--user" "0:0" "70a5a3ee68edce2e23929fc98f58854ee65f284ab485688f6eb09bcb709d9e8a" "/opt/rustwide/cargo-home/bin/cargo" "+1.99.0-beta.8" "build" "--frozen" "--message-format=json" "--release", kill_on_drop: false }`
[INFO] [stderr]    Compiling syn v2.0.117
[INFO] [stderr]    Compiling libc v0.2.186
[INFO] [stderr]    Compiling zerocopy v0.8.48
[INFO] [stderr]    Compiling stable_deref_trait v1.2.1
[INFO] [stderr]    Compiling smallvec v1.15.1
[INFO] [stderr]    Compiling serde_core v1.0.228
[INFO] [stderr]    Compiling phf_shared v0.11.3
[INFO] [stderr]    Compiling siphasher v0.3.11
[INFO] [stderr]    Compiling simd-adler32 v0.3.9
[INFO] [stderr]    Compiling ring v0.17.14
[INFO] [stderr]    Compiling generic-array v0.14.7
[INFO] [stderr]    Compiling mac v0.1.1
[INFO] [stderr]    Compiling dtoa v1.0.11
[INFO] [stderr]    Compiling hashbrown v0.17.0
[INFO] [stderr]    Compiling futf v0.1.5
[INFO] [stderr]    Compiling num-traits v0.2.19
[INFO] [stderr]    Compiling dtoa-short v0.3.5
[INFO] [stderr]    Compiling getrandom v0.2.17
[INFO] [stderr]    Compiling phf_shared v0.10.0
[INFO] [stderr]    Compiling miniz_oxide v0.8.9
[INFO] [stderr]    Compiling tendril v0.4.3
[INFO] [stderr]    Compiling zip v2.4.2
[INFO] [stderr]    Compiling bumpalo v3.20.2
[INFO] [stderr]    Compiling servo_arc v0.3.0
[INFO] [stderr]    Compiling parking_lot_core v0.9.12
[INFO] [stderr]    Compiling phf v0.10.1
[INFO] [stderr]    Compiling pom v1.1.0
[INFO] [stderr]    Compiling time v0.3.47
[INFO] [stderr]    Compiling nom v7.1.3
[INFO] [stderr]    Compiling getopts v0.2.24
[INFO] [stderr]    Compiling ahash v0.8.12
[INFO] [stderr]    Compiling flate2 v1.1.9
[INFO] [stderr]    Compiling parking_lot v0.12.5
[INFO] [stderr]    Compiling zopfli v0.8.3
[INFO] [stderr]    Compiling block-buffer v0.10.4
[INFO] [stderr]    Compiling crypto-common v0.1.7
[INFO] [stderr]    Compiling digest v0.10.7
[INFO] [stderr]    Compiling webpki-roots v1.0.7
[INFO] [stderr]    Compiling indexmap v2.14.0
[INFO] [stderr]    Compiling codepage v0.1.2
[INFO] [stderr]    Compiling quick-xml v0.31.0
[INFO] [stderr]    Compiling csv-core v0.1.13
[INFO] [stderr]    Compiling md-5 v0.10.6
[INFO] [stderr]    Compiling ego-tree v0.6.3
[INFO] [stderr]    Compiling rangemap v1.7.1
[INFO] [stderr]    Compiling euclid v0.20.14
[INFO] [stderr]    Compiling webpki-roots v0.26.11
[INFO] [stderr]    Compiling adobe-cmap-parser v0.4.1
[INFO] [stderr]    Compiling rand_core v0.6.4
[INFO] [stderr]    Compiling type1-encoding-parser v0.1.1
[INFO] [stderr]    Compiling chardetng v0.1.17
[INFO] [stderr]    Compiling quick-xml v0.36.2
[INFO] [stderr]    Compiling postscript v0.14.1
[INFO] [stderr]    Compiling glob v0.3.3
[INFO] [stderr]    Compiling lopdf v0.34.0
[INFO] [stderr]    Compiling ppv-lite86 v0.2.21
[INFO] [stderr]    Compiling csv v1.4.0
[INFO] [stderr]    Compiling serde_json v1.0.149
[INFO] [stderr]    Compiling rand_chacha v0.3.1
[INFO] [stderr]    Compiling rand v0.8.6
[INFO] [stderr]    Compiling synstructure v0.13.2
[INFO] [stderr]    Compiling phf_generator v0.11.3
[INFO] [stderr]    Compiling phf_generator v0.10.0
[INFO] [stderr]    Compiling phf_codegen v0.10.0
[INFO] [stderr]    Compiling phf_codegen v0.11.3
[INFO] [stderr]    Compiling string_cache_codegen v0.5.4
[INFO] [stderr]    Compiling selectors v0.25.0
[INFO] [stderr]    Compiling zerofrom-derive v0.1.7
[INFO] [stderr]    Compiling displaydoc v0.2.5
[INFO] [stderr]    Compiling yoke-derive v0.8.2
[INFO] [stderr]    Compiling zerovec-derive v0.11.3
[INFO] [stderr]    Compiling phf_macros v0.11.3
[INFO] [stderr]    Compiling serde_derive v1.0.228
[INFO] [stderr]    Compiling cssparser-macros v0.6.1
[INFO] [stderr]    Compiling html5ever v0.27.0
[INFO] [stderr]    Compiling thiserror-impl v2.0.18
[INFO] [stderr]    Compiling derive_more v0.99.20
[INFO] [stderr]    Compiling clap_derive v4.6.1
[INFO] [stderr]    Compiling markup5ever v0.12.1
[INFO] [stderr]    Compiling phf v0.11.3
[INFO] [stderr]    Compiling cssparser v0.31.2
[INFO] [stderr]    Compiling thiserror v2.0.18
[INFO] [stderr]    Compiling zerofrom v0.1.7
[INFO] [stderr]    Compiling yoke v0.8.2
[INFO] [stderr]    Compiling zerovec v0.11.6
[INFO] [stderr]    Compiling zerotrie v0.2.4
[INFO] [stderr]    Compiling clap v4.6.1
[INFO] [stderr]    Compiling tinystr v0.8.3
[INFO] [stderr]    Compiling potential_utf v0.1.5
[INFO] [stderr]    Compiling icu_locale_core v2.2.0
[INFO] [stderr]    Compiling icu_collections v2.2.0
[INFO] [stderr]    Compiling serde v1.0.228
[INFO] [stderr]    Compiling icu_provider v2.2.0
[INFO] [stderr]    Compiling string_cache v0.8.9
[INFO] [stderr]    Compiling calamine v0.26.1
[INFO] [stderr]    Compiling icu_properties v2.2.0
[INFO] [stderr]    Compiling icu_normalizer v2.2.0
[INFO] [stderr]    Compiling idna_adapter v1.2.2
[INFO] [stderr]    Compiling idna v1.1.0
[INFO] [stderr]    Compiling scraper v0.20.0
[INFO] [stderr]    Compiling url v2.5.8
[INFO] [stderr]    Compiling spoor-core v0.14.0
[INFO] [stderr]    Compiling rustls v0.23.40
[INFO] [stderr]    Compiling rustls-webpki v0.103.13
[INFO] [stderr]    Compiling ureq v2.12.1
[INFO] [stderr]    Compiling spoor-cli v0.14.0 (/opt/rustwide/workdir)
[INFO] [stderr]     Finished `release` profile [optimized] target(s) in 2m 57s
[INFO] running `Command { std: "docker" "inspect" "70a5a3ee68edce2e23929fc98f58854ee65f284ab485688f6eb09bcb709d9e8a", kill_on_drop: false }`
[INFO] running `Command { std: "docker" "exec" "-e" "SOURCE_DIR=/opt/rustwide/workdir" "-e" "CARGO_HOME=/opt/rustwide/cargo-home" "-e" "RUSTUP_HOME=/opt/rustwide/rustup-home" "-e" "CARGO_TARGET_DIR=/opt/rustwide/target" "-e" "CARGO_INCREMENTAL=0" "-e" "RUST_BACKTRACE=full" "-e" "RUSTFLAGS=--cap-lints=warn" "-e" "RUSTDOCFLAGS=--cap-lints=warn" "-w" "/opt/rustwide/workdir" "--user" "0:0" "70a5a3ee68edce2e23929fc98f58854ee65f284ab485688f6eb09bcb709d9e8a" "/opt/rustwide/cargo-home/bin/cargo" "+1.99.0-beta.8" "test" "--frozen" "--no-run" "--message-format=json" "--release", kill_on_drop: false }`
[INFO] [stderr]    Compiling bitflags v2.11.1
[INFO] [stderr]    Compiling console v0.16.3
[INFO] [stderr]    Compiling selectors v0.25.0
[INFO] [stderr]    Compiling rustix v1.1.4
[INFO] [stderr]    Compiling scraper v0.20.0
[INFO] [stderr]    Compiling spoor-core v0.14.0
[INFO] [stderr]    Compiling tempfile v3.27.0
[INFO] [stderr]    Compiling insta v1.47.2
[INFO] [stderr]    Compiling spoor-cli v0.14.0 (/opt/rustwide/workdir)
[INFO] [stderr]     Finished `release` profile [optimized] target(s) in 1m 53s
[INFO] running `Command { std: "docker" "inspect" "70a5a3ee68edce2e23929fc98f58854ee65f284ab485688f6eb09bcb709d9e8a", kill_on_drop: false }`
[INFO] running `Command { std: "docker" "exec" "-e" "SOURCE_DIR=/opt/rustwide/workdir" "-e" "CARGO_HOME=/opt/rustwide/cargo-home" "-e" "RUSTUP_HOME=/opt/rustwide/rustup-home" "-e" "CARGO_TARGET_DIR=/opt/rustwide/target" "-e" "CARGO_INCREMENTAL=0" "-e" "RUST_BACKTRACE=full" "-e" "RUSTFLAGS=--cap-lints=warn" "-e" "RUSTDOCFLAGS=--cap-lints=warn" "-w" "/opt/rustwide/workdir" "--user" "0:0" "70a5a3ee68edce2e23929fc98f58854ee65f284ab485688f6eb09bcb709d9e8a" "/opt/rustwide/cargo-home/bin/cargo" "+1.99.0-beta.8" "test" "--frozen" "--release", kill_on_drop: false }`
[INFO] [stderr]     Finished `release` profile [optimized] target(s) in 0.19s
[INFO] [stderr]      Running unittests src/main.rs (/opt/rustwide/target/release/deps/spoor-03ebab56e90b896f)
[INFO] [stdout] 
[INFO] [stdout] running 15 tests
[INFO] [stdout] test app::tests::all_failed_error_caps_diagnostics ... ok
[INFO] [stdout] test cli::tests::explicit_mode_parses ... ok
[INFO] [stdout] test cli::tests::multiple_inputs_parse ... ok
[INFO] [stdout] test cli::tests::narrowing_flags_parse ... ok
[INFO] [stdout] test cli::tests::rows_conflicts_with_limit ... ok
[INFO] [stdout] test cli::tests::table_usage_lists_every_narrowing_flag ... ok
[INFO] [stdout] test cli::tests::rows_conflicts_with_offset ... ok
[INFO] [stdout] test app::tests::glob_inputs_expand_and_sort ... ok
[INFO] [stdout] test app::tests::retained_results_share_parse_budget ... ok
[INFO] [stdout] test cli::tests::input_without_flags_still_parses ... ok
[INFO] [stdout] test app::tests::parse_row_range_accepts_valid_input ... ok
[INFO] [stdout] test cli::tests::extract_parses_and_conflicts_with_text_output_options ... ok
[INFO] [stdout] test cli::tests::help_shows_common_patterns_and_all_options ... ok
[INFO] [stdout] test app::tests::glob_without_matches_errors ... ok
[INFO] [stdout] test app::tests::parse_row_range_rejects_malformed_input ... ok
[INFO] [stdout] 
[INFO] [stdout] test result: ok. 15 passed; 0 failed; 0 ignored; 0 measured; 0 filtered out; finished in 0.00s
[INFO] [stdout] 
[INFO] [stderr]      Running tests/adversarial.rs (/opt/rustwide/target/release/deps/adversarial-bed01ab3c69f1789)
[INFO] [stdout] 
[INFO] [stdout] running 5 tests
[INFO] [stdout] test truncated_zip ... ok
[INFO] [stdout] test empty_file_treated_as_docx ... ok
[INFO] [stdout] test non_zip_data_treated_as_docx ... ok
[INFO] [stdout] test broken_json_ipynb ... ok
[INFO] [stdout] test compression_bomb_rejected_when_capped ... ok
[INFO] [stdout] 
[INFO] [stdout] test result: ok. 5 passed; 0 failed; 0 ignored; 0 measured; 0 filtered out; finished in 0.00s
[INFO] [stdout] 
[INFO] [stderr]      Running tests/cli.rs (/opt/rustwide/target/release/deps/cli-fa2622cf3b85d420)
[INFO] [stdout] 
[INFO] [stdout] running 32 tests
[INFO] [stdout] test cfb_container_emits_legacy_or_encrypted_office_error ... ok
[INFO] [stdout] test local_file_over_parse_budget_emits_structured_error ... ok
[INFO] [stdout] test extract_outputs_the_referenced_pptx_media_bytes ... ok
[INFO] [stdout] test markdown_total_output_limit_is_global_and_visible ... ok
[INFO] [stdout] test markdown_uses_default_total_output_limit ... ok
[INFO] [stdout] test glob_inputs_expand_inside_cli ... ok
[INFO] [stdout] test extraction_errors_exit_nonzero ... ok
[INFO] [stdout] test extract_outputs_the_referenced_docx_media_bytes ... ok
[INFO] [stdout] test partial_failure_still_outputs_successes_in_md ... ok
[INFO] [stdout] test format_override_is_honored ... ok
[INFO] [stdout] test max_output_bytes_rejects_too_small_budget ... ok
[INFO] [stdout] test partial_failure_records_warning_in_json_envelope ... ok
[INFO] [stdout] test provenance_rejects_multiple_inputs ... ok
[INFO] [stdout] test stdin_dash_reads_text_as_markdown ... ok
[INFO] [stdout] test multiple_inputs_share_parse_budget ... ok
[INFO] [stdout] test multiple_inputs_get_source_sections ... ok
[INFO] [stdout] test max_parse_bytes_rejects_too_small_budget ... ok
[INFO] [stdout] test all_inputs_failing_exits_nonzero ... ok
[INFO] [stdout] test empty_extraction_emits_inband_placeholder ... ok
[INFO] [stdout] test document_integrity_warnings_are_visible_in_stdout_and_stderr ... ok
[INFO] [stdout] test unreadable_archive_emits_invalid_container_error ... ok
[INFO] [stdout] test stdin_xlsx_detected_by_magic_bytes ... ok
[INFO] [stdout] test stdin_csv_with_format_flag_emits_json ... ok
[INFO] [stdout] test unsupported_format_emits_machine_readable_error ... ok
[INFO] [stdout] test version_flag_reports_binary_name ... ok
[INFO] [stdout] test extract_rejects_non_opc_and_multiple_inputs ... ok
[INFO] [stdout] test extract_rejects_paths_that_were_not_emitted_as_safe_pptx_uris ... ok
[INFO] [stdout] test stdin_over_parse_budget_emits_structured_error ... ok
[INFO] [stdout] test extract_rejects_paths_that_were_not_emitted_as_safe_docx_uris ... ok
[INFO] [stdout] test provenance_page_emits_json_mapping_output_to_source_pages ... ok
[INFO] [stdout] test pdf_without_text_or_images_emits_machine_readable_error ... ok
[INFO] [stdout] test extracted_text_expansion_respects_parse_budget ... ok
[INFO] [stdout] 
[INFO] [stdout] test result: ok. 32 passed; 0 failed; 0 ignored; 0 measured; 0 filtered out; finished in 0.15s
[INFO] [stdout] 
[INFO] [stderr]      Running tests/common.rs (/opt/rustwide/target/release/deps/common-c7c55e9c7437c8de)
[INFO] [stdout] 
[INFO] [stdout] running 0 tests
[INFO] [stdout] 
[INFO] [stdout] test result: ok. 0 passed; 0 failed; 0 ignored; 0 measured; 0 filtered out; finished in 0.00s
[INFO] [stdout] 
[INFO] [stderr]      Running tests/csv.rs (/opt/rustwide/target/release/deps/csv-cb1fe1db60ea3227)
[INFO] [stdout] 
[INFO] [stdout] running 10 tests
[INFO] [stdout] test large_file_truncated ... ok
[INFO] [stdout] test rfc4180_quoted_fields ... ok
[INFO] [stdout] test tab_delimiter_auto_detected ... ok
[INFO] [stdout] test pipe_delimiter ... ok
[INFO] [stdout] test ragged_rows_padded ... ok
[INFO] [stdout] test gbk_encoding_decoded ... ok
[INFO] [stdout] test utf8_bom_stripped ... ok
[INFO] [stdout] test basic_comma_separated ... ok
[INFO] [stdout] test empty_file ... ok
[INFO] [stdout] test semicolon_delimiter_european_excel ... ok
[INFO] [stdout] 
[INFO] [stdout] test result: ok. 10 passed; 0 failed; 0 ignored; 0 measured; 0 filtered out; finished in 0.10s
[INFO] [stdout] 
[INFO] [stderr]      Running tests/docs.rs (/opt/rustwide/target/release/deps/docs-a66fc648b09576b5)
[INFO] [stdout] 
[INFO] [stdout] running 4 tests
[INFO] [stdout] test skill_teaches_stable_truncation_signals ... FAILED
[INFO] [stdout] test skill_and_api_reference_document_every_warning_code ... FAILED
[INFO] [stdout] test skill_teaches_docx_image_placeholder_protocol ... FAILED
[INFO] [stdout] test skill_and_api_reference_document_every_error_code ... FAILED
[INFO] [stdout] 
[INFO] [stdout] failures:
[INFO] [stdout] 
[INFO] [stdout] ---- skill_teaches_stable_truncation_signals stdout ----
[INFO] [stdout] 
[INFO] [stdout] thread 'skill_teaches_stable_truncation_signals' (2965) panicked at tests/docs.rs:13:55:
[INFO] [stdout] read skills/spoor/SKILL.md: No such file or directory (os error 2)
[INFO] [stdout] stack backtrace:
[INFO] [stdout]    0:     0x616ffdeea651 - <<std[70759c8f55707aa4]::sys::backtrace::BacktraceLock>::print::DisplayBacktrace as core[df12db4294e9bfd3]::fmt::Display>::fmt
[INFO] [stdout]    1:     0x616ffdefe89a - core[df12db4294e9bfd3]::fmt::write
[INFO] [stdout]    2:     0x616ffdeeeaec - <alloc[2182bb758b4b3781]::vec::Vec<u8> as core[df12db4294e9bfd3]::io::write::Write>::write_fmt
[INFO] [stdout]    3:     0x616ffdec6746 - std[70759c8f55707aa4]::panicking::default_hook::{closure#0}
[INFO] [stdout]    4:     0x616ffdee2a49 - std[70759c8f55707aa4]::panicking::default_hook
[INFO] [stdout]    5:     0x616ffde7e7f0 - test[9d35eded1c95d3be]::test_main_inner::<test[9d35eded1c95d3be]::test_main_static::{closure#0}>::{closure#0}
[INFO] [stdout]    6:     0x616ffdee2c02 - std[70759c8f55707aa4]::panicking::panic_with_hook
[INFO] [stdout]    7:     0x616ffdec67f2 - std[70759c8f55707aa4]::panicking::panic_handler::{closure#0}
[INFO] [stdout]    8:     0x616ffdebf3e9 - std[70759c8f55707aa4]::sys::backtrace::__rust_end_short_backtrace::<std[70759c8f55707aa4]::panicking::panic_handler::{closure#0}, !>
[INFO] [stdout]    9:     0x616ffdec73ed - __rustc[8fa7c3cbc660c2b3]::rust_begin_unwind
[INFO] [stdout]   10:     0x616ffdefefcc - core[df12db4294e9bfd3]::panicking::panic_fmt
[INFO] [stdout]   11:     0x616ffde705da - docs[bf046b78c6620029]::read_doc::{closure#0}
[INFO] [stdout]   12:     0x616ffde7082c - docs[bf046b78c6620029]::read_doc
[INFO] [stdout]   13:     0x616ffde710fd - <docs[bf046b78c6620029]::skill_teaches_stable_truncation_signals::{closure#0} as core[df12db4294e9bfd3]::ops::function::FnOnce<()>>::call_once
[INFO] [stdout]   14:     0x616ffde71adb - test[9d35eded1c95d3be]::__rust_begin_short_backtrace::<core[df12db4294e9bfd3]::result::Result<(), alloc[2182bb758b4b3781]::string::String>, fn() -> core[df12db4294e9bfd3]::result::Result<(), alloc[2182bb758b4b3781]::string::String>>
[INFO] [stdout]   15:     0x616ffde7f145 - test[9d35eded1c95d3be]::run_test::{closure#0}
[INFO] [stdout]   16:     0x616ffde78a04 - std[70759c8f55707aa4]::sys::backtrace::__rust_begin_short_backtrace::<test[9d35eded1c95d3be]::run_test::{closure#1}, ()>
[INFO] [stdout]   17:     0x616ffde822a2 - <std[70759c8f55707aa4]::thread::lifecycle::spawn_unchecked<test[9d35eded1c95d3be]::run_test::{closure#1}, ()>::{closure#1} as core[df12db4294e9bfd3]::ops::function::FnOnce<()>>::call_once::{shim:vtable#0}
[INFO] [stdout]   18:     0x616ffdee9bb9 - <std[70759c8f55707aa4]::sys::thread::unix::Thread>::new::thread_start
[INFO] [stdout]   19:     0x7e83fe91adfa - <unknown>
[INFO] [stdout]   20:     0x7e83fe9ae3d4 - clone
[INFO] [stdout]   21:                0x0 - <unknown>
[INFO] [stdout] 
[INFO] [stdout] ---- skill_and_api_reference_document_every_warning_code stdout ----
[INFO] [stdout] 
[INFO] [stdout] thread 'skill_and_api_reference_document_every_warning_code' (2963) panicked at tests/docs.rs:13:55:
[INFO] [stdout] read skills/spoor/SKILL.md: No such file or directory (os error 2)
[INFO] [stdout] stack backtrace:
[INFO] [stdout]    0:     0x616ffdeea651 - <<std[70759c8f55707aa4]::sys::backtrace::BacktraceLock>::print::DisplayBacktrace as core[df12db4294e9bfd3]::fmt::Display>::fmt
[INFO] [stdout]    1:     0x616ffdefe89a - core[df12db4294e9bfd3]::fmt::write
[INFO] [stdout]    2:     0x616ffdeeeaec - <alloc[2182bb758b4b3781]::vec::Vec<u8> as core[df12db4294e9bfd3]::io::write::Write>::write_fmt
[INFO] [stdout]    3:     0x616ffdec6746 - std[70759c8f55707aa4]::panicking::default_hook::{closure#0}
[INFO] [stdout]    4:     0x616ffdee2a49 - std[70759c8f55707aa4]::panicking::default_hook
[INFO] [stdout]    5:     0x616ffde7e7f0 - test[9d35eded1c95d3be]::test_main_inner::<test[9d35eded1c95d3be]::test_main_static::{closure#0}>::{closure#0}
[INFO] [stdout]    6:     0x616ffdee2c02 - std[70759c8f55707aa4]::panicking::panic_with_hook
[INFO] [stdout]    7:     0x616ffdec67f2 - std[70759c8f55707aa4]::panicking::panic_handler::{closure#0}
[INFO] [stdout]    8:     0x616ffdebf3e9 - std[70759c8f55707aa4]::sys::backtrace::__rust_end_short_backtrace::<std[70759c8f55707aa4]::panicking::panic_handler::{closure#0}, !>
[INFO] [stdout]    9:     0x616ffdec73ed - __rustc[8fa7c3cbc660c2b3]::rust_begin_unwind
[INFO] [stdout]   10:     0x616ffdefefcc - core[df12db4294e9bfd3]::panicking::panic_fmt
[INFO] [stdout]   11:     0x616ffde705da - docs[bf046b78c6620029]::read_doc::{closure#0}
[INFO] [stdout]   12:     0x616ffde7082c - docs[bf046b78c6620029]::read_doc
[INFO] [stdout]   13:     0x616ffde716f1 - <docs[bf046b78c6620029]::skill_and_api_reference_document_every_warning_code::{closure#0} as core[df12db4294e9bfd3]::ops::function::FnOnce<()>>::call_once
[INFO] [stdout]   14:     0x616ffde71adb - test[9d35eded1c95d3be]::__rust_begin_short_backtrace::<core[df12db4294e9bfd3]::result::Result<(), alloc[2182bb758b4b3781]::string::String>, fn() -> core[df12db4294e9bfd3]::result::Result<(), alloc[2182bb758b4b3781]::string::String>>
[INFO] [stdout]   15:     0x616ffde7f145 - test[9d35eded1c95d3be]::run_test::{closure#0}
[INFO] [stdout]   16:     0x616ffde78a04 - std[70759c8f55707aa4]::sys::backtrace::__rust_begin_short_backtrace::<test[9d35eded1c95d3be]::run_test::{closure#1}, ()>
[INFO] [stdout]   17:     0x616ffde822a2 - <std[70759c8f55707aa4]::thread::lifecycle::spawn_unchecked<test[9d35eded1c95d3be]::run_test::{closure#1}, ()>::{closure#1} as core[df12db4294e9bfd3]::ops::function::FnOnce<()>>::call_once::{shim:vtable#0}
[INFO] [stdout]   18:     0x616ffdee9bb9 - <std[70759c8f55707aa4]::sys::thread::unix::Thread>::new::thread_start
[INFO] [stdout]   19:     0x7e83fe91adfa - <unknown>
[INFO] [stdout]   20:     0x7e83fe9ae3d4 - clone
[INFO] [stdout]   21:                0x0 - <unknown>
[INFO] [stdout] 
[INFO] [stdout] ---- skill_teaches_docx_image_placeholder_protocol stdout ----
[INFO] [stdout] 
[INFO] [stdout] thread 'skill_teaches_docx_image_placeholder_protocol' (2964) panicked at tests/docs.rs:13:55:
[INFO] [stdout] read skills/spoor/SKILL.md: No such file or directory (os error 2)
[INFO] [stdout] stack backtrace:
[INFO] [stdout]    0:     0x616ffdeea651 - <<std[70759c8f55707aa4]::sys::backtrace::BacktraceLock>::print::DisplayBacktrace as core[df12db4294e9bfd3]::fmt::Display>::fmt
[INFO] [stdout]    1:     0x616ffdefe89a - core[df12db4294e9bfd3]::fmt::write
[INFO] [stdout]    2:     0x616ffdeeeaec - <alloc[2182bb758b4b3781]::vec::Vec<u8> as core[df12db4294e9bfd3]::io::write::Write>::write_fmt
[INFO] [stdout]    3:     0x616ffdec6746 - std[70759c8f55707aa4]::panicking::default_hook::{closure#0}
[INFO] [stdout]    4:     0x616ffdee2a49 - std[70759c8f55707aa4]::panicking::default_hook
[INFO] [stdout]    5:     0x616ffde7e7f0 - test[9d35eded1c95d3be]::test_main_inner::<test[9d35eded1c95d3be]::test_main_static::{closure#0}>::{closure#0}
[INFO] [stdout]    6:     0x616ffdee2c02 - std[70759c8f55707aa4]::panicking::panic_with_hook
[INFO] [stdout]    7:     0x616ffdec67f2 - std[70759c8f55707aa4]::panicking::panic_handler::{closure#0}
[INFO] [stdout]    8:     0x616ffdebf3e9 - std[70759c8f55707aa4]::sys::backtrace::__rust_end_short_backtrace::<std[70759c8f55707aa4]::panicking::panic_handler::{closure#0}, !>
[INFO] [stdout]    9:     0x616ffdec73ed - __rustc[8fa7c3cbc660c2b3]::rust_begin_unwind
[INFO] [stdout]   10:     0x616ffdefefcc - core[df12db4294e9bfd3]::panicking::panic_fmt
[INFO] [stdout]   11:     0x616ffde705da - docs[bf046b78c6620029]::read_doc::{closure#0}
[INFO] [stdout]   12:     0x616ffde7082c - docs[bf046b78c6620029]::read_doc
[INFO] [stdout]   13:     0x616ffde7124d - <docs[bf046b78c6620029]::skill_teaches_docx_image_placeholder_protocol::{closure#0} as core[df12db4294e9bfd3]::ops::function::FnOnce<()>>::call_once
[INFO] [stdout]   14:     0x616ffde71adb - test[9d35eded1c95d3be]::__rust_begin_short_backtrace::<core[df12db4294e9bfd3]::result::Result<(), alloc[2182bb758b4b3781]::string::String>, fn() -> core[df12db4294e9bfd3]::result::Result<(), alloc[2182bb758b4b3781]::string::String>>
[INFO] [stdout]   15:     0x616ffde7f145 - test[9d35eded1c95d3be]::run_test::{closure#0}
[INFO] [stdout]   16:     0x616ffde78a04 - std[70759c8f55707aa4]::sys::backtrace::__rust_begin_short_backtrace::<test[9d35eded1c95d3be]::run_test::{closure#1}, ()>
[INFO] [stdout]   17:     0x616ffde822a2 - <std[70759c8f55707aa4]::thread::lifecycle::spawn_unchecked<test[9d35eded1c95d3be]::run_test::{closure#1}, ()>::{closure#1} as core[df12db4294e9bfd3]::ops::function::FnOnce<()>>::call_once::{shim:vtable#0}
[INFO] [stdout]   18:     0x616ffdee9bb9 - <std[70759c8f55707aa4]::sys::thread::unix::Thread>::new::thread_start
[INFO] [stdout]   19:     0x7e83fe91adfa - <unknown>
[INFO] [stdout]   20:     0x7e83fe9ae3d4 - clone
[INFO] [stdout]   21:                0x0 - <unknown>
[INFO] [stdout] 
[INFO] [stdout] ---- skill_and_api_reference_document_every_error_code stdout ----
[INFO] [stdout] 
[INFO] [stdout] thread 'skill_and_api_reference_document_every_error_code' (2962) panicked at tests/docs.rs:13:55:
[INFO] [stdout] read skills/spoor/SKILL.md: No such file or directory (os error 2)
[INFO] [stdout] stack backtrace:
[INFO] [stdout]    0:     0x616ffdeea651 - <<std[70759c8f55707aa4]::sys::backtrace::BacktraceLock>::print::DisplayBacktrace as core[df12db4294e9bfd3]::fmt::Display>::fmt
[INFO] [stdout]    1:     0x616ffdefe89a - core[df12db4294e9bfd3]::fmt::write
[INFO] [stdout]    2:     0x616ffdeeeaec - <alloc[2182bb758b4b3781]::vec::Vec<u8> as core[df12db4294e9bfd3]::io::write::Write>::write_fmt
[INFO] [stdout]    3:     0x616ffdec6746 - std[70759c8f55707aa4]::panicking::default_hook::{closure#0}
[INFO] [stdout]    4:     0x616ffdee2a49 - std[70759c8f55707aa4]::panicking::default_hook
[INFO] [stdout]    5:     0x616ffde7e7f0 - test[9d35eded1c95d3be]::test_main_inner::<test[9d35eded1c95d3be]::test_main_static::{closure#0}>::{closure#0}
[INFO] [stdout]    6:     0x616ffdee2c02 - std[70759c8f55707aa4]::panicking::panic_with_hook
[INFO] [stdout]    7:     0x616ffdec67f2 - std[70759c8f55707aa4]::panicking::panic_handler::{closure#0}
[INFO] [stdout]    8:     0x616ffdebf3e9 - std[70759c8f55707aa4]::sys::backtrace::__rust_end_short_backtrace::<std[70759c8f55707aa4]::panicking::panic_handler::{closure#0}, !>
[INFO] [stdout]    9:     0x616ffdec73ed - __rustc[8fa7c3cbc660c2b3]::rust_begin_unwind
[INFO] [stdout]   10:     0x616ffdefefcc - core[df12db4294e9bfd3]::panicking::panic_fmt
[INFO] [stdout]   11:     0x616ffde705da - docs[bf046b78c6620029]::read_doc::{closure#0}
[INFO] [stdout]   12:     0x616ffde7082c - docs[bf046b78c6620029]::read_doc
[INFO] [stdout]   13:     0x616ffde71391 - <docs[bf046b78c6620029]::skill_and_api_reference_document_every_error_code::{closure#0} as core[df12db4294e9bfd3]::ops::function::FnOnce<()>>::call_once
[INFO] [stdout]   14:     0x616ffde71adb - test[9d35eded1c95d3be]::__rust_begin_short_backtrace::<core[df12db4294e9bfd3]::result::Result<(), alloc[2182bb758b4b3781]::string::String>, fn() -> core[df12db4294e9bfd3]::result::Result<(), alloc[2182bb758b4b3781]::string::String>>
[INFO] [stdout]   15:     0x616ffde7f145 - test[9d35eded1c95d3be]::run_test::{closure#0}
[INFO] [stdout]   16:     0x616ffde78a04 - std[70759c8f55707aa4]::sys::backtrace::__rust_begin_short_backtrace::<test[9d35eded1c95d3be]::run_test::{closure#1}, ()>
[INFO] [stdout]   17:     0x616ffde822a2 - <std[70759c8f55707aa4]::thread::lifecycle::spawn_unchecked<test[9d35eded1c95d3be]::run_test::{closure#1}, ()>::{closure#1} as core[df12db4294e9bfd3]::ops::function::FnOnce<()>>::call_once::{shim:vtable#0}
[INFO] [stdout]   18:     0x616ffdee9bb9 - <std[70759c8f55707aa4]::sys::thread::unix::Thread>::new::thread_start
[INFO] [stdout]   19:     0x7e83fe91adfa - <unknown>
[INFO] [stdout]   20:     0x7e83fe9ae3d4 - clone
[INFO] [stdout]   21:                0x0 - <unknown>
[INFO] [stdout] 
[INFO] [stdout] 
[INFO] [stdout] failures:
[INFO] [stdout]     skill_and_api_reference_document_every_error_code
[INFO] [stdout]     skill_and_api_reference_document_every_warning_code
[INFO] [stdout]     skill_teaches_docx_image_placeholder_protocol
[INFO] [stdout]     skill_teaches_stable_truncation_signals
[INFO] [stdout] 
[INFO] [stdout] test result: FAILED. 0 passed; 4 failed; 0 ignored; 0 measured; 0 filtered out; finished in 0.00s
[INFO] [stdout] 
[INFO] [stderr] error: test failed, to rerun pass `--test docs`
[INFO] running `Command { std: "docker" "inspect" "70a5a3ee68edce2e23929fc98f58854ee65f284ab485688f6eb09bcb709d9e8a", kill_on_drop: false }`
[INFO] running `Command { std: "docker" "rm" "-f" "70a5a3ee68edce2e23929fc98f58854ee65f284ab485688f6eb09bcb709d9e8a", kill_on_drop: false }`
[INFO] [stdout] 70a5a3ee68edce2e23929fc98f58854ee65f284ab485688f6eb09bcb709d9e8a
