[INFO] fetching crate spools 0.6.1...
[INFO] testing spools-0.6.1 against 1.100.0-beta.1+cargoflags=--release for beta-release-1.100-2
[INFO] extracting crate spools 0.6.1 into /workspace/builds/worker-7-tc2/source
[INFO] started tweaking crates.io crate spools 0.6.1
[INFO] finished tweaking crates.io crate spools 0.6.1
[INFO] tweaked toml for crates.io crate spools 0.6.1 written to /workspace/builds/worker-7-tc2/source/Cargo.toml
[INFO] validating manifest of crates.io crate spools 0.6.1 on toolchain 1.100.0-beta.1
[INFO] running `Command { std: CARGO_HOME="/workspace/cargo-home" RUSTUP_HOME="/workspace/rustup-home" "/workspace/cargo-home/bin/cargo" "+1.100.0-beta.1" "metadata" "--manifest-path" "Cargo.toml" "--no-deps", kill_on_drop: false }`
[INFO] running `Command { std: CARGO_HOME="/workspace/cargo-home" RUSTUP_HOME="/workspace/rustup-home" "/workspace/cargo-home/bin/cargo" "+1.100.0-beta.1" "generate-lockfile" "--manifest-path" "Cargo.toml", kill_on_drop: false }`
[INFO] [stderr]     Updating crates.io index
[INFO] [stderr]      Locking 141 packages to highest compatible versions
[INFO] [stderr]       Adding reqwest v0.12.28 (available: v0.13.5)
[INFO] [stderr]       Adding thiserror v1.0.69 (available: v2.0.21)
[INFO] running `Command { std: CARGO_HOME="/workspace/cargo-home" RUSTUP_HOME="/workspace/rustup-home" "/workspace/cargo-home/bin/cargo" "+1.100.0-beta.1" "fetch" "--manifest-path" "Cargo.toml", kill_on_drop: false }`
[INFO] running `Command { std: "docker" "create" "-v" "/var/lib/crater-agent-workspace/builds/worker-7-tc2/source:/opt/rustwide/workdir:ro,Z" "-v" "/var/lib/crater-agent-workspace/builds/worker-7-tc2/target:/opt/rustwide/target:rw,Z" "-v" "/var/lib/crater-agent-workspace/cargo-home:/opt/rustwide/cargo-home:ro,Z" "-v" "/var/lib/crater-agent-workspace/rustup-home:/opt/rustwide/rustup-home:ro,Z" "-m" "1610612736" "--network" "none" "ghcr.io/rust-lang/crates-build-env/linux@sha256:77db811e55d90add9212f6832c23229e3de5f1c1f9905e8cb07319ea15df73ac" "sleep" "infinity", kill_on_drop: false }`
[INFO] [stdout] a9306491710e062ccf3ea3046d3020b5eb17e5dccf0d0c3c5e94e909cd7ea3ff
[INFO] running `Command { std: "docker" "start" "a9306491710e062ccf3ea3046d3020b5eb17e5dccf0d0c3c5e94e909cd7ea3ff", kill_on_drop: false }`
[INFO] running `Command { std: "docker" "inspect" "a9306491710e062ccf3ea3046d3020b5eb17e5dccf0d0c3c5e94e909cd7ea3ff", kill_on_drop: false }`
[INFO] running `Command { std: "docker" "exec" "-e" "SOURCE_DIR=/opt/rustwide/workdir" "-e" "CARGO_HOME=/opt/rustwide/cargo-home" "-e" "RUSTUP_HOME=/opt/rustwide/rustup-home" "-e" "CARGO_TARGET_DIR=/opt/rustwide/target" "-w" "/opt/rustwide/workdir" "--user" "0:0" "a9306491710e062ccf3ea3046d3020b5eb17e5dccf0d0c3c5e94e909cd7ea3ff" "/opt/rustwide/cargo-home/bin/cargo" "+1.100.0-beta.1" "metadata" "--no-deps" "--format-version=1", kill_on_drop: false }`
[INFO] running `Command { std: "docker" "inspect" "a9306491710e062ccf3ea3046d3020b5eb17e5dccf0d0c3c5e94e909cd7ea3ff", kill_on_drop: false }`
[INFO] running `Command { std: "docker" "exec" "-e" "SOURCE_DIR=/opt/rustwide/workdir" "-e" "CARGO_HOME=/opt/rustwide/cargo-home" "-e" "RUSTUP_HOME=/opt/rustwide/rustup-home" "-e" "CARGO_TARGET_DIR=/opt/rustwide/target" "-e" "CARGO_INCREMENTAL=0" "-e" "RUST_BACKTRACE=full" "-e" "RUSTFLAGS=--cap-lints=warn" "-e" "RUSTDOCFLAGS=--cap-lints=warn" "-w" "/opt/rustwide/workdir" "--user" "0:0" "a9306491710e062ccf3ea3046d3020b5eb17e5dccf0d0c3c5e94e909cd7ea3ff" "/opt/rustwide/cargo-home/bin/cargo" "+1.100.0-beta.1" "build" "--frozen" "--message-format=json" "--release", kill_on_drop: false }`
[INFO] [stderr]    Compiling libc v0.2.191
[INFO] [stderr]    Compiling smallvec v1.16.3
[INFO] [stderr]    Compiling cc v1.8.0
[INFO] [stderr]    Compiling zeroize v1.9.1
[INFO] [stderr]    Compiling futures-task v0.3.34
[INFO] [stderr]    Compiling rustls v0.23.46
[INFO] [stderr]    Compiling syn v3.0.9
[INFO] [stderr]    Compiling want v0.3.2
[INFO] [stderr]    Compiling futures-channel v0.3.34
[INFO] [stderr]    Compiling ipnet v2.12.2
[INFO] [stderr]    Compiling base64 v0.23.1
[INFO] [stderr]    Compiling syn v2.0.119
[INFO] [stderr]    Compiling bitflags v2.13.2
[INFO] [stderr]    Compiling log v0.4.34
[INFO] [stderr]    Compiling rustls-pki-types v1.15.1
[INFO] [stderr]    Compiling futures-util v0.3.34
[INFO] [stderr]    Compiling webpki-roots v1.0.9
[INFO] [stderr]    Compiling parking_lot_core v0.9.12
[INFO] [stderr]    Compiling errno v0.3.14
[INFO] [stderr]    Compiling socket2 v0.6.5
[INFO] [stderr]    Compiling mio v1.2.4
[INFO] [stderr]    Compiling getrandom v0.2.17
[INFO] [stderr]    Compiling signal-hook-registry v1.4.8
[INFO] [stderr]    Compiling ring v0.17.14
[INFO] [stderr]    Compiling parking_lot v0.12.5
[INFO] [stderr]    Compiling thiserror-impl v1.0.69
[INFO] [stderr]    Compiling thiserror v1.0.69
[INFO] [stderr]    Compiling synstructure v0.14.0
[INFO] [stderr]    Compiling zerovec-derive v0.11.6
[INFO] [stderr]    Compiling displaydoc v0.2.7
[INFO] [stderr]    Compiling tokio-macros v2.7.2
[INFO] [stderr]    Compiling serde_derive v1.0.229
[INFO] [stderr]    Compiling zerofrom-derive v0.1.8
[INFO] [stderr]    Compiling yoke-derive v0.8.4
[INFO] [stderr]    Compiling tokio v1.53.3
[INFO] [stderr]    Compiling zerofrom v0.1.8
[INFO] [stderr]    Compiling yoke v0.8.3
[INFO] [stderr]    Compiling zerovec v0.11.8
[INFO] [stderr]    Compiling zerotrie v0.2.5
[INFO] [stderr]    Compiling tinystr v0.8.4
[INFO] [stderr]    Compiling potential_utf v0.1.6
[INFO] [stderr]    Compiling icu_collections v2.3.0
[INFO] [stderr]    Compiling icu_locale_core v2.3.0
[INFO] [stderr]    Compiling serde v1.0.229
[INFO] [stderr]    Compiling icu_provider v2.3.1
[INFO] [stderr]    Compiling icu_normalizer v2.3.0
[INFO] [stderr]    Compiling icu_properties v2.3.0
[INFO] [stderr]    Compiling serde_urlencoded v0.7.1
[INFO] [stderr]    Compiling idna_adapter v1.2.2
[INFO] [stderr]    Compiling idna v1.1.0
[INFO] [stderr]    Compiling url v2.5.8
[INFO] [stderr]    Compiling hyper v1.12.0
[INFO] [stderr]    Compiling tower v0.5.3
[INFO] [stderr]    Compiling tower-http v0.6.11
[INFO] [stderr]    Compiling hyper-util v0.1.21
[INFO] [stderr]    Compiling rustls-webpki v0.103.15
[INFO] [stderr]    Compiling tokio-rustls v0.26.6
[INFO] [stderr]    Compiling hyper-rustls v0.27.10
[INFO] [stderr]    Compiling reqwest v0.12.28
[INFO] [stderr]    Compiling spools v0.6.1 (/opt/rustwide/workdir)
[INFO] [stderr]     Finished `release` profile [optimized] target(s) in 58.05s
[INFO] running `Command { std: "docker" "inspect" "a9306491710e062ccf3ea3046d3020b5eb17e5dccf0d0c3c5e94e909cd7ea3ff", kill_on_drop: false }`
[INFO] running `Command { std: "docker" "exec" "-e" "SOURCE_DIR=/opt/rustwide/workdir" "-e" "CARGO_HOME=/opt/rustwide/cargo-home" "-e" "RUSTUP_HOME=/opt/rustwide/rustup-home" "-e" "CARGO_TARGET_DIR=/opt/rustwide/target" "-e" "CARGO_INCREMENTAL=0" "-e" "RUST_BACKTRACE=full" "-e" "RUSTFLAGS=--cap-lints=warn" "-e" "RUSTDOCFLAGS=--cap-lints=warn" "-w" "/opt/rustwide/workdir" "--user" "0:0" "a9306491710e062ccf3ea3046d3020b5eb17e5dccf0d0c3c5e94e909cd7ea3ff" "/opt/rustwide/cargo-home/bin/cargo" "+1.100.0-beta.1" "test" "--frozen" "--no-run" "--message-format=json" "--release", kill_on_drop: false }`
[INFO] [stderr]    Compiling spools v0.6.1 (/opt/rustwide/workdir)
[INFO] [stderr]     Finished `release` profile [optimized] target(s) in 3.35s
[INFO] running `Command { std: "docker" "inspect" "a9306491710e062ccf3ea3046d3020b5eb17e5dccf0d0c3c5e94e909cd7ea3ff", kill_on_drop: false }`
[INFO] running `Command { std: "docker" "exec" "-e" "SOURCE_DIR=/opt/rustwide/workdir" "-e" "CARGO_HOME=/opt/rustwide/cargo-home" "-e" "RUSTUP_HOME=/opt/rustwide/rustup-home" "-e" "CARGO_TARGET_DIR=/opt/rustwide/target" "-e" "CARGO_INCREMENTAL=0" "-e" "RUST_BACKTRACE=full" "-e" "RUSTFLAGS=--cap-lints=warn" "-e" "RUSTDOCFLAGS=--cap-lints=warn" "-w" "/opt/rustwide/workdir" "--user" "0:0" "a9306491710e062ccf3ea3046d3020b5eb17e5dccf0d0c3c5e94e909cd7ea3ff" "/opt/rustwide/cargo-home/bin/cargo" "+1.100.0-beta.1" "test" "--frozen" "--release", kill_on_drop: false }`
[INFO] [stderr]     Finished `release` profile [optimized] target(s) in 0.17s
[INFO] [stderr]      Running unittests src/lib.rs (/opt/rustwide/target/release/build/spools/618dce1983dc149b/out/spools-618dce1983dc149b)
[INFO] [stdout] 
[INFO] [stdout] running 7 tests
[INFO] [stdout] test test::new_client ... ok
[INFO] [stdout] test test::fetch_nonexistent_post ... ok
[INFO] [stdout] test test::convert_to_post ... FAILED
[INFO] [stdout] test test::convert_to_user ... FAILED
[INFO] [stdout] test test::fetch_existing_post ... FAILED
[INFO] [stdout] test test::fetch_existing_user ... FAILED
[INFO] [stdout] test test::fetch_nonexistent_user ... ok
[INFO] [stdout] 
[INFO] [stdout] failures:
[INFO] [stdout] 
[INFO] [stdout] ---- test::convert_to_post stdout ----
[INFO] [stdout] Err(
[INFO] [stdout]     RequestError(
[INFO] [stdout]         reqwest::Error {
[INFO] [stdout]             kind: Request,
[INFO] [stdout]             url: "https://www.threads.net/post/C6brVPxR1fZ",
[INFO] [stdout]             source: hyper_util::client::legacy::Error(
[INFO] [stdout]                 Connect,
[INFO] [stdout]                 ConnectError(
[INFO] [stdout]                     "dns error",
[INFO] [stdout]                     Custom {
[INFO] [stdout]                         kind: Uncategorized,
[INFO] [stdout]                         error: "failed to lookup address information: Temporary failure in name resolution",
[INFO] [stdout]                     },
[INFO] [stdout]                 ),
[INFO] [stdout]             ),
[INFO] [stdout]         },
[INFO] [stdout]     ),
[INFO] [stdout] )
[INFO] [stdout] 
[INFO] [stdout] thread 'test::convert_to_post' (1331) panicked at src/test.rs:62:5:
[INFO] [stdout] assertion failed: child_resp.is_ok()
[INFO] [stdout] stack backtrace:
[INFO] [stdout]    0:     0x5a61cbe88641 - <<std[617be2ca0a6fd877]::sys::backtrace::BacktraceLock>::print::DisplayBacktrace as core[a373ad73a504971]::fmt::Display>::fmt
[INFO] [stdout]    1:     0x5a61cbe9e48a - core[a373ad73a504971]::fmt::write
[INFO] [stdout]    2:     0x5a61cbe8cefc - <alloc[2e1b2a31b91974c5]::vec::Vec<u8> as core[a373ad73a504971]::io::write::Write>::write_fmt
[INFO] [stdout]    3:     0x5a61cbe63836 - std[617be2ca0a6fd877]::panicking::default_hook::{closure#0}
[INFO] [stdout]    4:     0x5a61cbe80539 - std[617be2ca0a6fd877]::panicking::default_hook
[INFO] [stdout]    5:     0x5a61cbc32a00 - test[aada8e7e76ba119b]::test_main_inner::{closure#0}
[INFO] [stdout]    6:     0x5a61cbe80862 - std[617be2ca0a6fd877]::panicking::panic_with_hook
[INFO] [stdout]    7:     0x5a61cbe63914 - std[617be2ca0a6fd877]::panicking::panic_handler::{closure#0}
[INFO] [stdout]    8:     0x5a61cbe5c519 - std[617be2ca0a6fd877]::sys::backtrace::__rust_end_short_backtrace::<std[617be2ca0a6fd877]::panicking::panic_handler::{closure#0}, !>
[INFO] [stdout]    9:     0x5a61cbe646dd - __rustc[ea4f61d10b84890b]::rust_begin_unwind
[INFO] [stdout]   10:     0x5a61cbe9ebec - core[a373ad73a504971]::panicking::panic_fmt
[INFO] [stdout]   11:     0x5a61cbe9ebb2 - core[a373ad73a504971]::panicking::panic
[INFO] [stdout]   12:     0x5a61cbc0a9ec - spools[280ba725df09e5a5]::test::convert_to_post::{closure#0}
[INFO] [stdout]   13:     0x5a61cbc1c8a3 - <tokio[fb1469eb558fc1b3]::runtime::scheduler::current_thread::Context>::enter::<core[a373ad73a504971]::task::poll::Poll<()>, <tokio[fb1469eb558fc1b3]::runtime::scheduler::current_thread::CoreGuard>::block_on<core[a373ad73a504971]::pin::Pin<&mut core[a373ad73a504971]::pin::Pin<&mut dyn core[a373ad73a504971]::future::future::Future<Output = ()>>>>::{closure#0}::{closure#0}>
[INFO] [stdout]   14:     0x5a61cbc109cc - <tokio[fb1469eb558fc1b3]::runtime::context::scoped::Scoped<tokio[fb1469eb558fc1b3]::runtime::scheduler::Context>>::set::<<tokio[fb1469eb558fc1b3]::runtime::scheduler::current_thread::CoreGuard>::enter<<tokio[fb1469eb558fc1b3]::runtime::scheduler::current_thread::CoreGuard>::block_on<core[a373ad73a504971]::pin::Pin<&mut core[a373ad73a504971]::pin::Pin<&mut dyn core[a373ad73a504971]::future::future::Future<Output = ()>>>>::{closure#0}, core[a373ad73a504971]::option::Option<()>>::{closure#0}, (alloc[2e1b2a31b91974c5]::boxed::Box<tokio[fb1469eb558fc1b3]::runtime::scheduler::current_thread::Core>, core[a373ad73a504971]::option::Option<()>)>
[INFO] [stdout]   15:     0x5a61cbc1cd17 - <tokio[fb1469eb558fc1b3]::runtime::scheduler::current_thread::CoreGuard>::block_on::<core[a373ad73a504971]::pin::Pin<&mut core[a373ad73a504971]::pin::Pin<&mut dyn core[a373ad73a504971]::future::future::Future<Output = ()>>>>
[INFO] [stdout]   16:     0x5a61cbc12b8b - tokio[fb1469eb558fc1b3]::runtime::context::runtime::enter_runtime::<<tokio[fb1469eb558fc1b3]::runtime::scheduler::current_thread::CurrentThread>::block_on<core[a373ad73a504971]::pin::Pin<&mut dyn core[a373ad73a504971]::future::future::Future<Output = ()>>>::{closure#0}, ()>
[INFO] [stdout]   17:     0x5a61cbc1c785 - <tokio[fb1469eb558fc1b3]::runtime::runtime::Runtime>::block_on::<core[a373ad73a504971]::pin::Pin<&mut dyn core[a373ad73a504971]::future::future::Future<Output = ()>>>
[INFO] [stdout]   18:     0x5a61cbc0cb7e - <spools[280ba725df09e5a5]::test::convert_to_post::{closure#0} as core[a373ad73a504971]::ops::function::FnOnce<()>>::call_once
[INFO] [stdout]   19:     0x5a61cbc25e4b - test[aada8e7e76ba119b]::__rust_begin_short_backtrace::<core[a373ad73a504971]::result::Result<(), alloc[2e1b2a31b91974c5]::string::String>, fn() -> core[a373ad73a504971]::result::Result<(), alloc[2e1b2a31b91974c5]::string::String>>
[INFO] [stdout]   20:     0x5a61cbc33025 - test[aada8e7e76ba119b]::run_test::{closure#0}
[INFO] [stdout]   21:     0x5a61cbc2c914 - std[617be2ca0a6fd877]::sys::backtrace::__rust_begin_short_backtrace::<test[aada8e7e76ba119b]::run_test::{closure#1}, ()>
[INFO] [stdout]   22:     0x5a61cbc360b2 - <std[617be2ca0a6fd877]::thread::lifecycle::spawn_unchecked<test[aada8e7e76ba119b]::run_test::{closure#1}, ()>::{closure#1} as core[a373ad73a504971]::ops::function::FnOnce<()>>::call_once::{shim:vtable#0}
[INFO] [stdout]   23:     0x5a61cbe87aef - <std[617be2ca0a6fd877]::sys::thread::unix::Thread>::new::thread_start
[INFO] [stdout]   24:     0x7ae66c82edfa - <unknown>
[INFO] [stdout]   25:     0x7ae66c8c23d4 - clone
[INFO] [stdout]   26:                0x0 - <unknown>
[INFO] [stdout] 
[INFO] [stdout] ---- test::convert_to_user stdout ----
[INFO] [stdout] Err(
[INFO] [stdout]     RequestError(
[INFO] [stdout]         reqwest::Error {
[INFO] [stdout]             kind: Request,
[INFO] [stdout]             url: "https://www.threads.net/post/C6brVPxR1fZ",
[INFO] [stdout]             source: hyper_util::client::legacy::Error(
[INFO] [stdout]                 Connect,
[INFO] [stdout]                 ConnectError(
[INFO] [stdout]                     "dns error",
[INFO] [stdout]                     Custom {
[INFO] [stdout]                         kind: Uncategorized,
[INFO] [stdout]                         error: "failed to lookup address information: Temporary failure in name resolution",
[INFO] [stdout]                     },
[INFO] [stdout]                 ),
[INFO] [stdout]             ),
[INFO] [stdout]         },
[INFO] [stdout]     ),
[INFO] [stdout] )
[INFO] [stdout] 
[INFO] [stdout] thread 'test::convert_to_user' (1332) panicked at src/test.rs:81:5:
[INFO] [stdout] assertion failed: post_resp.is_ok()
[INFO] [stdout] stack backtrace:
[INFO] [stdout]    0:     0x5a61cbe88641 - <<std[617be2ca0a6fd877]::sys::backtrace::BacktraceLock>::print::DisplayBacktrace as core[a373ad73a504971]::fmt::Display>::fmt
[INFO] [stdout]    1:     0x5a61cbe9e48a - core[a373ad73a504971]::fmt::write
[INFO] [stdout]    2:     0x5a61cbe8cefc - <alloc[2e1b2a31b91974c5]::vec::Vec<u8> as core[a373ad73a504971]::io::write::Write>::write_fmt
[INFO] [stdout]    3:     0x5a61cbe63836 - std[617be2ca0a6fd877]::panicking::default_hook::{closure#0}
[INFO] [stdout]    4:     0x5a61cbe80539 - std[617be2ca0a6fd877]::panicking::default_hook
[INFO] [stdout]    5:     0x5a61cbc32a00 - test[aada8e7e76ba119b]::test_main_inner::{closure#0}
[INFO] [stdout]    6:     0x5a61cbe80862 - std[617be2ca0a6fd877]::panicking::panic_with_hook
[INFO] [stdout]    7:     0x5a61cbe63914 - std[617be2ca0a6fd877]::panicking::panic_handler::{closure#0}
[INFO] [stdout]    8:     0x5a61cbe5c519 - std[617be2ca0a6fd877]::sys::backtrace::__rust_end_short_backtrace::<std[617be2ca0a6fd877]::panicking::panic_handler::{closure#0}, !>
[INFO] [stdout]    9:     0x5a61cbe646dd - __rustc[ea4f61d10b84890b]::rust_begin_unwind
[INFO] [stdout]   10:     0x5a61cbe9ebec - core[a373ad73a504971]::panicking::panic_fmt
[INFO] [stdout]   11:     0x5a61cbe9ebb2 - core[a373ad73a504971]::panicking::panic
[INFO] [stdout]   12:     0x5a61cbc0b1e0 - spools[280ba725df09e5a5]::test::convert_to_user::{closure#0}
[INFO] [stdout]   13:     0x5a61cbc1c8a3 - <tokio[fb1469eb558fc1b3]::runtime::scheduler::current_thread::Context>::enter::<core[a373ad73a504971]::task::poll::Poll<()>, <tokio[fb1469eb558fc1b3]::runtime::scheduler::current_thread::CoreGuard>::block_on<core[a373ad73a504971]::pin::Pin<&mut core[a373ad73a504971]::pin::Pin<&mut dyn core[a373ad73a504971]::future::future::Future<Output = ()>>>>::{closure#0}::{closure#0}>
[INFO] [stdout]   14:     0x5a61cbc109cc - <tokio[fb1469eb558fc1b3]::runtime::context::scoped::Scoped<tokio[fb1469eb558fc1b3]::runtime::scheduler::Context>>::set::<<tokio[fb1469eb558fc1b3]::runtime::scheduler::current_thread::CoreGuard>::enter<<tokio[fb1469eb558fc1b3]::runtime::scheduler::current_thread::CoreGuard>::block_on<core[a373ad73a504971]::pin::Pin<&mut core[a373ad73a504971]::pin::Pin<&mut dyn core[a373ad73a504971]::future::future::Future<Output = ()>>>>::{closure#0}, core[a373ad73a504971]::option::Option<()>>::{closure#0}, (alloc[2e1b2a31b91974c5]::boxed::Box<tokio[fb1469eb558fc1b3]::runtime::scheduler::current_thread::Core>, core[a373ad73a504971]::option::Option<()>)>
[INFO] [stdout]   15:     0x5a61cbc1cd17 - <tokio[fb1469eb558fc1b3]::runtime::scheduler::current_thread::CoreGuard>::block_on::<core[a373ad73a504971]::pin::Pin<&mut core[a373ad73a504971]::pin::Pin<&mut dyn core[a373ad73a504971]::future::future::Future<Output = ()>>>>
[INFO] [stdout]   16:     0x5a61cbc12b8b - tokio[fb1469eb558fc1b3]::runtime::context::runtime::enter_runtime::<<tokio[fb1469eb558fc1b3]::runtime::scheduler::current_thread::CurrentThread>::block_on<core[a373ad73a504971]::pin::Pin<&mut dyn core[a373ad73a504971]::future::future::Future<Output = ()>>>::{closure#0}, ()>
[INFO] [stdout]   17:     0x5a61cbc1c785 - <tokio[fb1469eb558fc1b3]::runtime::runtime::Runtime>::block_on::<core[a373ad73a504971]::pin::Pin<&mut dyn core[a373ad73a504971]::future::future::Future<Output = ()>>>
[INFO] [stdout]   18:     0x5a61cbc0ccde - <spools[280ba725df09e5a5]::test::convert_to_user::{closure#0} as core[a373ad73a504971]::ops::function::FnOnce<()>>::call_once
[INFO] [stdout]   19:     0x5a61cbc25e4b - test[aada8e7e76ba119b]::__rust_begin_short_backtrace::<core[a373ad73a504971]::result::Result<(), alloc[2e1b2a31b91974c5]::string::String>, fn() -> core[a373ad73a504971]::result::Result<(), alloc[2e1b2a31b91974c5]::string::String>>
[INFO] [stdout]   20:     0x5a61cbc33025 - test[aada8e7e76ba119b]::run_test::{closure#0}
[INFO] [stdout]   21:     0x5a61cbc2c914 - std[617be2ca0a6fd877]::sys::backtrace::__rust_begin_short_backtrace::<test[aada8e7e76ba119b]::run_test::{closure#1}, ()>
[INFO] [stdout]   22:     0x5a61cbc360b2 - <std[617be2ca0a6fd877]::thread::lifecycle::spawn_unchecked<test[aada8e7e76ba119b]::run_test::{closure#1}, ()>::{closure#1} as core[a373ad73a504971]::ops::function::FnOnce<()>>::call_once::{shim:vtable#0}
[INFO] [stdout]   23:     0x5a61cbe87aef - <std[617be2ca0a6fd877]::sys::thread::unix::Thread>::new::thread_start
[INFO] [stdout]   24:     0x7ae66c82edfa - <unknown>
[INFO] [stdout]   25:     0x7ae66c8c23d4 - clone
[INFO] [stdout]   26:                0x0 - <unknown>
[INFO] [stdout] 
[INFO] [stdout] ---- test::fetch_existing_post stdout ----
[INFO] [stdout] Err(
[INFO] [stdout]     RequestError(
[INFO] [stdout]         reqwest::Error {
[INFO] [stdout]             kind: Request,
[INFO] [stdout]             url: "https://www.threads.net/post/C2QBoRaRmR1",
[INFO] [stdout]             source: hyper_util::client::legacy::Error(
[INFO] [stdout]                 Connect,
[INFO] [stdout]                 ConnectError(
[INFO] [stdout]                     "dns error",
[INFO] [stdout]                     Custom {
[INFO] [stdout]                         kind: Uncategorized,
[INFO] [stdout]                         error: "failed to lookup address information: Temporary failure in name resolution",
[INFO] [stdout]                     },
[INFO] [stdout]                 ),
[INFO] [stdout]             ),
[INFO] [stdout]         },
[INFO] [stdout]     ),
[INFO] [stdout] )
[INFO] [stdout] 
[INFO] [stdout] thread 'test::fetch_existing_post' (1333) panicked at src/test.rs:33:5:
[INFO] [stdout] assertion failed: resp.is_ok()
[INFO] [stdout] stack backtrace:
[INFO] [stdout]    0:     0x5a61cbe88641 - <<std[617be2ca0a6fd877]::sys::backtrace::BacktraceLock>::print::DisplayBacktrace as core[a373ad73a504971]::fmt::Display>::fmt
[INFO] [stdout]    1:     0x5a61cbe9e48a - core[a373ad73a504971]::fmt::write
[INFO] [stdout]    2:     0x5a61cbe8cefc - <alloc[2e1b2a31b91974c5]::vec::Vec<u8> as core[a373ad73a504971]::io::write::Write>::write_fmt
[INFO] [stdout]    3:     0x5a61cbe63836 - std[617be2ca0a6fd877]::panicking::default_hook::{closure#0}
[INFO] [stdout]    4:     0x5a61cbe80539 - std[617be2ca0a6fd877]::panicking::default_hook
[INFO] [stdout]    5:     0x5a61cbc32a00 - test[aada8e7e76ba119b]::test_main_inner::{closure#0}
[INFO] [stdout]    6:     0x5a61cbe80862 - std[617be2ca0a6fd877]::panicking::panic_with_hook
[INFO] [stdout]    7:     0x5a61cbe63914 - std[617be2ca0a6fd877]::panicking::panic_handler::{closure#0}
[INFO] [stdout]    8:     0x5a61cbe5c519 - std[617be2ca0a6fd877]::sys::backtrace::__rust_end_short_backtrace::<std[617be2ca0a6fd877]::panicking::panic_handler::{closure#0}, !>
[INFO] [stdout]    9:     0x5a61cbe646dd - __rustc[ea4f61d10b84890b]::rust_begin_unwind
[INFO] [stdout]   10:     0x5a61cbe9ebec - core[a373ad73a504971]::panicking::panic_fmt
[INFO] [stdout]   11:     0x5a61cbe9ebb2 - core[a373ad73a504971]::panicking::panic
[INFO] [stdout]   12:     0x5a61cbc0ba71 - spools[280ba725df09e5a5]::test::fetch_existing_post::{closure#0}
[INFO] [stdout]   13:     0x5a61cbc1c8a3 - <tokio[fb1469eb558fc1b3]::runtime::scheduler::current_thread::Context>::enter::<core[a373ad73a504971]::task::poll::Poll<()>, <tokio[fb1469eb558fc1b3]::runtime::scheduler::current_thread::CoreGuard>::block_on<core[a373ad73a504971]::pin::Pin<&mut core[a373ad73a504971]::pin::Pin<&mut dyn core[a373ad73a504971]::future::future::Future<Output = ()>>>>::{closure#0}::{closure#0}>
[INFO] [stdout]   14:     0x5a61cbc109cc - <tokio[fb1469eb558fc1b3]::runtime::context::scoped::Scoped<tokio[fb1469eb558fc1b3]::runtime::scheduler::Context>>::set::<<tokio[fb1469eb558fc1b3]::runtime::scheduler::current_thread::CoreGuard>::enter<<tokio[fb1469eb558fc1b3]::runtime::scheduler::current_thread::CoreGuard>::block_on<core[a373ad73a504971]::pin::Pin<&mut core[a373ad73a504971]::pin::Pin<&mut dyn core[a373ad73a504971]::future::future::Future<Output = ()>>>>::{closure#0}, core[a373ad73a504971]::option::Option<()>>::{closure#0}, (alloc[2e1b2a31b91974c5]::boxed::Box<tokio[fb1469eb558fc1b3]::runtime::scheduler::current_thread::Core>, core[a373ad73a504971]::option::Option<()>)>
[INFO] [stdout]   15:     0x5a61cbc1cd17 - <tokio[fb1469eb558fc1b3]::runtime::scheduler::current_thread::CoreGuard>::block_on::<core[a373ad73a504971]::pin::Pin<&mut core[a373ad73a504971]::pin::Pin<&mut dyn core[a373ad73a504971]::future::future::Future<Output = ()>>>>
[INFO] [stdout]   16:     0x5a61cbc12b8b - tokio[fb1469eb558fc1b3]::runtime::context::runtime::enter_runtime::<<tokio[fb1469eb558fc1b3]::runtime::scheduler::current_thread::CurrentThread>::block_on<core[a373ad73a504971]::pin::Pin<&mut dyn core[a373ad73a504971]::future::future::Future<Output = ()>>>::{closure#0}, ()>
[INFO] [stdout]   17:     0x5a61cbc1c785 - <tokio[fb1469eb558fc1b3]::runtime::runtime::Runtime>::block_on::<core[a373ad73a504971]::pin::Pin<&mut dyn core[a373ad73a504971]::future::future::Future<Output = ()>>>
[INFO] [stdout]   18:     0x5a61cbc0ce3e - <spools[280ba725df09e5a5]::test::fetch_existing_post::{closure#0} as core[a373ad73a504971]::ops::function::FnOnce<()>>::call_once
[INFO] [stdout]   19:     0x5a61cbc25e4b - test[aada8e7e76ba119b]::__rust_begin_short_backtrace::<core[a373ad73a504971]::result::Result<(), alloc[2e1b2a31b91974c5]::string::String>, fn() -> core[a373ad73a504971]::result::Result<(), alloc[2e1b2a31b91974c5]::string::String>>
[INFO] [stdout]   20:     0x5a61cbc33025 - test[aada8e7e76ba119b]::run_test::{closure#0}
[INFO] [stdout]   21:     0x5a61cbc2c914 - std[617be2ca0a6fd877]::sys::backtrace::__rust_begin_short_backtrace::<test[aada8e7e76ba119b]::run_test::{closure#1}, ()>
[INFO] [stdout]   22:     0x5a61cbc360b2 - <std[617be2ca0a6fd877]::thread::lifecycle::spawn_unchecked<test[aada8e7e76ba119b]::run_test::{closure#1}, ()>::{closure#1} as core[a373ad73a504971]::ops::function::FnOnce<()>>::call_once::{shim:vtable#0}
[INFO] [stdout]   23:     0x5a61cbe87aef - <std[617be2ca0a6fd877]::sys::thread::unix::Thread>::new::thread_start
[INFO] [stdout]   24:     0x7ae66c82edfa - <unknown>
[INFO] [stdout]   25:     0x7ae66c8c23d4 - clone
[INFO] [stdout]   26:                0x0 - <unknown>
[INFO] [stdout] 
[INFO] [stdout] ---- test::fetch_existing_user stdout ----
[INFO] [stdout] Err(
[INFO] [stdout]     RequestError(
[INFO] [stdout]         reqwest::Error {
[INFO] [stdout]             kind: Request,
[INFO] [stdout]             url: "https://www.threads.net/api/graphql",
[INFO] [stdout]             source: hyper_util::client::legacy::Error(
[INFO] [stdout]                 Connect,
[INFO] [stdout]                 ConnectError(
[INFO] [stdout]                     "dns error",
[INFO] [stdout]                     Custom {
[INFO] [stdout]                         kind: Uncategorized,
[INFO] [stdout]                         error: "failed to lookup address information: Temporary failure in name resolution",
[INFO] [stdout]                     },
[INFO] [stdout]                 ),
[INFO] [stdout]             ),
[INFO] [stdout]         },
[INFO] [stdout]     ),
[INFO] [stdout] )
[INFO] [stdout] 
[INFO] [stdout] thread 'test::fetch_existing_user' (1334) panicked at src/test.rs:14:5:
[INFO] [stdout] assertion failed: resp.is_ok()
[INFO] [stdout] stack backtrace:
[INFO] [stdout]    0:     0x5a61cbe88641 - <<std[617be2ca0a6fd877]::sys::backtrace::BacktraceLock>::print::DisplayBacktrace as core[a373ad73a504971]::fmt::Display>::fmt
[INFO] [stdout]    1:     0x5a61cbe9e48a - core[a373ad73a504971]::fmt::write
[INFO] [stdout]    2:     0x5a61cbe8cefc - <alloc[2e1b2a31b91974c5]::vec::Vec<u8> as core[a373ad73a504971]::io::write::Write>::write_fmt
[INFO] [stdout]    3:     0x5a61cbe63836 - std[617be2ca0a6fd877]::panicking::default_hook::{closure#0}
[INFO] [stdout]    4:     0x5a61cbe80539 - std[617be2ca0a6fd877]::panicking::default_hook
[INFO] [stdout]    5:     0x5a61cbc32a00 - test[aada8e7e76ba119b]::test_main_inner::{closure#0}
[INFO] [stdout]    6:     0x5a61cbe80862 - std[617be2ca0a6fd877]::panicking::panic_with_hook
[INFO] [stdout]    7:     0x5a61cbe63914 - std[617be2ca0a6fd877]::panicking::panic_handler::{closure#0}
[INFO] [stdout]    8:     0x5a61cbe5c519 - std[617be2ca0a6fd877]::sys::backtrace::__rust_end_short_backtrace::<std[617be2ca0a6fd877]::panicking::panic_handler::{closure#0}, !>
[INFO] [stdout]    9:     0x5a61cbe646dd - __rustc[ea4f61d10b84890b]::rust_begin_unwind
[INFO] [stdout]   10:     0x5a61cbe9ebec - core[a373ad73a504971]::panicking::panic_fmt
[INFO] [stdout]   11:     0x5a61cbe9ebb2 - core[a373ad73a504971]::panicking::panic
[INFO] [stdout]   12:     0x5a61cbc0bef6 - spools[280ba725df09e5a5]::test::fetch_existing_user::{closure#0}
[INFO] [stdout]   13:     0x5a61cbc1c8a3 - <tokio[fb1469eb558fc1b3]::runtime::scheduler::current_thread::Context>::enter::<core[a373ad73a504971]::task::poll::Poll<()>, <tokio[fb1469eb558fc1b3]::runtime::scheduler::current_thread::CoreGuard>::block_on<core[a373ad73a504971]::pin::Pin<&mut core[a373ad73a504971]::pin::Pin<&mut dyn core[a373ad73a504971]::future::future::Future<Output = ()>>>>::{closure#0}::{closure#0}>
[INFO] [stdout]   14:     0x5a61cbc109cc - <tokio[fb1469eb558fc1b3]::runtime::context::scoped::Scoped<tokio[fb1469eb558fc1b3]::runtime::scheduler::Context>>::set::<<tokio[fb1469eb558fc1b3]::runtime::scheduler::current_thread::CoreGuard>::enter<<tokio[fb1469eb558fc1b3]::runtime::scheduler::current_thread::CoreGuard>::block_on<core[a373ad73a504971]::pin::Pin<&mut core[a373ad73a504971]::pin::Pin<&mut dyn core[a373ad73a504971]::future::future::Future<Output = ()>>>>::{closure#0}, core[a373ad73a504971]::option::Option<()>>::{closure#0}, (alloc[2e1b2a31b91974c5]::boxed::Box<tokio[fb1469eb558fc1b3]::runtime::scheduler::current_thread::Core>, core[a373ad73a504971]::option::Option<()>)>
[INFO] [stdout]   15:     0x5a61cbc1cd17 - <tokio[fb1469eb558fc1b3]::runtime::scheduler::current_thread::CoreGuard>::block_on::<core[a373ad73a504971]::pin::Pin<&mut core[a373ad73a504971]::pin::Pin<&mut dyn core[a373ad73a504971]::future::future::Future<Output = ()>>>>
[INFO] [stdout]   16:     0x5a61cbc12b8b - tokio[fb1469eb558fc1b3]::runtime::context::runtime::enter_runtime::<<tokio[fb1469eb558fc1b3]::runtime::scheduler::current_thread::CurrentThread>::block_on<core[a373ad73a504971]::pin::Pin<&mut dyn core[a373ad73a504971]::future::future::Future<Output = ()>>>::{closure#0}, ()>
[INFO] [stdout]   17:     0x5a61cbc1c785 - <tokio[fb1469eb558fc1b3]::runtime::runtime::Runtime>::block_on::<core[a373ad73a504971]::pin::Pin<&mut dyn core[a373ad73a504971]::future::future::Future<Output = ()>>>
[INFO] [stdout]   18:     0x5a61cbc0cfde - <spools[280ba725df09e5a5]::test::fetch_existing_user::{closure#0} as core[a373ad73a504971]::ops::function::FnOnce<()>>::call_once
[INFO] [stdout]   19:     0x5a61cbc25e4b - test[aada8e7e76ba119b]::__rust_begin_short_backtrace::<core[a373ad73a504971]::result::Result<(), alloc[2e1b2a31b91974c5]::string::String>, fn() -> core[a373ad73a504971]::result::Result<(), alloc[2e1b2a31b91974c5]::string::String>>
[INFO] [stdout]   20:     0x5a61cbc33025 - test[aada8e7e76ba119b]::run_test::{closure#0}
[INFO] [stdout]   21:     0x5a61cbc2c914 - std[617be2ca0a6fd877]::sys::backtrace::__rust_begin_short_backtrace::<test[aada8e7e76ba119b]::run_test::{closure#1}, ()>
[INFO] [stdout]   22:     0x5a61cbc360b2 - <std[617be2ca0a6fd877]::thread::lifecycle::spawn_unchecked<test[aada8e7e76ba119b]::run_test::{closure#1}, ()>::{closure#1} as core[a373ad73a504971]::ops::function::FnOnce<()>>::call_once::{shim:vtable#0}
[INFO] [stdout]   23:     0x5a61cbe87aef - <std[617be2ca0a6fd877]::sys::thread::unix::Thread>::new::thread_start
[INFO] [stdout]   24:     0x7ae66c82edfa - <unknown>
[INFO] [stdout]   25:     0x7ae66c8c23d4 - clone
[INFO] [stdout]   26:                0x0 - <unknown>
[INFO] [stdout] 
[INFO] [stdout] 
[INFO] [stdout] failures:
[INFO] [stdout]     test::convert_to_post
[INFO] [stdout]     test::convert_to_user
[INFO] [stdout]     test::fetch_existing_post
[INFO] [stdout]     test::fetch_existing_user
[INFO] [stdout] 
[INFO] [stdout] test result: FAILED. 3 passed; 4 failed; 0 ignored; 0 measured; 0 filtered out; finished in 0.01s
[INFO] [stdout] 
[INFO] [stderr] error: test failed, to rerun pass `--lib`
[INFO] running `Command { std: "docker" "inspect" "a9306491710e062ccf3ea3046d3020b5eb17e5dccf0d0c3c5e94e909cd7ea3ff", kill_on_drop: false }`
[INFO] running `Command { std: "docker" "rm" "-f" "a9306491710e062ccf3ea3046d3020b5eb17e5dccf0d0c3c5e94e909cd7ea3ff", kill_on_drop: false }`
[INFO] [stdout] a9306491710e062ccf3ea3046d3020b5eb17e5dccf0d0c3c5e94e909cd7ea3ff
