[INFO] fetching crate spoars 0.1.4...
[INFO] testing spoars-0.1.4 against 1.100.0-beta.1+cargoflags=--release for beta-release-1.100-2
[INFO] extracting crate spoars 0.1.4 into /workspace/builds/worker-7-tc2/source
[INFO] removed /workspace/builds/worker-7-tc2/source/.cargo/config.toml
[INFO] removed /workspace/builds/worker-7-tc2/source/rust-toolchain.toml
[INFO] started tweaking crates.io crate spoars 0.1.4
[INFO] removed 0 missing examples
[INFO] removed 0 missing tests
[INFO] finished tweaking crates.io crate spoars 0.1.4
[INFO] tweaked toml for crates.io crate spoars 0.1.4 written to /workspace/builds/worker-7-tc2/source/Cargo.toml
[INFO] validating manifest of crates.io crate spoars 0.1.4 on toolchain 1.100.0-beta.1
[INFO] running `Command { std: CARGO_HOME="/workspace/cargo-home" RUSTUP_HOME="/workspace/rustup-home" "/workspace/cargo-home/bin/cargo" "+1.100.0-beta.1" "metadata" "--manifest-path" "Cargo.toml" "--no-deps", kill_on_drop: false }`
[INFO] crate crates.io crate spoars 0.1.4 already has a lockfile, it will not be regenerated
[INFO] running `Command { std: CARGO_HOME="/workspace/cargo-home" RUSTUP_HOME="/workspace/rustup-home" "/workspace/cargo-home/bin/cargo" "+1.100.0-beta.1" "fetch" "--manifest-path" "Cargo.toml", kill_on_drop: false }`
[INFO] [stderr] warning: `package.homepage` is redundant with `package.repository`
[INFO] [stderr]   --> Cargo.toml:65:12
[INFO] [stderr]    |
[INFO] [stderr] 65 | homepage = "https://github.com/fg-labs/spoars"
[INFO] [stderr]    |            ^^^^^^^^^^^^^^^^^^^^^^^^^^^^^^^^^^^
[INFO] [stderr] ...
[INFO] [stderr] 70 | repository = "https://github.com/fg-labs/spoars"
[INFO] [stderr]    |              -----------------------------------
[INFO] [stderr]    |
[INFO] [stderr]    = note: `cargo::redundant_homepage` is set to `warn` by default
[INFO] [stderr] help: consider removing `package.homepage`
[INFO] [stderr] warning: `spoars` (manifest) generated 1 warning
[INFO] running `Command { std: "docker" "create" "-v" "/var/lib/crater-agent-workspace/builds/worker-7-tc2/source:/opt/rustwide/workdir:ro,Z" "-v" "/var/lib/crater-agent-workspace/builds/worker-7-tc2/target:/opt/rustwide/target:rw,Z" "-v" "/var/lib/crater-agent-workspace/cargo-home:/opt/rustwide/cargo-home:ro,Z" "-v" "/var/lib/crater-agent-workspace/rustup-home:/opt/rustwide/rustup-home:ro,Z" "-m" "1610612736" "--network" "none" "ghcr.io/rust-lang/crates-build-env/linux@sha256:77db811e55d90add9212f6832c23229e3de5f1c1f9905e8cb07319ea15df73ac" "sleep" "infinity", kill_on_drop: false }`
[INFO] [stdout] dd7832d2096453ef05da7098ed9cc129134713548ba26717de54e9dd3f143ed5
[INFO] running `Command { std: "docker" "start" "dd7832d2096453ef05da7098ed9cc129134713548ba26717de54e9dd3f143ed5", kill_on_drop: false }`
[INFO] running `Command { std: "docker" "inspect" "dd7832d2096453ef05da7098ed9cc129134713548ba26717de54e9dd3f143ed5", kill_on_drop: false }`
[INFO] running `Command { std: "docker" "exec" "-e" "SOURCE_DIR=/opt/rustwide/workdir" "-e" "CARGO_HOME=/opt/rustwide/cargo-home" "-e" "RUSTUP_HOME=/opt/rustwide/rustup-home" "-e" "CARGO_TARGET_DIR=/opt/rustwide/target" "-w" "/opt/rustwide/workdir" "--user" "0:0" "dd7832d2096453ef05da7098ed9cc129134713548ba26717de54e9dd3f143ed5" "/opt/rustwide/cargo-home/bin/cargo" "+1.100.0-beta.1" "metadata" "--no-deps" "--format-version=1", kill_on_drop: false }`
[INFO] running `Command { std: "docker" "inspect" "dd7832d2096453ef05da7098ed9cc129134713548ba26717de54e9dd3f143ed5", kill_on_drop: false }`
[INFO] running `Command { std: "docker" "exec" "-e" "SOURCE_DIR=/opt/rustwide/workdir" "-e" "CARGO_HOME=/opt/rustwide/cargo-home" "-e" "RUSTUP_HOME=/opt/rustwide/rustup-home" "-e" "CARGO_TARGET_DIR=/opt/rustwide/target" "-e" "CARGO_INCREMENTAL=0" "-e" "RUST_BACKTRACE=full" "-e" "RUSTFLAGS=--cap-lints=warn" "-e" "RUSTDOCFLAGS=--cap-lints=warn" "-w" "/opt/rustwide/workdir" "--user" "0:0" "dd7832d2096453ef05da7098ed9cc129134713548ba26717de54e9dd3f143ed5" "/opt/rustwide/cargo-home/bin/cargo" "+1.100.0-beta.1" "build" "--frozen" "--message-format=json" "--release", kill_on_drop: false }`
[INFO] [stderr] warning: `package.homepage` is redundant with `package.repository`
[INFO] [stderr]   --> Cargo.toml:65:12
[INFO] [stderr]    |
[INFO] [stderr] 65 | homepage = "https://github.com/fg-labs/spoars"
[INFO] [stderr]    |            ^^^^^^^^^^^^^^^^^^^^^^^^^^^^^^^^^^^
[INFO] [stderr] ...
[INFO] [stderr] 70 | repository = "https://github.com/fg-labs/spoars"
[INFO] [stderr]    |              -----------------------------------
[INFO] [stderr]    |
[INFO] [stderr]    = note: `cargo::redundant_homepage` is set to `warn` by default
[INFO] [stderr] help: consider removing `package.homepage`
[INFO] [stderr] warning: `spoars` (manifest) generated 1 warning
[INFO] [stderr]    Compiling liblzma-sys v0.3.13
[INFO] [stderr]    Compiling libbz2-rs-sys v0.2.5
[INFO] [stderr]    Compiling buffer-redux v1.1.0
[INFO] [stderr]    Compiling crc32fast v1.5.1
[INFO] [stderr]    Compiling flate2 v1.1.10
[INFO] [stderr]    Compiling liblzma v0.3.6
[INFO] [stderr]    Compiling bzip2 v0.6.1
[INFO] [stderr]    Compiling needletail v0.7.3
[INFO] [stderr]    Compiling spoars v0.1.4 (/opt/rustwide/workdir)
[INFO] [stderr]     Finished `release` profile [optimized] target(s) in 10.89s
[INFO] running `Command { std: "docker" "inspect" "dd7832d2096453ef05da7098ed9cc129134713548ba26717de54e9dd3f143ed5", kill_on_drop: false }`
[INFO] running `Command { std: "docker" "exec" "-e" "SOURCE_DIR=/opt/rustwide/workdir" "-e" "CARGO_HOME=/opt/rustwide/cargo-home" "-e" "RUSTUP_HOME=/opt/rustwide/rustup-home" "-e" "CARGO_TARGET_DIR=/opt/rustwide/target" "-e" "CARGO_INCREMENTAL=0" "-e" "RUST_BACKTRACE=full" "-e" "RUSTFLAGS=--cap-lints=warn" "-e" "RUSTDOCFLAGS=--cap-lints=warn" "-w" "/opt/rustwide/workdir" "--user" "0:0" "dd7832d2096453ef05da7098ed9cc129134713548ba26717de54e9dd3f143ed5" "/opt/rustwide/cargo-home/bin/cargo" "+1.100.0-beta.1" "test" "--frozen" "--no-run" "--message-format=json" "--release", kill_on_drop: false }`
[INFO] [stderr] warning: `package.homepage` is redundant with `package.repository`
[INFO] [stderr]   --> Cargo.toml:65:12
[INFO] [stderr]    |
[INFO] [stderr] 65 | homepage = "https://github.com/fg-labs/spoars"
[INFO] [stderr]    |            ^^^^^^^^^^^^^^^^^^^^^^^^^^^^^^^^^^^
[INFO] [stderr] ...
[INFO] [stderr] 70 | repository = "https://github.com/fg-labs/spoars"
[INFO] [stderr]    |              -----------------------------------
[INFO] [stderr]    |
[INFO] [stderr]    = note: `cargo::redundant_homepage` is set to `warn` by default
[INFO] [stderr] help: consider removing `package.homepage`
[INFO] [stderr] warning: `spoars` (manifest) generated 1 warning
[INFO] [stderr]    Compiling zerocopy v0.8.56
[INFO] [stderr]    Compiling syn v3.0.4
[INFO] [stderr]    Compiling alloca v0.4.0
[INFO] [stderr]    Compiling zerocopy-derive v0.8.56
[INFO] [stderr]    Compiling regex-automata v0.4.18
[INFO] [stderr]    Compiling clap_builder v4.6.6
[INFO] [stderr]    Compiling tempfile v3.27.0
[INFO] [stderr]    Compiling serde_json v1.0.151
[INFO] [stderr]    Compiling itertools v0.13.0
[INFO] [stderr]    Compiling plotters v0.3.7
[INFO] [stderr]    Compiling rayon v1.12.0
[INFO] [stderr]    Compiling rand v0.9.5
[INFO] [stderr]    Compiling rand_xorshift v0.4.0
[INFO] [stderr]    Compiling page_size v0.6.0
[INFO] [stderr]    Compiling rusty-fork v0.3.1
[INFO] [stderr]    Compiling serde_derive v1.0.229
[INFO] [stderr]    Compiling criterion-plot v0.8.2
[INFO] [stderr]    Compiling regex v1.13.1
[INFO] [stderr]    Compiling clap v4.6.6
[INFO] [stderr]    Compiling serde v1.0.229
[INFO] [stderr]    Compiling tinytemplate v1.2.1
[INFO] [stderr]    Compiling half v2.7.1
[INFO] [stderr]    Compiling ppv-lite86 v0.2.21
[INFO] [stderr]    Compiling ciborium-ll v0.2.2
[INFO] [stderr]    Compiling ciborium v0.2.2
[INFO] [stderr]    Compiling rand_chacha v0.9.0
[INFO] [stderr]    Compiling proptest v1.11.0
[INFO] [stderr]    Compiling criterion v0.8.2
[INFO] [stderr]    Compiling spoars v0.1.4 (/opt/rustwide/workdir)
[INFO] [stderr]     Finished `release` profile [optimized] target(s) in 1m 01s
[INFO] running `Command { std: "docker" "inspect" "dd7832d2096453ef05da7098ed9cc129134713548ba26717de54e9dd3f143ed5", kill_on_drop: false }`
[INFO] running `Command { std: "docker" "exec" "-e" "SOURCE_DIR=/opt/rustwide/workdir" "-e" "CARGO_HOME=/opt/rustwide/cargo-home" "-e" "RUSTUP_HOME=/opt/rustwide/rustup-home" "-e" "CARGO_TARGET_DIR=/opt/rustwide/target" "-e" "CARGO_INCREMENTAL=0" "-e" "RUST_BACKTRACE=full" "-e" "RUSTFLAGS=--cap-lints=warn" "-e" "RUSTDOCFLAGS=--cap-lints=warn" "-w" "/opt/rustwide/workdir" "--user" "0:0" "dd7832d2096453ef05da7098ed9cc129134713548ba26717de54e9dd3f143ed5" "/opt/rustwide/cargo-home/bin/cargo" "+1.100.0-beta.1" "test" "--frozen" "--release", kill_on_drop: false }`
[INFO] [stderr] warning: `package.homepage` is redundant with `package.repository`
[INFO] [stderr]   --> Cargo.toml:65:12
[INFO] [stderr]    |
[INFO] [stderr] 65 | homepage = "https://github.com/fg-labs/spoars"
[INFO] [stderr]    |            ^^^^^^^^^^^^^^^^^^^^^^^^^^^^^^^^^^^
[INFO] [stderr] ...
[INFO] [stderr] 70 | repository = "https://github.com/fg-labs/spoars"
[INFO] [stderr]    |              -----------------------------------
[INFO] [stderr]    |
[INFO] [stderr]    = note: `cargo::redundant_homepage` is set to `warn` by default
[INFO] [stderr] help: consider removing `package.homepage`
[INFO] [stderr] warning: `spoars` (manifest) generated 1 warning
[INFO] [stderr]     Finished `release` profile [optimized] target(s) in 0.21s
[INFO] [stderr]      Running unittests src/lib.rs (/opt/rustwide/target/release/build/spoars/00edeb31881b2a7e/out/spoars-00edeb31881b2a7e)
[INFO] [stdout] 
[INFO] [stdout] running 166 tests
[INFO] [stdout] test align::simd::avx2::tests::i16_horizontal_max_seeds_at_zero ... ok
[INFO] [stdout] test align::backtrack::tests::backtrack_linear_matches_single_node_on_hand_built_matrix ... ok
[INFO] [stdout] test align::simd::avx2::tests::i16_adds_subs_saturate_at_bounds ... ok
[INFO] [stdout] test align::simd::avx2::tests::i16_ops_match_scalar_reference ... ok
[INFO] [stdout] test align::simd::avx2::tests::i16_slli_srli_cross_the_128_bit_lane_boundary ... ok
[INFO] [stdout] test align::simd::avx2::tests::i32_horizontal_max_seeds_at_zero ... ok
[INFO] [stdout] test align::simd::avx2::tests::i16_store_widened_i32_sign_extends_all_lanes ... ok
[INFO] [stdout] test align::simd::avx2::tests::i32_loadu_storeu_round_trip ... ok
[INFO] [stdout] test align::backtrack::tests::backtrack_affine_unwinds_e_run_then_deletes ... ok
[INFO] [stdout] test align::simd::avx2::tests::i16_add_sub_are_non_saturating ... ok
[INFO] [stdout] test align::simd::avx2::tests::i32_adds_subs_saturate_at_bounds ... ok
[INFO] [stdout] test align::simd::avx2::tests::i16_loadu_storeu_round_trip ... ok
[INFO] [stdout] test align::simd::avx2::tests::i16_prefix_max_matches_scalar_reference ... ok
[INFO] [stdout] test align::simd::avx2::tests::i16_slli_one_lane_and_srli_top_lane_match_lss_rss ... ok
[INFO] [stdout] test align::backtrack::tests::backtrack_convex_matches_single_node_on_hand_built_matrix ... ok
[INFO] [stdout] test align::simd::band::tests::segment_range_half_open_no_off_by_one ... ok
[INFO] [stdout] test align::simd::avx2::tests::i32_store_widened_i32_is_a_plain_store ... ok
[INFO] [stdout] test align::simd::band::tests::segment_range_never_empty ... ok
[INFO] [stdout] test align::simd::avx2::tests::lane_constants_match_upstream ... ok
[INFO] [stdout] test align::simd::band::tests::anchor_clamps_to_query_bounds ... ok
[INFO] [stdout] test align::simd::band::tests::band_state_new_builds_r_and_best_col_from_graph ... ok
[INFO] [stdout] test align::simd::band::tests::remaining_path_tie_breaks_by_lowest_rank ... ok
[INFO] [stdout] test align::simd::avx2::tests::i32_ops_match_scalar_reference ... ok
[INFO] [stdout] test align::simd::band::tests::width_saturates_and_never_panics ... ok
[INFO] [stdout] test align::simd::avx2::tests::i32_prefix_max_matches_scalar_reference ... ok
[INFO] [stdout] test align::simd::avx2::tests::i32_slli_one_lane_and_srli_top_lane_match_lss_rss ... ok
[INFO] [stdout] test align::simd::avx2::tests::i32_slli_srli_cross_the_128_bit_lane_boundary ... ok
[INFO] [stdout] test align::simd::fill::tests::banded_convex_in_band_cells_match_exact_at_beg_sn_ge_1 ... ok
[INFO] [stdout] test align::simd::fill::tests::banded_affine_in_band_cells_match_exact_at_beg_sn_ge_1 ... ok
[INFO] [stdout] test align::simd::fill::tests::banded_convex_multi_predecessor_diagonal_seed ... ok
[INFO] [stdout] test align::simd::fill::tests::banded_linear_multi_predecessor_diagonal_seed ... ok
[INFO] [stdout] test align::simd::fill::tests::banded_overlap_real_endpoint_is_not_normalized_to_sentinel ... ok
[INFO] [stdout] test align::simd::lanes::tests::i16_add_sub_are_non_saturating ... ok
[INFO] [stdout] test align::simd::band::tests::width_is_base_plus_rounded_fraction ... ok
[INFO] [stdout] test align::simd::band::tests::remaining_path_counts_heaviest_successor_chain ... ok
[INFO] [stdout] test align::simd::fill::tests::banded_affine_multi_predecessor_diagonal_seed ... ok
[INFO] [stdout] test align::simd::band::tests::default_is_abpoa ... ok
[INFO] [stdout] test align::simd::avx2::tests::i32_add_sub_are_non_saturating ... ok
[INFO] [stdout] test align::simd::band::tests::node_window_is_union_of_anchor_and_predecessors_widened ... ok
[INFO] [stdout] test align::simd::band::tests::segment_range_widens_when_end_sn_le_beg_sn ... ok
[INFO] [stdout] test align::simd::fill::tests::banded_global_matches_exact_when_column_l_in_band ... ok
[INFO] [stdout] test align::simd::fill::tests::banded_global_returns_sentinel_when_column_l_out_of_band ... ok
[INFO] [stdout] test align::simd::lanes::tests::i16_arithmetic_matches_plain_integer_ops ... ok
[INFO] [stdout] test align::simd::fill::tests::banded_linear_in_band_cells_match_exact_at_beg_sn_ge_1 ... ok
[INFO] [stdout] test align::simd::fill::tests::banded_global_best_col_uses_unclamped_row_max_on_negative_rows ... ok
[INFO] [stdout] test align::simd::lanes::tests::i16_saturating_add_sub_clamp_at_bounds ... ok
[INFO] [stdout] test align::simd::lanes::tests::i16_splat_is_identity ... ok
[INFO] [stdout] test align::simd::lanes::tests::i32_add_sub_are_non_saturating ... ok
[INFO] [stdout] test align::simd::lanes::tests::i32_arithmetic_matches_plain_integer_ops ... ok
[INFO] [stdout] test align::simd::lanes::tests::i32_saturating_add_sub_clamp_at_bounds ... ok
[INFO] [stdout] test align::simd::lanes::tests::i32_horizontal_max_seeds_at_zero_not_elem_min ... ok
[INFO] [stdout] test align::simd::lanes::tests::i32_slli_srli_of_one_lane_return_neg_inf ... ok
[INFO] [stdout] test align::simd::lanes::tests::i32_loadu_storeu_round_trip ... ok
[INFO] [stdout] test align::simd::lanes::tests::i32_splat_is_identity ... ok
[INFO] [stdout] test align::simd::lanes::tests::i32_prefix_max_of_one_lane_is_identity ... ok
[INFO] [stdout] test align::simd::lanes::tests::neg_inf_matches_elem_min_plus_1024 ... ok
[INFO] [stdout] test align::simd::profile::tests::build_masks_multi_lane_has_neg_inf_in_expected_low_lanes ... ok
[INFO] [stdout] test align::simd::lanes::tests::i16_horizontal_max_seeds_at_zero_not_elem_min ... ok
[INFO] [stdout] test align::simd::profile::tests::build_masks_scalar_single_lane_carry_mask_only ... ok
[INFO] [stdout] test align::simd::profile::tests::build_profile_multi_lane_scores_mismatches ... ok
[INFO] [stdout] test align::simd::profile::tests::seed_scalar_buffers_matches_sisd_initialize_for_sw_affine ... ok
[INFO] [stdout] test align::simd::profile::tests::build_penalties_multi_lane_scales_by_power_of_two ... ok
[INFO] [stdout] test align::simd::profile::tests::build_penalties_scalar_single_lane_is_empty ... ok
[INFO] [stdout] test align::simd::profile::tests::build_profile_multi_lane_pads_trailing_lanes_past_seq_len ... ok
[INFO] [stdout] test align::simd::profile::tests::seed_scalar_buffers_node_id_to_rank_matches_graph_topological_order ... ok
[INFO] [stdout] test align::simd::sse41::tests::i16_ops_match_scalar_reference ... ok
[INFO] [stdout] test align::simd::sse41::tests::i16_prefix_max_matches_scalar_reference ... ok
[INFO] [stdout] test align::simd::sse41::tests::i32_add_sub_are_non_saturating ... ok
[INFO] [stdout] test align::simd::sse41::tests::i16_adds_subs_saturate_at_bounds ... ok
[INFO] [stdout] test align::simd::sse41::tests::i16_horizontal_max_seeds_at_zero ... ok
[INFO] [stdout] test align::simd::lanes::tests::i16_loadu_storeu_round_trip ... ok
[INFO] [stdout] test align::simd::sse41::tests::i16_loadu_storeu_round_trip ... ok
[INFO] [stdout] test align::simd::sse41::tests::i16_store_widened_i32_sign_extends_all_lanes ... ok
[INFO] [stdout] test align::simd::lanes::tests::i16_prefix_max_of_one_lane_is_identity ... ok
[INFO] [stdout] test align::simd::sse41::tests::i32_adds_subs_saturate_at_bounds ... ok
[INFO] [stdout] test align::simd::profile::tests::destripe_interior_multi_lane_skips_padding_lanes ... ok
[INFO] [stdout] test align::simd::profile::tests::destripe_interior_scalar_places_cells_at_row_major_offsets ... ok
[INFO] [stdout] test align::simd::profile::tests::build_profile_scalar_matches_sisd_sequence_profile ... ok
[INFO] [stdout] test align::simd::profile::tests::seed_scalar_buffers_matches_sisd_initialize_for_nw_linear ... ok
[INFO] [stdout] test align::simd::sse41::tests::i32_prefix_max_matches_scalar_reference ... ok
[INFO] [stdout] test align::simd::sse41::tests::i32_horizontal_max_seeds_at_zero ... ok
[INFO] [stdout] test align::simd::profile::tests::seed_scalar_buffers_matches_sisd_initialize_for_ov_convex ... ok
[INFO] [stdout] test align::simd::sse41::tests::i32_loadu_storeu_round_trip ... ok
[INFO] [stdout] test align::simd::sse41::tests::i32_ops_match_scalar_reference ... ok
[INFO] [stdout] test align::simd::lanes::tests::lanes_and_log_lanes_are_degenerate ... ok
[INFO] [stdout] test align::simd::lanes::tests::i16_slli_srli_of_one_lane_return_neg_inf ... ok
[INFO] [stdout] test align::simd::sse41::tests::i16_slli_srli_have_byte_shift_semantics ... ok
[INFO] [stdout] test align::simd::sse41::tests::i32_store_widened_i32_is_a_plain_store ... ok
[INFO] [stdout] test align::simd::sse41::tests::lane_constants_match_upstream ... ok
[INFO] [stdout] test align::simd::sse41::tests::i16_add_sub_are_non_saturating ... ok
[INFO] [stdout] test align::simd::tests::empty_graph_returns_empty_alignment_and_zero_score ... ok
[INFO] [stdout] test align::simd::tests::empty_sequence_returns_empty_alignment_and_zero_score ... ok
[INFO] [stdout] test align::simd::tests::simd_engine_exposes_its_alignment_type_and_scoring ... ok
[INFO] [stdout] test align::simd::tests::detect_isa_returns_a_defined_variant_and_align_still_matches_sisd ... ok
[INFO] [stdout] test align::simd::tests::banded_engine_matches_exact_on_near_identical_family ... ok
[INFO] [stdout] test align::simd::sse41::tests::i32_slli_srli_have_byte_shift_semantics ... ok
[INFO] [stdout] test align::simd::tests::banded_global_guard_returns_empty_alignment_and_neg_inf ... ok
[INFO] [stdout] test align::simd::tests::escalation_predicate_selects_fallback_before_i32_overflow ... ok
[INFO] [stdout] test align::simd::tests::simd_engine_matches_sisd_engine_on_tiny_input ... ok
[INFO] [stdout] test align::sisd::tests::reseed_scalar_buffers_matches_fresh_seed_after_reuse_from_a_larger_alignment ... ok
[INFO] [stdout] test align::sisd::tests::initialize_on_empty_graph_and_empty_sequence_does_not_panic ... ok
[INFO] [stdout] test align::sisd::tests::seed_scalar_buffers_matches_manually_initialized_engine_for_nw ... ok
[INFO] [stdout] test align::sisd::tests::initialize_linear_global_on_tiny_graph_does_not_panic ... ok
[INFO] [stdout] test align::simd::tests::should_force_sse41_only_matches_the_sse41_token ... ok
[INFO] [stdout] test align::sisd::tests::initialize_convex_overlap_on_tiny_graph_does_not_panic ... ok
[INFO] [stdout] test align::simd::tests::banded_engine_documents_large_indel_miss ... ok
[INFO] [stdout] test align::simd::tests::simd_engine_matches_sisd_engine_when_escalation_forces_int32_branch ... ok
[INFO] [stdout] test align::simd::tests::simd_engine_matches_sisd_engine_with_default_scoring ... ok
[INFO] [stdout] test align::simd::tests::simd_engine_matches_sisd_engine_with_mid_range_affine_scoring ... ok
[INFO] [stdout] test align::sisd::tests::initialize_affine_local_on_tiny_graph_does_not_panic ... ok
[INFO] [stdout] test align::tests::normalization_linear_sets_extend_equal_to_open ... ok
[INFO] [stdout] test align::tests::gap_mode_boundary_table ... ok
[INFO] [stdout] test align::tests::normalization_affine_sets_second_pair_equal_to_first ... ok
[INFO] [stdout] test align::tests::spoa_default_is_convex_with_expected_penalties ... ok
[INFO] [stdout] test align::tests::normalization_convex_leaves_all_penalties_unchanged ... ok
[INFO] [stdout] test align::tests::new_allows_zero_penalties ... ok
[INFO] [stdout] test align::sisd::tests::seed_scalar_buffers_matches_manually_initialized_engine_for_ov ... ok
[INFO] [stdout] test align::tests::alignment_to_optional_maps_minus_one_to_none ... ok
[INFO] [stdout] test align::tests::new_rejects_positive_second_gap_extend ... ok
[INFO] [stdout] test graph::tests::add_alignment_rejects_alignment_missing_sequence_positions ... ok
[INFO] [stdout] test align::tests::new_gap_open_check_takes_precedence_over_gap_extend_check ... ok
[INFO] [stdout] test align::tests::new_rejects_positive_gap_open ... ok
[INFO] [stdout] test graph::tests::add_alignment_weight_aligns_mismatch_via_aligned_nodes_cross_link ... ok
[INFO] [stdout] test graph::tests::coverage_counts_distinct_labels_across_in_and_out_edges ... ok
[INFO] [stdout] test align::tests::new_rejects_positive_second_gap_open ... ok
[INFO] [stdout] test align::tests::new_rejects_positive_gap_extend ... ok
[INFO] [stdout] test align::sisd::tests::seed_scalar_buffers_matches_manually_initialized_engine_for_sw ... ok
[INFO] [stdout] test graph::tests::add_alignment_rejects_out_of_range_node_index ... ok
[INFO] [stdout] test align::tests::align_and_add_quality_returns_sequence_index ... ok
[INFO] [stdout] test align::tests::align_and_add_returns_sequence_index_and_builds_graph ... ok
[INFO] [stdout] test graph::tests::consensus_with_composition_gap_row_counts_only_internal_skips ... ok
[INFO] [stdout] test graph::tests::generate_msa_row_order_matches_sequence_index ... ok
[INFO] [stdout] test graph::tests::add_alignment_weight_threads_unaligned_prefix_and_suffix ... ok
[INFO] [stdout] test graph::tests::add_alignment_rejects_out_of_range_sequence_index ... ok
[INFO] [stdout] test graph::tests::consensus_with_composition_shape_and_column_sums ... ok
[INFO] [stdout] test graph::tests::consensus_with_coverage_matches_consensus_len_and_sums_aligned_peers ... ok
[INFO] [stdout] test graph::tests::add_alignment_rejects_unequal_weights ... ok
[INFO] [stdout] test graph::tests::add_edge_dedups_repeated_tail_head_pairs ... ok
[INFO] [stdout] test graph::tests::add_node_assigns_sequential_ids ... ok
[INFO] [stdout] test graph::tests::initialize_msa_folds_aligned_peers_into_one_column ... ok
[INFO] [stdout] test graph::tests::public_accessors_expose_a_coherent_view_of_a_built_graph ... ok
[INFO] [stdout] test superbubble::tests::superbubbles_is_deterministic ... ok
[INFO] [stdout] test superbubble::tests::superbubbles_linear_chain_yields_only_trivial_pairs ... ok
[INFO] [stdout] test graph::tests::add_alignment_weight_with_empty_alignment_builds_linear_chain ... ok
[INFO] [stdout] test graph::tests::topological_sort_ranks_every_node_including_aligned_groups ... ok
[INFO] [stdout] test graph::tests::traverse_heaviest_bundle_breaks_equal_weight_inedge_ties_by_predecessor_score ... ok
[INFO] [stdout] test superbubble::tests::brankovic_reports_nothing_on_a_cycle ... ok
[INFO] [stdout] test graph::tests::subgraph_keeps_only_nodes_in_id_window_and_remaps ... ok
[INFO] [stdout] test graph::tests::update_alignment_remaps_node_ids_and_passes_gaps ... ok
[INFO] [stdout] test superbubble::tests::superbubbles_empty_graph_is_empty ... ok
[INFO] [stdout] test superbubble::tests::superbubbles_multi_sink_tail_reports_sink_exit ... ok
[INFO] [stdout] test graph::tests::relay_accessors_map_sequences_to_msa_columns ... ok
[INFO] [stdout] test superbubble::tests::superbubbles_multi_source_head_reports_source_entry ... ok
[INFO] [stdout] test superbubble::tests::superbubbles_on_real_poa_graph_with_diverging_rank_order ... ok
[INFO] [stdout] test superbubble::tests::superbubbles_parallel_edges_dedup_to_one_adjacency ... ok
[INFO] [stdout] test graph::tests::to_dot_fills_consensus_nodes_colors_consensus_edges_and_dots_aligned_pairs ... ok
[INFO] [stdout] test graph::tests::to_gfa_emits_s_l_p_lines_with_one_based_ids_and_consensus_tags ... ok
[INFO] [stdout] test graph::tests::to_gfa_reverses_path_and_flips_sign_when_is_reversed_is_set ... ok
[INFO] [stdout] test superbubble::tests::successors_and_predecessors_preserve_first_occurrence_order ... ok
[INFO] [stdout] test superbubble::tests::superbubble_from_terminates_on_cyclic_input ... ok
[INFO] [stdout] test superbubble::tests::superbubbles_whole_graph_bubble_reports_source_to_sink ... ok
[INFO] [stdout] test superbubble::tests::superbubbles_nested_returns_both_inner_and_outer ... ok
[INFO] [stdout] test superbubble::tests::superbubbles_single_diamond_reports_the_bubble_plus_trivial_boundaries ... ok
[INFO] [stdout] test graph::tests::subgraph_kept_ids_in_window_and_edges_internal ... ok
[INFO] [stdout] test superbubble::tests::superbubbles_structural_invariants ... ok
[INFO] [stdout] test superbubble::tests::superbubbles_matches_brute_force_oracle ... ok
[INFO] [stdout] 
[INFO] [stdout] test result: ok. 166 passed; 0 failed; 0 ignored; 0 measured; 0 filtered out; finished in 0.06s
[INFO] [stdout] 
[INFO] [stderr]      Running unittests src/bin/spoars.rs (/opt/rustwide/target/release/build/spoars/822d20aa80c840df/out/spoars-822d20aa80c840df)
[INFO] [stdout] 
[INFO] [stdout] running 5 tests
[INFO] [stdout] test tests::should_force_sisd_treats_any_other_value_as_true ... ok
[INFO] [stdout] test tests::strand_flip_quality_reversal_yields_correct_graph_edge_weights ... ok
[INFO] [stdout] test tests::strand_flip_keeps_base_and_quality_index_aligned ... ok
[INFO] [stdout] test tests::reverse_complement_reverses_and_complements_preserving_case ... ok
[INFO] [stderr]      Running tests/banded_parity.rs (/opt/rustwide/target/release/build/spoars/6d6a0bafbc829852/out/banded_parity-6d6a0bafbc829852)
[INFO] [stdout] test tests::should_force_sisd_treats_unset_empty_and_zero_as_false ... ok
[INFO] [stdout] 
[INFO] [stdout] test result: ok. 5 passed; 0 failed; 0 ignored; 0 measured; 0 filtered out; finished in 0.00s
[INFO] [stdout] 
[INFO] [stdout] 
[INFO] [stdout] running 4 tests
[INFO] [stdout] test banded_equals_exact_when_indels_within_band ... ok
[INFO] [stdout] test banded_strictly_below_exact_occurs_for_wide_indels ... ok
[INFO] [stdout] test banded_never_panics_and_stays_in_band ... ok
[INFO] [stderr]      Running tests/cli_parity.rs (/opt/rustwide/target/release/build/spoars/d0445234b436b766/out/cli_parity-d0445234b436b766)
[INFO] [stdout] test banded_never_beats_exact ... ok
[INFO] [stdout] 
[INFO] [stdout] test result: ok. 4 passed; 0 failed; 0 ignored; 0 measured; 0 filtered out; finished in 0.15s
[INFO] [stdout] 
[INFO] [stdout] 
[INFO] [stdout] running 14 tests
[INFO] [stdout] test cli_r0_consensus_simd_matches_sisd_and_oracle_with_non_default_scores ... FAILED
[INFO] [stdout] test cli_r0_consensus_simd_matches_sisd_and_oracle ... FAILED
[INFO] [stdout] test cli_r0_consensus_matches_oracle_defaults ... FAILED
[INFO] [stdout] test cli_r1_msa_simd_matches_sisd_and_oracle ... FAILED
[INFO] [stdout] test cli_r3_gfa_simd_matches_sisd_and_oracle ... FAILED
[INFO] [stdout] test cli_l1_nw_consensus_matches_oracle ... FAILED
[INFO] [stdout] test cli_r3_gfa_matches_oracle ... FAILED
[INFO] [stdout] test cli_l1_nw_consensus_simd_matches_sisd_and_oracle ... FAILED
[INFO] [stdout] test cli_r2_msa_and_consensus_matches_library_replay ... FAILED
[INFO] [stdout] test cli_version_prints_crate_version ... ok
[INFO] [stdout] test cli_r1_msa_matches_oracle ... FAILED
[INFO] [stdout] test cli_score_i8_wrap_does_not_error ... FAILED
[INFO] [stdout] test cli_invalid_algorithm_exits_non_zero ... ok
[INFO] [stdout] test cli_r0_consensus_matches_oracle_with_non_default_scores ... FAILED
[INFO] [stdout] 
[INFO] [stdout] failures:
[INFO] [stdout] 
[INFO] [stdout] ---- cli_r0_consensus_simd_matches_sisd_and_oracle_with_non_default_scores stdout ----
[INFO] [stdout] 
[INFO] [stdout] thread 'cli_r0_consensus_simd_matches_sisd_and_oracle_with_non_default_scores' (1612) panicked at tests/support/generators.rs:97:9:
[INFO] [stdout] failed to open upstream FASTQ fixture /opt/rustwide/workdir/third_party/spoa/test/data/sample.fastq.gz: I/O error: No such file or directory (os error 2)
[INFO] [stdout] stack backtrace:
[INFO] [stdout]    0:     0x60d47030ac61 - <<std[617be2ca0a6fd877]::sys::backtrace::BacktraceLock>::print::DisplayBacktrace as core[a373ad73a504971]::fmt::Display>::fmt
[INFO] [stdout]    1:     0x60d47031f72a - core[a373ad73a504971]::fmt::write
[INFO] [stdout]    2:     0x60d47030f14c - <alloc[2e1b2a31b91974c5]::vec::Vec<u8> as core[a373ad73a504971]::io::write::Write>::write_fmt
[INFO] [stdout]    3:     0x60d4702e5ea6 - std[617be2ca0a6fd877]::panicking::default_hook::{closure#0}
[INFO] [stdout]    4:     0x60d470302f49 - std[617be2ca0a6fd877]::panicking::default_hook
[INFO] [stdout]    5:     0x60d470233150 - test[aada8e7e76ba119b]::test_main_inner::{closure#0}
[INFO] [stdout]    6:     0x60d470303272 - std[617be2ca0a6fd877]::panicking::panic_with_hook
[INFO] [stdout]    7:     0x60d4702e5f52 - std[617be2ca0a6fd877]::panicking::panic_handler::{closure#0}
[INFO] [stdout]    8:     0x60d4702deb49 - std[617be2ca0a6fd877]::sys::backtrace::__rust_end_short_backtrace::<std[617be2ca0a6fd877]::panicking::panic_handler::{closure#0}, !>
[INFO] [stdout]    9:     0x60d4702e6b5d - __rustc[ea4f61d10b84890b]::rust_begin_unwind
[INFO] [stdout]   10:     0x60d47031fe5c - core[a373ad73a504971]::panicking::panic_fmt
[INFO] [stdout]   11:     0x60d47020de84 - cli_parity[eabae09a28571148]::support::generators::upstream_fastq_with_names::{closure#0}
[INFO] [stdout]   12:     0x60d47020eb9a - cli_parity[eabae09a28571148]::support::generators::upstream_fastq_with_names
[INFO] [stdout]   13:     0x60d470217d64 - cli_parity[eabae09a28571148]::base_case
[INFO] [stdout]   14:     0x60d47021ac32 - <cli_parity[eabae09a28571148]::cli_r0_consensus_simd_matches_sisd_and_oracle_with_non_default_scores::{closure#0} as core[a373ad73a504971]::ops::function::FnOnce<()>>::call_once
[INFO] [stdout]   15:     0x60d47022659b - test[aada8e7e76ba119b]::__rust_begin_short_backtrace::<core[a373ad73a504971]::result::Result<(), alloc[2e1b2a31b91974c5]::string::String>, fn() -> core[a373ad73a504971]::result::Result<(), alloc[2e1b2a31b91974c5]::string::String>>
[INFO] [stdout]   16:     0x60d470233775 - test[aada8e7e76ba119b]::run_test::{closure#0}
[INFO] [stdout]   17:     0x60d47022d064 - std[617be2ca0a6fd877]::sys::backtrace::__rust_begin_short_backtrace::<test[aada8e7e76ba119b]::run_test::{closure#1}, ()>
[INFO] [stdout]   18:     0x60d470236802 - <std[617be2ca0a6fd877]::thread::lifecycle::spawn_unchecked<test[aada8e7e76ba119b]::run_test::{closure#1}, ()>::{closure#1} as core[a373ad73a504971]::ops::function::FnOnce<()>>::call_once::{shim:vtable#0}
[INFO] [stdout]   19:     0x60d47030a4af - <std[617be2ca0a6fd877]::sys::thread::unix::Thread>::new::thread_start
[INFO] [stdout]   20:     0x7d825a3d8dfa - <unknown>
[INFO] [stdout]   21:     0x7d825a46c3d4 - clone
[INFO] [stdout]   22:                0x0 - <unknown>
[INFO] [stdout] 
[INFO] [stdout] ---- cli_r0_consensus_simd_matches_sisd_and_oracle stdout ----
[INFO] [stdout] 
[INFO] [stdout] thread 'cli_r0_consensus_simd_matches_sisd_and_oracle' (1611) panicked at tests/support/generators.rs:97:9:
[INFO] [stdout] failed to open upstream FASTQ fixture /opt/rustwide/workdir/third_party/spoa/test/data/sample.fastq.gz: I/O error: No such file or directory (os error 2)
[INFO] [stdout] stack backtrace:
[INFO] [stdout]    0:     0x60d47030ac61 - <<std[617be2ca0a6fd877]::sys::backtrace::BacktraceLock>::print::DisplayBacktrace as core[a373ad73a504971]::fmt::Display>::fmt
[INFO] [stdout]    1:     0x60d47031f72a - core[a373ad73a504971]::fmt::write
[INFO] [stdout]    2:     0x60d47030f14c - <alloc[2e1b2a31b91974c5]::vec::Vec<u8> as core[a373ad73a504971]::io::write::Write>::write_fmt
[INFO] [stdout]    3:     0x60d4702e5ea6 - std[617be2ca0a6fd877]::panicking::default_hook::{closure#0}
[INFO] [stdout]    4:     0x60d470302f49 - std[617be2ca0a6fd877]::panicking::default_hook
[INFO] [stdout]    5:     0x60d470233150 - test[aada8e7e76ba119b]::test_main_inner::{closure#0}
[INFO] [stdout]    6:     0x60d470303272 - std[617be2ca0a6fd877]::panicking::panic_with_hook
[INFO] [stdout]    7:     0x60d4702e5f52 - std[617be2ca0a6fd877]::panicking::panic_handler::{closure#0}
[INFO] [stdout]    8:     0x60d4702deb49 - std[617be2ca0a6fd877]::sys::backtrace::__rust_end_short_backtrace::<std[617be2ca0a6fd877]::panicking::panic_handler::{closure#0}, !>
[INFO] [stdout]    9:     0x60d4702e6b5d - __rustc[ea4f61d10b84890b]::rust_begin_unwind
[INFO] [stdout]   10:     0x60d47031fe5c - core[a373ad73a504971]::panicking::panic_fmt
[INFO] [stdout]   11:     0x60d47020de84 - cli_parity[eabae09a28571148]::support::generators::upstream_fastq_with_names::{closure#0}
[INFO] [stdout]   12:     0x60d47020eb9a - cli_parity[eabae09a28571148]::support::generators::upstream_fastq_with_names
[INFO] [stdout]   13:     0x60d470217d64 - cli_parity[eabae09a28571148]::base_case
[INFO] [stdout]   14:     0x60d470219b02 - <cli_parity[eabae09a28571148]::cli_r0_consensus_simd_matches_sisd_and_oracle::{closure#0} as core[a373ad73a504971]::ops::function::FnOnce<()>>::call_once
[INFO] [stdout]   15:     0x60d47022659b - test[aada8e7e76ba119b]::__rust_begin_short_backtrace::<core[a373ad73a504971]::result::Result<(), alloc[2e1b2a31b91974c5]::string::String>, fn() -> core[a373ad73a504971]::result::Result<(), alloc[2e1b2a31b91974c5]::string::String>>
[INFO] [stdout]   16:     0x60d470233775 - test[aada8e7e76ba119b]::run_test::{closure#0}
[INFO] [stdout]   17:     0x60d47022d064 - std[617be2ca0a6fd877]::sys::backtrace::__rust_begin_short_backtrace::<test[aada8e7e76ba119b]::run_test::{closure#1}, ()>
[INFO] [stdout]   18:     0x60d470236802 - <std[617be2ca0a6fd877]::thread::lifecycle::spawn_unchecked<test[aada8e7e76ba119b]::run_test::{closure#1}, ()>::{closure#1} as core[a373ad73a504971]::ops::function::FnOnce<()>>::call_once::{shim:vtable#0}
[INFO] [stdout]   19:     0x60d47030a4af - <std[617be2ca0a6fd877]::sys::thread::unix::Thread>::new::thread_start
[INFO] [stdout]   20:     0x7d825a3d8dfa - <unknown>
[INFO] [stdout]   21:     0x7d825a46c3d4 - clone
[INFO] [stdout]   22:                0x0 - <unknown>
[INFO] [stdout] 
[INFO] [stdout] ---- cli_r0_consensus_matches_oracle_defaults stdout ----
[INFO] [stdout] 
[INFO] [stdout] thread 'cli_r0_consensus_matches_oracle_defaults' (1609) panicked at tests/support/generators.rs:97:9:
[INFO] [stdout] failed to open upstream FASTQ fixture /opt/rustwide/workdir/third_party/spoa/test/data/sample.fastq.gz: I/O error: No such file or directory (os error 2)
[INFO] [stdout] stack backtrace:
[INFO] [stdout]    0:     0x60d47030ac61 - <<std[617be2ca0a6fd877]::sys::backtrace::BacktraceLock>::print::DisplayBacktrace as core[a373ad73a504971]::fmt::Display>::fmt
[INFO] [stdout]    1:     0x60d47031f72a - core[a373ad73a504971]::fmt::write
[INFO] [stdout]    2:     0x60d47030f14c - <alloc[2e1b2a31b91974c5]::vec::Vec<u8> as core[a373ad73a504971]::io::write::Write>::write_fmt
[INFO] [stdout]    3:     0x60d4702e5ea6 - std[617be2ca0a6fd877]::panicking::default_hook::{closure#0}
[INFO] [stdout]    4:     0x60d470302f49 - std[617be2ca0a6fd877]::panicking::default_hook
[INFO] [stdout]    5:     0x60d470233150 - test[aada8e7e76ba119b]::test_main_inner::{closure#0}
[INFO] [stdout]    6:     0x60d470303272 - std[617be2ca0a6fd877]::panicking::panic_with_hook
[INFO] [stdout]    7:     0x60d4702e5f52 - std[617be2ca0a6fd877]::panicking::panic_handler::{closure#0}
[INFO] [stdout]    8:     0x60d4702deb49 - std[617be2ca0a6fd877]::sys::backtrace::__rust_end_short_backtrace::<std[617be2ca0a6fd877]::panicking::panic_handler::{closure#0}, !>
[INFO] [stdout]    9:     0x60d4702e6b5d - __rustc[ea4f61d10b84890b]::rust_begin_unwind
[INFO] [stdout]   10:     0x60d47031fe5c - core[a373ad73a504971]::panicking::panic_fmt
[INFO] [stdout]   11:     0x60d47020de84 - cli_parity[eabae09a28571148]::support::generators::upstream_fastq_with_names::{closure#0}
[INFO] [stdout]   12:     0x60d47020eb9a - cli_parity[eabae09a28571148]::support::generators::upstream_fastq_with_names
[INFO] [stdout]   13:     0x60d470217d64 - cli_parity[eabae09a28571148]::base_case
[INFO] [stdout]   14:     0x60d4702197b2 - <cli_parity[eabae09a28571148]::cli_r0_consensus_matches_oracle_defaults::{closure#0} as core[a373ad73a504971]::ops::function::FnOnce<()>>::call_once
[INFO] [stdout]   15:     0x60d47022659b - test[aada8e7e76ba119b]::__rust_begin_short_backtrace::<core[a373ad73a504971]::result::Result<(), alloc[2e1b2a31b91974c5]::string::String>, fn() -> core[a373ad73a504971]::result::Result<(), alloc[2e1b2a31b91974c5]::string::String>>
[INFO] [stdout]   16:     0x60d470233775 - test[aada8e7e76ba119b]::run_test::{closure#0}
[INFO] [stdout]   17:     0x60d47022d064 - std[617be2ca0a6fd877]::sys::backtrace::__rust_begin_short_backtrace::<test[aada8e7e76ba119b]::run_test::{closure#1}, ()>
[INFO] [stdout]   18:     0x60d470236802 - <std[617be2ca0a6fd877]::thread::lifecycle::spawn_unchecked<test[aada8e7e76ba119b]::run_test::{closure#1}, ()>::{closure#1} as core[a373ad73a504971]::ops::function::FnOnce<()>>::call_once::{shim:vtable#0}
[INFO] [stdout]   19:     0x60d47030a4af - <std[617be2ca0a6fd877]::sys::thread::unix::Thread>::new::thread_start
[INFO] [stdout]   20:     0x7d825a3d8dfa - <unknown>
[INFO] [stdout]   21:     0x7d825a46c3d4 - clone
[INFO] [stdout]   22:                0x0 - <unknown>
[INFO] [stdout] 
[INFO] [stdout] ---- cli_r1_msa_simd_matches_sisd_and_oracle stdout ----
[INFO] [stdout] 
[INFO] [stdout] thread 'cli_r1_msa_simd_matches_sisd_and_oracle' (1614) panicked at tests/support/generators.rs:97:9:
[INFO] [stdout] failed to open upstream FASTQ fixture /opt/rustwide/workdir/third_party/spoa/test/data/sample.fastq.gz: I/O error: No such file or directory (os error 2)
[INFO] [stdout] stack backtrace:
[INFO] [stdout]    0:     0x60d47030ac61 - <<std[617be2ca0a6fd877]::sys::backtrace::BacktraceLock>::print::DisplayBacktrace as core[a373ad73a504971]::fmt::Display>::fmt
[INFO] [stdout]    1:     0x60d47031f72a - core[a373ad73a504971]::fmt::write
[INFO] [stdout]    2:     0x60d47030f14c - <alloc[2e1b2a31b91974c5]::vec::Vec<u8> as core[a373ad73a504971]::io::write::Write>::write_fmt
[INFO] [stdout]    3:     0x60d4702e5ea6 - std[617be2ca0a6fd877]::panicking::default_hook::{closure#0}
[INFO] [stdout]    4:     0x60d470302f49 - std[617be2ca0a6fd877]::panicking::default_hook
[INFO] [stdout]    5:     0x60d470233150 - test[aada8e7e76ba119b]::test_main_inner::{closure#0}
[INFO] [stdout]    6:     0x60d470303272 - std[617be2ca0a6fd877]::panicking::panic_with_hook
[INFO] [stdout]    7:     0x60d4702e5f52 - std[617be2ca0a6fd877]::panicking::panic_handler::{closure#0}
[INFO] [stdout]    8:     0x60d4702deb49 - std[617be2ca0a6fd877]::sys::backtrace::__rust_end_short_backtrace::<std[617be2ca0a6fd877]::panicking::panic_handler::{closure#0}, !>
[INFO] [stdout]    9:     0x60d4702e6b5d - __rustc[ea4f61d10b84890b]::rust_begin_unwind
[INFO] [stdout]   10:     0x60d47031fe5c - core[a373ad73a504971]::panicking::panic_fmt
[INFO] [stdout]   11:     0x60d47020de84 - cli_parity[eabae09a28571148]::support::generators::upstream_fastq_with_names::{closure#0}
[INFO] [stdout]   12:     0x60d47020eb9a - cli_parity[eabae09a28571148]::support::generators::upstream_fastq_with_names
[INFO] [stdout]   13:     0x60d470217d64 - cli_parity[eabae09a28571148]::base_case
[INFO] [stdout]   14:     0x60d4702190d3 - <cli_parity[eabae09a28571148]::cli_r1_msa_simd_matches_sisd_and_oracle::{closure#0} as core[a373ad73a504971]::ops::function::FnOnce<()>>::call_once
[INFO] [stdout]   15:     0x60d47022659b - test[aada8e7e76ba119b]::__rust_begin_short_backtrace::<core[a373ad73a504971]::result::Result<(), alloc[2e1b2a31b91974c5]::string::String>, fn() -> core[a373ad73a504971]::result::Result<(), alloc[2e1b2a31b91974c5]::string::String>>
[INFO] [stdout]   16:     0x60d470233775 - test[aada8e7e76ba119b]::run_test::{closure#0}
[INFO] [stdout]   17:     0x60d47022d064 - std[617be2ca0a6fd877]::sys::backtrace::__rust_begin_short_backtrace::<test[aada8e7e76ba119b]::run_test::{closure#1}, ()>
[INFO] [stdout]   18:     0x60d470236802 - <std[617be2ca0a6fd877]::thread::lifecycle::spawn_unchecked<test[aada8e7e76ba119b]::run_test::{closure#1}, ()>::{closure#1} as core[a373ad73a504971]::ops::function::FnOnce<()>>::call_once::{shim:vtable#0}
[INFO] [stdout]   19:     0x60d47030a4af - <std[617be2ca0a6fd877]::sys::thread::unix::Thread>::new::thread_start
[INFO] [stdout]   20:     0x7d825a3d8dfa - <unknown>
[INFO] [stdout]   21:     0x7d825a46c3d4 - clone
[INFO] [stdout]   22:                0x0 - <unknown>
[INFO] [stdout] 
[INFO] [stdout] ---- cli_r3_gfa_simd_matches_sisd_and_oracle stdout ----
[INFO] [stdout] 
[INFO] [stdout] thread 'cli_r3_gfa_simd_matches_sisd_and_oracle' (1617) panicked at tests/support/generators.rs:97:9:
[INFO] [stdout] failed to open upstream FASTQ fixture /opt/rustwide/workdir/third_party/spoa/test/data/sample.fastq.gz: I/O error: No such file or directory (os error 2)
[INFO] [stdout] stack backtrace:
[INFO] [stdout]    0:     0x60d47030ac61 - <<std[617be2ca0a6fd877]::sys::backtrace::BacktraceLock>::print::DisplayBacktrace as core[a373ad73a504971]::fmt::Display>::fmt
[INFO] [stdout]    1:     0x60d47031f72a - core[a373ad73a504971]::fmt::write
[INFO] [stdout]    2:     0x60d47030f14c - <alloc[2e1b2a31b91974c5]::vec::Vec<u8> as core[a373ad73a504971]::io::write::Write>::write_fmt
[INFO] [stdout]    3:     0x60d4702e5ea6 - std[617be2ca0a6fd877]::panicking::default_hook::{closure#0}
[INFO] [stdout]    4:     0x60d470302f49 - std[617be2ca0a6fd877]::panicking::default_hook
[INFO] [stdout]    5:     0x60d470233150 - test[aada8e7e76ba119b]::test_main_inner::{closure#0}
[INFO] [stdout]    6:     0x60d470303272 - std[617be2ca0a6fd877]::panicking::panic_with_hook
[INFO] [stdout]    7:     0x60d4702e5f52 - std[617be2ca0a6fd877]::panicking::panic_handler::{closure#0}
[INFO] [stdout]    8:     0x60d4702deb49 - std[617be2ca0a6fd877]::sys::backtrace::__rust_end_short_backtrace::<std[617be2ca0a6fd877]::panicking::panic_handler::{closure#0}, !>
[INFO] [stdout]    9:     0x60d4702e6b5d - __rustc[ea4f61d10b84890b]::rust_begin_unwind
[INFO] [stdout]   10:     0x60d47031fe5c - core[a373ad73a504971]::panicking::panic_fmt
[INFO] [stdout]   11:     0x60d47020de84 - cli_parity[eabae09a28571148]::support::generators::upstream_fastq_with_names::{closure#0}
[INFO] [stdout]   12:     0x60d47020eb9a - cli_parity[eabae09a28571148]::support::generators::upstream_fastq_with_names
[INFO] [stdout]   13:     0x60d470217d64 - cli_parity[eabae09a28571148]::base_case
[INFO] [stdout]   14:     0x60d470219572 - <cli_parity[eabae09a28571148]::cli_r3_gfa_simd_matches_sisd_and_oracle::{closure#0} as core[a373ad73a504971]::ops::function::FnOnce<()>>::call_once
[INFO] [stdout]   15:     0x60d47022659b - test[aada8e7e76ba119b]::__rust_begin_short_backtrace::<core[a373ad73a504971]::result::Result<(), alloc[2e1b2a31b91974c5]::string::String>, fn() -> core[a373ad73a504971]::result::Result<(), alloc[2e1b2a31b91974c5]::string::String>>
[INFO] [stdout]   16:     0x60d470233775 - test[aada8e7e76ba119b]::run_test::{closure#0}
[INFO] [stdout]   17:     0x60d47022d064 - std[617be2ca0a6fd877]::sys::backtrace::__rust_begin_short_backtrace::<test[aada8e7e76ba119b]::run_test::{closure#1}, ()>
[INFO] [stdout]   18:     0x60d470236802 - <std[617be2ca0a6fd877]::thread::lifecycle::spawn_unchecked<test[aada8e7e76ba119b]::run_test::{closure#1}, ()>::{closure#1} as core[a373ad73a504971]::ops::function::FnOnce<()>>::call_once::{shim:vtable#0}
[INFO] [stdout]   19:     0x60d47030a4af - <std[617be2ca0a6fd877]::sys::thread::unix::Thread>::new::thread_start
[INFO] [stdout]   20:     0x7d825a3d8dfa - <unknown>
[INFO] [stdout]   21:     0x7d825a46c3d4 - clone
[INFO] [stdout]   22:                0x0 - <unknown>
[INFO] [stdout] 
[INFO] [stdout] ---- cli_l1_nw_consensus_matches_oracle stdout ----
[INFO] [stdout] 
[INFO] [stdout] thread 'cli_l1_nw_consensus_matches_oracle' (1607) panicked at tests/support/generators.rs:97:9:
[INFO] [stdout] failed to open upstream FASTQ fixture /opt/rustwide/workdir/third_party/spoa/test/data/sample.fastq.gz: I/O error: No such file or directory (os error 2)
[INFO] [stdout] stack backtrace:
[INFO] [stdout]    0:     0x60d47030ac61 - <<std[617be2ca0a6fd877]::sys::backtrace::BacktraceLock>::print::DisplayBacktrace as core[a373ad73a504971]::fmt::Display>::fmt
[INFO] [stdout]    1:     0x60d47031f72a - core[a373ad73a504971]::fmt::write
[INFO] [stdout]    2:     0x60d47030f14c - <alloc[2e1b2a31b91974c5]::vec::Vec<u8> as core[a373ad73a504971]::io::write::Write>::write_fmt
[INFO] [stdout]    3:     0x60d4702e5ea6 - std[617be2ca0a6fd877]::panicking::default_hook::{closure#0}
[INFO] [stdout]    4:     0x60d470302f49 - std[617be2ca0a6fd877]::panicking::default_hook
[INFO] [stdout]    5:     0x60d470233150 - test[aada8e7e76ba119b]::test_main_inner::{closure#0}
[INFO] [stdout]    6:     0x60d470303272 - std[617be2ca0a6fd877]::panicking::panic_with_hook
[INFO] [stdout]    7:     0x60d4702e5f52 - std[617be2ca0a6fd877]::panicking::panic_handler::{closure#0}
[INFO] [stdout]    8:     0x60d4702deb49 - std[617be2ca0a6fd877]::sys::backtrace::__rust_end_short_backtrace::<std[617be2ca0a6fd877]::panicking::panic_handler::{closure#0}, !>
[INFO] [stdout]    9:     0x60d4702e6b5d - __rustc[ea4f61d10b84890b]::rust_begin_unwind
[INFO] [stdout]   10:     0x60d47031fe5c - core[a373ad73a504971]::panicking::panic_fmt
[INFO] [stdout]   11:     0x60d47020de84 - cli_parity[eabae09a28571148]::support::generators::upstream_fastq_with_names::{closure#0}
[INFO] [stdout]   12:     0x60d47020eb9a - cli_parity[eabae09a28571148]::support::generators::upstream_fastq_with_names
[INFO] [stdout]   13:     0x60d470217d64 - cli_parity[eabae09a28571148]::base_case
[INFO] [stdout]   14:     0x60d470218cc5 - <cli_parity[eabae09a28571148]::cli_l1_nw_consensus_matches_oracle::{closure#0} as core[a373ad73a504971]::ops::function::FnOnce<()>>::call_once
[INFO] [stdout]   15:     0x60d47022659b - test[aada8e7e76ba119b]::__rust_begin_short_backtrace::<core[a373ad73a504971]::result::Result<(), alloc[2e1b2a31b91974c5]::string::String>, fn() -> core[a373ad73a504971]::result::Result<(), alloc[2e1b2a31b91974c5]::string::String>>
[INFO] [stdout]   16:     0x60d470233775 - test[aada8e7e76ba119b]::run_test::{closure#0}
[INFO] [stdout]   17:     0x60d47022d064 - std[617be2ca0a6fd877]::sys::backtrace::__rust_begin_short_backtrace::<test[aada8e7e76ba119b]::run_test::{closure#1}, ()>
[INFO] [stdout]   18:     0x60d470236802 - <std[617be2ca0a6fd877]::thread::lifecycle::spawn_unchecked<test[aada8e7e76ba119b]::run_test::{closure#1}, ()>::{closure#1} as core[a373ad73a504971]::ops::function::FnOnce<()>>::call_once::{shim:vtable#0}
[INFO] [stdout]   19:     0x60d47030a4af - <std[617be2ca0a6fd877]::sys::thread::unix::Thread>::new::thread_start
[INFO] [stdout]   20:     0x7d825a3d8dfa - <unknown>
[INFO] [stdout]   21:     0x7d825a46c3d4 - clone
[INFO] [stdout]   22:                0x0 - <unknown>
[INFO] [stdout] 
[INFO] [stdout] ---- cli_r3_gfa_matches_oracle stdout ----
[INFO] [stdout] 
[INFO] [stdout] thread 'cli_r3_gfa_matches_oracle' (1616) panicked at tests/support/generators.rs:97:9:
[INFO] [stdout] failed to open upstream FASTQ fixture /opt/rustwide/workdir/third_party/spoa/test/data/sample.fastq.gz: I/O error: No such file or directory (os error 2)
[INFO] [stdout] stack backtrace:
[INFO] [stdout]    0:     0x60d47030ac61 - <<std[617be2ca0a6fd877]::sys::backtrace::BacktraceLock>::print::DisplayBacktrace as core[a373ad73a504971]::fmt::Display>::fmt
[INFO] [stdout]    1:     0x60d47031f72a - core[a373ad73a504971]::fmt::write
[INFO] [stdout]    2:     0x60d47030f14c - <alloc[2e1b2a31b91974c5]::vec::Vec<u8> as core[a373ad73a504971]::io::write::Write>::write_fmt
[INFO] [stdout]    3:     0x60d4702e5ea6 - std[617be2ca0a6fd877]::panicking::default_hook::{closure#0}
[INFO] [stdout]    4:     0x60d470302f49 - std[617be2ca0a6fd877]::panicking::default_hook
[INFO] [stdout]    5:     0x60d470233150 - test[aada8e7e76ba119b]::test_main_inner::{closure#0}
[INFO] [stdout]    6:     0x60d470303272 - std[617be2ca0a6fd877]::panicking::panic_with_hook
[INFO] [stdout]    7:     0x60d4702e5f52 - std[617be2ca0a6fd877]::panicking::panic_handler::{closure#0}
[INFO] [stdout]    8:     0x60d4702deb49 - std[617be2ca0a6fd877]::sys::backtrace::__rust_end_short_backtrace::<std[617be2ca0a6fd877]::panicking::panic_handler::{closure#0}, !>
[INFO] [stdout]    9:     0x60d4702e6b5d - __rustc[ea4f61d10b84890b]::rust_begin_unwind
[INFO] [stdout]   10:     0x60d47031fe5c - core[a373ad73a504971]::panicking::panic_fmt
[INFO] [stdout]   11:     0x60d47020de84 - cli_parity[eabae09a28571148]::support::generators::upstream_fastq_with_names::{closure#0}
[INFO] [stdout]   12:     0x60d47020eb9a - cli_parity[eabae09a28571148]::support::generators::upstream_fastq_with_names
[INFO] [stdout]   13:     0x60d470217d64 - cli_parity[eabae09a28571148]::base_case
[INFO] [stdout]   14:     0x60d4702187d2 - <cli_parity[eabae09a28571148]::cli_r3_gfa_matches_oracle::{closure#0} as core[a373ad73a504971]::ops::function::FnOnce<()>>::call_once
[INFO] [stdout]   15:     0x60d47022659b - test[aada8e7e76ba119b]::__rust_begin_short_backtrace::<core[a373ad73a504971]::result::Result<(), alloc[2e1b2a31b91974c5]::string::String>, fn() -> core[a373ad73a504971]::result::Result<(), alloc[2e1b2a31b91974c5]::string::String>>
[INFO] [stdout]   16:     0x60d470233775 - test[aada8e7e76ba119b]::run_test::{closure#0}
[INFO] [stdout]   17:     0x60d47022d064 - std[617be2ca0a6fd877]::sys::backtrace::__rust_begin_short_backtrace::<test[aada8e7e76ba119b]::run_test::{closure#1}, ()>
[INFO] [stdout]   18:     0x60d470236802 - <std[617be2ca0a6fd877]::thread::lifecycle::spawn_unchecked<test[aada8e7e76ba119b]::run_test::{closure#1}, ()>::{closure#1} as core[a373ad73a504971]::ops::function::FnOnce<()>>::call_once::{shim:vtable#0}
[INFO] [stdout]   19:     0x60d47030a4af - <std[617be2ca0a6fd877]::sys::thread::unix::Thread>::new::thread_start
[INFO] [stdout]   20:     0x7d825a3d8dfa - <unknown>
[INFO] [stdout]   21:     0x7d825a46c3d4 - clone
[INFO] [stdout]   22:                0x0 - <unknown>
[INFO] [stdout] 
[INFO] [stdout] ---- cli_l1_nw_consensus_simd_matches_sisd_and_oracle stdout ----
[INFO] [stdout] 
[INFO] [stdout] thread 'cli_l1_nw_consensus_simd_matches_sisd_and_oracle' (1608) panicked at tests/support/generators.rs:97:9:
[INFO] [stdout] failed to open upstream FASTQ fixture /opt/rustwide/workdir/third_party/spoa/test/data/sample.fastq.gz: I/O error: No such file or directory (os error 2)
[INFO] [stdout] stack backtrace:
[INFO] [stdout]    0:     0x60d47030ac61 - <<std[617be2ca0a6fd877]::sys::backtrace::BacktraceLock>::print::DisplayBacktrace as core[a373ad73a504971]::fmt::Display>::fmt
[INFO] [stdout]    1:     0x60d47031f72a - core[a373ad73a504971]::fmt::write
[INFO] [stdout]    2:     0x60d47030f14c - <alloc[2e1b2a31b91974c5]::vec::Vec<u8> as core[a373ad73a504971]::io::write::Write>::write_fmt
[INFO] [stdout]    3:     0x60d4702e5ea6 - std[617be2ca0a6fd877]::panicking::default_hook::{closure#0}
[INFO] [stdout]    4:     0x60d470302f49 - std[617be2ca0a6fd877]::panicking::default_hook
[INFO] [stdout]    5:     0x60d470233150 - test[aada8e7e76ba119b]::test_main_inner::{closure#0}
[INFO] [stdout]    6:     0x60d470303272 - std[617be2ca0a6fd877]::panicking::panic_with_hook
[INFO] [stdout]    7:     0x60d4702e5f52 - std[617be2ca0a6fd877]::panicking::panic_handler::{closure#0}
[INFO] [stdout]    8:     0x60d4702deb49 - std[617be2ca0a6fd877]::sys::backtrace::__rust_end_short_backtrace::<std[617be2ca0a6fd877]::panicking::panic_handler::{closure#0}, !>
[INFO] [stdout]    9:     0x60d4702e6b5d - __rustc[ea4f61d10b84890b]::rust_begin_unwind
[INFO] [stdout]   10:     0x60d47031fe5c - core[a373ad73a504971]::panicking::panic_fmt
[INFO] [stdout]   11:     0x60d47020de84 - cli_parity[eabae09a28571148]::support::generators::upstream_fastq_with_names::{closure#0}
[INFO] [stdout]   12:     0x60d47020eb9a - cli_parity[eabae09a28571148]::support::generators::upstream_fastq_with_names
[INFO] [stdout]   13:     0x60d470217d64 - cli_parity[eabae09a28571148]::base_case
[INFO] [stdout]   14:     0x60d47021a5f5 - <cli_parity[eabae09a28571148]::cli_l1_nw_consensus_simd_matches_sisd_and_oracle::{closure#0} as core[a373ad73a504971]::ops::function::FnOnce<()>>::call_once
[INFO] [stdout]   15:     0x60d47022659b - test[aada8e7e76ba119b]::__rust_begin_short_backtrace::<core[a373ad73a504971]::result::Result<(), alloc[2e1b2a31b91974c5]::string::String>, fn() -> core[a373ad73a504971]::result::Result<(), alloc[2e1b2a31b91974c5]::string::String>>
[INFO] [stdout]   16:     0x60d470233775 - test[aada8e7e76ba119b]::run_test::{closure#0}
[INFO] [stdout]   17:     0x60d47022d064 - std[617be2ca0a6fd877]::sys::backtrace::__rust_begin_short_backtrace::<test[aada8e7e76ba119b]::run_test::{closure#1}, ()>
[INFO] [stdout]   18:     0x60d470236802 - <std[617be2ca0a6fd877]::thread::lifecycle::spawn_unchecked<test[aada8e7e76ba119b]::run_test::{closure#1}, ()>::{closure#1} as core[a373ad73a504971]::ops::function::FnOnce<()>>::call_once::{shim:vtable#0}
[INFO] [stdout]   19:     0x60d47030a4af - <std[617be2ca0a6fd877]::sys::thread::unix::Thread>::new::thread_start
[INFO] [stdout]   20:     0x7d825a3d8dfa - <unknown>
[INFO] [stdout]   21:     0x7d825a46c3d4 - clone
[INFO] [stdout]   22:                0x0 - <unknown>
[INFO] [stdout] 
[INFO] [stdout] ---- cli_r2_msa_and_consensus_matches_library_replay stdout ----
[INFO] [stdout] 
[INFO] [stdout] thread 'cli_r2_msa_and_consensus_matches_library_replay' (1615) panicked at tests/support/generators.rs:97:9:
[INFO] [stdout] failed to open upstream FASTQ fixture /opt/rustwide/workdir/third_party/spoa/test/data/sample.fastq.gz: I/O error: No such file or directory (os error 2)
[INFO] [stdout] stack backtrace:
[INFO] [stdout]    0:     0x60d47030ac61 - <<std[617be2ca0a6fd877]::sys::backtrace::BacktraceLock>::print::DisplayBacktrace as core[a373ad73a504971]::fmt::Display>::fmt
[INFO] [stdout]    1:     0x60d47031f72a - core[a373ad73a504971]::fmt::write
[INFO] [stdout]    2:     0x60d47030f14c - <alloc[2e1b2a31b91974c5]::vec::Vec<u8> as core[a373ad73a504971]::io::write::Write>::write_fmt
[INFO] [stdout]    3:     0x60d4702e5ea6 - std[617be2ca0a6fd877]::panicking::default_hook::{closure#0}
[INFO] [stdout]    4:     0x60d470302f49 - std[617be2ca0a6fd877]::panicking::default_hook
[INFO] [stdout]    5:     0x60d470233150 - test[aada8e7e76ba119b]::test_main_inner::{closure#0}
[INFO] [stdout]    6:     0x60d470303272 - std[617be2ca0a6fd877]::panicking::panic_with_hook
[INFO] [stdout]    7:     0x60d4702e5f52 - std[617be2ca0a6fd877]::panicking::panic_handler::{closure#0}
[INFO] [stdout]    8:     0x60d4702deb49 - std[617be2ca0a6fd877]::sys::backtrace::__rust_end_short_backtrace::<std[617be2ca0a6fd877]::panicking::panic_handler::{closure#0}, !>
[INFO] [stdout]    9:     0x60d4702e6b5d - __rustc[ea4f61d10b84890b]::rust_begin_unwind
[INFO] [stdout]   10:     0x60d47031fe5c - core[a373ad73a504971]::panicking::panic_fmt
[INFO] [stdout]   11:     0x60d47020de84 - cli_parity[eabae09a28571148]::support::generators::upstream_fastq_with_names::{closure#0}
[INFO] [stdout]   12:     0x60d47020eb9a - cli_parity[eabae09a28571148]::support::generators::upstream_fastq_with_names
[INFO] [stdout]   13:     0x60d470217d64 - cli_parity[eabae09a28571148]::base_case
[INFO] [stdout]   14:     0x60d470219de3 - <cli_parity[eabae09a28571148]::cli_r2_msa_and_consensus_matches_library_replay::{closure#0} as core[a373ad73a504971]::ops::function::FnOnce<()>>::call_once
[INFO] [stdout]   15:     0x60d47022659b - test[aada8e7e76ba119b]::__rust_begin_short_backtrace::<core[a373ad73a504971]::result::Result<(), alloc[2e1b2a31b91974c5]::string::String>, fn() -> core[a373ad73a504971]::result::Result<(), alloc[2e1b2a31b91974c5]::string::String>>
[INFO] [stdout]   16:     0x60d470233775 - test[aada8e7e76ba119b]::run_test::{closure#0}
[INFO] [stdout]   17:     0x60d47022d064 - std[617be2ca0a6fd877]::sys::backtrace::__rust_begin_short_backtrace::<test[aada8e7e76ba119b]::run_test::{closure#1}, ()>
[INFO] [stdout]   18:     0x60d470236802 - <std[617be2ca0a6fd877]::thread::lifecycle::spawn_unchecked<test[aada8e7e76ba119b]::run_test::{closure#1}, ()>::{closure#1} as core[a373ad73a504971]::ops::function::FnOnce<()>>::call_once::{shim:vtable#0}
[INFO] [stdout]   19:     0x60d47030a4af - <std[617be2ca0a6fd877]::sys::thread::unix::Thread>::new::thread_start
[INFO] [stdout]   20:     0x7d825a3d8dfa - <unknown>
[INFO] [stdout]   21:     0x7d825a46c3d4 - clone
[INFO] [stdout]   22:                0x0 - <unknown>
[INFO] [stdout] 
[INFO] [stdout] ---- cli_r1_msa_matches_oracle stdout ----
[INFO] [stdout] 
[INFO] [stdout] thread 'cli_r1_msa_matches_oracle' (1613) panicked at tests/support/generators.rs:97:9:
[INFO] [stdout] failed to open upstream FASTQ fixture /opt/rustwide/workdir/third_party/spoa/test/data/sample.fastq.gz: I/O error: No such file or directory (os error 2)
[INFO] [stdout] stack backtrace:
[INFO] [stdout]    0:     0x60d47030ac61 - <<std[617be2ca0a6fd877]::sys::backtrace::BacktraceLock>::print::DisplayBacktrace as core[a373ad73a504971]::fmt::Display>::fmt
[INFO] [stdout]    1:     0x60d47031f72a - core[a373ad73a504971]::fmt::write
[INFO] [stdout]    2:     0x60d47030f14c - <alloc[2e1b2a31b91974c5]::vec::Vec<u8> as core[a373ad73a504971]::io::write::Write>::write_fmt
[INFO] [stdout]    3:     0x60d4702e5ea6 - std[617be2ca0a6fd877]::panicking::default_hook::{closure#0}
[INFO] [stdout]    4:     0x60d470302f49 - std[617be2ca0a6fd877]::panicking::default_hook
[INFO] [stdout]    5:     0x60d470233150 - test[aada8e7e76ba119b]::test_main_inner::{closure#0}
[INFO] [stdout]    6:     0x60d470303272 - std[617be2ca0a6fd877]::panicking::panic_with_hook
[INFO] [stdout]    7:     0x60d4702e5f52 - std[617be2ca0a6fd877]::panicking::panic_handler::{closure#0}
[INFO] [stdout]    8:     0x60d4702deb49 - std[617be2ca0a6fd877]::sys::backtrace::__rust_end_short_backtrace::<std[617be2ca0a6fd877]::panicking::panic_handler::{closure#0}, !>
[INFO] [stdout]    9:     0x60d4702e6b5d - __rustc[ea4f61d10b84890b]::rust_begin_unwind
[INFO] [stdout]   10:     0x60d47031fe5c - core[a373ad73a504971]::panicking::panic_fmt
[INFO] [stdout]   11:     0x60d47020de84 - cli_parity[eabae09a28571148]::support::generators::upstream_fastq_with_names::{closure#0}
[INFO] [stdout]   12:     0x60d47020eb9a - cli_parity[eabae09a28571148]::support::generators::upstream_fastq_with_names
[INFO] [stdout]   13:     0x60d470217d64 - cli_parity[eabae09a28571148]::base_case
[INFO] [stdout]   14:     0x60d4702182b3 - <cli_parity[eabae09a28571148]::cli_r1_msa_matches_oracle::{closure#0} as core[a373ad73a504971]::ops::function::FnOnce<()>>::call_once
[INFO] [stdout]   15:     0x60d47022659b - test[aada8e7e76ba119b]::__rust_begin_short_backtrace::<core[a373ad73a504971]::result::Result<(), alloc[2e1b2a31b91974c5]::string::String>, fn() -> core[a373ad73a504971]::result::Result<(), alloc[2e1b2a31b91974c5]::string::String>>
[INFO] [stdout]   16:     0x60d470233775 - test[aada8e7e76ba119b]::run_test::{closure#0}
[INFO] [stdout]   17:     0x60d47022d064 - std[617be2ca0a6fd877]::sys::backtrace::__rust_begin_short_backtrace::<test[aada8e7e76ba119b]::run_test::{closure#1}, ()>
[INFO] [stdout]   18:     0x60d470236802 - <std[617be2ca0a6fd877]::thread::lifecycle::spawn_unchecked<test[aada8e7e76ba119b]::run_test::{closure#1}, ()>::{closure#1} as core[a373ad73a504971]::ops::function::FnOnce<()>>::call_once::{shim:vtable#0}
[INFO] [stdout]   19:     0x60d47030a4af - <std[617be2ca0a6fd877]::sys::thread::unix::Thread>::new::thread_start
[INFO] [stdout]   20:     0x7d825a3d8dfa - <unknown>
[INFO] [stdout]   21:     0x7d825a46c3d4 - clone
[INFO] [stdout]   22:                0x0 - <unknown>
[INFO] [stdout] 
[INFO] [stdout] ---- cli_score_i8_wrap_does_not_error stdout ----
[INFO] [stdout] 
[INFO] [stdout] thread 'cli_score_i8_wrap_does_not_error' (1618) panicked at tests/cli_parity.rs:224:5:
[INFO] [stdout] spoars -m 200 should succeed via i32->i8 wraparound (200 -> -56), not fail to parse; stderr=[spoars::CreateParser] error: failed to open third_party/spoa/test/data/sample.fastq.gz: I/O error: No such file or directory (os error 2)
[INFO] [stdout] 
[INFO] [stdout] stack backtrace:
[INFO] [stdout]    0:     0x60d47030ac61 - <<std[617be2ca0a6fd877]::sys::backtrace::BacktraceLock>::print::DisplayBacktrace as core[a373ad73a504971]::fmt::Display>::fmt
[INFO] [stdout]    1:     0x60d47031f72a - core[a373ad73a504971]::fmt::write
[INFO] [stdout]    2:     0x60d47030f14c - <alloc[2e1b2a31b91974c5]::vec::Vec<u8> as core[a373ad73a504971]::io::write::Write>::write_fmt
[INFO] [stdout]    3:     0x60d4702e5ea6 - std[617be2ca0a6fd877]::panicking::default_hook::{closure#0}
[INFO] [stdout]    4:     0x60d470302f49 - std[617be2ca0a6fd877]::panicking::default_hook
[INFO] [stdout]    5:     0x60d470233150 - test[aada8e7e76ba119b]::test_main_inner::{closure#0}
[INFO] [stdout]    6:     0x60d470303272 - std[617be2ca0a6fd877]::panicking::panic_with_hook
[INFO] [stdout]    7:     0x60d4702e5f52 - std[617be2ca0a6fd877]::panicking::panic_handler::{closure#0}
[INFO] [stdout]    8:     0x60d4702deb49 - std[617be2ca0a6fd877]::sys::backtrace::__rust_end_short_backtrace::<std[617be2ca0a6fd877]::panicking::panic_handler::{closure#0}, !>
[INFO] [stdout]    9:     0x60d4702e6b5d - __rustc[ea4f61d10b84890b]::rust_begin_unwind
[INFO] [stdout]   10:     0x60d47031fe5c - core[a373ad73a504971]::panicking::panic_fmt
[INFO] [stdout]   11:     0x60d470218b20 - <cli_parity[eabae09a28571148]::cli_score_i8_wrap_does_not_error::{closure#0} as core[a373ad73a504971]::ops::function::FnOnce<()>>::call_once
[INFO] [stdout]   12:     0x60d47022659b - test[aada8e7e76ba119b]::__rust_begin_short_backtrace::<core[a373ad73a504971]::result::Result<(), alloc[2e1b2a31b91974c5]::string::String>, fn() -> core[a373ad73a504971]::result::Result<(), alloc[2e1b2a31b91974c5]::string::String>>
[INFO] [stdout]   13:     0x60d470233775 - test[aada8e7e76ba119b]::run_test::{closure#0}
[INFO] [stdout]   14:     0x60d47022d064 - std[617be2ca0a6fd877]::sys::backtrace::__rust_begin_short_backtrace::<test[aada8e7e76ba119b]::run_test::{closure#1}, ()>
[INFO] [stdout]   15:     0x60d470236802 - <std[617be2ca0a6fd877]::thread::lifecycle::spawn_unchecked<test[aada8e7e76ba119b]::run_test::{closure#1}, ()>::{closure#1} as core[a373ad73a504971]::ops::function::FnOnce<()>>::call_once::{shim:vtable#0}
[INFO] [stdout]   16:     0x60d47030a4af - <std[617be2ca0a6fd877]::sys::thread::unix::Thread>::new::thread_start
[INFO] [stdout]   17:     0x7d825a3d8dfa - <unknown>
[INFO] [stdout]   18:     0x7d825a46c3d4 - clone
[INFO] [stdout]   19:                0x0 - <unknown>
[INFO] [stdout] 
[INFO] [stdout] ---- cli_r0_consensus_matches_oracle_with_non_default_scores stdout ----
[INFO] [stdout] 
[INFO] [stdout] thread 'cli_r0_consensus_matches_oracle_with_non_default_scores' (1610) panicked at tests/support/generators.rs:97:9:
[INFO] [stdout] failed to open upstream FASTQ fixture /opt/rustwide/workdir/third_party/spoa/test/data/sample.fastq.gz: I/O error: No such file or directory (os error 2)
[INFO] [stdout] stack backtrace:
[INFO] [stdout]    0:     0x60d47030ac61 - <<std[617be2ca0a6fd877]::sys::backtrace::BacktraceLock>::print::DisplayBacktrace as core[a373ad73a504971]::fmt::Display>::fmt
[INFO] [stdout]    1:     0x60d47031f72a - core[a373ad73a504971]::fmt::write
[INFO] [stdout]    2:     0x60d47030f14c - <alloc[2e1b2a31b91974c5]::vec::Vec<u8> as core[a373ad73a504971]::io::write::Write>::write_fmt
[INFO] [stdout]    3:     0x60d4702e5ea6 - std[617be2ca0a6fd877]::panicking::default_hook::{closure#0}
[INFO] [stdout]    4:     0x60d470302f49 - std[617be2ca0a6fd877]::panicking::default_hook
[INFO] [stdout]    5:     0x60d470233150 - test[aada8e7e76ba119b]::test_main_inner::{closure#0}
[INFO] [stdout]    6:     0x60d470303272 - std[617be2ca0a6fd877]::panicking::panic_with_hook
[INFO] [stdout]    7:     0x60d4702e5f52 - std[617be2ca0a6fd877]::panicking::panic_handler::{closure#0}
[INFO] [stdout]    8:     0x60d4702deb49 - std[617be2ca0a6fd877]::sys::backtrace::__rust_end_short_backtrace::<std[617be2ca0a6fd877]::panicking::panic_handler::{closure#0}, !>
[INFO] [stdout]    9:     0x60d4702e6b5d - __rustc[ea4f61d10b84890b]::rust_begin_unwind
[INFO] [stdout]   10:     0x60d47031fe5c - core[a373ad73a504971]::panicking::panic_fmt
[INFO] [stdout]   11:     0x60d47020de84 - cli_parity[eabae09a28571148]::support::generators::upstream_fastq_with_names::{closure#0}
[INFO] [stdout]   12:     0x60d47020eb9a - cli_parity[eabae09a28571148]::support::generators::upstream_fastq_with_names
[INFO] [stdout]   13:     0x60d470217d64 - cli_parity[eabae09a28571148]::base_case
[INFO] [stdout]   14:     0x60d47021a8d2 - <cli_parity[eabae09a28571148]::cli_r0_consensus_matches_oracle_with_non_default_scores::{closure#0} as core[a373ad73a504971]::ops::function::FnOnce<()>>::call_once
[INFO] [stdout]   15:     0x60d47022659b - test[aada8e7e76ba119b]::__rust_begin_short_backtrace::<core[a373ad73a504971]::result::Result<(), alloc[2e1b2a31b91974c5]::string::String>, fn() -> core[a373ad73a504971]::result::Result<(), alloc[2e1b2a31b91974c5]::string::String>>
[INFO] [stdout]   16:     0x60d470233775 - test[aada8e7e76ba119b]::run_test::{closure#0}
[INFO] [stdout]   17:     0x60d47022d064 - std[617be2ca0a6fd877]::sys::backtrace::__rust_begin_short_backtrace::<test[aada8e7e76ba119b]::run_test::{closure#1}, ()>
[INFO] [stdout]   18:     0x60d470236802 - <std[617be2ca0a6fd877]::thread::lifecycle::spawn_unchecked<test[aada8e7e76ba119b]::run_test::{closure#1}, ()>::{closure#1} as core[a373ad73a504971]::ops::function::FnOnce<()>>::call_once::{shim:vtable#0}
[INFO] [stdout]   19:     0x60d47030a4af - <std[617be2ca0a6fd877]::sys::thread::unix::Thread>::new::thread_start
[INFO] [stdout]   20:     0x7d825a3d8dfa - <unknown>
[INFO] [stdout]   21:     0x7d825a46c3d4 - clone
[INFO] [stdout]   22:                0x0 - <unknown>
[INFO] [stdout] 
[INFO] [stdout] 
[INFO] [stdout] failures:
[INFO] [stdout]     cli_l1_nw_consensus_matches_oracle
[INFO] [stdout]     cli_l1_nw_consensus_simd_matches_sisd_and_oracle
[INFO] [stdout]     cli_r0_consensus_matches_oracle_defaults
[INFO] [stdout]     cli_r0_consensus_matches_oracle_with_non_default_scores
[INFO] [stdout]     cli_r0_consensus_simd_matches_sisd_and_oracle
[INFO] [stdout]     cli_r0_consensus_simd_matches_sisd_and_oracle_with_non_default_scores
[INFO] [stdout]     cli_r1_msa_matches_oracle
[INFO] [stdout]     cli_r1_msa_simd_matches_sisd_and_oracle
[INFO] [stdout]     cli_r2_msa_and_consensus_matches_library_replay
[INFO] [stdout]     cli_r3_gfa_matches_oracle
[INFO] [stdout]     cli_r3_gfa_simd_matches_sisd_and_oracle
[INFO] [stdout]     cli_score_i8_wrap_does_not_error
[INFO] [stdout] 
[INFO] [stdout] test result: FAILED. 2 passed; 12 failed; 0 ignored; 0 measured; 0 filtered out; finished in 0.05s
[INFO] [stdout] 
[INFO] [stderr] error: test failed, to rerun pass `--test cli_parity`
[INFO] running `Command { std: "docker" "inspect" "dd7832d2096453ef05da7098ed9cc129134713548ba26717de54e9dd3f143ed5", kill_on_drop: false }`
[INFO] running `Command { std: "docker" "rm" "-f" "dd7832d2096453ef05da7098ed9cc129134713548ba26717de54e9dd3f143ed5", kill_on_drop: false }`
[INFO] [stdout] dd7832d2096453ef05da7098ed9cc129134713548ba26717de54e9dd3f143ed5
