[INFO] fetching crate spnl-run 0.22.1...
[INFO] testing spnl-run-0.22.1 against 1.100.0-beta.1+cargoflags=--release for beta-release-1.100-2
[INFO] extracting crate spnl-run 0.22.1 into /workspace/builds/worker-2-tc2/source
[INFO] started tweaking crates.io crate spnl-run 0.22.1
[INFO] finished tweaking crates.io crate spnl-run 0.22.1
[INFO] tweaked toml for crates.io crate spnl-run 0.22.1 written to /workspace/builds/worker-2-tc2/source/Cargo.toml
[INFO] validating manifest of crates.io crate spnl-run 0.22.1 on toolchain 1.100.0-beta.1
[INFO] running `Command { std: CARGO_HOME="/workspace/cargo-home" RUSTUP_HOME="/workspace/rustup-home" "/workspace/cargo-home/bin/cargo" "+1.100.0-beta.1" "metadata" "--manifest-path" "Cargo.toml" "--no-deps", kill_on_drop: false }`
[INFO] crate crates.io crate spnl-run 0.22.1 already has a lockfile, it will not be regenerated
[INFO] running `Command { std: CARGO_HOME="/workspace/cargo-home" RUSTUP_HOME="/workspace/rustup-home" "/workspace/cargo-home/bin/cargo" "+1.100.0-beta.1" "fetch" "--manifest-path" "Cargo.toml", kill_on_drop: false }`
[INFO] running `Command { std: "docker" "create" "-v" "/var/lib/crater-agent-workspace/builds/worker-2-tc2/source:/opt/rustwide/workdir:ro,Z" "-v" "/var/lib/crater-agent-workspace/builds/worker-2-tc2/target:/opt/rustwide/target:rw,Z" "-v" "/var/lib/crater-agent-workspace/cargo-home:/opt/rustwide/cargo-home:ro,Z" "-v" "/var/lib/crater-agent-workspace/rustup-home:/opt/rustwide/rustup-home:ro,Z" "-m" "1610612736" "--network" "none" "ghcr.io/rust-lang/crates-build-env/linux@sha256:77db811e55d90add9212f6832c23229e3de5f1c1f9905e8cb07319ea15df73ac" "sleep" "infinity", kill_on_drop: false }`
[INFO] [stdout] 039497f807bd068bbf189c45abd42bdbfa31a4950929c50b9f27f4bb7dedb58a
[INFO] running `Command { std: "docker" "start" "039497f807bd068bbf189c45abd42bdbfa31a4950929c50b9f27f4bb7dedb58a", kill_on_drop: false }`
[INFO] running `Command { std: "docker" "inspect" "039497f807bd068bbf189c45abd42bdbfa31a4950929c50b9f27f4bb7dedb58a", kill_on_drop: false }`
[INFO] running `Command { std: "docker" "exec" "-e" "SOURCE_DIR=/opt/rustwide/workdir" "-e" "CARGO_HOME=/opt/rustwide/cargo-home" "-e" "RUSTUP_HOME=/opt/rustwide/rustup-home" "-e" "CARGO_TARGET_DIR=/opt/rustwide/target" "-w" "/opt/rustwide/workdir" "--user" "0:0" "039497f807bd068bbf189c45abd42bdbfa31a4950929c50b9f27f4bb7dedb58a" "/opt/rustwide/cargo-home/bin/cargo" "+1.100.0-beta.1" "metadata" "--no-deps" "--format-version=1", kill_on_drop: false }`
[INFO] running `Command { std: "docker" "inspect" "039497f807bd068bbf189c45abd42bdbfa31a4950929c50b9f27f4bb7dedb58a", kill_on_drop: false }`
[INFO] running `Command { std: "docker" "exec" "-e" "SOURCE_DIR=/opt/rustwide/workdir" "-e" "CARGO_HOME=/opt/rustwide/cargo-home" "-e" "RUSTUP_HOME=/opt/rustwide/rustup-home" "-e" "CARGO_TARGET_DIR=/opt/rustwide/target" "-e" "CARGO_INCREMENTAL=0" "-e" "RUST_BACKTRACE=full" "-e" "RUSTFLAGS=--cap-lints=warn" "-e" "RUSTDOCFLAGS=--cap-lints=warn" "-w" "/opt/rustwide/workdir" "--user" "0:0" "039497f807bd068bbf189c45abd42bdbfa31a4950929c50b9f27f4bb7dedb58a" "/opt/rustwide/cargo-home/bin/cargo" "+1.100.0-beta.1" "build" "--frozen" "--message-format=json" "--release", kill_on_drop: false }`
[INFO] [stderr]    Compiling libc v0.2.180
[INFO] [stderr]    Compiling zerocopy v0.8.39
[INFO] [stderr]    Compiling cc v1.2.55
[INFO] [stderr]    Compiling syn v2.0.114
[INFO] [stderr]    Compiling rustls v0.23.37
[INFO] [stderr]    Compiling zmij v1.0.20
[INFO] [stderr]    Compiling http-body-util v0.1.3
[INFO] [stderr]    Compiling rustls-native-certs v0.8.3
[INFO] [stderr]    Compiling nom v7.1.3
[INFO] [stderr]    Compiling proc-macro-error-attr2 v2.0.0
[INFO] [stderr]    Compiling lexpr-macros v0.2.2
[INFO] [stderr]    Compiling lazy_static v0.2.11
[INFO] [stderr]    Compiling arraydeque v0.5.1
[INFO] [stderr]    Compiling clap_builder v4.5.60
[INFO] [stderr]    Compiling instant v0.1.13
[INFO] [stderr]    Compiling bytecount v0.6.9
[INFO] [stderr]    Compiling testing_table v0.3.0
[INFO] [stderr]    Compiling tint v1.0.1
[INFO] [stderr]    Compiling papergrid v0.17.0
[INFO] [stderr]    Compiling lexpr v0.2.7
[INFO] [stderr]    Compiling unit-prefix v0.5.2
[INFO] [stderr]    Compiling serde_json v1.0.149
[INFO] [stderr]    Compiling openssl-sys v0.9.111
[INFO] [stderr]    Compiling ring v0.17.14
[INFO] [stderr]    Compiling errno v0.3.14
[INFO] [stderr]    Compiling mio v1.1.1
[INFO] [stderr]    Compiling signal-hook-registry v1.4.8
[INFO] [stderr]    Compiling socket2 v0.6.2
[INFO] [stderr]    Compiling getrandom v0.2.17
[INFO] [stderr]    Compiling openssl v0.10.75
[INFO] [stderr]    Compiling native-tls v0.2.14
[INFO] [stderr]    Compiling rand_core v0.6.4
[INFO] [stderr]    Compiling getrandom v0.3.4
[INFO] [stderr]    Compiling rand_core v0.9.5
[INFO] [stderr]    Compiling console v0.16.2
[INFO] [stderr]    Compiling indicatif v0.18.4
[INFO] [stderr]    Compiling eventsource-stream v0.2.3
[INFO] [stderr]    Compiling synstructure v0.13.2
[INFO] [stderr]    Compiling darling_core v0.20.11
[INFO] [stderr]    Compiling proc-macro-error2 v2.0.1
[INFO] [stderr]    Compiling zerofrom-derive v0.1.6
[INFO] [stderr]    Compiling yoke-derive v0.8.1
[INFO] [stderr]    Compiling tokio-macros v2.6.0
[INFO] [stderr]    Compiling zerovec-derive v0.11.2
[INFO] [stderr]    Compiling displaydoc v0.2.5
[INFO] [stderr]    Compiling futures-macro v0.3.32
[INFO] [stderr]    Compiling serde_derive v1.0.228
[INFO] [stderr]    Compiling tracing-attributes v0.1.31
[INFO] [stderr]    Compiling openssl-macros v0.1.1
[INFO] [stderr]    Compiling thiserror-impl v1.0.69
[INFO] [stderr]    Compiling clap_derive v4.5.55
[INFO] [stderr]    Compiling thiserror-impl v2.0.18
[INFO] [stderr]    Compiling async-openai-macros v0.1.1
[INFO] [stderr]    Compiling ppv-lite86 v0.2.21
[INFO] [stderr]    Compiling ahash v0.8.12
[INFO] [stderr]    Compiling tabled_derive v0.11.0
[INFO] [stderr]    Compiling tokio v1.49.0
[INFO] [stderr]    Compiling async-recursion v1.1.1
[INFO] [stderr]    Compiling hashbrown v0.14.5
[INFO] [stderr]    Compiling futures-util v0.3.32
[INFO] [stderr]    Compiling rand_chacha v0.3.1
[INFO] [stderr]    Compiling rand_chacha v0.9.0
[INFO] [stderr]    Compiling zerofrom v0.1.6
[INFO] [stderr]    Compiling rand v0.8.5
[INFO] [stderr]    Compiling yoke v0.8.1
[INFO] [stderr]    Compiling zerovec v0.11.5
[INFO] [stderr]    Compiling zerotrie v0.2.3
[INFO] [stderr]    Compiling tracing v0.1.44
[INFO] [stderr]    Compiling thiserror v1.0.69
[INFO] [stderr]    Compiling rand v0.9.2
[INFO] [stderr]    Compiling thiserror v2.0.18
[INFO] [stderr]    Compiling hashlink v0.8.4
[INFO] [stderr]    Compiling clap v4.5.60
[INFO] [stderr]    Compiling tinystr v0.8.2
[INFO] [stderr]    Compiling potential_utf v0.1.4
[INFO] [stderr]    Compiling icu_locale_core v2.1.1
[INFO] [stderr]    Compiling icu_collections v2.1.1
[INFO] [stderr]    Compiling yaml-rust2 v0.8.1
[INFO] [stderr]    Compiling tabled v0.20.0
[INFO] [stderr]    Compiling darling_macro v0.20.11
[INFO] [stderr]    Compiling darling v0.20.11
[INFO] [stderr]    Compiling derive_builder_core v0.20.2
[INFO] [stderr]    Compiling icu_provider v2.1.1
[INFO] [stderr]    Compiling icu_properties v2.1.2
[INFO] [stderr]    Compiling icu_normalizer v2.1.1
[INFO] [stderr]    Compiling serde v1.0.228
[INFO] [stderr]    Compiling derive_builder_macro v0.20.2
[INFO] [stderr]    Compiling derive_builder v0.20.2
[INFO] [stderr]    Compiling serde_urlencoded v0.7.1
[INFO] [stderr]    Compiling serde_yaml2 v0.1.3
[INFO] [stderr]    Compiling secrecy v0.10.3
[INFO] [stderr]    Compiling ptree v0.5.2
[INFO] [stderr]    Compiling serde-lexpr v0.1.3
[INFO] [stderr]    Compiling spnl-core v0.22.1
[INFO] [stderr]    Compiling idna_adapter v1.2.1
[INFO] [stderr]    Compiling idna v1.1.0
[INFO] [stderr]    Compiling futures-executor v0.3.32
[INFO] [stderr]    Compiling futures v0.3.32
[INFO] [stderr]    Compiling url v2.5.8
[INFO] [stderr]    Compiling tokio-util v0.7.18
[INFO] [stderr]    Compiling tower v0.5.3
[INFO] [stderr]    Compiling tokio-native-tls v0.3.1
[INFO] [stderr]    Compiling tokio-stream v0.1.18
[INFO] [stderr]    Compiling backoff v0.4.0
[INFO] [stderr]    Compiling tower-http v0.6.8
[INFO] [stderr]    Compiling h2 v0.4.13
[INFO] [stderr]    Compiling rustls-webpki v0.103.9
[INFO] [stderr]    Compiling hyper v1.8.1
[INFO] [stderr]    Compiling hyper-util v0.1.20
[INFO] [stderr]    Compiling hyper-tls v0.6.0
[INFO] [stderr]    Compiling tokio-rustls v0.26.4
[INFO] [stderr]    Compiling hyper-rustls v0.27.7
[INFO] [stderr]    Compiling reqwest v0.12.28
[INFO] [stderr]    Compiling reqwest-eventsource v0.6.0
[INFO] [stderr]    Compiling async-openai v0.33.0
[INFO] [stderr]    Compiling spnl-run v0.22.1 (/opt/rustwide/workdir)
[INFO] [stderr]     Finished `release` profile [optimized] target(s) in 1m 56s
[INFO] [stderr] warning: the following packages contain code that will be rejected by a future version of Rust: proc-macro-error2 v2.0.1
[INFO] [stderr] note: to see what the problems were, use the option `--future-incompat-report`, or run `cargo report future-incompatibilities --id 12`
[INFO] running `Command { std: "docker" "inspect" "039497f807bd068bbf189c45abd42bdbfa31a4950929c50b9f27f4bb7dedb58a", kill_on_drop: false }`
[INFO] running `Command { std: "docker" "exec" "-e" "SOURCE_DIR=/opt/rustwide/workdir" "-e" "CARGO_HOME=/opt/rustwide/cargo-home" "-e" "RUSTUP_HOME=/opt/rustwide/rustup-home" "-e" "CARGO_TARGET_DIR=/opt/rustwide/target" "-e" "CARGO_INCREMENTAL=0" "-e" "RUST_BACKTRACE=full" "-e" "RUSTFLAGS=--cap-lints=warn" "-e" "RUSTDOCFLAGS=--cap-lints=warn" "-w" "/opt/rustwide/workdir" "--user" "0:0" "039497f807bd068bbf189c45abd42bdbfa31a4950929c50b9f27f4bb7dedb58a" "/opt/rustwide/cargo-home/bin/cargo" "+1.100.0-beta.1" "test" "--frozen" "--no-run" "--message-format=json" "--release", kill_on_drop: false }`
[INFO] [stderr]    Compiling tokio v1.49.0
[INFO] [stderr]    Compiling pin-project-internal v1.1.10
[INFO] [stderr]    Compiling cargo-husky v1.5.0
[INFO] [stderr]    Compiling pin-project v1.1.10
[INFO] [stderr]    Compiling tokio-util v0.7.18
[INFO] [stderr]    Compiling tokio-rustls v0.26.4
[INFO] [stderr]    Compiling tokio-native-tls v0.3.1
[INFO] [stderr]    Compiling tower v0.5.3
[INFO] [stderr]    Compiling tokio-stream v0.1.18
[INFO] [stderr]    Compiling backoff v0.4.0
[INFO] [stderr]    Compiling h2 v0.4.13
[INFO] [stderr]    Compiling tokio-test v0.4.5
[INFO] [stderr]    Compiling tower-http v0.6.8
[INFO] [stderr]    Compiling tower-test v0.4.0
[INFO] [stderr]    Compiling hyper v1.8.1
[INFO] [stderr]    Compiling hyper-util v0.1.20
[INFO] [stderr]    Compiling hyper-tls v0.6.0
[INFO] [stderr]    Compiling hyper-rustls v0.27.7
[INFO] [stderr]    Compiling reqwest v0.12.28
[INFO] [stderr]    Compiling reqwest-eventsource v0.6.0
[INFO] [stderr]    Compiling async-openai v0.33.0
[INFO] [stderr]    Compiling spnl-run v0.22.1 (/opt/rustwide/workdir)
[INFO] [stderr]     Finished `release` profile [optimized] target(s) in 43.90s
[INFO] [stderr] warning: the following packages contain code that will be rejected by a future version of Rust: proc-macro-error2 v2.0.1
[INFO] [stderr] note: to see what the problems were, use the option `--future-incompat-report`, or run `cargo report future-incompatibilities --id 12`
[INFO] running `Command { std: "docker" "inspect" "039497f807bd068bbf189c45abd42bdbfa31a4950929c50b9f27f4bb7dedb58a", kill_on_drop: false }`
[INFO] running `Command { std: "docker" "exec" "-e" "SOURCE_DIR=/opt/rustwide/workdir" "-e" "CARGO_HOME=/opt/rustwide/cargo-home" "-e" "RUSTUP_HOME=/opt/rustwide/rustup-home" "-e" "CARGO_TARGET_DIR=/opt/rustwide/target" "-e" "CARGO_INCREMENTAL=0" "-e" "RUST_BACKTRACE=full" "-e" "RUSTFLAGS=--cap-lints=warn" "-e" "RUSTDOCFLAGS=--cap-lints=warn" "-w" "/opt/rustwide/workdir" "--user" "0:0" "039497f807bd068bbf189c45abd42bdbfa31a4950929c50b9f27f4bb7dedb58a" "/opt/rustwide/cargo-home/bin/cargo" "+1.100.0-beta.1" "test" "--frozen" "--release", kill_on_drop: false }`
[INFO] [stderr]     Finished `release` profile [optimized] target(s) in 0.42s
[INFO] [stderr] warning: the following packages contain code that will be rejected by a future version of Rust: proc-macro-error2 v2.0.1
[INFO] [stderr] note: to see what the problems were, use the option `--future-incompat-report`, or run `cargo report future-incompatibilities --id 12`
[INFO] [stderr]      Running unittests src/lib.rs (/opt/rustwide/target/release/build/spnl-run/aeab8cc3d216cf16/out/spnl_run-aeab8cc3d216cf16)
[INFO] [stdout] 
[INFO] [stdout] running 12 tests
[INFO] [stdout] test execute::tests::zip_message_plus ... ok
[INFO] [stdout] test execute::tests::zip_message_par ... ok
[INFO] [stdout] test execute::tests::zip_message_seq ... ok
[INFO] [stdout] test optimizer::hlo::tests::nested_gen_expect_no_span_optimization ... ok
[INFO] [stdout] test execute::tests::zip_message_message ... ok
[INFO] [stdout] test execute::tests::simplfiy_nested_monad ... ok
[INFO] [stdout] test execute::tests::simplfiy_monad ... ok
[INFO] [stdout] test optimizer::hlo::tests::nested_gen_expect_span_optimization ... ok
[INFO] [stdout] test execute::tests::it_works ... ok
[INFO] [stdout] test execute::tests::zip_message_cross ... ok
[INFO] [stdout] test execute::pull::tests::test_pull_invalid_model ... ok
[INFO] [stdout] test execute::pull::tests::test_pull_local_ollama ... FAILED
[INFO] [stdout] 
[INFO] [stdout] failures:
[INFO] [stdout] 
[INFO] [stdout] ---- execute::pull::tests::test_pull_local_ollama stdout ----
[INFO] [stdout] Failed to check ollama model (attempt 1/5): error sending request for url (http://localhost:11434/api/tags)
[INFO] [stdout] Failed to check ollama model (attempt 2/5): error sending request for url (http://localhost:11434/api/tags)
[INFO] [stdout] Failed to check ollama model (attempt 3/5): error sending request for url (http://localhost:11434/api/tags)
[INFO] [stdout] Failed to check ollama model (attempt 4/5): error sending request for url (http://localhost:11434/api/tags)
[INFO] [stdout] Failed to check ollama model (attempt 5/5): error sending request for url (http://localhost:11434/api/tags)
[INFO] [stdout] 
[INFO] [stdout] thread 'execute::pull::tests::test_pull_local_ollama' (2903) panicked at src/execute/pull.rs:306:9:
[INFO] [stdout] assertion failed: result.is_ok()
[INFO] [stdout] stack backtrace:
[INFO] [stdout]    0:     0x56e320c91d51 - <<std[617be2ca0a6fd877]::sys::backtrace::BacktraceLock>::print::DisplayBacktrace as core[a373ad73a504971]::fmt::Display>::fmt
[INFO] [stdout]    1:     0x56e320caa3ca - core[a373ad73a504971]::fmt::write
[INFO] [stdout]    2:     0x56e320c972dc - <alloc[2e1b2a31b91974c5]::vec::Vec<u8> as core[a373ad73a504971]::io::write::Write>::write_fmt
[INFO] [stdout]    3:     0x56e320c6c176 - std[617be2ca0a6fd877]::panicking::default_hook::{closure#0}
[INFO] [stdout]    4:     0x56e320c89829 - std[617be2ca0a6fd877]::panicking::default_hook
[INFO] [stdout]    5:     0x56e320958660 - test[aada8e7e76ba119b]::test_main_inner::{closure#0}
[INFO] [stdout]    6:     0x56e320c89b52 - std[617be2ca0a6fd877]::panicking::panic_with_hook
[INFO] [stdout]    7:     0x56e320c6c254 - std[617be2ca0a6fd877]::panicking::panic_handler::{closure#0}
[INFO] [stdout]    8:     0x56e320c64829 - std[617be2ca0a6fd877]::sys::backtrace::__rust_end_short_backtrace::<std[617be2ca0a6fd877]::panicking::panic_handler::{closure#0}, !>
[INFO] [stdout]    9:     0x56e320c6d12d - __rustc[ea4f61d10b84890b]::rust_begin_unwind
[INFO] [stdout]   10:     0x56e320caab2c - core[a373ad73a504971]::panicking::panic_fmt
[INFO] [stdout]   11:     0x56e320caaaf2 - core[a373ad73a504971]::panicking::panic
[INFO] [stdout]   12:     0x56e3209102e5 - spnl_run[318addf7c9034739]::execute::pull::tests::test_pull_local_ollama::{closure#0}
[INFO] [stderr] error: test failed, to rerun pass `--lib`
[INFO] [stdout]   13:     0x56e32093c743 - <tokio[a7711f07d4236bb4]::runtime::scheduler::current_thread::Context>::enter::<core[a373ad73a504971]::task::poll::Poll<()>, <tokio[a7711f07d4236bb4]::runtime::scheduler::current_thread::CoreGuard>::block_on<core[a373ad73a504971]::pin::Pin<&mut core[a373ad73a504971]::pin::Pin<&mut dyn core[a373ad73a504971]::future::future::Future<Output = ()>>>>::{closure#0}::{closure#0}>
[INFO] [stdout]   14:     0x56e3209099bc - <tokio[a7711f07d4236bb4]::runtime::context::scoped::Scoped<tokio[a7711f07d4236bb4]::runtime::scheduler::Context>>::set::<<tokio[a7711f07d4236bb4]::runtime::scheduler::current_thread::CoreGuard>::enter<<tokio[a7711f07d4236bb4]::runtime::scheduler::current_thread::CoreGuard>::block_on<core[a373ad73a504971]::pin::Pin<&mut core[a373ad73a504971]::pin::Pin<&mut dyn core[a373ad73a504971]::future::future::Future<Output = ()>>>>::{closure#0}, core[a373ad73a504971]::option::Option<()>>::{closure#0}, (alloc[2e1b2a31b91974c5]::boxed::Box<tokio[a7711f07d4236bb4]::runtime::scheduler::current_thread::Core>, core[a373ad73a504971]::option::Option<()>)>
[INFO] [stdout]   15:     0x56e32093d0d7 - <tokio[a7711f07d4236bb4]::runtime::scheduler::current_thread::CoreGuard>::block_on::<core[a373ad73a504971]::pin::Pin<&mut core[a373ad73a504971]::pin::Pin<&mut dyn core[a373ad73a504971]::future::future::Future<Output = ()>>>>
[INFO] [stdout]   16:     0x56e32094755d - tokio[a7711f07d4236bb4]::runtime::context::runtime::enter_runtime::<<tokio[a7711f07d4236bb4]::runtime::scheduler::current_thread::CurrentThread>::block_on<core[a373ad73a504971]::pin::Pin<&mut dyn core[a373ad73a504971]::future::future::Future<Output = ()>>>::{closure#0}, ()>
[INFO] [stdout]   17:     0x56e32093bd85 - <tokio[a7711f07d4236bb4]::runtime::runtime::Runtime>::block_on::<core[a373ad73a504971]::pin::Pin<&mut dyn core[a373ad73a504971]::future::future::Future<Output = ()>>>
[INFO] [stdout]   18:     0x56e3209110de - <spnl_run[318addf7c9034739]::execute::pull::tests::test_pull_local_ollama::{closure#0} as core[a373ad73a504971]::ops::function::FnOnce<()>>::call_once
[INFO] [stdout]   19:     0x56e32094baab - test[aada8e7e76ba119b]::__rust_begin_short_backtrace::<core[a373ad73a504971]::result::Result<(), alloc[2e1b2a31b91974c5]::string::String>, fn() -> core[a373ad73a504971]::result::Result<(), alloc[2e1b2a31b91974c5]::string::String>>
[INFO] [stdout]   20:     0x56e320958c85 - test[aada8e7e76ba119b]::run_test::{closure#0}
[INFO] [stdout]   21:     0x56e320952574 - std[617be2ca0a6fd877]::sys::backtrace::__rust_begin_short_backtrace::<test[aada8e7e76ba119b]::run_test::{closure#1}, ()>
[INFO] [stdout]   22:     0x56e32095bd12 - <std[617be2ca0a6fd877]::thread::lifecycle::spawn_unchecked<test[aada8e7e76ba119b]::run_test::{closure#1}, ()>::{closure#1} as core[a373ad73a504971]::ops::function::FnOnce<()>>::call_once::{shim:vtable#0}
[INFO] [stdout]   23:     0x56e320c911ff - <std[617be2ca0a6fd877]::sys::thread::unix::Thread>::new::thread_start
[INFO] [stdout]   24:     0x71bd2e449dfa - <unknown>
[INFO] [stdout]   25:     0x71bd2e4dd3d4 - clone
[INFO] [stdout]   26:                0x0 - <unknown>
[INFO] [stdout] 
[INFO] [stdout] 
[INFO] [stdout] failures:
[INFO] [stdout]     execute::pull::tests::test_pull_local_ollama
[INFO] [stdout] 
[INFO] [stdout] test result: FAILED. 11 passed; 1 failed; 0 ignored; 0 measured; 0 filtered out; finished in 8.23s
[INFO] [stdout] 
[INFO] running `Command { std: "docker" "inspect" "039497f807bd068bbf189c45abd42bdbfa31a4950929c50b9f27f4bb7dedb58a", kill_on_drop: false }`
[INFO] running `Command { std: "docker" "rm" "-f" "039497f807bd068bbf189c45abd42bdbfa31a4950929c50b9f27f4bb7dedb58a", kill_on_drop: false }`
[INFO] [stdout] 039497f807bd068bbf189c45abd42bdbfa31a4950929c50b9f27f4bb7dedb58a
