[INFO] fetching crate splitwise 0.3.0...
[INFO] testing splitwise-0.3.0 against 1.99.0-beta.8+cargoflags=--release for beta-release-1.100-2
[INFO] extracting crate splitwise 0.3.0 into /workspace/builds/worker-2-tc1/source
[INFO] started tweaking crates.io crate splitwise 0.3.0
[INFO] finished tweaking crates.io crate splitwise 0.3.0
[INFO] tweaked toml for crates.io crate splitwise 0.3.0 written to /workspace/builds/worker-2-tc1/source/Cargo.toml
[INFO] validating manifest of crates.io crate splitwise 0.3.0 on toolchain 1.99.0-beta.8
[INFO] running `Command { std: CARGO_HOME="/workspace/cargo-home" RUSTUP_HOME="/workspace/rustup-home" "/workspace/cargo-home/bin/cargo" "+1.99.0-beta.8" "metadata" "--manifest-path" "Cargo.toml" "--no-deps", kill_on_drop: false }`
[INFO] crate crates.io crate splitwise 0.3.0 already has a lockfile, it will not be regenerated
[INFO] running `Command { std: CARGO_HOME="/workspace/cargo-home" RUSTUP_HOME="/workspace/rustup-home" "/workspace/cargo-home/bin/cargo" "+1.99.0-beta.8" "fetch" "--manifest-path" "Cargo.toml", kill_on_drop: false }`
[INFO] [stderr]     Updating crates.io index
[INFO] [stderr]  Downloading crates ...
[INFO] [stderr]   Downloaded text_io v0.1.10
[INFO] [stderr]   Downloaded lock_api v0.4.5
[INFO] [stderr]   Downloaded test-log v0.2.8
[INFO] [stderr]   Downloaded serde_repr v0.1.7
[INFO] [stderr]   Downloaded zeroize v1.5.2
[INFO] [stderr]   Downloaded security-framework-sys v2.5.0
[INFO] [stderr]   Downloaded core-foundation v0.9.2
[INFO] [stderr]   Downloaded httparse v1.5.1
[INFO] [stderr]   Downloaded serde_path_to_error v0.1.7
[INFO] [stderr]   Downloaded tracing-core v0.1.21
[INFO] [stderr]   Downloaded env_logger v0.9.0
[INFO] [stderr]   Downloaded anyhow v1.0.53
[INFO] [stderr]   Downloaded ntapi v0.3.6
[INFO] [stderr]   Downloaded serde_qs v0.9.1
[INFO] [stderr]   Downloaded cc v1.0.72
[INFO] [stderr]   Downloaded security-framework v2.5.0
[INFO] [stderr]   Downloaded tracing v0.1.29
[INFO] [stderr]   Downloaded oauth2 v4.1.0
[INFO] [stderr]   Downloaded serde_json v1.0.78
[INFO] [stderr]   Downloaded hyper v0.14.16
[INFO] [stderr]   Downloaded tokio v1.16.0
[INFO] [stderr]   Downloaded libc v0.2.115
[INFO] running `Command { std: "docker" "create" "-v" "/var/lib/crater-agent-workspace/builds/worker-2-tc1/source:/opt/rustwide/workdir:ro,Z" "-v" "/var/lib/crater-agent-workspace/builds/worker-2-tc1/target:/opt/rustwide/target:rw,Z" "-v" "/var/lib/crater-agent-workspace/cargo-home:/opt/rustwide/cargo-home:ro,Z" "-v" "/var/lib/crater-agent-workspace/rustup-home:/opt/rustwide/rustup-home:ro,Z" "-m" "1610612736" "--network" "none" "ghcr.io/rust-lang/crates-build-env/linux@sha256:77db811e55d90add9212f6832c23229e3de5f1c1f9905e8cb07319ea15df73ac" "sleep" "infinity", kill_on_drop: false }`
[INFO] [stdout] 06ca3f1f88874e916c76577d0ae338879f2b7c7d3d84655b22bdad2970ec5503
[INFO] running `Command { std: "docker" "start" "06ca3f1f88874e916c76577d0ae338879f2b7c7d3d84655b22bdad2970ec5503", kill_on_drop: false }`
[INFO] running `Command { std: "docker" "inspect" "06ca3f1f88874e916c76577d0ae338879f2b7c7d3d84655b22bdad2970ec5503", kill_on_drop: false }`
[INFO] running `Command { std: "docker" "exec" "-e" "SOURCE_DIR=/opt/rustwide/workdir" "-e" "CARGO_HOME=/opt/rustwide/cargo-home" "-e" "RUSTUP_HOME=/opt/rustwide/rustup-home" "-e" "CARGO_TARGET_DIR=/opt/rustwide/target" "-w" "/opt/rustwide/workdir" "--user" "0:0" "06ca3f1f88874e916c76577d0ae338879f2b7c7d3d84655b22bdad2970ec5503" "/opt/rustwide/cargo-home/bin/cargo" "+1.99.0-beta.8" "metadata" "--no-deps" "--format-version=1", kill_on_drop: false }`
[INFO] running `Command { std: "docker" "inspect" "06ca3f1f88874e916c76577d0ae338879f2b7c7d3d84655b22bdad2970ec5503", kill_on_drop: false }`
[INFO] running `Command { std: "docker" "exec" "-e" "SOURCE_DIR=/opt/rustwide/workdir" "-e" "CARGO_HOME=/opt/rustwide/cargo-home" "-e" "RUSTUP_HOME=/opt/rustwide/rustup-home" "-e" "CARGO_TARGET_DIR=/opt/rustwide/target" "-e" "CARGO_INCREMENTAL=0" "-e" "RUST_BACKTRACE=full" "-e" "RUSTFLAGS=--cap-lints=warn" "-e" "RUSTDOCFLAGS=--cap-lints=warn" "-w" "/opt/rustwide/workdir" "--user" "0:0" "06ca3f1f88874e916c76577d0ae338879f2b7c7d3d84655b22bdad2970ec5503" "/opt/rustwide/cargo-home/bin/cargo" "+1.99.0-beta.8" "build" "--frozen" "--message-format=json" "--release", kill_on_drop: false }`
[INFO] [stderr]    Compiling libc v0.2.115
[INFO] [stderr]    Compiling autocfg v1.0.1
[INFO] [stderr]    Compiling cc v1.0.72
[INFO] [stderr]    Compiling proc-macro2 v1.0.36
[INFO] [stderr]    Compiling unicode-xid v0.2.2
[INFO] [stderr]    Compiling log v0.4.14
[INFO] [stderr]    Compiling syn v1.0.86
[INFO] [stderr]    Compiling once_cell v1.9.0
[INFO] [stderr]    Compiling pin-project-lite v0.2.8
[INFO] [stderr]    Compiling memchr v2.4.1
[INFO] [stderr]    Compiling bytes v1.1.0
[INFO] [stderr]    Compiling futures-core v0.3.21
[INFO] [stderr]    Compiling serde_derive v1.0.136
[INFO] [stderr]    Compiling pkg-config v0.3.24
[INFO] [stderr]    Compiling serde v1.0.136
[INFO] [stderr]    Compiling itoa v1.0.1
[INFO] [stderr]    Compiling futures-task v0.3.21
[INFO] [stderr]    Compiling spin v0.5.2
[INFO] [stderr]    Compiling lazy_static v1.4.0
[INFO] [stderr]    Compiling futures-util v0.3.21
[INFO] [stderr]    Compiling futures-channel v0.3.21
[INFO] [stderr]    Compiling openssl v0.10.38
[INFO] [stderr]    Compiling typenum v1.15.0
[INFO] [stderr]    Compiling tracing-core v0.1.21
[INFO] [stderr]    Compiling futures-io v0.3.21
[INFO] [stderr]    Compiling indexmap v1.8.0
[INFO] [stderr]    Compiling slab v0.4.5
[INFO] [stderr]    Compiling httparse v1.5.1
[INFO] [stderr]    Compiling futures-sink v0.3.21
[INFO] [stderr]    Compiling hashbrown v0.11.2
[INFO] [stderr]    Compiling generic-array v0.14.5
[INFO] [stderr]    Compiling rustls v0.20.4
[INFO] [stderr]    Compiling percent-encoding v2.1.0
[INFO] [stderr]    Compiling matches v0.1.9
[INFO] [stderr]    Compiling native-tls v0.2.8
[INFO] [stderr]    Compiling try-lock v0.2.3
[INFO] [stderr]    Compiling tinyvec_macros v0.1.0
[INFO] [stderr]    Compiling tinyvec v1.5.1
[INFO] [stderr]    Compiling tracing v0.1.29
[INFO] [stderr]    Compiling want v0.3.0
[INFO] [stderr]    Compiling num-traits v0.2.14
[INFO] [stderr]    Compiling itoa v0.4.8
[INFO] [stderr]    Compiling openssl-probe v0.1.5
[INFO] [stderr]    Compiling tower-service v0.3.1
[INFO] [stderr]    Compiling httpdate v1.0.2
[INFO] [stderr]    Compiling form_urlencoded v1.0.1
[INFO] [stderr]    Compiling num-integer v0.1.44
[INFO] [stderr]    Compiling mio v0.7.14
[INFO] [stderr]    Compiling num_cpus v1.13.1
[INFO] [stderr]    Compiling quote v1.0.15
[INFO] [stderr]    Compiling socket2 v0.4.4
[INFO] [stderr]    Compiling getrandom v0.2.5
[INFO] [stderr]    Compiling ryu v1.0.9
[INFO] [stderr]    Compiling encoding_rs v0.8.30
[INFO] [stderr]    Compiling serde_json v1.0.78
[INFO] [stderr]    Compiling unicode-bidi v0.3.7
[INFO] [stderr]    Compiling unicode-normalization v0.1.19
[INFO] [stderr]    Compiling http v0.2.6
[INFO] [stderr]    Compiling rand_core v0.6.3
[INFO] [stderr]    Compiling ppv-lite86 v0.2.16
[INFO] [stderr]    Compiling base64 v0.13.0
[INFO] [stderr]    Compiling ring v0.16.20
[INFO] [stderr]    Compiling openssl-sys v0.9.72
[INFO] [stderr]    Compiling rand_chacha v0.3.1
[INFO] [stderr]    Compiling ipnet v2.3.1
[INFO] [stderr]    Compiling tokio v1.16.0
[INFO] [stderr]    Compiling rustls-pemfile v0.2.1
[INFO] [stderr]    Compiling block-buffer v0.9.0
[INFO] [stderr]    Compiling digest v0.9.0
[INFO] [stderr]    Compiling anyhow v1.0.53
[INFO] [stderr]    Compiling cpufeatures v0.2.1
[INFO] [stderr]    Compiling mime v0.3.16
[INFO] [stderr]    Compiling sha2 v0.9.9
[INFO] [stderr]    Compiling rand v0.8.5
[INFO] [stderr]    Compiling zeroize v1.5.2
[INFO] [stderr]    Compiling idna v0.2.3
[INFO] [stderr]    Compiling secrecy v0.8.0
[INFO] [stderr]    Compiling http-body v0.4.4
[INFO] [stderr]    Compiling thiserror-impl v1.0.30
[INFO] [stderr]    Compiling serde_repr v0.1.7
[INFO] [stderr]    Compiling thiserror v1.0.30
[INFO] [stderr]    Compiling tokio-util v0.6.9
[INFO] [stderr]    Compiling tokio-native-tls v0.3.0
[INFO] [stderr]    Compiling h2 v0.3.11
[INFO] [stderr]    Compiling webpki v0.22.0
[INFO] [stderr]    Compiling sct v0.7.0
[INFO] [stderr]    Compiling webpki-roots v0.22.2
[INFO] [stderr]    Compiling hyper v0.14.16
[INFO] [stderr]    Compiling url v2.2.2
[INFO] [stderr]    Compiling serde_urlencoded v0.7.1
[INFO] [stderr]    Compiling chrono v0.4.19
[INFO] [stderr]    Compiling serde_path_to_error v0.1.7
[INFO] [stderr]    Compiling serde_qs v0.9.1
[INFO] [stderr]    Compiling tokio-rustls v0.23.2
[INFO] [stderr]    Compiling hyper-tls v0.5.0
[INFO] [stderr]    Compiling hyper-rustls v0.23.0
[INFO] [stderr]    Compiling reqwest v0.11.9
[INFO] [stderr]    Compiling oauth2 v4.1.0
[INFO] [stderr]    Compiling splitwise v0.3.0 (/opt/rustwide/workdir)
[INFO] [stdout] warning: unused import: `authentication::*`
[INFO] [stdout]   --> src/client/mod.rs:13:9
[INFO] [stdout]    |
[INFO] [stdout] 13 | pub use authentication::*;
[INFO] [stdout]    |         ^^^^^^^^^^^^^^^^^
[INFO] [stdout]    |
[INFO] [stdout]    = note: `#[warn(unused_imports)]` (part of `#[warn(unused)]`) on by default
[INFO] [stdout] 
[INFO] [stdout] 
[INFO] [stdout] warning: hiding a lifetime that's elided elsewhere is confusing
[INFO] [stdout]    --> src/client/client.rs:177:18
[INFO] [stdout]     |
[INFO] [stdout] 177 |     pub fn users(&self) -> UsersSvc {
[INFO] [stdout]     |                  ^^^^^     ^^^^^^^^ the same lifetime is hidden here
[INFO] [stdout]     |                  |
[INFO] [stdout]     |                  the lifetime is elided here
[INFO] [stdout]     |
[INFO] [stdout]     = help: the same lifetime is referred to in inconsistent ways, making the signature confusing
[INFO] [stdout]     = note: `#[warn(mismatched_lifetime_syntaxes)]` on by default
[INFO] [stdout] help: use `'_` for type paths
[INFO] [stdout]     |
[INFO] [stdout] 177 |     pub fn users(&self) -> UsersSvc<'_> {
[INFO] [stdout]     |                                    ++++
[INFO] [stdout] 
[INFO] [stdout] 
[INFO] [stdout] warning: hiding a lifetime that's elided elsewhere is confusing
[INFO] [stdout]    --> src/client/client.rs:182:19
[INFO] [stdout]     |
[INFO] [stdout] 182 |     pub fn groups(&self) -> GroupsSvc {
[INFO] [stdout]     |                   ^^^^^     ^^^^^^^^^ the same lifetime is hidden here
[INFO] [stdout]     |                   |
[INFO] [stdout]     |                   the lifetime is elided here
[INFO] [stdout]     |
[INFO] [stdout]     = help: the same lifetime is referred to in inconsistent ways, making the signature confusing
[INFO] [stdout] help: use `'_` for type paths
[INFO] [stdout]     |
[INFO] [stdout] 182 |     pub fn groups(&self) -> GroupsSvc<'_> {
[INFO] [stdout]     |                                      ++++
[INFO] [stdout] 
[INFO] [stdout] 
[INFO] [stdout] warning: hiding a lifetime that's elided elsewhere is confusing
[INFO] [stdout]    --> src/client/client.rs:187:20
[INFO] [stdout]     |
[INFO] [stdout] 187 |     pub fn friends(&self) -> FriendsSvc {
[INFO] [stdout]     |                    ^^^^^     ^^^^^^^^^^ the same lifetime is hidden here
[INFO] [stdout]     |                    |
[INFO] [stdout]     |                    the lifetime is elided here
[INFO] [stdout]     |
[INFO] [stdout]     = help: the same lifetime is referred to in inconsistent ways, making the signature confusing
[INFO] [stdout] help: use `'_` for type paths
[INFO] [stdout]     |
[INFO] [stdout] 187 |     pub fn friends(&self) -> FriendsSvc<'_> {
[INFO] [stdout]     |                                        ++++
[INFO] [stdout] 
[INFO] [stdout] 
[INFO] [stdout] warning: hiding a lifetime that's elided elsewhere is confusing
[INFO] [stdout]    --> src/client/client.rs:192:21
[INFO] [stdout]     |
[INFO] [stdout] 192 |     pub fn expenses(&self) -> ExpensesSvc {
[INFO] [stdout]     |                     ^^^^^     ^^^^^^^^^^^ the same lifetime is hidden here
[INFO] [stdout]     |                     |
[INFO] [stdout]     |                     the lifetime is elided here
[INFO] [stdout]     |
[INFO] [stdout]     = help: the same lifetime is referred to in inconsistent ways, making the signature confusing
[INFO] [stdout] help: use `'_` for type paths
[INFO] [stdout]     |
[INFO] [stdout] 192 |     pub fn expenses(&self) -> ExpensesSvc<'_> {
[INFO] [stdout]     |                                          ++++
[INFO] [stdout] 
[INFO] [stdout] 
[INFO] [stdout] warning: hiding a lifetime that's elided elsewhere is confusing
[INFO] [stdout]    --> src/client/client.rs:197:21
[INFO] [stdout]     |
[INFO] [stdout] 197 |     pub fn comments(&self) -> CommentsSvc {
[INFO] [stdout]     |                     ^^^^^     ^^^^^^^^^^^ the same lifetime is hidden here
[INFO] [stdout]     |                     |
[INFO] [stdout]     |                     the lifetime is elided here
[INFO] [stdout]     |
[INFO] [stdout]     = help: the same lifetime is referred to in inconsistent ways, making the signature confusing
[INFO] [stdout] help: use `'_` for type paths
[INFO] [stdout]     |
[INFO] [stdout] 197 |     pub fn comments(&self) -> CommentsSvc<'_> {
[INFO] [stdout]     |                                          ++++
[INFO] [stdout] 
[INFO] [stdout] 
[INFO] [stdout] warning: hiding a lifetime that's elided elsewhere is confusing
[INFO] [stdout]    --> src/client/client.rs:202:26
[INFO] [stdout]     |
[INFO] [stdout] 202 |     pub fn notifications(&self) -> NotificationsSvc {
[INFO] [stdout]     |                          ^^^^^     ^^^^^^^^^^^^^^^^ the same lifetime is hidden here
[INFO] [stdout]     |                          |
[INFO] [stdout]     |                          the lifetime is elided here
[INFO] [stdout]     |
[INFO] [stdout]     = help: the same lifetime is referred to in inconsistent ways, making the signature confusing
[INFO] [stdout] help: use `'_` for type paths
[INFO] [stdout]     |
[INFO] [stdout] 202 |     pub fn notifications(&self) -> NotificationsSvc<'_> {
[INFO] [stdout]     |                                                    ++++
[INFO] [stdout] 
[INFO] [stdout] 
[INFO] [stdout] warning: hiding a lifetime that's elided elsewhere is confusing
[INFO] [stdout]    --> src/client/client.rs:207:18
[INFO] [stdout]     |
[INFO] [stdout] 207 |     pub fn other(&self) -> OtherSvc {
[INFO] [stdout]     |                  ^^^^^     ^^^^^^^^ the same lifetime is hidden here
[INFO] [stdout]     |                  |
[INFO] [stdout]     |                  the lifetime is elided here
[INFO] [stdout]     |
[INFO] [stdout]     = help: the same lifetime is referred to in inconsistent ways, making the signature confusing
[INFO] [stdout] help: use `'_` for type paths
[INFO] [stdout]     |
[INFO] [stdout] 207 |     pub fn other(&self) -> OtherSvc<'_> {
[INFO] [stdout]     |                                    ++++
[INFO] [stdout] 
[INFO] [stdout] 
[INFO] [stderr]     Finished `release` profile [optimized] target(s) in 1m 16s
[INFO] running `Command { std: "docker" "inspect" "06ca3f1f88874e916c76577d0ae338879f2b7c7d3d84655b22bdad2970ec5503", kill_on_drop: false }`
[INFO] running `Command { std: "docker" "exec" "-e" "SOURCE_DIR=/opt/rustwide/workdir" "-e" "CARGO_HOME=/opt/rustwide/cargo-home" "-e" "RUSTUP_HOME=/opt/rustwide/rustup-home" "-e" "CARGO_TARGET_DIR=/opt/rustwide/target" "-e" "CARGO_INCREMENTAL=0" "-e" "RUST_BACKTRACE=full" "-e" "RUSTFLAGS=--cap-lints=warn" "-e" "RUSTDOCFLAGS=--cap-lints=warn" "-w" "/opt/rustwide/workdir" "--user" "0:0" "06ca3f1f88874e916c76577d0ae338879f2b7c7d3d84655b22bdad2970ec5503" "/opt/rustwide/cargo-home/bin/cargo" "+1.99.0-beta.8" "test" "--frozen" "--no-run" "--message-format=json" "--release", kill_on_drop: false }`
[INFO] [stderr]    Compiling syn v1.0.86
[INFO] [stderr]    Compiling log v0.4.14
[INFO] [stderr]    Compiling parking_lot_core v0.8.5
[INFO] [stderr]    Compiling smallvec v1.8.0
[INFO] [stderr]    Compiling scopeguard v1.1.0
[INFO] [stderr]    Compiling instant v0.1.12
[INFO] [stderr]    Compiling signal-hook-registry v1.4.0
[INFO] [stderr]    Compiling aho-corasick v0.7.18
[INFO] [stderr]    Compiling regex-automata v0.1.10
[INFO] [stderr]    Compiling regex-syntax v0.6.25
[INFO] [stderr]    Compiling csv-core v0.1.10
[INFO] [stderr]    Compiling atty v0.2.14
[INFO] [stderr]    Compiling termcolor v1.1.3
[INFO] [stderr]    Compiling humantime v2.1.0
[INFO] [stderr]    Compiling text_io v0.1.10
[INFO] [stderr]    Compiling lock_api v0.4.5
[INFO] [stderr]    Compiling mio v0.7.14
[INFO] [stderr]    Compiling want v0.3.0
[INFO] [stderr]    Compiling native-tls v0.2.8
[INFO] [stderr]    Compiling rustls v0.20.4
[INFO] [stderr]    Compiling parking_lot v0.11.2
[INFO] [stderr]    Compiling regex v1.5.4
[INFO] [stderr]    Compiling env_logger v0.9.0
[INFO] [stderr]    Compiling serde_derive v1.0.136
[INFO] [stderr]    Compiling tokio-macros v1.7.0
[INFO] [stderr]    Compiling thiserror-impl v1.0.30
[INFO] [stderr]    Compiling serde_repr v0.1.7
[INFO] [stderr]    Compiling test-log v0.2.8
[INFO] [stderr]    Compiling tokio v1.16.0
[INFO] [stderr]    Compiling thiserror v1.0.30
[INFO] [stderr]    Compiling serde v1.0.136
[INFO] [stderr]    Compiling tokio-util v0.6.9
[INFO] [stderr]    Compiling tokio-rustls v0.23.2
[INFO] [stderr]    Compiling tokio-native-tls v0.3.0
[INFO] [stderr]    Compiling h2 v0.3.11
[INFO] [stderr]    Compiling serde_json v1.0.78
[INFO] [stderr]    Compiling url v2.2.2
[INFO] [stderr]    Compiling serde_urlencoded v0.7.1
[INFO] [stderr]    Compiling chrono v0.4.19
[INFO] [stderr]    Compiling serde_path_to_error v0.1.7
[INFO] [stderr]    Compiling serde_qs v0.9.1
[INFO] [stderr]    Compiling bstr v0.2.17
[INFO] [stderr]    Compiling csv v1.1.6
[INFO] [stderr]    Compiling hyper v0.14.16
[INFO] [stderr]    Compiling hyper-tls v0.5.0
[INFO] [stderr]    Compiling hyper-rustls v0.23.0
[INFO] [stderr]    Compiling reqwest v0.11.9
[INFO] [stderr]    Compiling oauth2 v4.1.0
[INFO] [stderr]    Compiling splitwise v0.3.0 (/opt/rustwide/workdir)
[INFO] [stdout] warning: unused import: `authentication::*`
[INFO] [stdout]   --> src/client/mod.rs:13:9
[INFO] [stdout]    |
[INFO] [stdout] 13 | pub use authentication::*;
[INFO] [stdout]    |         ^^^^^^^^^^^^^^^^^
[INFO] [stdout]    |
[INFO] [stdout]    = note: `#[warn(unused_imports)]` (part of `#[warn(unused)]`) on by default
[INFO] [stdout] 
[INFO] [stdout] 
[INFO] [stdout] warning: hiding a lifetime that's elided elsewhere is confusing
[INFO] [stdout]    --> src/client/client.rs:177:18
[INFO] [stdout]     |
[INFO] [stdout] 177 |     pub fn users(&self) -> UsersSvc {
[INFO] [stdout]     |                  ^^^^^     ^^^^^^^^ the same lifetime is hidden here
[INFO] [stdout]     |                  |
[INFO] [stdout]     |                  the lifetime is elided here
[INFO] [stdout]     |
[INFO] [stdout]     = help: the same lifetime is referred to in inconsistent ways, making the signature confusing
[INFO] [stdout]     = note: `#[warn(mismatched_lifetime_syntaxes)]` on by default
[INFO] [stdout] help: use `'_` for type paths
[INFO] [stdout]     |
[INFO] [stdout] 177 |     pub fn users(&self) -> UsersSvc<'_> {
[INFO] [stdout]     |                                    ++++
[INFO] [stdout] 
[INFO] [stdout] 
[INFO] [stdout] warning: hiding a lifetime that's elided elsewhere is confusing
[INFO] [stdout]    --> src/client/client.rs:182:19
[INFO] [stdout]     |
[INFO] [stdout] 182 |     pub fn groups(&self) -> GroupsSvc {
[INFO] [stdout]     |                   ^^^^^     ^^^^^^^^^ the same lifetime is hidden here
[INFO] [stdout]     |                   |
[INFO] [stdout]     |                   the lifetime is elided here
[INFO] [stdout]     |
[INFO] [stdout]     = help: the same lifetime is referred to in inconsistent ways, making the signature confusing
[INFO] [stdout] help: use `'_` for type paths
[INFO] [stdout]     |
[INFO] [stdout] 182 |     pub fn groups(&self) -> GroupsSvc<'_> {
[INFO] [stdout]     |                                      ++++
[INFO] [stdout] 
[INFO] [stdout] 
[INFO] [stdout] warning: hiding a lifetime that's elided elsewhere is confusing
[INFO] [stdout]    --> src/client/client.rs:187:20
[INFO] [stdout]     |
[INFO] [stdout] 187 |     pub fn friends(&self) -> FriendsSvc {
[INFO] [stdout]     |                    ^^^^^     ^^^^^^^^^^ the same lifetime is hidden here
[INFO] [stdout]     |                    |
[INFO] [stdout]     |                    the lifetime is elided here
[INFO] [stdout]     |
[INFO] [stdout]     = help: the same lifetime is referred to in inconsistent ways, making the signature confusing
[INFO] [stdout] help: use `'_` for type paths
[INFO] [stdout]     |
[INFO] [stdout] 187 |     pub fn friends(&self) -> FriendsSvc<'_> {
[INFO] [stdout]     |                                        ++++
[INFO] [stdout] 
[INFO] [stdout] 
[INFO] [stdout] warning: hiding a lifetime that's elided elsewhere is confusing
[INFO] [stdout]    --> src/client/client.rs:192:21
[INFO] [stdout]     |
[INFO] [stdout] 192 |     pub fn expenses(&self) -> ExpensesSvc {
[INFO] [stdout]     |                     ^^^^^     ^^^^^^^^^^^ the same lifetime is hidden here
[INFO] [stdout]     |                     |
[INFO] [stdout]     |                     the lifetime is elided here
[INFO] [stdout]     |
[INFO] [stdout]     = help: the same lifetime is referred to in inconsistent ways, making the signature confusing
[INFO] [stdout] help: use `'_` for type paths
[INFO] [stdout]     |
[INFO] [stdout] 192 |     pub fn expenses(&self) -> ExpensesSvc<'_> {
[INFO] [stdout]     |                                          ++++
[INFO] [stdout] 
[INFO] [stdout] 
[INFO] [stdout] warning: hiding a lifetime that's elided elsewhere is confusing
[INFO] [stdout]    --> src/client/client.rs:197:21
[INFO] [stdout]     |
[INFO] [stdout] 197 |     pub fn comments(&self) -> CommentsSvc {
[INFO] [stdout]     |                     ^^^^^     ^^^^^^^^^^^ the same lifetime is hidden here
[INFO] [stdout]     |                     |
[INFO] [stdout]     |                     the lifetime is elided here
[INFO] [stdout]     |
[INFO] [stdout]     = help: the same lifetime is referred to in inconsistent ways, making the signature confusing
[INFO] [stdout] help: use `'_` for type paths
[INFO] [stdout]     |
[INFO] [stdout] 197 |     pub fn comments(&self) -> CommentsSvc<'_> {
[INFO] [stdout]     |                                          ++++
[INFO] [stdout] 
[INFO] [stdout] 
[INFO] [stdout] warning: hiding a lifetime that's elided elsewhere is confusing
[INFO] [stdout]    --> src/client/client.rs:202:26
[INFO] [stdout]     |
[INFO] [stdout] 202 |     pub fn notifications(&self) -> NotificationsSvc {
[INFO] [stdout]     |                          ^^^^^     ^^^^^^^^^^^^^^^^ the same lifetime is hidden here
[INFO] [stdout]     |                          |
[INFO] [stdout]     |                          the lifetime is elided here
[INFO] [stdout]     |
[INFO] [stdout]     = help: the same lifetime is referred to in inconsistent ways, making the signature confusing
[INFO] [stdout] help: use `'_` for type paths
[INFO] [stdout]     |
[INFO] [stdout] 202 |     pub fn notifications(&self) -> NotificationsSvc<'_> {
[INFO] [stdout]     |                                                    ++++
[INFO] [stdout] 
[INFO] [stdout] 
[INFO] [stdout] warning: hiding a lifetime that's elided elsewhere is confusing
[INFO] [stdout]    --> src/client/client.rs:207:18
[INFO] [stdout]     |
[INFO] [stdout] 207 |     pub fn other(&self) -> OtherSvc {
[INFO] [stdout]     |                  ^^^^^     ^^^^^^^^ the same lifetime is hidden here
[INFO] [stdout]     |                  |
[INFO] [stdout]     |                  the lifetime is elided here
[INFO] [stdout]     |
[INFO] [stdout]     = help: the same lifetime is referred to in inconsistent ways, making the signature confusing
[INFO] [stdout] help: use `'_` for type paths
[INFO] [stdout]     |
[INFO] [stdout] 207 |     pub fn other(&self) -> OtherSvc<'_> {
[INFO] [stdout]     |                                    ++++
[INFO] [stdout] 
[INFO] [stdout] 
[INFO] [stdout] warning: unused import: `authentication::*`
[INFO] [stdout]   --> src/client/mod.rs:13:9
[INFO] [stdout]    |
[INFO] [stdout] 13 | pub use authentication::*;
[INFO] [stdout]    |         ^^^^^^^^^^^^^^^^^
[INFO] [stdout]    |
[INFO] [stdout]    = note: `#[warn(unused_imports)]` (part of `#[warn(unused)]`) on by default
[INFO] [stdout] 
[INFO] [stdout] 
[INFO] [stdout] warning: hiding a lifetime that's elided elsewhere is confusing
[INFO] [stdout]    --> src/client/client.rs:177:18
[INFO] [stdout]     |
[INFO] [stdout] 177 |     pub fn users(&self) -> UsersSvc {
[INFO] [stdout]     |                  ^^^^^     ^^^^^^^^ the same lifetime is hidden here
[INFO] [stdout]     |                  |
[INFO] [stdout]     |                  the lifetime is elided here
[INFO] [stdout]     |
[INFO] [stdout]     = help: the same lifetime is referred to in inconsistent ways, making the signature confusing
[INFO] [stdout]     = note: `#[warn(mismatched_lifetime_syntaxes)]` on by default
[INFO] [stdout] help: use `'_` for type paths
[INFO] [stdout]     |
[INFO] [stdout] 177 |     pub fn users(&self) -> UsersSvc<'_> {
[INFO] [stdout]     |                                    ++++
[INFO] [stdout] 
[INFO] [stdout] 
[INFO] [stdout] warning: hiding a lifetime that's elided elsewhere is confusing
[INFO] [stdout]    --> src/client/client.rs:182:19
[INFO] [stdout]     |
[INFO] [stdout] 182 |     pub fn groups(&self) -> GroupsSvc {
[INFO] [stdout]     |                   ^^^^^     ^^^^^^^^^ the same lifetime is hidden here
[INFO] [stdout]     |                   |
[INFO] [stdout]     |                   the lifetime is elided here
[INFO] [stdout]     |
[INFO] [stdout]     = help: the same lifetime is referred to in inconsistent ways, making the signature confusing
[INFO] [stdout] help: use `'_` for type paths
[INFO] [stdout]     |
[INFO] [stdout] 182 |     pub fn groups(&self) -> GroupsSvc<'_> {
[INFO] [stdout]     |                                      ++++
[INFO] [stdout] 
[INFO] [stdout] 
[INFO] [stdout] warning: hiding a lifetime that's elided elsewhere is confusing
[INFO] [stdout]    --> src/client/client.rs:187:20
[INFO] [stdout]     |
[INFO] [stdout] 187 |     pub fn friends(&self) -> FriendsSvc {
[INFO] [stdout]     |                    ^^^^^     ^^^^^^^^^^ the same lifetime is hidden here
[INFO] [stdout]     |                    |
[INFO] [stdout]     |                    the lifetime is elided here
[INFO] [stdout]     |
[INFO] [stdout]     = help: the same lifetime is referred to in inconsistent ways, making the signature confusing
[INFO] [stdout] help: use `'_` for type paths
[INFO] [stdout]     |
[INFO] [stdout] 187 |     pub fn friends(&self) -> FriendsSvc<'_> {
[INFO] [stdout]     |                                        ++++
[INFO] [stdout] 
[INFO] [stdout] 
[INFO] [stdout] warning: hiding a lifetime that's elided elsewhere is confusing
[INFO] [stdout]    --> src/client/client.rs:192:21
[INFO] [stdout]     |
[INFO] [stdout] 192 |     pub fn expenses(&self) -> ExpensesSvc {
[INFO] [stdout]     |                     ^^^^^     ^^^^^^^^^^^ the same lifetime is hidden here
[INFO] [stdout]     |                     |
[INFO] [stdout]     |                     the lifetime is elided here
[INFO] [stdout]     |
[INFO] [stdout]     = help: the same lifetime is referred to in inconsistent ways, making the signature confusing
[INFO] [stdout] help: use `'_` for type paths
[INFO] [stdout]     |
[INFO] [stdout] 192 |     pub fn expenses(&self) -> ExpensesSvc<'_> {
[INFO] [stdout]     |                                          ++++
[INFO] [stdout] 
[INFO] [stdout] 
[INFO] [stdout] warning: hiding a lifetime that's elided elsewhere is confusing
[INFO] [stdout]    --> src/client/client.rs:197:21
[INFO] [stdout]     |
[INFO] [stdout] 197 |     pub fn comments(&self) -> CommentsSvc {
[INFO] [stdout]     |                     ^^^^^     ^^^^^^^^^^^ the same lifetime is hidden here
[INFO] [stdout]     |                     |
[INFO] [stdout]     |                     the lifetime is elided here
[INFO] [stdout]     |
[INFO] [stdout]     = help: the same lifetime is referred to in inconsistent ways, making the signature confusing
[INFO] [stdout] help: use `'_` for type paths
[INFO] [stdout]     |
[INFO] [stdout] 197 |     pub fn comments(&self) -> CommentsSvc<'_> {
[INFO] [stdout]     |                                          ++++
[INFO] [stdout] 
[INFO] [stdout] 
[INFO] [stdout] warning: hiding a lifetime that's elided elsewhere is confusing
[INFO] [stdout]    --> src/client/client.rs:202:26
[INFO] [stdout]     |
[INFO] [stdout] 202 |     pub fn notifications(&self) -> NotificationsSvc {
[INFO] [stdout]     |                          ^^^^^     ^^^^^^^^^^^^^^^^ the same lifetime is hidden here
[INFO] [stdout]     |                          |
[INFO] [stdout]     |                          the lifetime is elided here
[INFO] [stdout]     |
[INFO] [stdout]     = help: the same lifetime is referred to in inconsistent ways, making the signature confusing
[INFO] [stdout] help: use `'_` for type paths
[INFO] [stdout]     |
[INFO] [stdout] 202 |     pub fn notifications(&self) -> NotificationsSvc<'_> {
[INFO] [stdout]     |                                                    ++++
[INFO] [stdout] 
[INFO] [stdout] 
[INFO] [stdout] warning: hiding a lifetime that's elided elsewhere is confusing
[INFO] [stdout]    --> src/client/client.rs:207:18
[INFO] [stdout]     |
[INFO] [stdout] 207 |     pub fn other(&self) -> OtherSvc {
[INFO] [stdout]     |                  ^^^^^     ^^^^^^^^ the same lifetime is hidden here
[INFO] [stdout]     |                  |
[INFO] [stdout]     |                  the lifetime is elided here
[INFO] [stdout]     |
[INFO] [stdout]     = help: the same lifetime is referred to in inconsistent ways, making the signature confusing
[INFO] [stdout] help: use `'_` for type paths
[INFO] [stdout]     |
[INFO] [stdout] 207 |     pub fn other(&self) -> OtherSvc<'_> {
[INFO] [stdout]     |                                    ++++
[INFO] [stdout] 
[INFO] [stdout] 
[INFO] [stderr]     Finished `release` profile [optimized] target(s) in 1m 14s
[INFO] running `Command { std: "docker" "inspect" "06ca3f1f88874e916c76577d0ae338879f2b7c7d3d84655b22bdad2970ec5503", kill_on_drop: false }`
[INFO] running `Command { std: "docker" "exec" "-e" "SOURCE_DIR=/opt/rustwide/workdir" "-e" "CARGO_HOME=/opt/rustwide/cargo-home" "-e" "RUSTUP_HOME=/opt/rustwide/rustup-home" "-e" "CARGO_TARGET_DIR=/opt/rustwide/target" "-e" "CARGO_INCREMENTAL=0" "-e" "RUST_BACKTRACE=full" "-e" "RUSTFLAGS=--cap-lints=warn" "-e" "RUSTDOCFLAGS=--cap-lints=warn" "-w" "/opt/rustwide/workdir" "--user" "0:0" "06ca3f1f88874e916c76577d0ae338879f2b7c7d3d84655b22bdad2970ec5503" "/opt/rustwide/cargo-home/bin/cargo" "+1.99.0-beta.8" "test" "--frozen" "--release", kill_on_drop: false }`
[INFO] [stderr] warning: unused import: `authentication::*`
[INFO] [stderr]   --> src/client/mod.rs:13:9
[INFO] [stderr]    |
[INFO] [stderr] 13 | pub use authentication::*;
[INFO] [stderr]    |         ^^^^^^^^^^^^^^^^^
[INFO] [stderr]    |
[INFO] [stderr]    = note: `#[warn(unused_imports)]` (part of `#[warn(unused)]`) on by default
[INFO] [stderr] 
[INFO] [stderr] warning: hiding a lifetime that's elided elsewhere is confusing
[INFO] [stderr]    --> src/client/client.rs:177:18
[INFO] [stderr]     |
[INFO] [stderr] 177 |     pub fn users(&self) -> UsersSvc {
[INFO] [stderr]     |                  ^^^^^     ^^^^^^^^ the same lifetime is hidden here
[INFO] [stderr]     |                  |
[INFO] [stderr]     |                  the lifetime is elided here
[INFO] [stderr]     |
[INFO] [stderr]     = help: the same lifetime is referred to in inconsistent ways, making the signature confusing
[INFO] [stderr]     = note: `#[warn(mismatched_lifetime_syntaxes)]` on by default
[INFO] [stderr] help: use `'_` for type paths
[INFO] [stderr]     |
[INFO] [stderr] 177 |     pub fn users(&self) -> UsersSvc<'_> {
[INFO] [stderr]     |                                    ++++
[INFO] [stderr] 
[INFO] [stderr] warning: hiding a lifetime that's elided elsewhere is confusing
[INFO] [stderr]    --> src/client/client.rs:182:19
[INFO] [stderr]     |
[INFO] [stderr] 182 |     pub fn groups(&self) -> GroupsSvc {
[INFO] [stderr]     |                   ^^^^^     ^^^^^^^^^ the same lifetime is hidden here
[INFO] [stderr]     |                   |
[INFO] [stderr]     |                   the lifetime is elided here
[INFO] [stderr]     |
[INFO] [stderr]     = help: the same lifetime is referred to in inconsistent ways, making the signature confusing
[INFO] [stderr] help: use `'_` for type paths
[INFO] [stderr]     |
[INFO] [stderr] 182 |     pub fn groups(&self) -> GroupsSvc<'_> {
[INFO] [stderr]     |                                      ++++
[INFO] [stderr] 
[INFO] [stderr] warning: hiding a lifetime that's elided elsewhere is confusing
[INFO] [stderr]    --> src/client/client.rs:187:20
[INFO] [stderr]     |
[INFO] [stderr] 187 |     pub fn friends(&self) -> FriendsSvc {
[INFO] [stderr]     |                    ^^^^^     ^^^^^^^^^^ the same lifetime is hidden here
[INFO] [stderr]     |                    |
[INFO] [stderr]     |                    the lifetime is elided here
[INFO] [stderr]     |
[INFO] [stderr]     = help: the same lifetime is referred to in inconsistent ways, making the signature confusing
[INFO] [stderr] help: use `'_` for type paths
[INFO] [stderr]     |
[INFO] [stderr] 187 |     pub fn friends(&self) -> FriendsSvc<'_> {
[INFO] [stderr]     |                                        ++++
[INFO] [stderr] 
[INFO] [stderr] warning: hiding a lifetime that's elided elsewhere is confusing
[INFO] [stderr]    --> src/client/client.rs:192:21
[INFO] [stderr]     |
[INFO] [stderr] 192 |     pub fn expenses(&self) -> ExpensesSvc {
[INFO] [stderr]     |                     ^^^^^     ^^^^^^^^^^^ the same lifetime is hidden here
[INFO] [stderr]     |                     |
[INFO] [stderr]     |                     the lifetime is elided here
[INFO] [stderr]     |
[INFO] [stderr]     = help: the same lifetime is referred to in inconsistent ways, making the signature confusing
[INFO] [stderr] help: use `'_` for type paths
[INFO] [stderr]     |
[INFO] [stderr] 192 |     pub fn expenses(&self) -> ExpensesSvc<'_> {
[INFO] [stderr]     |                                          ++++
[INFO] [stderr] 
[INFO] [stderr] warning: hiding a lifetime that's elided elsewhere is confusing
[INFO] [stderr]    --> src/client/client.rs:197:21
[INFO] [stderr]     |
[INFO] [stderr] 197 |     pub fn comments(&self) -> CommentsSvc {
[INFO] [stderr]     |                     ^^^^^     ^^^^^^^^^^^ the same lifetime is hidden here
[INFO] [stderr]     |                     |
[INFO] [stderr]     |                     the lifetime is elided here
[INFO] [stderr]     |
[INFO] [stderr]     = help: the same lifetime is referred to in inconsistent ways, making the signature confusing
[INFO] [stderr] help: use `'_` for type paths
[INFO] [stderr]     |
[INFO] [stderr] 197 |     pub fn comments(&self) -> CommentsSvc<'_> {
[INFO] [stderr]     |                                          ++++
[INFO] [stderr] 
[INFO] [stderr] warning: hiding a lifetime that's elided elsewhere is confusing
[INFO] [stderr]    --> src/client/client.rs:202:26
[INFO] [stderr]     |
[INFO] [stderr] 202 |     pub fn notifications(&self) -> NotificationsSvc {
[INFO] [stderr]     |                          ^^^^^     ^^^^^^^^^^^^^^^^ the same lifetime is hidden here
[INFO] [stderr]     |                          |
[INFO] [stderr]     |                          the lifetime is elided here
[INFO] [stderr]     |
[INFO] [stderr]     = help: the same lifetime is referred to in inconsistent ways, making the signature confusing
[INFO] [stderr] help: use `'_` for type paths
[INFO] [stderr]     |
[INFO] [stderr] 202 |     pub fn notifications(&self) -> NotificationsSvc<'_> {
[INFO] [stderr]     |                                                    ++++
[INFO] [stderr] 
[INFO] [stderr] warning: hiding a lifetime that's elided elsewhere is confusing
[INFO] [stderr]    --> src/client/client.rs:207:18
[INFO] [stderr]     |
[INFO] [stderr] 207 |     pub fn other(&self) -> OtherSvc {
[INFO] [stderr]     |                  ^^^^^     ^^^^^^^^ the same lifetime is hidden here
[INFO] [stderr]     |                  |
[INFO] [stderr]     |                  the lifetime is elided here
[INFO] [stderr]     |
[INFO] [stderr]     = help: the same lifetime is referred to in inconsistent ways, making the signature confusing
[INFO] [stderr] help: use `'_` for type paths
[INFO] [stderr]     |
[INFO] [stderr] 207 |     pub fn other(&self) -> OtherSvc<'_> {
[INFO] [stderr]     |                                    ++++
[INFO] [stderr] 
[INFO] [stderr] warning: `splitwise` (lib) generated 8 warnings (run `cargo fix --lib -p splitwise` to apply 8 suggestions)
[INFO] [stderr] warning: `splitwise` (lib test) generated 8 warnings (8 duplicates)
[INFO] [stderr]     Finished `release` profile [optimized] target(s) in 0.17s
[INFO] [stderr]      Running unittests src/lib.rs (/opt/rustwide/target/release/deps/splitwise-630d2c9e88ec2696)
[INFO] [stdout] 
[INFO] [stdout] running 13 tests
[INFO] [stdout] test client::users::integration_tests::get_current_get_update_user_works ... FAILED
[INFO] [stdout] test client::expenses::integration_tests::create_update_get_delete_undelete_list_expense_works ... FAILED
[INFO] [stdout] test client::other::integration_tests::get_categories_works ... FAILED
[INFO] [stdout] test client::comments::integration_tests::get_comments_works ... FAILED
[INFO] [stdout] test client::expenses::integration_tests::create_expense_by_shares_works ... FAILED
[INFO] [stdout] test client::groups::integration_tests::list_get_group_works ... FAILED
[INFO] [stdout] test client::friends::integration_tests::add_list_get_delete_friend_and_add_remove_user_group_works ... FAILED
[INFO] [stdout] test client::expenses::integration_tests::create_expense_equally_works ... FAILED
[INFO] [stdout] test client::other::integration_tests::parse_sentence_works ... FAILED
[INFO] [stdout] test client::groups::integration_tests::create_delete_restore_group_works ... FAILED
[INFO] [stdout] test client::other::integration_tests::get_currencies_works ... FAILED
[INFO] [stdout] test client::notifications::integration_tests::get_notifications_works ... FAILED
[INFO] [stdout] test client::comments::integration_tests::create_delete_comment_works ... FAILED
[INFO] [stdout] 
[INFO] [stdout] failures:
[INFO] [stdout] 
[INFO] [stdout] ---- client::users::integration_tests::get_current_get_update_user_works stdout ----
[INFO] [stdout] 
[INFO] [stdout] thread 'client::users::integration_tests::get_current_get_update_user_works' (3300) panicked at src/client/users.rs:63:63:
[INFO] [stdout] called `Result::unwrap()` on an `Err` value: error sending request for url (https://secure.splitwise.com/api/v3.0/get_current_user): error trying to connect: dns error: failed to lookup address information: Temporary failure in name resolution
[INFO] [stdout] 
[INFO] [stdout] Caused by:
[INFO] [stdout]     0: error trying to connect: dns error: failed to lookup address information: Temporary failure in name resolution
[INFO] [stdout]     1: dns error: failed to lookup address information: Temporary failure in name resolution
[INFO] [stdout]     2: failed to lookup address information: Temporary failure in name resolution
[INFO] [stdout] stack backtrace:
[INFO] [stdout]    0:     0x58631da79101 - <<std[70759c8f55707aa4]::sys::backtrace::BacktraceLock>::print::DisplayBacktrace as core[df12db4294e9bfd3]::fmt::Display>::fmt
[INFO] [stdout]    1:     0x58631da8fb1a - core[df12db4294e9bfd3]::fmt::write
[INFO] [stdout]    2:     0x58631da7df0c - <alloc[2182bb758b4b3781]::vec::Vec<u8> as core[df12db4294e9bfd3]::io::write::Write>::write_fmt
[INFO] [stdout]    3:     0x58631da544f6 - std[70759c8f55707aa4]::panicking::default_hook::{closure#0}
[INFO] [stdout]    4:     0x58631da71039 - std[70759c8f55707aa4]::panicking::default_hook
[INFO] [stdout]    5:     0x58631d8192f0 - test[9d35eded1c95d3be]::test_main_inner::<test[9d35eded1c95d3be]::test_main_static::{closure#0}>::{closure#0}
[INFO] [stdout]    6:     0x58631da71362 - std[70759c8f55707aa4]::panicking::panic_with_hook
[INFO] [stdout]    7:     0x58631da545a2 - std[70759c8f55707aa4]::panicking::panic_handler::{closure#0}
[INFO] [stdout]    8:     0x58631da4d009 - std[70759c8f55707aa4]::sys::backtrace::__rust_end_short_backtrace::<std[70759c8f55707aa4]::panicking::panic_handler::{closure#0}, !>
[INFO] [stdout]    9:     0x58631da5542d - __rustc[8fa7c3cbc660c2b3]::rust_begin_unwind
[INFO] [stdout]   10:     0x58631da9027c - core[df12db4294e9bfd3]::panicking::panic_fmt
[INFO] [stdout]   11:     0x58631da90052 - core[df12db4294e9bfd3]::result::unwrap_failed
[INFO] [stdout]   12:     0x58631d74a66f - <core[df12db4294e9bfd3]::pin::Pin<&mut splitwise[f76b0b744b7276e6]::client::users::integration_tests::get_current_get_update_user_works::{closure#0}> as core[df12db4294e9bfd3]::future::future::Future>::poll
[INFO] [stdout]   13:     0x58631d7550db - <tokio[9768f94a74ad61f1]::runtime::basic_scheduler::Context>::enter::<core[df12db4294e9bfd3]::task::poll::Poll<()>, <tokio[9768f94a74ad61f1]::runtime::basic_scheduler::CoreGuard>::block_on<core[df12db4294e9bfd3]::pin::Pin<&mut splitwise[f76b0b744b7276e6]::client::users::integration_tests::get_current_get_update_user_works::{closure#0}>>::{closure#0}::{closure#0}>
[INFO] [stdout]   14:     0x58631d770fca - <tokio[9768f94a74ad61f1]::macros::scoped_tls::ScopedKey<tokio[9768f94a74ad61f1]::runtime::basic_scheduler::Context>>::set::<<tokio[9768f94a74ad61f1]::runtime::basic_scheduler::CoreGuard>::enter<<tokio[9768f94a74ad61f1]::runtime::basic_scheduler::CoreGuard>::block_on<core[df12db4294e9bfd3]::pin::Pin<&mut splitwise[f76b0b744b7276e6]::client::users::integration_tests::get_current_get_update_user_works::{closure#0}>>::{closure#0}, ()>::{closure#0}, (alloc[2182bb758b4b3781]::boxed::Box<tokio[9768f94a74ad61f1]::runtime::basic_scheduler::Core>, ())>
[INFO] [stdout]   15:     0x58631d756a09 - <tokio[9768f94a74ad61f1]::runtime::basic_scheduler::BasicScheduler>::block_on::<splitwise[f76b0b744b7276e6]::client::users::integration_tests::get_current_get_update_user_works::{closure#0}>
[INFO] [stdout]   16:     0x58631d764f5a - <tokio[9768f94a74ad61f1]::runtime::Runtime>::block_on::<splitwise[f76b0b744b7276e6]::client::users::integration_tests::get_current_get_update_user_works::{closure#0}>
[INFO] [stdout]   17:     0x58631d78d650 - splitwise[f76b0b744b7276e6]::client::users::integration_tests::get_current_get_update_user_works
[INFO] [stdout]   18:     0x58631d7960b9 - <splitwise[f76b0b744b7276e6]::client::users::integration_tests::get_current_get_update_user_works::{closure#0} as core[df12db4294e9bfd3]::ops::function::FnOnce<()>>::call_once
[INFO] [stdout]   19:     0x58631d80c5db - test[9d35eded1c95d3be]::__rust_begin_short_backtrace::<core[df12db4294e9bfd3]::result::Result<(), alloc[2182bb758b4b3781]::string::String>, fn() -> core[df12db4294e9bfd3]::result::Result<(), alloc[2182bb758b4b3781]::string::String>>
[INFO] [stdout]   20:     0x58631d819c45 - test[9d35eded1c95d3be]::run_test::{closure#0}
[INFO] [stdout]   21:     0x58631d813504 - std[70759c8f55707aa4]::sys::backtrace::__rust_begin_short_backtrace::<test[9d35eded1c95d3be]::run_test::{closure#1}, ()>
[INFO] [stdout]   22:     0x58631d81cda2 - <std[70759c8f55707aa4]::thread::lifecycle::spawn_unchecked<test[9d35eded1c95d3be]::run_test::{closure#1}, ()>::{closure#1} as core[df12db4294e9bfd3]::ops::function::FnOnce<()>>::call_once::{shim:vtable#0}
[INFO] [stdout]   23:     0x58631da78629 - <std[70759c8f55707aa4]::sys::thread::unix::Thread>::new::thread_start
[INFO] [stdout]   24:     0x72e6ebd5cdfa - <unknown>
[INFO] [stdout]   25:     0x72e6ebdf03d4 - clone
[INFO] [stdout]   26:                0x0 - <unknown>
[INFO] [stdout] 
[INFO] [stdout] ---- client::expenses::integration_tests::create_update_get_delete_undelete_list_expense_works stdout ----
[INFO] [stdout] 
[INFO] [stdout] thread 'client::expenses::integration_tests::create_update_get_delete_undelete_list_expense_works' (3292) panicked at src/client/expenses.rs:185:72:
[INFO] [stdout] called `Result::unwrap()` on an `Err` value: error sending request for url (https://secure.splitwise.com/api/v3.0/create_expense): error trying to connect: dns error: failed to lookup address information: Temporary failure in name resolution
[INFO] [stdout] 
[INFO] [stdout] Caused by:
[INFO] [stdout]     0: error trying to connect: dns error: failed to lookup address information: Temporary failure in name resolution
[INFO] [stdout]     1: dns error: failed to lookup address information: Temporary failure in name resolution
[INFO] [stdout]     2: failed to lookup address information: Temporary failure in name resolution
[INFO] [stdout] stack backtrace:
[INFO] [stdout]    0:     0x58631da79101 - <<std[70759c8f55707aa4]::sys::backtrace::BacktraceLock>::print::DisplayBacktrace as core[df12db4294e9bfd3]::fmt::Display>::fmt
[INFO] [stdout]    1:     0x58631da8fb1a - core[df12db4294e9bfd3]::fmt::write
[INFO] [stdout]    2:     0x58631da7df0c - <alloc[2182bb758b4b3781]::vec::Vec<u8> as core[df12db4294e9bfd3]::io::write::Write>::write_fmt
[INFO] [stdout]    3:     0x58631da544f6 - std[70759c8f55707aa4]::panicking::default_hook::{closure#0}
[INFO] [stdout]    4:     0x58631da71039 - std[70759c8f55707aa4]::panicking::default_hook
[INFO] [stdout]    5:     0x58631d8192f0 - test[9d35eded1c95d3be]::test_main_inner::<test[9d35eded1c95d3be]::test_main_static::{closure#0}>::{closure#0}
[INFO] [stdout]    6:     0x58631da71362 - std[70759c8f55707aa4]::panicking::panic_with_hook
[INFO] [stdout]    7:     0x58631da545a2 - std[70759c8f55707aa4]::panicking::panic_handler::{closure#0}
[INFO] [stdout]    8:     0x58631da4d009 - std[70759c8f55707aa4]::sys::backtrace::__rust_end_short_backtrace::<std[70759c8f55707aa4]::panicking::panic_handler::{closure#0}, !>
[INFO] [stdout]    9:     0x58631da5542d - __rustc[8fa7c3cbc660c2b3]::rust_begin_unwind
[INFO] [stdout]   10:     0x58631da9027c - core[df12db4294e9bfd3]::panicking::panic_fmt
[INFO] [stdout]   11:     0x58631da90052 - core[df12db4294e9bfd3]::result::unwrap_failed
[INFO] [stdout]   12:     0x58631d753d6a - <core[df12db4294e9bfd3]::pin::Pin<&mut splitwise[f76b0b744b7276e6]::client::expenses::integration_tests::create_update_get_delete_undelete_list_expense_works::{closure#0}> as core[df12db4294e9bfd3]::future::future::Future>::poll
[INFO] [stdout]   13:     0x58631d755b5b - <tokio[9768f94a74ad61f1]::runtime::basic_scheduler::Context>::enter::<core[df12db4294e9bfd3]::task::poll::Poll<()>, <tokio[9768f94a74ad61f1]::runtime::basic_scheduler::CoreGuard>::block_on<core[df12db4294e9bfd3]::pin::Pin<&mut splitwise[f76b0b744b7276e6]::client::expenses::integration_tests::create_update_get_delete_undelete_list_expense_works::{closure#0}>>::{closure#0}::{closure#0}>
[INFO] [stdout]   14:     0x58631d7725ca - <tokio[9768f94a74ad61f1]::macros::scoped_tls::ScopedKey<tokio[9768f94a74ad61f1]::runtime::basic_scheduler::Context>>::set::<<tokio[9768f94a74ad61f1]::runtime::basic_scheduler::CoreGuard>::enter<<tokio[9768f94a74ad61f1]::runtime::basic_scheduler::CoreGuard>::block_on<core[df12db4294e9bfd3]::pin::Pin<&mut splitwise[f76b0b744b7276e6]::client::expenses::integration_tests::create_update_get_delete_undelete_list_expense_works::{closure#0}>>::{closure#0}, ()>::{closure#0}, (alloc[2182bb758b4b3781]::boxed::Box<tokio[9768f94a74ad61f1]::runtime::basic_scheduler::Core>, ())>
[INFO] [stdout]   15:     0x58631d758009 - <tokio[9768f94a74ad61f1]::runtime::basic_scheduler::BasicScheduler>::block_on::<splitwise[f76b0b744b7276e6]::client::expenses::integration_tests::create_update_get_delete_undelete_list_expense_works::{closure#0}>
[INFO] [stdout]   16:     0x58631d76555a - <tokio[9768f94a74ad61f1]::runtime::Runtime>::block_on::<splitwise[f76b0b744b7276e6]::client::expenses::integration_tests::create_update_get_delete_undelete_list_expense_works::{closure#0}>
[INFO] [stdout]   17:     0x58631d78da71 - splitwise[f76b0b744b7276e6]::client::expenses::integration_tests::create_update_get_delete_undelete_list_expense_works
[INFO] [stdout]   18:     0x58631d796319 - <splitwise[f76b0b744b7276e6]::client::expenses::integration_tests::create_update_get_delete_undelete_list_expense_works::{closure#0} as core[df12db4294e9bfd3]::ops::function::FnOnce<()>>::call_once
[INFO] [stdout]   19:     0x58631d80c5db - test[9d35eded1c95d3be]::__rust_begin_short_backtrace::<core[df12db4294e9bfd3]::result::Result<(), alloc[2182bb758b4b3781]::string::String>, fn() -> core[df12db4294e9bfd3]::result::Result<(), alloc[2182bb758b4b3781]::string::String>>
[INFO] [stdout]   20:     0x58631d819c45 - test[9d35eded1c95d3be]::run_test::{closure#0}
[INFO] [stdout]   21:     0x58631d813504 - std[70759c8f55707aa4]::sys::backtrace::__rust_begin_short_backtrace::<test[9d35eded1c95d3be]::run_test::{closure#1}, ()>
[INFO] [stdout]   22:     0x58631d81cda2 - <std[70759c8f55707aa4]::thread::lifecycle::spawn_unchecked<test[9d35eded1c95d3be]::run_test::{closure#1}, ()>::{closure#1} as core[df12db4294e9bfd3]::ops::function::FnOnce<()>>::call_once::{shim:vtable#0}
[INFO] [stdout]   23:     0x58631da78629 - <std[70759c8f55707aa4]::sys::thread::unix::Thread>::new::thread_start
[INFO] [stdout]   24:     0x72e6ebd5cdfa - <unknown>
[INFO] [stdout]   25:     0x72e6ebdf03d4 - clone
[INFO] [stdout]   26:                0x0 - <unknown>
[INFO] [stdout] 
[INFO] [stdout] ---- client::other::integration_tests::get_categories_works stdout ----
[INFO] [stdout] 
[INFO] [stdout] thread 'client::other::integration_tests::get_categories_works' (3297) panicked at src/client/other.rs:80:58:
[INFO] [stdout] called `Result::unwrap()` on an `Err` value: error sending request for url (https://secure.splitwise.com/api/v3.0/get_categories): error trying to connect: dns error: failed to lookup address information: Temporary failure in name resolution
[INFO] [stdout] 
[INFO] [stdout] Caused by:
[INFO] [stdout]     0: error trying to connect: dns error: failed to lookup address information: Temporary failure in name resolution
[INFO] [stdout]     1: dns error: failed to lookup address information: Temporary failure in name resolution
[INFO] [stdout]     2: failed to lookup address information: Temporary failure in name resolution
[INFO] [stdout] stack backtrace:
[INFO] [stdout]    0:     0x58631da79101 - <<std[70759c8f55707aa4]::sys::backtrace::BacktraceLock>::print::DisplayBacktrace as core[df12db4294e9bfd3]::fmt::Display>::fmt
[INFO] [stdout]    1:     0x58631da8fb1a - core[df12db4294e9bfd3]::fmt::write
[INFO] [stdout]    2:     0x58631da7df0c - <alloc[2182bb758b4b3781]::vec::Vec<u8> as core[df12db4294e9bfd3]::io::write::Write>::write_fmt
[INFO] [stdout]    3:     0x58631da544f6 - std[70759c8f55707aa4]::panicking::default_hook::{closure#0}
[INFO] [stdout]    4:     0x58631da71039 - std[70759c8f55707aa4]::panicking::default_hook
[INFO] [stdout]    5:     0x58631d8192f0 - test[9d35eded1c95d3be]::test_main_inner::<test[9d35eded1c95d3be]::test_main_static::{closure#0}>::{closure#0}
[INFO] [stdout]    6:     0x58631da71362 - std[70759c8f55707aa4]::panicking::panic_with_hook
[INFO] [stdout]    7:     0x58631da545a2 - std[70759c8f55707aa4]::panicking::panic_handler::{closure#0}
[INFO] [stdout]    8:     0x58631da4d009 - std[70759c8f55707aa4]::sys::backtrace::__rust_end_short_backtrace::<std[70759c8f55707aa4]::panicking::panic_handler::{closure#0}, !>
[INFO] [stdout]    9:     0x58631da5542d - __rustc[8fa7c3cbc660c2b3]::rust_begin_unwind
[INFO] [stdout]   10:     0x58631da9027c - core[df12db4294e9bfd3]::panicking::panic_fmt
[INFO] [stdout]   11:     0x58631da90052 - core[df12db4294e9bfd3]::result::unwrap_failed
[INFO] [stdout]   12:     0x58631d746b40 - <core[df12db4294e9bfd3]::pin::Pin<&mut splitwise[f76b0b744b7276e6]::client::other::integration_tests::get_categories_works::{closure#0}> as core[df12db4294e9bfd3]::future::future::Future>::poll
[INFO] [stdout]   13:     0x58631d754ceb - <tokio[9768f94a74ad61f1]::runtime::basic_scheduler::Context>::enter::<core[df12db4294e9bfd3]::task::poll::Poll<()>, <tokio[9768f94a74ad61f1]::runtime::basic_scheduler::CoreGuard>::block_on<core[df12db4294e9bfd3]::pin::Pin<&mut splitwise[f76b0b744b7276e6]::client::other::integration_tests::get_categories_works::{closure#0}>>::{closure#0}::{closure#0}>
[INFO] [stdout]   14:     0x58631d77078a - <tokio[9768f94a74ad61f1]::macros::scoped_tls::ScopedKey<tokio[9768f94a74ad61f1]::runtime::basic_scheduler::Context>>::set::<<tokio[9768f94a74ad61f1]::runtime::basic_scheduler::CoreGuard>::enter<<tokio[9768f94a74ad61f1]::runtime::basic_scheduler::CoreGuard>::block_on<core[df12db4294e9bfd3]::pin::Pin<&mut splitwise[f76b0b744b7276e6]::client::other::integration_tests::get_categories_works::{closure#0}>>::{closure#0}, ()>::{closure#0}, (alloc[2182bb758b4b3781]::boxed::Box<tokio[9768f94a74ad61f1]::runtime::basic_scheduler::Core>, ())>
[INFO] [stdout]   15:     0x58631d7561c9 - <tokio[9768f94a74ad61f1]::runtime::basic_scheduler::BasicScheduler>::block_on::<splitwise[f76b0b744b7276e6]::client::other::integration_tests::get_categories_works::{closure#0}>
[INFO] [stdout]   16:     0x58631d764d1c - <tokio[9768f94a74ad61f1]::runtime::Runtime>::block_on::<splitwise[f76b0b744b7276e6]::client::other::integration_tests::get_categories_works::{closure#0}>
[INFO] [stdout]   17:     0x58631d783a41 - splitwise[f76b0b744b7276e6]::client::other::integration_tests::get_categories_works
[INFO] [stdout]   18:     0x58631d796059 - <splitwise[f76b0b744b7276e6]::client::other::integration_tests::get_categories_works::{closure#0} as core[df12db4294e9bfd3]::ops::function::FnOnce<()>>::call_once
[INFO] [stdout]   19:     0x58631d80c5db - test[9d35eded1c95d3be]::__rust_begin_short_backtrace::<core[df12db4294e9bfd3]::result::Result<(), alloc[2182bb758b4b3781]::string::String>, fn() -> core[df12db4294e9bfd3]::result::Result<(), alloc[2182bb758b4b3781]::string::String>>
[INFO] [stdout]   20:     0x58631d819c45 - test[9d35eded1c95d3be]::run_test::{closure#0}
[INFO] [stdout]   21:     0x58631d813504 - std[70759c8f55707aa4]::sys::backtrace::__rust_begin_short_backtrace::<test[9d35eded1c95d3be]::run_test::{closure#1}, ()>
[INFO] [stdout]   22:     0x58631d81cda2 - <std[70759c8f55707aa4]::thread::lifecycle::spawn_unchecked<test[9d35eded1c95d3be]::run_test::{closure#1}, ()>::{closure#1} as core[df12db4294e9bfd3]::ops::function::FnOnce<()>>::call_once::{shim:vtable#0}
[INFO] [stdout]   23:     0x58631da78629 - <std[70759c8f55707aa4]::sys::thread::unix::Thread>::new::thread_start
[INFO] [stdout]   24:     0x72e6ebd5cdfa - <unknown>
[INFO] [stdout]   25:     0x72e6ebdf03d4 - clone
[INFO] [stdout]   26:                0x0 - <unknown>
[INFO] [stdout] 
[INFO] [stdout] ---- client::comments::integration_tests::get_comments_works stdout ----
[INFO] [stdout] 
[INFO] [stdout] thread 'client::comments::integration_tests::get_comments_works' (3289) panicked at src/client/comments.rs:79:14:
[INFO] [stdout] called `Result::unwrap()` on an `Err` value: error sending request for url (https://secure.splitwise.com/api/v3.0/get_comments?expense_id=1606307156): error trying to connect: dns error: failed to lookup address information: Temporary failure in name resolution
[INFO] [stdout] 
[INFO] [stdout] Caused by:
[INFO] [stdout]     0: error trying to connect: dns error: failed to lookup address information: Temporary failure in name resolution
[INFO] [stdout]     1: dns error: failed to lookup address information: Temporary failure in name resolution
[INFO] [stdout]     2: failed to lookup address information: Temporary failure in name resolution
[INFO] [stdout] stack backtrace:
[INFO] [stdout]    0:     0x58631da79101 - <<std[70759c8f55707aa4]::sys::backtrace::BacktraceLock>::print::DisplayBacktrace as core[df12db4294e9bfd3]::fmt::Display>::fmt
[INFO] [stdout]    1:     0x58631da8fb1a - core[df12db4294e9bfd3]::fmt::write
[INFO] [stdout]    2:     0x58631da7df0c - <alloc[2182bb758b4b3781]::vec::Vec<u8> as core[df12db4294e9bfd3]::io::write::Write>::write_fmt
[INFO] [stdout]    3:     0x58631da544f6 - std[70759c8f55707aa4]::panicking::default_hook::{closure#0}
[INFO] [stdout]    4:     0x58631da71039 - std[70759c8f55707aa4]::panicking::default_hook
[INFO] [stdout]    5:     0x58631d8192f0 - test[9d35eded1c95d3be]::test_main_inner::<test[9d35eded1c95d3be]::test_main_static::{closure#0}>::{closure#0}
[INFO] [stdout]    6:     0x58631da71362 - std[70759c8f55707aa4]::panicking::panic_with_hook
[INFO] [stdout]    7:     0x58631da545a2 - std[70759c8f55707aa4]::panicking::panic_handler::{closure#0}
[INFO] [stdout]    8:     0x58631da4d009 - std[70759c8f55707aa4]::sys::backtrace::__rust_end_short_backtrace::<std[70759c8f55707aa4]::panicking::panic_handler::{closure#0}, !>
[INFO] [stdout]    9:     0x58631da5542d - __rustc[8fa7c3cbc660c2b3]::rust_begin_unwind
[INFO] [stdout]   10:     0x58631da9027c - core[df12db4294e9bfd3]::panicking::panic_fmt
[INFO] [stdout]   11:     0x58631da90052 - core[df12db4294e9bfd3]::result::unwrap_failed
[INFO] [stdout]   12:     0x58631d74ee98 - <core[df12db4294e9bfd3]::pin::Pin<&mut splitwise[f76b0b744b7276e6]::client::comments::integration_tests::get_comments_works::{closure#0}> as core[df12db4294e9bfd3]::future::future::Future>::poll
[INFO] [stdout]   13:     0x58631d75561b - <tokio[9768f94a74ad61f1]::runtime::basic_scheduler::Context>::enter::<core[df12db4294e9bfd3]::task::poll::Poll<()>, <tokio[9768f94a74ad61f1]::runtime::basic_scheduler::CoreGuard>::block_on<core[df12db4294e9bfd3]::pin::Pin<&mut splitwise[f76b0b744b7276e6]::client::comments::integration_tests::get_comments_works::{closure#0}>>::{closure#0}::{closure#0}>
[INFO] [stdout]   14:     0x58631d771aca - <tokio[9768f94a74ad61f1]::macros::scoped_tls::ScopedKey<tokio[9768f94a74ad61f1]::runtime::basic_scheduler::Context>>::set::<<tokio[9768f94a74ad61f1]::runtime::basic_scheduler::CoreGuard>::enter<<tokio[9768f94a74ad61f1]::runtime::basic_scheduler::CoreGuard>::block_on<core[df12db4294e9bfd3]::pin::Pin<&mut splitwise[f76b0b744b7276e6]::client::comments::integration_tests::get_comments_works::{closure#0}>>::{closure#0}, ()>::{closure#0}, (alloc[2182bb758b4b3781]::boxed::Box<tokio[9768f94a74ad61f1]::runtime::basic_scheduler::Core>, ())>
[INFO] [stdout]   15:     0x58631d757509 - <tokio[9768f94a74ad61f1]::runtime::basic_scheduler::BasicScheduler>::block_on::<splitwise[f76b0b744b7276e6]::client::comments::integration_tests::get_comments_works::{closure#0}>
[INFO] [stdout]   16:     0x58631d76525c - <tokio[9768f94a74ad61f1]::runtime::Runtime>::block_on::<splitwise[f76b0b744b7276e6]::client::comments::integration_tests::get_comments_works::{closure#0}>
[INFO] [stdout]   17:     0x58631d779631 - splitwise[f76b0b744b7276e6]::client::comments::integration_tests::get_comments_works
[INFO] [stdout]   18:     0x58631d796299 - <splitwise[f76b0b744b7276e6]::client::comments::integration_tests::get_comments_works::{closure#0} as core[df12db4294e9bfd3]::ops::function::FnOnce<()>>::call_once
[INFO] [stdout]   19:     0x58631d80c5db - test[9d35eded1c95d3be]::__rust_begin_short_backtrace::<core[df12db4294e9bfd3]::result::Result<(), alloc[2182bb758b4b3781]::string::String>, fn() -> core[df12db4294e9bfd3]::result::Result<(), alloc[2182bb758b4b3781]::string::String>>
[INFO] [stdout]   20:     0x58631d819c45 - test[9d35eded1c95d3be]::run_test::{closure#0}
[INFO] [stdout]   21:     0x58631d813504 - std[70759c8f55707aa4]::sys::backtrace::__rust_begin_short_backtrace::<test[9d35eded1c95d3be]::run_test::{closure#1}, ()>
[INFO] [stdout]   22:     0x58631d81cda2 - <std[70759c8f55707aa4]::thread::lifecycle::spawn_unchecked<test[9d35eded1c95d3be]::run_test::{closure#1}, ()>::{closure#1} as core[df12db4294e9bfd3]::ops::function::FnOnce<()>>::call_once::{shim:vtable#0}
[INFO] [stdout]   23:     0x58631da78629 - <std[70759c8f55707aa4]::sys::thread::unix::Thread>::new::thread_start
[INFO] [stdout]   24:     0x72e6ebd5cdfa - <unknown>
[INFO] [stdout]   25:     0x72e6ebdf03d4 - clone
[INFO] [stdout]   26:                0x0 - <unknown>
[INFO] [stdout] 
[INFO] [stdout] ---- client::expenses::integration_tests::create_expense_by_shares_works stdout ----
[INFO] [stdout] 
[INFO] [stdout] thread 'client::expenses::integration_tests::create_expense_by_shares_works' (3290) panicked at src/client/expenses.rs:237:72:
[INFO] [stdout] called `Result::unwrap()` on an `Err` value: error sending request for url (https://secure.splitwise.com/api/v3.0/create_expense): error trying to connect: dns error: failed to lookup address information: Temporary failure in name resolution
[INFO] [stdout] 
[INFO] [stdout] Caused by:
[INFO] [stdout]     0: error trying to connect: dns error: failed to lookup address information: Temporary failure in name resolution
[INFO] [stdout]     1: dns error: failed to lookup address information: Temporary failure in name resolution
[INFO] [stdout]     2: failed to lookup address information: Temporary failure in name resolution
[INFO] [stdout] stack backtrace:
[INFO] [stdout]    0:     0x58631da79101 - <<std[70759c8f55707aa4]::sys::backtrace::BacktraceLock>::print::DisplayBacktrace as core[df12db4294e9bfd3]::fmt::Display>::fmt
[INFO] [stdout]    1:     0x58631da8fb1a - core[df12db4294e9bfd3]::fmt::write
[INFO] [stdout]    2:     0x58631da7df0c - <alloc[2182bb758b4b3781]::vec::Vec<u8> as core[df12db4294e9bfd3]::io::write::Write>::write_fmt
[INFO] [stdout]    3:     0x58631da544f6 - std[70759c8f55707aa4]::panicking::default_hook::{closure#0}
[INFO] [stdout]    4:     0x58631da71039 - std[70759c8f55707aa4]::panicking::default_hook
[INFO] [stdout]    5:     0x58631d8192f0 - test[9d35eded1c95d3be]::test_main_inner::<test[9d35eded1c95d3be]::test_main_static::{closure#0}>::{closure#0}
[INFO] [stdout]    6:     0x58631da71362 - std[70759c8f55707aa4]::panicking::panic_with_hook
[INFO] [stdout]    7:     0x58631da545a2 - std[70759c8f55707aa4]::panicking::panic_handler::{closure#0}
[INFO] [stdout]    8:     0x58631da4d009 - std[70759c8f55707aa4]::sys::backtrace::__rust_end_short_backtrace::<std[70759c8f55707aa4]::panicking::panic_handler::{closure#0}, !>
[INFO] [stdout]    9:     0x58631da5542d - __rustc[8fa7c3cbc660c2b3]::rust_begin_unwind
[INFO] [stdout]   10:     0x58631da9027c - core[df12db4294e9bfd3]::panicking::panic_fmt
[INFO] [stdout]   11:     0x58631da90052 - core[df12db4294e9bfd3]::result::unwrap_failed
[INFO] [stdout]   12:     0x58631d751303 - <core[df12db4294e9bfd3]::pin::Pin<&mut splitwise[f76b0b744b7276e6]::client::expenses::integration_tests::create_expense_by_shares_works::{closure#0}> as core[df12db4294e9bfd3]::future::future::Future>::poll
[INFO] [stdout]   13:     0x58631d755a0b - <tokio[9768f94a74ad61f1]::runtime::basic_scheduler::Context>::enter::<core[df12db4294e9bfd3]::task::poll::Poll<()>, <tokio[9768f94a74ad61f1]::runtime::basic_scheduler::CoreGuard>::block_on<core[df12db4294e9bfd3]::pin::Pin<&mut splitwise[f76b0b744b7276e6]::client::expenses::integration_tests::create_expense_by_shares_works::{closure#0}>>::{closure#0}::{closure#0}>
[INFO] [stdout]   14:     0x58631d77230a - <tokio[9768f94a74ad61f1]::macros::scoped_tls::ScopedKey<tokio[9768f94a74ad61f1]::runtime::basic_scheduler::Context>>::set::<<tokio[9768f94a74ad61f1]::runtime::basic_scheduler::CoreGuard>::enter<<tokio[9768f94a74ad61f1]::runtime::basic_scheduler::CoreGuard>::block_on<core[df12db4294e9bfd3]::pin::Pin<&mut splitwise[f76b0b744b7276e6]::client::expenses::integration_tests::create_expense_by_shares_works::{closure#0}>>::{closure#0}, ()>::{closure#0}, (alloc[2182bb758b4b3781]::boxed::Box<tokio[9768f94a74ad61f1]::runtime::basic_scheduler::Core>, ())>
[INFO] [stdout]   15:     0x58631d757d49 - <tokio[9768f94a74ad61f1]::runtime::basic_scheduler::BasicScheduler>::block_on::<splitwise[f76b0b744b7276e6]::client::expenses::integration_tests::create_expense_by_shares_works::{closure#0}>
[INFO] [stdout]   16:     0x58631d76549c - <tokio[9768f94a74ad61f1]::runtime::Runtime>::block_on::<splitwise[f76b0b744b7276e6]::client::expenses::integration_tests::create_expense_by_shares_works::{closure#0}>
[INFO] [stdout]   17:     0x58631d78d911 - splitwise[f76b0b744b7276e6]::client::expenses::integration_tests::create_expense_by_shares_works
[INFO] [stdout]   18:     0x58631d7962f9 - <splitwise[f76b0b744b7276e6]::client::expenses::integration_tests::create_expense_by_shares_works::{closure#0} as core[df12db4294e9bfd3]::ops::function::FnOnce<()>>::call_once
[INFO] [stdout]   19:     0x58631d80c5db - test[9d35eded1c95d3be]::__rust_begin_short_backtrace::<core[df12db4294e9bfd3]::result::Result<(), alloc[2182bb758b4b3781]::string::String>, fn() -> core[df12db4294e9bfd3]::result::Result<(), alloc[2182bb758b4b3781]::string::String>>
[INFO] [stdout]   20:     0x58631d819c45 - test[9d35eded1c95d3be]::run_test::{closure#0}
[INFO] [stdout]   21:     0x58631d813504 - std[70759c8f55707aa4]::sys::backtrace::__rust_begin_short_backtrace::<test[9d35eded1c95d3be]::run_test::{closure#1}, ()>
[INFO] [stdout]   22:     0x58631d81cda2 - <std[70759c8f55707aa4]::thread::lifecycle::spawn_unchecked<test[9d35eded1c95d3be]::run_test::{closure#1}, ()>::{closure#1} as core[df12db4294e9bfd3]::ops::function::FnOnce<()>>::call_once::{shim:vtable#0}
[INFO] [stdout]   23:     0x58631da78629 - <std[70759c8f55707aa4]::sys::thread::unix::Thread>::new::thread_start
[INFO] [stdout]   24:     0x72e6ebd5cdfa - <unknown>
[INFO] [stdout]   25:     0x72e6ebdf03d4 - clone
[INFO] [stdout]   26:                0x0 - <unknown>
[INFO] [stdout] 
[INFO] [stdout] ---- client::groups::integration_tests::list_get_group_works stdout ----
[INFO] [stdout] 
[INFO] [stdout] thread 'client::groups::integration_tests::list_get_group_works' (3295) panicked at src/client/groups.rs:135:56:
[INFO] [stdout] called `Result::unwrap()` on an `Err` value: error sending request for url (https://secure.splitwise.com/api/v3.0/get_groups): error trying to connect: dns error: failed to lookup address information: Temporary failure in name resolution
[INFO] [stdout] 
[INFO] [stdout] Caused by:
[INFO] [stdout]     0: error trying to connect: dns error: failed to lookup address information: Temporary failure in name resolution
[INFO] [stdout]     1: dns error: failed to lookup address information: Temporary failure in name resolution
[INFO] [stdout]     2: failed to lookup address information: Temporary failure in name resolution
[INFO] [stdout] stack backtrace:
[INFO] [stdout]    0:     0x58631da79101 - <<std[70759c8f55707aa4]::sys::backtrace::BacktraceLock>::print::DisplayBacktrace as core[df12db4294e9bfd3]::fmt::Display>::fmt
[INFO] [stdout]    1:     0x58631da8fb1a - core[df12db4294e9bfd3]::fmt::write
[INFO] [stdout]    2:     0x58631da7df0c - <alloc[2182bb758b4b3781]::vec::Vec<u8> as core[df12db4294e9bfd3]::io::write::Write>::write_fmt
[INFO] [stdout]    3:     0x58631da544f6 - std[70759c8f55707aa4]::panicking::default_hook::{closure#0}
[INFO] [stdout]    4:     0x58631da71039 - std[70759c8f55707aa4]::panicking::default_hook
[INFO] [stdout]    5:     0x58631d8192f0 - test[9d35eded1c95d3be]::test_main_inner::<test[9d35eded1c95d3be]::test_main_static::{closure#0}>::{closure#0}
[INFO] [stdout]    6:     0x58631da71362 - std[70759c8f55707aa4]::panicking::panic_with_hook
[INFO] [stdout]    7:     0x58631da545a2 - std[70759c8f55707aa4]::panicking::panic_handler::{closure#0}
[INFO] [stdout]    8:     0x58631da4d009 - std[70759c8f55707aa4]::sys::backtrace::__rust_end_short_backtrace::<std[70759c8f55707aa4]::panicking::panic_handler::{closure#0}, !>
[INFO] [stdout]    9:     0x58631da5542d - __rustc[8fa7c3cbc660c2b3]::rust_begin_unwind
[INFO] [stdout]   10:     0x58631da9027c - core[df12db4294e9bfd3]::panicking::panic_fmt
[INFO] [stdout]   11:     0x58631da90052 - core[df12db4294e9bfd3]::result::unwrap_failed
[INFO] [stdout]   12:     0x58631d74c12c - <core[df12db4294e9bfd3]::pin::Pin<&mut splitwise[f76b0b744b7276e6]::client::groups::integration_tests::list_get_group_works::{closure#0}> as core[df12db4294e9bfd3]::future::future::Future>::poll
[INFO] [stdout]   13:     0x58631d75522b - <tokio[9768f94a74ad61f1]::runtime::basic_scheduler::Context>::enter::<core[df12db4294e9bfd3]::task::poll::Poll<()>, <tokio[9768f94a74ad61f1]::runtime::basic_scheduler::CoreGuard>::block_on<core[df12db4294e9bfd3]::pin::Pin<&mut splitwise[f76b0b744b7276e6]::client::groups::integration_tests::list_get_group_works::{closure#0}>>::{closure#0}::{closure#0}>
[INFO] [stdout]   14:     0x58631d77128a - <tokio[9768f94a74ad61f1]::macros::scoped_tls::ScopedKey<tokio[9768f94a74ad61f1]::runtime::basic_scheduler::Context>>::set::<<tokio[9768f94a74ad61f1]::runtime::basic_scheduler::CoreGuard>::enter<<tokio[9768f94a74ad61f1]::runtime::basic_scheduler::CoreGuard>::block_on<core[df12db4294e9bfd3]::pin::Pin<&mut splitwise[f76b0b744b7276e6]::client::groups::integration_tests::list_get_group_works::{closure#0}>>::{closure#0}, ()>::{closure#0}, (alloc[2182bb758b4b3781]::boxed::Box<tokio[9768f94a74ad61f1]::runtime::basic_scheduler::Core>, ())>
[INFO] [stdout]   15:     0x58631d756cc9 - <tokio[9768f94a74ad61f1]::runtime::basic_scheduler::BasicScheduler>::block_on::<splitwise[f76b0b744b7276e6]::client::groups::integration_tests::list_get_group_works::{closure#0}>
[INFO] [stdout]   16:     0x58631d76501c - <tokio[9768f94a74ad61f1]::runtime::Runtime>::block_on::<splitwise[f76b0b744b7276e6]::client::groups::integration_tests::list_get_group_works::{closure#0}>
[INFO] [stdout]   17:     0x58631d779361 - splitwise[f76b0b744b7276e6]::client::groups::integration_tests::list_get_group_works
[INFO] [stdout]   18:     0x58631d7960d9 - <splitwise[f76b0b744b7276e6]::client::groups::integration_tests::list_get_group_works::{closure#0} as core[df12db4294e9bfd3]::ops::function::FnOnce<()>>::call_once
[INFO] [stdout]   19:     0x58631d80c5db - test[9d35eded1c95d3be]::__rust_begin_short_backtrace::<core[df12db4294e9bfd3]::result::Result<(), alloc[2182bb758b4b3781]::string::String>, fn() -> core[df12db4294e9bfd3]::result::Result<(), alloc[2182bb758b4b3781]::string::String>>
[INFO] [stdout]   20:     0x58631d819c45 - test[9d35eded1c95d3be]::run_test::{closure#0}
[INFO] [stdout]   21:     0x58631d813504 - std[70759c8f55707aa4]::sys::backtrace::__rust_begin_short_backtrace::<test[9d35eded1c95d3be]::run_test::{closure#1}, ()>
[INFO] [stdout]   22:     0x58631d81cda2 - <std[70759c8f55707aa4]::thread::lifecycle::spawn_unchecked<test[9d35eded1c95d3be]::run_test::{closure#1}, ()>::{closure#1} as core[df12db4294e9bfd3]::ops::function::FnOnce<()>>::call_once::{shim:vtable#0}
[INFO] [stdout]   23:     0x58631da78629 - <std[70759c8f55707aa4]::sys::thread::unix::Thread>::new::thread_start
[INFO] [stdout]   24:     0x72e6ebd5cdfa - <unknown>
[INFO] [stdout]   25:     0x72e6ebdf03d4 - clone
[INFO] [stdout]   26:                0x0 - <unknown>
[INFO] [stdout] 
[INFO] [stdout] ---- client::friends::integration_tests::add_list_get_delete_friend_and_add_remove_user_group_works stdout ----
[INFO] [stdout] 
[INFO] [stdout] thread 'client::friends::integration_tests::add_list_get_delete_friend_and_add_remove_user_group_works' (3293) panicked at src/client/friends.rs:120:59:
[INFO] [stdout] called `Result::unwrap()` on an `Err` value: error sending request for url (https://secure.splitwise.com/api/v3.0/create_friends): error trying to connect: dns error: failed to lookup address information: Temporary failure in name resolution
[INFO] [stdout] 
[INFO] [stdout] Caused by:
[INFO] [stdout]     0: error trying to connect: dns error: failed to lookup address information: Temporary failure in name resolution
[INFO] [stdout]     1: dns error: failed to lookup address information: Temporary failure in name resolution
[INFO] [stdout]     2: failed to lookup address information: Temporary failure in name resolution
[INFO] [stdout] stack backtrace:
[INFO] [stdout]    0:     0x58631da79101 - <<std[70759c8f55707aa4]::sys::backtrace::BacktraceLock>::print::DisplayBacktrace as core[df12db4294e9bfd3]::fmt::Display>::fmt
[INFO] [stdout]    1:     0x58631da8fb1a - core[df12db4294e9bfd3]::fmt::write
[INFO] [stdout]    2:     0x58631da7df0c - <alloc[2182bb758b4b3781]::vec::Vec<u8> as core[df12db4294e9bfd3]::io::write::Write>::write_fmt
[INFO] [stdout]    3:     0x58631da544f6 - std[70759c8f55707aa4]::panicking::default_hook::{closure#0}
[INFO] [stdout]    4:     0x58631da71039 - std[70759c8f55707aa4]::panicking::default_hook
[INFO] [stdout]    5:     0x58631d8192f0 - test[9d35eded1c95d3be]::test_main_inner::<test[9d35eded1c95d3be]::test_main_static::{closure#0}>::{closure#0}
[INFO] [stdout]    6:     0x58631da71362 - std[70759c8f55707aa4]::panicking::panic_with_hook
[INFO] [stdout]    7:     0x58631da545a2 - std[70759c8f55707aa4]::panicking::panic_handler::{closure#0}
[INFO] [stdout]    8:     0x58631da4d009 - std[70759c8f55707aa4]::sys::backtrace::__rust_end_short_backtrace::<std[70759c8f55707aa4]::panicking::panic_handler::{closure#0}, !>
[INFO] [stdout]    9:     0x58631da5542d - __rustc[8fa7c3cbc660c2b3]::rust_begin_unwind
[INFO] [stdout]   10:     0x58631da9027c - core[df12db4294e9bfd3]::panicking::panic_fmt
[INFO] [stdout]   11:     0x58631da90052 - core[df12db4294e9bfd3]::result::unwrap_failed
[INFO] [stdout]   12:     0x58631d743152 - splitwise[f76b0b744b7276e6]::client::friends::integration_tests::add_list_get_delete_friend_and_add_remove_user_group_works::{closure#0}::test_impl::{closure#0}
[INFO] [stdout]   13:     0x58631d74e1df - <core[df12db4294e9bfd3]::pin::Pin<&mut splitwise[f76b0b744b7276e6]::client::friends::integration_tests::add_list_get_delete_friend_and_add_remove_user_group_works::{closure#0}> as core[df12db4294e9bfd3]::future::future::Future>::poll
[INFO] [stdout]   14:     0x58631d7554cb - <tokio[9768f94a74ad61f1]::runtime::basic_scheduler::Context>::enter::<core[df12db4294e9bfd3]::task::poll::Poll<()>, <tokio[9768f94a74ad61f1]::runtime::basic_scheduler::CoreGuard>::block_on<core[df12db4294e9bfd3]::pin::Pin<&mut splitwise[f76b0b744b7276e6]::client::friends::integration_tests::add_list_get_delete_friend_and_add_remove_user_group_works::{closure#0}>>::{closure#0}::{closure#0}>
[INFO] [stdout]   15:     0x58631d77180a - <tokio[9768f94a74ad61f1]::macros::scoped_tls::ScopedKey<tokio[9768f94a74ad61f1]::runtime::basic_scheduler::Context>>::set::<<tokio[9768f94a74ad61f1]::runtime::basic_scheduler::CoreGuard>::enter<<tokio[9768f94a74ad61f1]::runtime::basic_scheduler::CoreGuard>::block_on<core[df12db4294e9bfd3]::pin::Pin<&mut splitwise[f76b0b744b7276e6]::client::friends::integration_tests::add_list_get_delete_friend_and_add_remove_user_group_works::{closure#0}>>::{closure#0}, ()>::{closure#0}, (alloc[2182bb758b4b3781]::boxed::Box<tokio[9768f94a74ad61f1]::runtime::basic_scheduler::Core>, ())>
[INFO] [stdout]   16:     0x58631d757249 - <tokio[9768f94a74ad61f1]::runtime::basic_scheduler::BasicScheduler>::block_on::<splitwise[f76b0b744b7276e6]::client::friends::integration_tests::add_list_get_delete_friend_and_add_remove_user_group_works::{closure#0}>
[INFO] [stdout]   17:     0x58631d76519a - <tokio[9768f94a74ad61f1]::runtime::Runtime>::block_on::<splitwise[f76b0b744b7276e6]::client::friends::integration_tests::add_list_get_delete_friend_and_add_remove_user_group_works::{closure#0}>
[INFO] [stdout]   18:     0x58631d7961b9 - <splitwise[f76b0b744b7276e6]::client::friends::integration_tests::add_list_get_delete_friend_and_add_remove_user_group_works::{closure#0} as core[df12db4294e9bfd3]::ops::function::FnOnce<()>>::call_once
[INFO] [stdout]   19:     0x58631d80c5db - test[9d35eded1c95d3be]::__rust_begin_short_backtrace::<core[df12db4294e9bfd3]::result::Result<(), alloc[2182bb758b4b3781]::string::String>, fn() -> core[df12db4294e9bfd3]::result::Result<(), alloc[2182bb758b4b3781]::string::String>>
[INFO] [stdout]   20:     0x58631d819c45 - test[9d35eded1c95d3be]::run_test::{closure#0}
[INFO] [stdout]   21:     0x58631d813504 - std[70759c8f55707aa4]::sys::backtrace::__rust_begin_short_backtrace::<test[9d35eded1c95d3be]::run_test::{closure#1}, ()>
[INFO] [stdout]   22:     0x58631d81cda2 - <std[70759c8f55707aa4]::thread::lifecycle::spawn_unchecked<test[9d35eded1c95d3be]::run_test::{closure#1}, ()>::{closure#1} as core[df12db4294e9bfd3]::ops::function::FnOnce<()>>::call_once::{shim:vtable#0}
[INFO] [stdout]   23:     0x58631da78629 - <std[70759c8f55707aa4]::sys::thread::unix::Thread>::new::thread_start
[INFO] [stdout]   24:     0x72e6ebd5cdfa - <unknown>
[INFO] [stdout]   25:     0x72e6ebdf03d4 - clone
[INFO] [stdout]   26:                0x0 - <unknown>
[INFO] [stdout] 
[INFO] [stdout] ---- client::expenses::integration_tests::create_expense_equally_works stdout ----
[INFO] [stdout] 
[INFO] [stdout] thread 'client::expenses::integration_tests::create_expense_equally_works' (3291) panicked at src/client/expenses.rs:217:72:
[INFO] [stdout] called `Result::unwrap()` on an `Err` value: error sending request for url (https://secure.splitwise.com/api/v3.0/create_expense): error trying to connect: dns error: failed to lookup address information: Temporary failure in name resolution
[INFO] [stdout] 
[INFO] [stdout] Caused by:
[INFO] [stdout]     0: error trying to connect: dns error: failed to lookup address information: Temporary failure in name resolution
[INFO] [stdout]     1: dns error: failed to lookup address information: Temporary failure in name resolution
[INFO] [stdout]     2: failed to lookup address information: Temporary failure in name resolution
[INFO] [stdout] stack backtrace:
[INFO] [stdout]    0:     0x58631da79101 - <<std[70759c8f55707aa4]::sys::backtrace::BacktraceLock>::print::DisplayBacktrace as core[df12db4294e9bfd3]::fmt::Display>::fmt
[INFO] [stdout]    1:     0x58631da8fb1a - core[df12db4294e9bfd3]::fmt::write
[INFO] [stdout]    2:     0x58631da7df0c - <alloc[2182bb758b4b3781]::vec::Vec<u8> as core[df12db4294e9bfd3]::io::write::Write>::write_fmt
[INFO] [stdout]    3:     0x58631da544f6 - std[70759c8f55707aa4]::panicking::default_hook::{closure#0}
[INFO] [stdout]    4:     0x58631da71039 - std[70759c8f55707aa4]::panicking::default_hook
[INFO] [stdout]    5:     0x58631d8192f0 - test[9d35eded1c95d3be]::test_main_inner::<test[9d35eded1c95d3be]::test_main_static::{closure#0}>::{closure#0}
[INFO] [stdout]    6:     0x58631da71362 - std[70759c8f55707aa4]::panicking::panic_with_hook
[INFO] [stdout]    7:     0x58631da545a2 - std[70759c8f55707aa4]::panicking::panic_handler::{closure#0}
[INFO] [stdout]    8:     0x58631da4d009 - std[70759c8f55707aa4]::sys::backtrace::__rust_end_short_backtrace::<std[70759c8f55707aa4]::panicking::panic_handler::{closure#0}, !>
[INFO] [stdout]    9:     0x58631da5542d - __rustc[8fa7c3cbc660c2b3]::rust_begin_unwind
[INFO] [stdout]   10:     0x58631da9027c - core[df12db4294e9bfd3]::panicking::panic_fmt
[INFO] [stdout]   11:     0x58631da90052 - core[df12db4294e9bfd3]::result::unwrap_failed
[INFO] [stdout]   12:     0x58631d750aae - <core[df12db4294e9bfd3]::pin::Pin<&mut splitwise[f76b0b744b7276e6]::client::expenses::integration_tests::create_expense_equally_works::{closure#0}> as core[df12db4294e9bfd3]::future::future::Future>::poll
[INFO] [stdout]   13:     0x58631d7558bb - <tokio[9768f94a74ad61f1]::runtime::basic_scheduler::Context>::enter::<core[df12db4294e9bfd3]::task::poll::Poll<()>, <tokio[9768f94a74ad61f1]::runtime::basic_scheduler::CoreGuard>::block_on<core[df12db4294e9bfd3]::pin::Pin<&mut splitwise[f76b0b744b7276e6]::client::expenses::integration_tests::create_expense_equally_works::{closure#0}>>::{closure#0}::{closure#0}>
[INFO] [stdout]   14:     0x58631d77204a - <tokio[9768f94a74ad61f1]::macros::scoped_tls::ScopedKey<tokio[9768f94a74ad61f1]::runtime::basic_scheduler::Context>>::set::<<tokio[9768f94a74ad61f1]::runtime::basic_scheduler::CoreGuard>::enter<<tokio[9768f94a74ad61f1]::runtime::basic_scheduler::CoreGuard>::block_on<core[df12db4294e9bfd3]::pin::Pin<&mut splitwise[f76b0b744b7276e6]::client::expenses::integration_tests::create_expense_equally_works::{closure#0}>>::{closure#0}, ()>::{closure#0}, (alloc[2182bb758b4b3781]::boxed::Box<tokio[9768f94a74ad61f1]::runtime::basic_scheduler::Core>, ())>
[INFO] [stdout]   15:     0x58631d757a89 - <tokio[9768f94a74ad61f1]::runtime::basic_scheduler::BasicScheduler>::block_on::<splitwise[f76b0b744b7276e6]::client::expenses::integration_tests::create_expense_equally_works::{closure#0}>
[INFO] [stdout]   16:     0x58631d7653dc - <tokio[9768f94a74ad61f1]::runtime::Runtime>::block_on::<splitwise[f76b0b744b7276e6]::client::expenses::integration_tests::create_expense_equally_works::{closure#0}>
[INFO] [stdout]   17:     0x58631d78d7b1 - splitwise[f76b0b744b7276e6]::client::expenses::integration_tests::create_expense_equally_works
[INFO] [stdout]   18:     0x58631d7962d9 - <splitwise[f76b0b744b7276e6]::client::expenses::integration_tests::create_expense_equally_works::{closure#0} as core[df12db4294e9bfd3]::ops::function::FnOnce<()>>::call_once
[INFO] [stdout]   19:     0x58631d80c5db - test[9d35eded1c95d3be]::__rust_begin_short_backtrace::<core[df12db4294e9bfd3]::result::Result<(), alloc[2182bb758b4b3781]::string::String>, fn() -> core[df12db4294e9bfd3]::result::Result<(), alloc[2182bb758b4b3781]::string::String>>
[INFO] [stdout]   20:     0x58631d819c45 - test[9d35eded1c95d3be]::run_test::{closure#0}
[INFO] [stdout]   21:     0x58631d813504 - std[70759c8f55707aa4]::sys::backtrace::__rust_begin_short_backtrace::<test[9d35eded1c95d3be]::run_test::{closure#1}, ()>
[INFO] [stdout]   22:     0x58631d81cda2 - <std[70759c8f55707aa4]::thread::lifecycle::spawn_unchecked<test[9d35eded1c95d3be]::run_test::{closure#1}, ()>::{closure#1} as core[df12db4294e9bfd3]::ops::function::FnOnce<()>>::call_once::{shim:vtable#0}
[INFO] [stdout]   23:     0x58631da78629 - <std[70759c8f55707aa4]::sys::thread::unix::Thread>::new::thread_start
[INFO] [stdout]   24:     0x72e6ebd5cdfa - <unknown>
[INFO] [stdout]   25:     0x72e6ebdf03d4 - clone
[INFO] [stdout]   26:                0x0 - <unknown>
[INFO] [stdout] 
[INFO] [stdout] ---- client::other::integration_tests::parse_sentence_works stdout ----
[INFO] [stdout] 
[INFO] [stdout] thread 'client::other::integration_tests::parse_sentence_works' (3299) panicked at src/client/other.rs:93:14:
[INFO] [stdout] called `Result::unwrap()` on an `Err` value: error sending request for url (https://secure.splitwise.com/api/v3.0/parse_sentence): error trying to connect: dns error: failed to lookup address information: Temporary failure in name resolution
[INFO] [stdout] 
[INFO] [stdout] Caused by:
[INFO] [stdout]     0: error trying to connect: dns error: failed to lookup address information: Temporary failure in name resolution
[INFO] [stdout]     1: dns error: failed to lookup address information: Temporary failure in name resolution
[INFO] [stdout]     2: failed to lookup address information: Temporary failure in name resolution
[INFO] [stdout] stack backtrace:
[INFO] [stdout]    0:     0x58631da79101 - <<std[70759c8f55707aa4]::sys::backtrace::BacktraceLock>::print::DisplayBacktrace as core[df12db4294e9bfd3]::fmt::Display>::fmt
[INFO] [stdout]    1:     0x58631da8fb1a - core[df12db4294e9bfd3]::fmt::write
[INFO] [stdout]    2:     0x58631da7df0c - <alloc[2182bb758b4b3781]::vec::Vec<u8> as core[df12db4294e9bfd3]::io::write::Write>::write_fmt
[INFO] [stdout]    3:     0x58631da544f6 - std[70759c8f55707aa4]::panicking::default_hook::{closure#0}
[INFO] [stdout]    4:     0x58631da71039 - std[70759c8f55707aa4]::panicking::default_hook
[INFO] [stdout]    5:     0x58631d8192f0 - test[9d35eded1c95d3be]::test_main_inner::<test[9d35eded1c95d3be]::test_main_static::{closure#0}>::{closure#0}
[INFO] [stdout]    6:     0x58631da71362 - std[70759c8f55707aa4]::panicking::panic_with_hook
[INFO] [stdout]    7:     0x58631da545a2 - std[70759c8f55707aa4]::panicking::panic_handler::{closure#0}
[INFO] [stdout]    8:     0x58631da4d009 - std[70759c8f55707aa4]::sys::backtrace::__rust_end_short_backtrace::<std[70759c8f55707aa4]::panicking::panic_handler::{closure#0}, !>
[INFO] [stdout]    9:     0x58631da5542d - __rustc[8fa7c3cbc660c2b3]::rust_begin_unwind
[INFO] [stdout]   10:     0x58631da9027c - core[df12db4294e9bfd3]::panicking::panic_fmt
[INFO] [stdout]   11:     0x58631da90052 - core[df12db4294e9bfd3]::result::unwrap_failed
[INFO] [stdout]   12:     0x58631d748b39 - <core[df12db4294e9bfd3]::pin::Pin<&mut splitwise[f76b0b744b7276e6]::client::other::integration_tests::parse_sentence_works::{closure#0}> as core[df12db4294e9bfd3]::future::future::Future>::poll
[INFO] [stdout]   13:     0x58631d754f8b - <tokio[9768f94a74ad61f1]::runtime::basic_scheduler::Context>::enter::<core[df12db4294e9bfd3]::task::poll::Poll<()>, <tokio[9768f94a74ad61f1]::runtime::basic_scheduler::CoreGuard>::block_on<core[df12db4294e9bfd3]::pin::Pin<&mut splitwise[f76b0b744b7276e6]::client::other::integration_tests::parse_sentence_works::{closure#0}>>::{closure#0}::{closure#0}>
[INFO] [stdout]   14:     0x58631d770d0a - <tokio[9768f94a74ad61f1]::macros::scoped_tls::ScopedKey<tokio[9768f94a74ad61f1]::runtime::basic_scheduler::Context>>::set::<<tokio[9768f94a74ad61f1]::runtime::basic_scheduler::CoreGuard>::enter<<tokio[9768f94a74ad61f1]::runtime::basic_scheduler::CoreGuard>::block_on<core[df12db4294e9bfd3]::pin::Pin<&mut splitwise[f76b0b744b7276e6]::client::other::integration_tests::parse_sentence_works::{closure#0}>>::{closure#0}, ()>::{closure#0}, (alloc[2182bb758b4b3781]::boxed::Box<tokio[9768f94a74ad61f1]::runtime::basic_scheduler::Core>, ())>
[INFO] [stdout]   15:     0x58631d756749 - <tokio[9768f94a74ad61f1]::runtime::basic_scheduler::BasicScheduler>::block_on::<splitwise[f76b0b744b7276e6]::client::other::integration_tests::parse_sentence_works::{closure#0}>
[INFO] [stdout]   16:     0x58631d764e9a - <tokio[9768f94a74ad61f1]::runtime::Runtime>::block_on::<splitwise[f76b0b744b7276e6]::client::other::integration_tests::parse_sentence_works::{closure#0}>
[INFO] [stdout]   17:     0x58631d783d01 - splitwise[f76b0b744b7276e6]::client::other::integration_tests::parse_sentence_works
[INFO] [stdout]   18:     0x58631d796099 - <splitwise[f76b0b744b7276e6]::client::other::integration_tests::parse_sentence_works::{closure#0} as core[df12db4294e9bfd3]::ops::function::FnOnce<()>>::call_once
[INFO] [stdout]   19:     0x58631d80c5db - test[9d35eded1c95d3be]::__rust_begin_short_backtrace::<core[df12db4294e9bfd3]::result::Result<(), alloc[2182bb758b4b3781]::string::String>, fn() -> core[df12db4294e9bfd3]::result::Result<(), alloc[2182bb758b4b3781]::string::String>>
[INFO] [stdout]   20:     0x58631d819c45 - test[9d35eded1c95d3be]::run_test::{closure#0}
[INFO] [stdout]   21:     0x58631d813504 - std[70759c8f55707aa4]::sys::backtrace::__rust_begin_short_backtrace::<test[9d35eded1c95d3be]::run_test::{closure#1}, ()>
[INFO] [stdout]   22:     0x58631d81cda2 - <std[70759c8f55707aa4]::thread::lifecycle::spawn_unchecked<test[9d35eded1c95d3be]::run_test::{closure#1}, ()>::{closure#1} as core[df12db4294e9bfd3]::ops::function::FnOnce<()>>::call_once::{shim:vtable#0}
[INFO] [stdout]   23:     0x58631da78629 - <std[70759c8f55707aa4]::sys::thread::unix::Thread>::new::thread_start
[INFO] [stdout]   24:     0x72e6ebd5cdfa - <unknown>
[INFO] [stdout]   25:     0x72e6ebdf03d4 - clone
[INFO] [stdout]   26:                0x0 - <unknown>
[INFO] [stdout] 
[INFO] [stdout] ---- client::groups::integration_tests::create_delete_restore_group_works stdout ----
[INFO] [stdout] 
[INFO] [stdout] thread 'client::groups::integration_tests::create_delete_restore_group_works' (3294) panicked at src/client/groups.rs:159:14:
[INFO] [stdout] called `Result::unwrap()` on an `Err` value: error sending request for url (https://secure.splitwise.com/api/v3.0/create_group): error trying to connect: dns error: failed to lookup address information: Temporary failure in name resolution
[INFO] [stdout] 
[INFO] [stdout] Caused by:
[INFO] [stdout]     0: error trying to connect: dns error: failed to lookup address information: Temporary failure in name resolution
[INFO] [stdout]     1: dns error: failed to lookup address information: Temporary failure in name resolution
[INFO] [stdout]     2: failed to lookup address information: Temporary failure in name resolution
[INFO] [stdout] stack backtrace:
[INFO] [stdout]    0:     0x58631da79101 - <<std[70759c8f55707aa4]::sys::backtrace::BacktraceLock>::print::DisplayBacktrace as core[df12db4294e9bfd3]::fmt::Display>::fmt
[INFO] [stdout]    1:     0x58631da8fb1a - core[df12db4294e9bfd3]::fmt::write
[INFO] [stdout]    2:     0x58631da7df0c - <alloc[2182bb758b4b3781]::vec::Vec<u8> as core[df12db4294e9bfd3]::io::write::Write>::write_fmt
[INFO] [stdout]    3:     0x58631da544f6 - std[70759c8f55707aa4]::panicking::default_hook::{closure#0}
[INFO] [stdout]    4:     0x58631da71039 - std[70759c8f55707aa4]::panicking::default_hook
[INFO] [stdout]    5:     0x58631d8192f0 - test[9d35eded1c95d3be]::test_main_inner::<test[9d35eded1c95d3be]::test_main_static::{closure#0}>::{closure#0}
[INFO] [stdout]    6:     0x58631da71362 - std[70759c8f55707aa4]::panicking::panic_with_hook
[INFO] [stdout]    7:     0x58631da545a2 - std[70759c8f55707aa4]::panicking::panic_handler::{closure#0}
[INFO] [stdout]    8:     0x58631da4d009 - std[70759c8f55707aa4]::sys::backtrace::__rust_end_short_backtrace::<std[70759c8f55707aa4]::panicking::panic_handler::{closure#0}, !>
[INFO] [stdout]    9:     0x58631da5542d - __rustc[8fa7c3cbc660c2b3]::rust_begin_unwind
[INFO] [stdout]   10:     0x58631da9027c - core[df12db4294e9bfd3]::panicking::panic_fmt
[INFO] [stdout]   11:     0x58631da90052 - core[df12db4294e9bfd3]::result::unwrap_failed
[INFO] [stdout]   12:     0x58631d74da28 - <core[df12db4294e9bfd3]::pin::Pin<&mut splitwise[f76b0b744b7276e6]::client::groups::integration_tests::create_delete_restore_group_works::{closure#0}> as core[df12db4294e9bfd3]::future::future::Future>::poll
[INFO] [stdout]   13:     0x58631d75537b - <tokio[9768f94a74ad61f1]::runtime::basic_scheduler::Context>::enter::<core[df12db4294e9bfd3]::task::poll::Poll<()>, <tokio[9768f94a74ad61f1]::runtime::basic_scheduler::CoreGuard>::block_on<core[df12db4294e9bfd3]::pin::Pin<&mut splitwise[f76b0b744b7276e6]::client::groups::integration_tests::create_delete_restore_group_works::{closure#0}>>::{closure#0}::{closure#0}>
[INFO] [stdout]   14:     0x58631d77154a - <tokio[9768f94a74ad61f1]::macros::scoped_tls::ScopedKey<tokio[9768f94a74ad61f1]::runtime::basic_scheduler::Context>>::set::<<tokio[9768f94a74ad61f1]::runtime::basic_scheduler::CoreGuard>::enter<<tokio[9768f94a74ad61f1]::runtime::basic_scheduler::CoreGuard>::block_on<core[df12db4294e9bfd3]::pin::Pin<&mut splitwise[f76b0b744b7276e6]::client::groups::integration_tests::create_delete_restore_group_works::{closure#0}>>::{closure#0}, ()>::{closure#0}, (alloc[2182bb758b4b3781]::boxed::Box<tokio[9768f94a74ad61f1]::runtime::basic_scheduler::Core>, ())>
[INFO] [stdout]   15:     0x58631d756f89 - <tokio[9768f94a74ad61f1]::runtime::basic_scheduler::BasicScheduler>::block_on::<splitwise[f76b0b744b7276e6]::client::groups::integration_tests::create_delete_restore_group_works::{closure#0}>
[INFO] [stdout]   16:     0x58631d7650dc - <tokio[9768f94a74ad61f1]::runtime::Runtime>::block_on::<splitwise[f76b0b744b7276e6]::client::groups::integration_tests::create_delete_restore_group_works::{closure#0}>
[INFO] [stdout]   17:     0x58631d7794d0 - splitwise[f76b0b744b7276e6]::client::groups::integration_tests::create_delete_restore_group_works
[INFO] [stdout]   18:     0x58631d7960f9 - <splitwise[f76b0b744b7276e6]::client::groups::integration_tests::create_delete_restore_group_works::{closure#0} as core[df12db4294e9bfd3]::ops::function::FnOnce<()>>::call_once
[INFO] [stdout]   19:     0x58631d80c5db - test[9d35eded1c95d3be]::__rust_begin_short_backtrace::<core[df12db4294e9bfd3]::result::Result<(), alloc[2182bb758b4b3781]::string::String>, fn() -> core[df12db4294e9bfd3]::result::Result<(), alloc[2182bb758b4b3781]::string::String>>
[INFO] [stdout]   20:     0x58631d819c45 - test[9d35eded1c95d3be]::run_test::{closure#0}
[INFO] [stdout]   21:     0x58631d813504 - std[70759c8f55707aa4]::sys::backtrace::__rust_begin_short_backtrace::<test[9d35eded1c95d3be]::run_test::{closure#1}, ()>
[INFO] [stdout]   22:     0x58631d81cda2 - <std[70759c8f55707aa4]::thread::lifecycle::spawn_unchecked<test[9d35eded1c95d3be]::run_test::{closure#1}, ()>::{closure#1} as core[df12db4294e9bfd3]::ops::function::FnOnce<()>>::call_once::{shim:vtable#0}
[INFO] [stdout]   23:     0x58631da78629 - <std[70759c8f55707aa4]::sys::thread::unix::Thread>::new::thread_start
[INFO] [stdout]   24:     0x72e6ebd5cdfa - <unknown>
[INFO] [stdout]   25:     0x72e6ebdf03d4 - clone
[INFO] [stdout]   26:                0x0 - <unknown>
[INFO] [stdout] 
[INFO] [stdout] ---- client::other::integration_tests::get_currencies_works stdout ----
[INFO] [stdout] 
[INFO] [stdout] thread 'client::other::integration_tests::get_currencies_works' (3298) panicked at src/client/other.rs:75:58:
[INFO] [stdout] called `Result::unwrap()` on an `Err` value: error sending request for url (https://secure.splitwise.com/api/v3.0/get_currencies): error trying to connect: dns error: failed to lookup address information: Temporary failure in name resolution
[INFO] [stdout] 
[INFO] [stdout] Caused by:
[INFO] [stdout]     0: error trying to connect: dns error: failed to lookup address information: Temporary failure in name resolution
[INFO] [stdout]     1: dns error: failed to lookup address information: Temporary failure in name resolution
[INFO] [stdout]     2: failed to lookup address information: Temporary failure in name resolution
[INFO] [stdout] stack backtrace:
[INFO] [stdout]    0:     0x58631da79101 - <<std[70759c8f55707aa4]::sys::backtrace::BacktraceLock>::print::DisplayBacktrace as core[df12db4294e9bfd3]::fmt::Display>::fmt
[INFO] [stdout]    1:     0x58631da8fb1a - core[df12db4294e9bfd3]::fmt::write
[INFO] [stdout]    2:     0x58631da7df0c - <alloc[2182bb758b4b3781]::vec::Vec<u8> as core[df12db4294e9bfd3]::io::write::Write>::write_fmt
[INFO] [stdout]    3:     0x58631da544f6 - std[70759c8f55707aa4]::panicking::default_hook::{closure#0}
[INFO] [stdout]    4:     0x58631da71039 - std[70759c8f55707aa4]::panicking::default_hook
[INFO] [stdout]    5:     0x58631d8192f0 - test[9d35eded1c95d3be]::test_main_inner::<test[9d35eded1c95d3be]::test_main_static::{closure#0}>::{closure#0}
[INFO] [stdout]    6:     0x58631da71362 - std[70759c8f55707aa4]::panicking::panic_with_hook
[INFO] [stdout]    7:     0x58631da545a2 - std[70759c8f55707aa4]::panicking::panic_handler::{closure#0}
[INFO] [stdout]    8:     0x58631da4d009 - std[70759c8f55707aa4]::sys::backtrace::__rust_end_short_backtrace::<std[70759c8f55707aa4]::panicking::panic_handler::{closure#0}, !>
[INFO] [stdout]    9:     0x58631da5542d - __rustc[8fa7c3cbc660c2b3]::rust_begin_unwind
[INFO] [stdout]   10:     0x58631da9027c - core[df12db4294e9bfd3]::panicking::panic_fmt
[INFO] [stdout]   11:     0x58631da90052 - core[df12db4294e9bfd3]::result::unwrap_failed
[INFO] [stdout]   12:     0x58631d7479d5 - <core[df12db4294e9bfd3]::pin::Pin<&mut splitwise[f76b0b744b7276e6]::client::other::integration_tests::get_currencies_works::{closure#0}> as core[df12db4294e9bfd3]::future::future::Future>::poll
[INFO] [stdout]   13:     0x58631d754e3b - <tokio[9768f94a74ad61f1]::runtime::basic_scheduler::Context>::enter::<core[df12db4294e9bfd3]::task::poll::Poll<()>, <tokio[9768f94a74ad61f1]::runtime::basic_scheduler::CoreGuard>::block_on<core[df12db4294e9bfd3]::pin::Pin<&mut splitwise[f76b0b744b7276e6]::client::other::integration_tests::get_currencies_works::{closure#0}>>::{closure#0}::{closure#0}>
[INFO] [stdout]   14:     0x58631d770a4a - <tokio[9768f94a74ad61f1]::macros::scoped_tls::ScopedKey<tokio[9768f94a74ad61f1]::runtime::basic_scheduler::Context>>::set::<<tokio[9768f94a74ad61f1]::runtime::basic_scheduler::CoreGuard>::enter<<tokio[9768f94a74ad61f1]::runtime::basic_scheduler::CoreGuard>::block_on<core[df12db4294e9bfd3]::pin::Pin<&mut splitwise[f76b0b744b7276e6]::client::other::integration_tests::get_currencies_works::{closure#0}>>::{closure#0}, ()>::{closure#0}, (alloc[2182bb758b4b3781]::boxed::Box<tokio[9768f94a74ad61f1]::runtime::basic_scheduler::Core>, ())>
[INFO] [stdout]   15:     0x58631d756489 - <tokio[9768f94a74ad61f1]::runtime::basic_scheduler::BasicScheduler>::block_on::<splitwise[f76b0b744b7276e6]::client::other::integration_tests::get_currencies_works::{closure#0}>
[INFO] [stdout]   16:     0x58631d764ddc - <tokio[9768f94a74ad61f1]::runtime::Runtime>::block_on::<splitwise[f76b0b744b7276e6]::client::other::integration_tests::get_currencies_works::{closure#0}>
[INFO] [stdout]   17:     0x58631d783ba1 - splitwise[f76b0b744b7276e6]::client::other::integration_tests::get_currencies_works
[INFO] [stdout]   18:     0x58631d796079 - <splitwise[f76b0b744b7276e6]::client::other::integration_tests::get_currencies_works::{closure#0} as core[df12db4294e9bfd3]::ops::function::FnOnce<()>>::call_once
[INFO] [stdout]   19:     0x58631d80c5db - test[9d35eded1c95d3be]::__rust_begin_short_backtrace::<core[df12db4294e9bfd3]::result::Result<(), alloc[2182bb758b4b3781]::string::String>, fn() -> core[df12db4294e9bfd3]::result::Result<(), alloc[2182bb758b4b3781]::string::String>>
[INFO] [stdout]   20:     0x58631d819c45 - test[9d35eded1c95d3be]::run_test::{closure#0}
[INFO] [stdout]   21:     0x58631d813504 - std[70759c8f55707aa4]::sys::backtrace::__rust_begin_short_backtrace::<test[9d35eded1c95d3be]::run_test::{closure#1}, ()>
[INFO] [stdout]   22:     0x58631d81cda2 - <std[70759c8f55707aa4]::thread::lifecycle::spawn_unchecked<test[9d35eded1c95d3be]::run_test::{closure#1}, ()>::{closure#1} as core[df12db4294e9bfd3]::ops::function::FnOnce<()>>::call_once::{shim:vtable#0}
[INFO] [stdout]   23:     0x58631da78629 - <std[70759c8f55707aa4]::sys::thread::unix::Thread>::new::thread_start
[INFO] [stdout]   24:     0x72e6ebd5cdfa - <unknown>
[INFO] [stdout]   25:     0x72e6ebdf03d4 - clone
[INFO] [stdout]   26:                0x0 - <unknown>
[INFO] [stdout] 
[INFO] [stdout] ---- client::notifications::integration_tests::get_notifications_works stdout ----
[INFO] [stdout] 
[INFO] [stdout] thread 'client::notifications::integration_tests::get_notifications_works' (3296) panicked at src/client/notifications.rs:55:14:
[INFO] [stdout] called `Result::unwrap()` on an `Err` value: error sending request for url (https://secure.splitwise.com/api/v3.0/get_notifications?): error trying to connect: dns error: failed to lookup address information: Temporary failure in name resolution
[INFO] [stdout] 
[INFO] [stdout] Caused by:
[INFO] [stdout]     0: error trying to connect: dns error: failed to lookup address information: Temporary failure in name resolution
[INFO] [stdout]     1: dns error: failed to lookup address information: Temporary failure in name resolution
[INFO] [stdout]     2: failed to lookup address information: Temporary failure in name resolution
[INFO] [stdout] stack backtrace:
[INFO] [stdout]    0:     0x58631da79101 - <<std[70759c8f55707aa4]::sys::backtrace::BacktraceLock>::print::DisplayBacktrace as core[df12db4294e9bfd3]::fmt::Display>::fmt
[INFO] [stdout]    1:     0x58631da8fb1a - core[df12db4294e9bfd3]::fmt::write
[INFO] [stdout]    2:     0x58631da7df0c - <alloc[2182bb758b4b3781]::vec::Vec<u8> as core[df12db4294e9bfd3]::io::write::Write>::write_fmt
[INFO] [stdout]    3:     0x58631da544f6 - std[70759c8f55707aa4]::panicking::default_hook::{closure#0}
[INFO] [stdout]    4:     0x58631da71039 - std[70759c8f55707aa4]::panicking::default_hook
[INFO] [stdout]    5:     0x58631d8192f0 - test[9d35eded1c95d3be]::test_main_inner::<test[9d35eded1c95d3be]::test_main_static::{closure#0}>::{closure#0}
[INFO] [stdout]    6:     0x58631da71362 - std[70759c8f55707aa4]::panicking::panic_with_hook
[INFO] [stdout]    7:     0x58631da545a2 - std[70759c8f55707aa4]::panicking::panic_handler::{closure#0}
[INFO] [stdout]    8:     0x58631da4d009 - std[70759c8f55707aa4]::sys::backtrace::__rust_end_short_backtrace::<std[70759c8f55707aa4]::panicking::panic_handler::{closure#0}, !>
[INFO] [stdout]    9:     0x58631da5542d - __rustc[8fa7c3cbc660c2b3]::rust_begin_unwind
[INFO] [stdout]   10:     0x58631da9027c - core[df12db4294e9bfd3]::panicking::panic_fmt
[INFO] [stdout]   11:     0x58631da90052 - core[df12db4294e9bfd3]::result::unwrap_failed
[INFO] [stdout]   12:     0x58631d745bd1 - <core[df12db4294e9bfd3]::pin::Pin<&mut splitwise[f76b0b744b7276e6]::client::notifications::integration_tests::get_notifications_works::{closure#0}> as core[df12db4294e9bfd3]::future::future::Future>::poll
[INFO] [stdout]   13:     0x58631d754b9b - <tokio[9768f94a74ad61f1]::runtime::basic_scheduler::Context>::enter::<core[df12db4294e9bfd3]::task::poll::Poll<()>, <tokio[9768f94a74ad61f1]::runtime::basic_scheduler::CoreGuard>::block_on<core[df12db4294e9bfd3]::pin::Pin<&mut splitwise[f76b0b744b7276e6]::client::notifications::integration_tests::get_notifications_works::{closure#0}>>::{closure#0}::{closure#0}>
[INFO] [stdout]   14:     0x58631d7704ca - <tokio[9768f94a74ad61f1]::macros::scoped_tls::ScopedKey<tokio[9768f94a74ad61f1]::runtime::basic_scheduler::Context>>::set::<<tokio[9768f94a74ad61f1]::runtime::basic_scheduler::CoreGuard>::enter<<tokio[9768f94a74ad61f1]::runtime::basic_scheduler::CoreGuard>::block_on<core[df12db4294e9bfd3]::pin::Pin<&mut splitwise[f76b0b744b7276e6]::client::notifications::integration_tests::get_notifications_works::{closure#0}>>::{closure#0}, ()>::{closure#0}, (alloc[2182bb758b4b3781]::boxed::Box<tokio[9768f94a74ad61f1]::runtime::basic_scheduler::Core>, ())>
[INFO] [stdout]   15:     0x58631d755f09 - <tokio[9768f94a74ad61f1]::runtime::basic_scheduler::BasicScheduler>::block_on::<splitwise[f76b0b744b7276e6]::client::notifications::integration_tests::get_notifications_works::{closure#0}>
[INFO] [stdout]   16:     0x58631d764c5c - <tokio[9768f94a74ad61f1]::runtime::Runtime>::block_on::<splitwise[f76b0b744b7276e6]::client::notifications::integration_tests::get_notifications_works::{closure#0}>
[INFO] [stdout]   17:     0x58631d78d4e1 - splitwise[f76b0b744b7276e6]::client::notifications::integration_tests::get_notifications_works
[INFO] [stdout]   18:     0x58631d796039 - <splitwise[f76b0b744b7276e6]::client::notifications::integration_tests::get_notifications_works::{closure#0} as core[df12db4294e9bfd3]::ops::function::FnOnce<()>>::call_once
[INFO] [stdout]   19:     0x58631d80c5db - test[9d35eded1c95d3be]::__rust_begin_short_backtrace::<core[df12db4294e9bfd3]::result::Result<(), alloc[2182bb758b4b3781]::string::String>, fn() -> core[df12db4294e9bfd3]::result::Result<(), alloc[2182bb758b4b3781]::string::String>>
[INFO] [stdout]   20:     0x58631d819c45 - test[9d35eded1c95d3be]::run_test::{closure#0}
[INFO] [stdout]   21:     0x58631d813504 - std[70759c8f55707aa4]::sys::backtrace::__rust_begin_short_backtrace::<test[9d35eded1c95d3be]::run_test::{closure#1}, ()>
[INFO] [stdout]   22:     0x58631d81cda2 - <std[70759c8f55707aa4]::thread::lifecycle::spawn_unchecked<test[9d35eded1c95d3be]::run_test::{closure#1}, ()>::{closure#1} as core[df12db4294e9bfd3]::ops::function::FnOnce<()>>::call_once::{shim:vtable#0}
[INFO] [stdout]   23:     0x58631da78629 - <std[70759c8f55707aa4]::sys::thread::unix::Thread>::new::thread_start
[INFO] [stdout]   24:     0x72e6ebd5cdfa - <unknown>
[INFO] [stdout]   25:     0x72e6ebdf03d4 - clone
[INFO] [stdout]   26:                0x0 - <unknown>
[INFO] [stdout] 
[INFO] [stdout] ---- client::comments::integration_tests::create_delete_comment_works stdout ----
[INFO] [stdout] 
[INFO] [stdout] thread 'client::comments::integration_tests::create_delete_comment_works' (3288) panicked at src/client/comments.rs:91:14:
[INFO] [stdout] called `Result::unwrap()` on an `Err` value: error sending request for url (https://secure.splitwise.com/api/v3.0/create_comment): error trying to connect: dns error: failed to lookup address information: Temporary failure in name resolution
[INFO] [stdout] 
[INFO] [stdout] Caused by:
[INFO] [stdout]     0: error trying to connect: dns error: failed to lookup address information: Temporary failure in name resolution
[INFO] [stdout]     1: dns error: failed to lookup address information: Temporary failure in name resolution
[INFO] [stdout]     2: failed to lookup address information: Temporary failure in name resolution
[INFO] [stdout] stack backtrace:
[INFO] [stdout]    0:     0x58631da79101 - <<std[70759c8f55707aa4]::sys::backtrace::BacktraceLock>::print::DisplayBacktrace as core[df12db4294e9bfd3]::fmt::Display>::fmt
[INFO] [stdout]    1:     0x58631da8fb1a - core[df12db4294e9bfd3]::fmt::write
[INFO] [stdout]    2:     0x58631da7df0c - <alloc[2182bb758b4b3781]::vec::Vec<u8> as core[df12db4294e9bfd3]::io::write::Write>::write_fmt
[INFO] [stdout]    3:     0x58631da544f6 - std[70759c8f55707aa4]::panicking::default_hook::{closure#0}
[INFO] [stdout]    4:     0x58631da71039 - std[70759c8f55707aa4]::panicking::default_hook
[INFO] [stdout]    5:     0x58631d8192f0 - test[9d35eded1c95d3be]::test_main_inner::<test[9d35eded1c95d3be]::test_main_static::{closure#0}>::{closure#0}
[INFO] [stdout]    6:     0x58631da71362 - std[70759c8f55707aa4]::panicking::panic_with_hook
[INFO] [stdout]    7:     0x58631da545a2 - std[70759c8f55707aa4]::panicking::panic_handler::{closure#0}
[INFO] [stdout]    8:     0x58631da4d009 - std[70759c8f55707aa4]::sys::backtrace::__rust_end_short_backtrace::<std[70759c8f55707aa4]::panicking::panic_handler::{closure#0}, !>
[INFO] [stdout]    9:     0x58631da5542d - __rustc[8fa7c3cbc660c2b3]::rust_begin_unwind
[INFO] [stdout]   10:     0x58631da9027c - core[df12db4294e9bfd3]::panicking::panic_fmt
[INFO] [stdout]   11:     0x58631da90052 - core[df12db4294e9bfd3]::result::unwrap_failed
[INFO] [stdout]   12:     0x58631d7501cb - <core[df12db4294e9bfd3]::pin::Pin<&mut splitwise[f76b0b744b7276e6]::client::comments::integration_tests::create_delete_comment_works::{closure#0}> as core[df12db4294e9bfd3]::future::future::Future>::poll
[INFO] [stdout]   13:     0x58631d75576b - <tokio[9768f94a74ad61f1]::runtime::basic_scheduler::Context>::enter::<core[df12db4294e9bfd3]::task::poll::Poll<()>, <tokio[9768f94a74ad61f1]::runtime::basic_scheduler::CoreGuard>::block_on<core[df12db4294e9bfd3]::pin::Pin<&mut splitwise[f76b0b744b7276e6]::client::comments::integration_tests::create_delete_comment_works::{closure#0}>>::{closure#0}::{closure#0}>
[INFO] [stdout]   14:     0x58631d771d8a - <tokio[9768f94a74ad61f1]::macros::scoped_tls::ScopedKey<tokio[9768f94a74ad61f1]::runtime::basic_scheduler::Context>>::set::<<tokio[9768f94a74ad61f1]::runtime::basic_scheduler::CoreGuard>::enter<<tokio[9768f94a74ad61f1]::runtime::basic_scheduler::CoreGuard>::block_on<core[df12db4294e9bfd3]::pin::Pin<&mut splitwise[f76b0b744b7276e6]::client::comments::integration_tests::create_delete_comment_works::{closure#0}>>::{closure#0}, ()>::{closure#0}, (alloc[2182bb758b4b3781]::boxed::Box<tokio[9768f94a74ad61f1]::runtime::basic_scheduler::Core>, ())>
[INFO] [stdout]   15:     0x58631d7577c9 - <tokio[9768f94a74ad61f1]::runtime::basic_scheduler::BasicScheduler>::block_on::<splitwise[f76b0b744b7276e6]::client::comments::integration_tests::create_delete_comment_works::{closure#0}>
[INFO] [stdout]   16:     0x58631d76531a - <tokio[9768f94a74ad61f1]::runtime::Runtime>::block_on::<splitwise[f76b0b744b7276e6]::client::comments::integration_tests::create_delete_comment_works::{closure#0}>
[INFO] [stdout]   17:     0x58631d77979d - splitwise[f76b0b744b7276e6]::client::comments::integration_tests::create_delete_comment_works
[INFO] [stdout]   18:     0x58631d7962b9 - <splitwise[f76b0b744b7276e6]::client::comments::integration_tests::create_delete_comment_works::{closure#0} as core[df12db4294e9bfd3]::ops::function::FnOnce<()>>::call_once
[INFO] [stdout]   19:     0x58631d80c5db - test[9d35eded1c95d3be]::__rust_begin_short_backtrace::<core[df12db4294e9bfd3]::result::Result<(), alloc[2182bb758b4b3781]::string::String>, fn() -> core[df12db4294e9bfd3]::result::Result<(), alloc[2182bb758b4b3781]::string::String>>
[INFO] [stdout]   20:     0x58631d819c45 - test[9d35eded1c95d3be]::run_test::{closure#0}
[INFO] [stdout]   21:     0x58631d813504 - std[70759c8f55707aa4]::sys::backtrace::__rust_begin_short_backtrace::<test[9d35eded1c95d3be]::run_test::{closure#1}, ()>
[INFO] [stdout]   22:     0x58631d81cda2 - <std[70759c8f55707aa4]::thread::lifecycle::spawn_unchecked<test[9d35eded1c95d3be]::run_test::{closure#1}, ()>::{closure#1} as core[df12db4294e9bfd3]::ops::function::FnOnce<()>>::call_once::{shim:vtable#0}
[INFO] [stdout]   23:     0x58631da78629 - <std[70759c8f55707aa4]::sys::thread::unix::Thread>::new::thread_start
[INFO] [stdout]   24:     0x72e6ebd5cdfa - <unknown>
[INFO] [stdout]   25:     0x72e6ebdf03d4 - clone
[INFO] [stdout]   26:                0x0 - <unknown>
[INFO] [stdout] 
[INFO] [stdout] 
[INFO] [stdout] failures:
[INFO] [stdout]     client::comments::integration_tests::create_delete_comment_works
[INFO] [stdout]     client::comments::integration_tests::get_comments_works
[INFO] [stdout]     client::expenses::integration_tests::create_expense_by_shares_works
[INFO] [stdout]     client::expenses::integration_tests::create_expense_equally_works
[INFO] [stdout]     client::expenses::integration_tests::create_update_get_delete_undelete_list_expense_works
[INFO] [stdout]     client::friends::integration_tests::add_list_get_delete_friend_and_add_remove_user_group_works
[INFO] [stdout]     client::groups::integration_tests::create_delete_restore_group_works
[INFO] [stdout]     client::groups::integration_tests::list_get_group_works
[INFO] [stdout]     client::notifications::integration_tests::get_notifications_works
[INFO] [stdout]     client::other::integration_tests::get_categories_works
[INFO] [stdout]     client::other::integration_tests::get_currencies_works
[INFO] [stdout]     client::other::integration_tests::parse_sentence_works
[INFO] [stdout]     client::users::integration_tests::get_current_get_update_user_works
[INFO] [stdout] 
[INFO] [stdout] test result: FAILED. 0 passed; 13 failed; 0 ignored; 0 measured; 0 filtered out; finished in 0.15s
[INFO] [stdout] 
[INFO] [stderr] error: test failed, to rerun pass `--lib`
[INFO] running `Command { std: "docker" "inspect" "06ca3f1f88874e916c76577d0ae338879f2b7c7d3d84655b22bdad2970ec5503", kill_on_drop: false }`
[INFO] running `Command { std: "docker" "rm" "-f" "06ca3f1f88874e916c76577d0ae338879f2b7c7d3d84655b22bdad2970ec5503", kill_on_drop: false }`
[INFO] [stdout] 06ca3f1f88874e916c76577d0ae338879f2b7c7d3d84655b22bdad2970ec5503
