[INFO] fetching crate split-async 0.1.1...
[INFO] testing split-async-0.1.1 against 1.100.0-beta.1+cargoflags=--release for beta-release-1.100-2
[INFO] extracting crate split-async 0.1.1 into /workspace/builds/worker-5-tc2/source
[INFO] started tweaking crates.io crate split-async 0.1.1
[INFO] removed 0 missing tests
[INFO] finished tweaking crates.io crate split-async 0.1.1
[INFO] tweaked toml for crates.io crate split-async 0.1.1 written to /workspace/builds/worker-5-tc2/source/Cargo.toml
[INFO] validating manifest of crates.io crate split-async 0.1.1 on toolchain 1.100.0-beta.1
[INFO] running `Command { std: CARGO_HOME="/workspace/cargo-home" RUSTUP_HOME="/workspace/rustup-home" "/workspace/cargo-home/bin/cargo" "+1.100.0-beta.1" "metadata" "--manifest-path" "Cargo.toml" "--no-deps", kill_on_drop: false }`
[INFO] crate crates.io crate split-async 0.1.1 already has a lockfile, it will not be regenerated
[INFO] running `Command { std: CARGO_HOME="/workspace/cargo-home" RUSTUP_HOME="/workspace/rustup-home" "/workspace/cargo-home/bin/cargo" "+1.100.0-beta.1" "fetch" "--manifest-path" "Cargo.toml", kill_on_drop: false }`
[INFO] running `Command { std: "docker" "create" "-v" "/var/lib/crater-agent-workspace/builds/worker-5-tc2/source:/opt/rustwide/workdir:ro,Z" "-v" "/var/lib/crater-agent-workspace/builds/worker-5-tc2/target:/opt/rustwide/target:rw,Z" "-v" "/var/lib/crater-agent-workspace/cargo-home:/opt/rustwide/cargo-home:ro,Z" "-v" "/var/lib/crater-agent-workspace/rustup-home:/opt/rustwide/rustup-home:ro,Z" "-m" "1610612736" "--network" "none" "ghcr.io/rust-lang/crates-build-env/linux@sha256:77db811e55d90add9212f6832c23229e3de5f1c1f9905e8cb07319ea15df73ac" "sleep" "infinity", kill_on_drop: false }`
[INFO] [stdout] 1b0f755d59488336b61ac3ff0fa6db51a511e014509b334bc6b5b66ea182968d
[INFO] running `Command { std: "docker" "start" "1b0f755d59488336b61ac3ff0fa6db51a511e014509b334bc6b5b66ea182968d", kill_on_drop: false }`
[INFO] running `Command { std: "docker" "inspect" "1b0f755d59488336b61ac3ff0fa6db51a511e014509b334bc6b5b66ea182968d", kill_on_drop: false }`
[INFO] running `Command { std: "docker" "exec" "-e" "SOURCE_DIR=/opt/rustwide/workdir" "-e" "CARGO_HOME=/opt/rustwide/cargo-home" "-e" "RUSTUP_HOME=/opt/rustwide/rustup-home" "-e" "CARGO_TARGET_DIR=/opt/rustwide/target" "-w" "/opt/rustwide/workdir" "--user" "0:0" "1b0f755d59488336b61ac3ff0fa6db51a511e014509b334bc6b5b66ea182968d" "/opt/rustwide/cargo-home/bin/cargo" "+1.100.0-beta.1" "metadata" "--no-deps" "--format-version=1", kill_on_drop: false }`
[INFO] running `Command { std: "docker" "inspect" "1b0f755d59488336b61ac3ff0fa6db51a511e014509b334bc6b5b66ea182968d", kill_on_drop: false }`
[INFO] running `Command { std: "docker" "exec" "-e" "SOURCE_DIR=/opt/rustwide/workdir" "-e" "CARGO_HOME=/opt/rustwide/cargo-home" "-e" "RUSTUP_HOME=/opt/rustwide/rustup-home" "-e" "CARGO_TARGET_DIR=/opt/rustwide/target" "-e" "CARGO_INCREMENTAL=0" "-e" "RUST_BACKTRACE=full" "-e" "RUSTFLAGS=--cap-lints=warn" "-e" "RUSTDOCFLAGS=--cap-lints=warn" "-w" "/opt/rustwide/workdir" "--user" "0:0" "1b0f755d59488336b61ac3ff0fa6db51a511e014509b334bc6b5b66ea182968d" "/opt/rustwide/cargo-home/bin/cargo" "+1.100.0-beta.1" "build" "--frozen" "--message-format=json" "--release", kill_on_drop: false }`
[INFO] [stderr]    Compiling proc-macro2 v1.0.95
[INFO] [stderr]    Compiling quote v1.0.40
[INFO] [stderr]    Compiling syn v2.0.104
[INFO] [stderr]    Compiling derive_more-impl v2.0.1
[INFO] [stderr]    Compiling derive_more v2.0.1
[INFO] [stderr]    Compiling split-async v0.1.1 (/opt/rustwide/workdir)
[INFO] [stderr]     Finished `release` profile [optimized] target(s) in 17.61s
[INFO] running `Command { std: "docker" "inspect" "1b0f755d59488336b61ac3ff0fa6db51a511e014509b334bc6b5b66ea182968d", kill_on_drop: false }`
[INFO] running `Command { std: "docker" "exec" "-e" "SOURCE_DIR=/opt/rustwide/workdir" "-e" "CARGO_HOME=/opt/rustwide/cargo-home" "-e" "RUSTUP_HOME=/opt/rustwide/rustup-home" "-e" "CARGO_TARGET_DIR=/opt/rustwide/target" "-e" "CARGO_INCREMENTAL=0" "-e" "RUST_BACKTRACE=full" "-e" "RUSTFLAGS=--cap-lints=warn" "-e" "RUSTDOCFLAGS=--cap-lints=warn" "-w" "/opt/rustwide/workdir" "--user" "0:0" "1b0f755d59488336b61ac3ff0fa6db51a511e014509b334bc6b5b66ea182968d" "/opt/rustwide/cargo-home/bin/cargo" "+1.100.0-beta.1" "test" "--frozen" "--no-run" "--message-format=json" "--release", kill_on_drop: false }`
[INFO] [stderr]    Compiling serde v1.0.219
[INFO] [stderr]    Compiling rustix v1.0.7
[INFO] [stderr]    Compiling crossbeam-utils v0.8.21
[INFO] [stderr]    Compiling pin-project-lite v0.2.16
[INFO] [stderr]    Compiling parking v2.2.1
[INFO] [stderr]    Compiling concurrent-queue v2.5.0
[INFO] [stderr]    Compiling futures-core v0.3.31
[INFO] [stderr]    Compiling prettyplease v0.2.35
[INFO] [stderr]    Compiling target-triple v0.1.4
[INFO] [stderr]    Compiling fastrand v2.3.0
[INFO] [stderr]    Compiling futures-io v0.3.31
[INFO] [stderr]    Compiling serde_derive v1.0.219
[INFO] [stderr]    Compiling futures-lite v2.6.0
[INFO] [stderr]    Compiling event-listener v5.4.0
[INFO] [stderr]    Compiling syn v1.0.109
[INFO] [stderr]    Compiling event-listener-strategy v0.5.4
[INFO] [stderr]    Compiling proc-macro2 v1.0.95
[INFO] [stderr]    Compiling tracing-core v0.1.34
[INFO] [stderr]    Compiling bitflags v2.9.1
[INFO] [stderr]    Compiling unicode-ident v1.0.18
[INFO] [stderr]    Compiling winnow v0.7.12
[INFO] [stderr]    Compiling linux-raw-sys v0.9.4
[INFO] [stderr]    Compiling tracing v0.1.41
[INFO] [stderr]    Compiling memchr v2.7.5
[INFO] [stderr]    Compiling slab v0.4.10
[INFO] [stderr]    Compiling async-task v4.7.1
[INFO] [stderr]    Compiling cfg-if v1.0.1
[INFO] [stderr]    Compiling atomic-waker v1.1.2
[INFO] [stderr]    Compiling piper v0.2.4
[INFO] [stderr]    Compiling quote v1.0.40
[INFO] [stderr]    Compiling async-channel v2.5.0
[INFO] [stderr]    Compiling async-lock v3.4.0
[INFO] [stderr]    Compiling async-attributes v1.1.2
[INFO] [stderr]    Compiling serde_json v1.0.140
[INFO] [stderr]    Compiling hashbrown v0.15.4
[INFO] [stderr]    Compiling value-bag v1.11.1
[INFO] [stderr]    Compiling log v0.4.27
[INFO] [stderr]    Compiling indexmap v2.10.0
[INFO] [stderr]    Compiling blocking v1.6.2
[INFO] [stderr]    Compiling syn v2.0.104
[INFO] [stderr]    Compiling toml_parser v1.0.1
[INFO] [stderr]    Compiling polling v3.8.0
[INFO] [stderr]    Compiling async-executor v1.13.2
[INFO] [stderr]    Compiling async-io v2.4.1
[INFO] [stderr]    Compiling serde_spanned v0.6.9
[INFO] [stderr]    Compiling toml_datetime v0.6.11
[INFO] [stderr]    Compiling serde_spanned v1.0.0
[INFO] [stderr]    Compiling toml_datetime v0.7.0
[INFO] [stderr]    Compiling async-trait v0.1.88
[INFO] [stderr]    Compiling once_cell v1.21.3
[INFO] [stderr]    Compiling glob v0.3.2
[INFO] [stderr]    Compiling event-listener v2.5.3
[INFO] [stderr]    Compiling toml_writer v1.0.2
[INFO] [stderr]    Compiling toml_write v0.1.2
[INFO] [stderr]    Compiling toml_edit v0.22.27
[INFO] [stderr]    Compiling toml v0.9.2
[INFO] [stderr]    Compiling async-channel v1.9.0
[INFO] [stderr]    Compiling async-global-executor v2.4.1
[INFO] [stderr]    Compiling kv-log-macro v1.0.7
[INFO] [stderr]    Compiling split-async v0.1.1 (/opt/rustwide/workdir)
[INFO] [stderr]    Compiling diff v0.1.13
[INFO] [stderr]    Compiling termcolor v1.4.1
[INFO] [stderr]    Compiling pin-utils v0.1.0
[INFO] [stderr]    Compiling dissimilar v1.0.10
[INFO] [stderr]    Compiling trybuild v1.0.106
[INFO] [stderr]    Compiling macrotest v1.1.0
[INFO] [stderr]    Compiling async-std v1.13.1
[INFO] [stderr]    Compiling derive_more v2.0.1
[INFO] [stderr]     Finished `release` profile [optimized] target(s) in 2m 58s
[INFO] running `Command { std: "docker" "inspect" "1b0f755d59488336b61ac3ff0fa6db51a511e014509b334bc6b5b66ea182968d", kill_on_drop: false }`
[INFO] running `Command { std: "docker" "exec" "-e" "SOURCE_DIR=/opt/rustwide/workdir" "-e" "CARGO_HOME=/opt/rustwide/cargo-home" "-e" "RUSTUP_HOME=/opt/rustwide/rustup-home" "-e" "CARGO_TARGET_DIR=/opt/rustwide/target" "-e" "CARGO_INCREMENTAL=0" "-e" "RUST_BACKTRACE=full" "-e" "RUSTFLAGS=--cap-lints=warn" "-e" "RUSTDOCFLAGS=--cap-lints=warn" "-w" "/opt/rustwide/workdir" "--user" "0:0" "1b0f755d59488336b61ac3ff0fa6db51a511e014509b334bc6b5b66ea182968d" "/opt/rustwide/cargo-home/bin/cargo" "+1.100.0-beta.1" "test" "--frozen" "--release", kill_on_drop: false }`
[INFO] [stderr]     Finished `release` profile [optimized] target(s) in 0.19s
[INFO] [stderr]      Running unittests src/lib.rs (/opt/rustwide/target/release/build/split-async/472a502da6befa47/out/split_async-472a502da6befa47)
[INFO] [stdout] 
[INFO] [stdout] running 0 tests
[INFO] [stdout] 
[INFO] [stdout] test result: ok. 0 passed; 0 failed; 0 ignored; 0 measured; 0 filtered out; finished in 0.00s
[INFO] [stdout] 
[INFO] [stderr]      Running tests/test.rs (/opt/rustwide/target/release/build/split-async/62b9720d56641c21/out/test-62b9720d56641c21)
[INFO] [stdout] 
[INFO] [stdout] running 2 tests
[INFO] [stderr]    Compiling proc-macro2 v1.0.95
[INFO] [stderr]    Compiling unicode-ident v1.0.18
[INFO] [stderr]    Compiling crossbeam-utils v0.8.21
[INFO] [stderr]     Checking pin-project-lite v0.2.16
[INFO] [stderr]     Checking parking v2.2.1
[INFO] [stderr]     Checking fastrand v2.3.0
[INFO] [stderr]     Checking futures-core v0.3.31
[INFO] [stderr]    Compiling serde v1.0.219
[INFO] [stderr] error: no such command: `expand`
[INFO] [stderr] 
[INFO] [stderr] help: view all installed commands with `cargo --list`
[INFO] [stderr] help: find a package to install `expand` with `cargo search cargo-expand`
[INFO] [stderr]     Checking futures-io v0.3.31
[INFO] [stderr]    Compiling rustix v1.0.7
[INFO] [stderr]     Checking bitflags v2.9.1
[INFO] [stderr]     Checking tracing-core v0.1.34
[INFO] [stderr]     Checking linux-raw-sys v0.9.4
[INFO] [stderr]     Checking async-task v4.7.1
[INFO] [stdout] test test_expand ... FAILED
[INFO] [stderr]     Checking futures-lite v2.6.0
[INFO] [stderr]     Checking cfg-if v1.0.1
[INFO] [stderr]     Checking slab v0.4.10
[INFO] [stderr]     Checking tracing v0.1.41
[INFO] [stderr]     Checking atomic-waker v1.1.2
[INFO] [stderr]    Compiling syn v1.0.109
[INFO] [stderr]     Checking concurrent-queue v2.5.0
[INFO] [stderr]     Checking piper v0.2.4
[INFO] [stderr]     Checking quote v1.0.40
[INFO] [stderr]    Compiling prettyplease v0.2.35
[INFO] [stderr]     Checking value-bag v1.11.1
[INFO] [stderr]    Compiling serde_json v1.0.140
[INFO] [stderr]     Checking event-listener v5.4.0
[INFO] [stderr]     Checking memchr v2.7.5
[INFO] [stderr]     Checking hashbrown v0.15.4
[INFO] [stderr]     Checking event-listener-strategy v0.5.4
[INFO] [stderr]     Checking async-channel v2.5.0
[INFO] [stderr]     Checking async-lock v3.4.0
[INFO] [stderr]    Compiling syn v2.0.104
[INFO] [stderr]     Checking equivalent v1.0.2
[INFO] [stderr]     Checking blocking v1.6.2
[INFO] [stderr]     Checking async-executor v1.13.2
[INFO] [stderr]     Checking indexmap v2.10.0
[INFO] [stderr]     Checking log v0.4.27
[INFO] [stderr]     Checking itoa v1.0.15
[INFO] [stderr]     Checking toml_write v0.1.2
[INFO] [stderr]     Checking event-listener v2.5.3
[INFO] [stderr]     Checking winnow v0.7.12
[INFO] [stderr]     Checking once_cell v1.21.3
[INFO] [stderr]     Checking ryu v1.0.20
[INFO] [stderr]     Checking async-channel v1.9.0
[INFO] [stderr]     Checking kv-log-macro v1.0.7
[INFO] [stderr]     Checking diff v0.1.13
[INFO] [stderr]     Checking glob v0.3.2
[INFO] [stderr]     Checking pin-utils v0.1.0
[INFO] [stderr]     Checking serde_spanned v0.6.9
[INFO] [stderr]     Checking toml_datetime v0.6.11
[INFO] [stderr]     Checking toml_edit v0.22.27
[INFO] [stderr]    Compiling async-attributes v1.1.2
[INFO] [stderr]     Checking polling v3.8.0
[INFO] [stderr]     Checking async-io v2.4.1
[INFO] [stderr]     Checking async-global-executor v2.4.1
[INFO] [stderr]     Checking async-std v1.13.1
[INFO] [stderr]    Compiling derive_more-impl v2.0.1
[INFO] [stderr]    Compiling serde_derive v1.0.219
[INFO] [stderr]    Compiling async-trait v0.1.88
[INFO] [stderr]    Compiling derive_more v2.0.1
[INFO] [stderr]    Compiling split-async v0.1.1 (/opt/rustwide/workdir)
[INFO] [stderr]     Checking macrotest v1.1.0
[INFO] [stderr]     Checking split-async-tests v0.0.0 (/opt/rustwide/target/tests/trybuild/split-async)
[INFO] [stderr]     Finished `dev` profile [unoptimized + debuginfo] target(s) in 47.11s
[INFO] [stderr] 
[INFO] [stderr] 
[INFO] [stderr] test tests/cases/function/expand_fail/01_not_async.rs ... ok
[INFO] [stderr] test tests/cases/function/expand_fail/02_rename_three_names.rs ... ok
[INFO] [stderr] test tests/cases/function/expand_fail/03_rename_same_name.rs ... ok
[INFO] [stderr] test tests/cases/function/choose_fail/01_wrong_ident.rs ... mismatch
[INFO] [stderr] 
[INFO] [stderr] EXPECTED:
[INFO] [stderr] ┈┈┈┈┈┈┈┈┈┈┈┈┈┈┈┈┈┈┈┈┈┈┈┈┈┈┈┈┈┈┈┈┈┈┈┈┈┈┈┈┈┈┈┈┈┈┈┈┈┈┈┈┈┈┈┈┈┈┈┈
[INFO] [stderr] error[E0425]: cannot find value `sync_baz` in this scope
[INFO] [stderr]  --> tests/cases/function/choose_fail/01_wrong_ident.rs:8:1
[INFO] [stderr]   |
[INFO] [stderr] 8 | #[split]
[INFO] [stderr]   | ^^^^^^^^ not found in this scope
[INFO] [stderr]   |
[INFO] [stderr]   = note: this error originates in the attribute macro `split` (in Nightly builds, run with -Z macro-backtrace for more info)
[INFO] [stderr] 
[INFO] [stderr] error[E0425]: cannot find value `async_baz` in this scope
[INFO] [stderr]  --> tests/cases/function/choose_fail/01_wrong_ident.rs:8:1
[INFO] [stderr]   |
[INFO] [stderr] 8 | #[split]
[INFO] [stderr]   | ^^^^^^^^ not found in this scope
[INFO] [stderr]   |
[INFO] [stderr]   = note: this error originates in the attribute macro `split` (in Nightly builds, run with -Z macro-backtrace for more info)
[INFO] [stderr] ┈┈┈┈┈┈┈┈┈┈┈┈┈┈┈┈┈┈┈┈┈┈┈┈┈┈┈┈┈┈┈┈┈┈┈┈┈┈┈┈┈┈┈┈┈┈┈┈┈┈┈┈┈┈┈┈┈┈┈┈
[INFO] [stderr] 
[INFO] [stderr] ACTUAL OUTPUT:
[INFO] [stderr] ┈┈┈┈┈┈┈┈┈┈┈┈┈┈┈┈┈┈┈┈┈┈┈┈┈┈┈┈┈┈┈┈┈┈┈┈┈┈┈┈┈┈┈┈┈┈┈┈┈┈┈┈┈┈┈┈┈┈┈┈
[INFO] [stderr] error[E0425]: cannot find value `sync_baz` in this scope
[INFO] [stderr]  --> tests/cases/function/choose_fail/01_wrong_ident.rs:8:1
[INFO] [stderr]   |
[INFO] [stderr] 8 | #[split]
[INFO] [stderr]   | ^^^^^^^^ not found in this scope
[INFO] [stderr]   |
[INFO] [stderr] note: similarly named function `sync_bar` defined here
[INFO] [stderr]  --> tests/cases/function/choose_fail/01_wrong_ident.rs:9:7
[INFO] [stderr]   |
[INFO] [stderr] 9 | async fn bar() {
[INFO] [stderr]   |       ^^^^^^^^
[INFO] [stderr]   = note: this error originates in the attribute macro `split` (in Nightly builds, run with -Z macro-backtrace for more info)
[INFO] [stderr] help: a function with a similar name exists
[INFO] [stderr]   |
[INFO] [stderr] 8 - #[split]
[INFO] [stderr] 8 + sync_bar
[INFO] [stderr]   |
[INFO] [stderr] 
[INFO] [stderr] error[E0425]: cannot find value `async_baz` in this scope
[INFO] [stderr]  --> tests/cases/function/choose_fail/01_wrong_ident.rs:8:1
[INFO] [stderr]   |
[INFO] [stderr] 8 | #[split]
[INFO] [stderr]   | ^^^^^^^^ not found in this scope
[INFO] [stderr]   |
[INFO] [stderr] note: similarly named function `async_bar` defined here
[INFO] [stderr]  --> tests/cases/function/choose_fail/01_wrong_ident.rs:9:1
[INFO] [stderr]   |
[INFO] [stderr] 9 | async fn bar() {
[INFO] [stderr]   | ^^^^^^^^^^^^^^
[INFO] [stderr]   = note: this error originates in the attribute macro `split` (in Nightly builds, run with -Z macro-backtrace for more info)
[INFO] [stderr] help: a function with a similar name exists
[INFO] [stderr]   |
[INFO] [stderr] 8 - #[split]
[INFO] [stderr] 8 + async_bar
[INFO] [stderr]   |
[INFO] [stderr] ┈┈┈┈┈┈┈┈┈┈┈┈┈┈┈┈┈┈┈┈┈┈┈┈┈┈┈┈┈┈┈┈┈┈┈┈┈┈┈┈┈┈┈┈┈┈┈┈┈┈┈┈┈┈┈┈┈┈┈┈
[INFO] [stderr] note: If the actual output is the correct output you can bless it by rerunning
[INFO] [stderr]       your test with the environment variable TRYBUILD=overwrite
[INFO] [stderr] 
[INFO] [stderr] 
[INFO] [stderr] 
[INFO] [stdout] test test_expand_fail ... FAILED
[INFO] [stderr] error: test failed, to rerun pass `--test test`
[INFO] [stdout] 
[INFO] [stdout] failures:
[INFO] [stdout] 
[INFO] [stdout] ---- test_expand stdout ----
[INFO] [stdout] Running 5 macro expansion tests
[INFO] [stdout] Expansion error:
[INFO] [stdout] error: no such command: `expand`
[INFO] [stdout] 
[INFO] [stdout] help: view all installed commands with `cargo --list`
[INFO] [stdout] help: find a package to install `expand` with `cargo search cargo-expand`
[INFO] [stdout] 
[INFO] [stdout] Expansion error:
[INFO] [stdout] error: no such command: `expand`
[INFO] [stdout] 
[INFO] [stdout] help: view all installed commands with `cargo --list`
[INFO] [stdout] help: find a package to install `expand` with `cargo search cargo-expand`
[INFO] [stdout] 
[INFO] [stdout] Expansion error:
[INFO] [stdout] error: no such command: `expand`
[INFO] [stdout] 
[INFO] [stdout] help: view all installed commands with `cargo --list`
[INFO] [stdout] help: find a package to install `expand` with `cargo search cargo-expand`
[INFO] [stdout] 
[INFO] [stdout] Expansion error:
[INFO] [stdout] error: no such command: `expand`
[INFO] [stdout] 
[INFO] [stdout] help: view all installed commands with `cargo --list`
[INFO] [stdout] help: find a package to install `expand` with `cargo search cargo-expand`
[INFO] [stdout] 
[INFO] [stdout] Expansion error:
[INFO] [stdout] error: no such command: `expand`
[INFO] [stdout] 
[INFO] [stdout] help: view all installed commands with `cargo --list`
[INFO] [stdout] help: find a package to install `expand` with `cargo search cargo-expand`
[INFO] [stdout] 
[INFO] [stdout] 
[INFO] [stdout] 
[INFO] [stdout] 
[INFO] [stdout] 
[INFO] [stdout] thread 'test_expand' (1786) panicked at /opt/rustwide/cargo-home/registry/src/index.crates.io-1949cf8c6b5b557f/macrotest-1.1.0/src/expand.rs:174:9:
[INFO] [stdout] 5 of 5 tests failed
[INFO] [stdout] stack backtrace:
[INFO] [stdout]    0:     0x5da34cc30fe1 - <<std[617be2ca0a6fd877]::sys::backtrace::BacktraceLock>::print::DisplayBacktrace as core[a373ad73a504971]::fmt::Display>::fmt
[INFO] [stdout]    1:     0x5da34cc4797a - core[a373ad73a504971]::fmt::write
[INFO] [stdout]    2:     0x5da34cc3591c - <alloc[2e1b2a31b91974c5]::vec::Vec<u8> as core[a373ad73a504971]::io::write::Write>::write_fmt
[INFO] [stdout]    3:     0x5da34cc08f06 - std[617be2ca0a6fd877]::panicking::default_hook::{closure#0}
[INFO] [stdout]    4:     0x5da34cc272e9 - std[617be2ca0a6fd877]::panicking::default_hook
[INFO] [stdout]    5:     0x5da34c9d7ad0 - test[aada8e7e76ba119b]::test_main_inner::{closure#0}
[INFO] [stdout]    6:     0x5da34cc27612 - std[617be2ca0a6fd877]::panicking::panic_with_hook
[INFO] [stdout]    7:     0x5da34cc08fb2 - std[617be2ca0a6fd877]::panicking::panic_handler::{closure#0}
[INFO] [stdout]    8:     0x5da34cc01949 - std[617be2ca0a6fd877]::sys::backtrace::__rust_end_short_backtrace::<std[617be2ca0a6fd877]::panicking::panic_handler::{closure#0}, !>
[INFO] [stdout]    9:     0x5da34cc09bbd - __rustc[ea4f61d10b84890b]::rust_begin_unwind
[INFO] [stdout]   10:     0x5da34cc4819c - core[a373ad73a504971]::panicking::panic_fmt
[INFO] [stdout]   11:     0x5da34c9263ba - macrotest[b1084ba1a8c903c9]::expand::run_tests::<alloc[2e1b2a31b91974c5]::vec::Vec<alloc[2e1b2a31b91974c5]::string::String>, alloc[2e1b2a31b91974c5]::string::String, &str>
[INFO] [stdout]   12:     0x5da34c929467 - <test[a2a7f211f85cbb4d]::test_expand::{closure#0} as core[a373ad73a504971]::ops::function::FnOnce<()>>::call_once
[INFO] [stdout]   13:     0x5da34c9caf1b - test[aada8e7e76ba119b]::__rust_begin_short_backtrace::<core[a373ad73a504971]::result::Result<(), alloc[2e1b2a31b91974c5]::string::String>, fn() -> core[a373ad73a504971]::result::Result<(), alloc[2e1b2a31b91974c5]::string::String>>
[INFO] [stdout]   14:     0x5da34c9d80f5 - test[aada8e7e76ba119b]::run_test::{closure#0}
[INFO] [stdout]   15:     0x5da34c9d19e4 - std[617be2ca0a6fd877]::sys::backtrace::__rust_begin_short_backtrace::<test[aada8e7e76ba119b]::run_test::{closure#1}, ()>
[INFO] [stdout]   16:     0x5da34c9db182 - <std[617be2ca0a6fd877]::thread::lifecycle::spawn_unchecked<test[aada8e7e76ba119b]::run_test::{closure#1}, ()>::{closure#1} as core[a373ad73a504971]::ops::function::FnOnce<()>>::call_once::{shim:vtable#0}
[INFO] [stdout]   17:     0x5da34cc2ff1f - <std[617be2ca0a6fd877]::sys::thread::unix::Thread>::new::thread_start
[INFO] [stdout]   18:     0x71640ad2ddfa - <unknown>
[INFO] [stdout]   19:     0x71640adc13d4 - clone
[INFO] [stdout]   20:                0x0 - <unknown>
[INFO] [stdout] 
[INFO] [stdout] ---- test_expand_fail stdout ----
[INFO] [stdout] 
[INFO] [stdout] thread 'test_expand_fail' (1787) panicked at /opt/rustwide/cargo-home/registry/src/index.crates.io-1949cf8c6b5b557f/trybuild-1.0.106/src/run.rs:102:13:
[INFO] [stdout] 1 of 4 tests failed
[INFO] [stdout] stack backtrace:
[INFO] [stdout]    0:     0x5da34cc30fe1 - <<std[617be2ca0a6fd877]::sys::backtrace::BacktraceLock>::print::DisplayBacktrace as core[a373ad73a504971]::fmt::Display>::fmt
[INFO] [stdout]    1:     0x5da34cc4797a - core[a373ad73a504971]::fmt::write
[INFO] [stdout]    2:     0x5da34cc3591c - <alloc[2e1b2a31b91974c5]::vec::Vec<u8> as core[a373ad73a504971]::io::write::Write>::write_fmt
[INFO] [stdout]    3:     0x5da34cc08f06 - std[617be2ca0a6fd877]::panicking::default_hook::{closure#0}
[INFO] [stdout]    4:     0x5da34cc272e9 - std[617be2ca0a6fd877]::panicking::default_hook
[INFO] [stdout]    5:     0x5da34c9d7ad0 - test[aada8e7e76ba119b]::test_main_inner::{closure#0}
[INFO] [stdout]    6:     0x5da34cc27612 - std[617be2ca0a6fd877]::panicking::panic_with_hook
[INFO] [stdout]    7:     0x5da34cc08fb2 - std[617be2ca0a6fd877]::panicking::panic_handler::{closure#0}
[INFO] [stdout]    8:     0x5da34cc01949 - std[617be2ca0a6fd877]::sys::backtrace::__rust_end_short_backtrace::<std[617be2ca0a6fd877]::panicking::panic_handler::{closure#0}, !>
[INFO] [stdout]    9:     0x5da34cc09bbd - __rustc[ea4f61d10b84890b]::rust_begin_unwind
[INFO] [stdout]   10:     0x5da34cc4819c - core[a373ad73a504971]::panicking::panic_fmt
[INFO] [stdout]   11:     0x5da34c92fb8c - <trybuild[917e21713c372fd1]::Runner>::run
[INFO] [stdout]   12:     0x5da34c932d20 - <trybuild[917e21713c372fd1]::TestCases as core[a373ad73a504971]::ops::drop::Drop>::drop
[INFO] [stdout]   13:     0x5da34c9294e8 - <test[a2a7f211f85cbb4d]::test_expand_fail::{closure#0} as core[a373ad73a504971]::ops::function::FnOnce<()>>::call_once
[INFO] [stdout]   14:     0x5da34c9caf1b - test[aada8e7e76ba119b]::__rust_begin_short_backtrace::<core[a373ad73a504971]::result::Result<(), alloc[2e1b2a31b91974c5]::string::String>, fn() -> core[a373ad73a504971]::result::Result<(), alloc[2e1b2a31b91974c5]::string::String>>
[INFO] [stdout]   15:     0x5da34c9d80f5 - test[aada8e7e76ba119b]::run_test::{closure#0}
[INFO] [stdout]   16:     0x5da34c9d19e4 - std[617be2ca0a6fd877]::sys::backtrace::__rust_begin_short_backtrace::<test[aada8e7e76ba119b]::run_test::{closure#1}, ()>
[INFO] [stdout]   17:     0x5da34c9db182 - <std[617be2ca0a6fd877]::thread::lifecycle::spawn_unchecked<test[aada8e7e76ba119b]::run_test::{closure#1}, ()>::{closure#1} as core[a373ad73a504971]::ops::function::FnOnce<()>>::call_once::{shim:vtable#0}
[INFO] [stdout]   18:     0x5da34cc2ff1f - <std[617be2ca0a6fd877]::sys::thread::unix::Thread>::new::thread_start
[INFO] [stdout]   19:     0x71640ad2ddfa - <unknown>
[INFO] [stdout]   20:     0x71640adc13d4 - clone
[INFO] [stdout]   21:                0x0 - <unknown>
[INFO] [stdout] 
[INFO] [stdout] 
[INFO] [stdout] failures:
[INFO] [stdout]     test_expand
[INFO] [stdout]     test_expand_fail
[INFO] [stdout] 
[INFO] [stdout] test result: FAILED. 0 passed; 2 failed; 0 ignored; 0 measured; 0 filtered out; finished in 47.71s
[INFO] [stdout] 
[INFO] running `Command { std: "docker" "inspect" "1b0f755d59488336b61ac3ff0fa6db51a511e014509b334bc6b5b66ea182968d", kill_on_drop: false }`
[INFO] running `Command { std: "docker" "rm" "-f" "1b0f755d59488336b61ac3ff0fa6db51a511e014509b334bc6b5b66ea182968d", kill_on_drop: false }`
[INFO] [stdout] 1b0f755d59488336b61ac3ff0fa6db51a511e014509b334bc6b5b66ea182968d
