[INFO] fetching crate splicer-builtin-protocol 0.2.0...
[INFO] testing splicer-builtin-protocol-0.2.0 against 1.100.0-beta.1+cargoflags=--release for beta-release-1.100-2
[INFO] extracting crate splicer-builtin-protocol 0.2.0 into /workspace/builds/worker-7-tc2/source
[INFO] started tweaking crates.io crate splicer-builtin-protocol 0.2.0
[INFO] finished tweaking crates.io crate splicer-builtin-protocol 0.2.0
[INFO] tweaked toml for crates.io crate splicer-builtin-protocol 0.2.0 written to /workspace/builds/worker-7-tc2/source/Cargo.toml
[INFO] validating manifest of crates.io crate splicer-builtin-protocol 0.2.0 on toolchain 1.100.0-beta.1
[INFO] running `Command { std: CARGO_HOME="/workspace/cargo-home" RUSTUP_HOME="/workspace/rustup-home" "/workspace/cargo-home/bin/cargo" "+1.100.0-beta.1" "metadata" "--manifest-path" "Cargo.toml" "--no-deps", kill_on_drop: false }`
[INFO] crate crates.io crate splicer-builtin-protocol 0.2.0 already has a lockfile, it will not be regenerated
[INFO] running `Command { std: CARGO_HOME="/workspace/cargo-home" RUSTUP_HOME="/workspace/rustup-home" "/workspace/cargo-home/bin/cargo" "+1.100.0-beta.1" "fetch" "--manifest-path" "Cargo.toml", kill_on_drop: false }`
[INFO] running `Command { std: "docker" "create" "-v" "/var/lib/crater-agent-workspace/builds/worker-7-tc2/source:/opt/rustwide/workdir:ro,Z" "-v" "/var/lib/crater-agent-workspace/builds/worker-7-tc2/target:/opt/rustwide/target:rw,Z" "-v" "/var/lib/crater-agent-workspace/cargo-home:/opt/rustwide/cargo-home:ro,Z" "-v" "/var/lib/crater-agent-workspace/rustup-home:/opt/rustwide/rustup-home:ro,Z" "-m" "1610612736" "--network" "none" "ghcr.io/rust-lang/crates-build-env/linux@sha256:77db811e55d90add9212f6832c23229e3de5f1c1f9905e8cb07319ea15df73ac" "sleep" "infinity", kill_on_drop: false }`
[INFO] [stdout] eea75d59e294dcbd40c54c96d26037890858d633f2548bd99fafe43e28c1b7c6
[INFO] running `Command { std: "docker" "start" "eea75d59e294dcbd40c54c96d26037890858d633f2548bd99fafe43e28c1b7c6", kill_on_drop: false }`
[INFO] running `Command { std: "docker" "inspect" "eea75d59e294dcbd40c54c96d26037890858d633f2548bd99fafe43e28c1b7c6", kill_on_drop: false }`
[INFO] running `Command { std: "docker" "exec" "-e" "SOURCE_DIR=/opt/rustwide/workdir" "-e" "CARGO_HOME=/opt/rustwide/cargo-home" "-e" "RUSTUP_HOME=/opt/rustwide/rustup-home" "-e" "CARGO_TARGET_DIR=/opt/rustwide/target" "-w" "/opt/rustwide/workdir" "--user" "0:0" "eea75d59e294dcbd40c54c96d26037890858d633f2548bd99fafe43e28c1b7c6" "/opt/rustwide/cargo-home/bin/cargo" "+1.100.0-beta.1" "metadata" "--no-deps" "--format-version=1", kill_on_drop: false }`
[INFO] running `Command { std: "docker" "inspect" "eea75d59e294dcbd40c54c96d26037890858d633f2548bd99fafe43e28c1b7c6", kill_on_drop: false }`
[INFO] running `Command { std: "docker" "exec" "-e" "SOURCE_DIR=/opt/rustwide/workdir" "-e" "CARGO_HOME=/opt/rustwide/cargo-home" "-e" "RUSTUP_HOME=/opt/rustwide/rustup-home" "-e" "CARGO_TARGET_DIR=/opt/rustwide/target" "-e" "CARGO_INCREMENTAL=0" "-e" "RUST_BACKTRACE=full" "-e" "RUSTFLAGS=--cap-lints=warn" "-e" "RUSTDOCFLAGS=--cap-lints=warn" "-w" "/opt/rustwide/workdir" "--user" "0:0" "eea75d59e294dcbd40c54c96d26037890858d633f2548bd99fafe43e28c1b7c6" "/opt/rustwide/cargo-home/bin/cargo" "+1.100.0-beta.1" "build" "--frozen" "--message-format=json" "--release", kill_on_drop: false }`
[INFO] [stderr]    Compiling proc-macro2 v1.0.106
[INFO] [stderr]    Compiling quote v1.0.45
[INFO] [stderr]    Compiling unicode-ident v1.0.24
[INFO] [stderr]    Compiling winnow v0.7.15
[INFO] [stderr]    Compiling toml_write v0.1.2
[INFO] [stderr]    Compiling bitflags v2.11.1
[INFO] [stderr]    Compiling semver v1.0.28
[INFO] [stderr]    Compiling indexmap v2.14.0
[INFO] [stderr]    Compiling syn v2.0.117
[INFO] [stderr]    Compiling serde_derive v1.0.228
[INFO] [stderr]    Compiling serde v1.0.228
[INFO] [stderr]    Compiling serde_spanned v0.6.9
[INFO] [stderr]    Compiling toml_datetime v0.6.11
[INFO] [stderr]    Compiling wasmparser v0.247.0
[INFO] [stderr]    Compiling toml_edit v0.22.27
[INFO] [stderr]    Compiling toml v0.8.23
[INFO] [stderr]    Compiling splicer-builtin-protocol v0.2.0 (/opt/rustwide/workdir)
[INFO] [stderr]     Finished `release` profile [optimized] target(s) in 41.78s
[INFO] running `Command { std: "docker" "inspect" "eea75d59e294dcbd40c54c96d26037890858d633f2548bd99fafe43e28c1b7c6", kill_on_drop: false }`
[INFO] running `Command { std: "docker" "exec" "-e" "SOURCE_DIR=/opt/rustwide/workdir" "-e" "CARGO_HOME=/opt/rustwide/cargo-home" "-e" "RUSTUP_HOME=/opt/rustwide/rustup-home" "-e" "CARGO_TARGET_DIR=/opt/rustwide/target" "-e" "CARGO_INCREMENTAL=0" "-e" "RUST_BACKTRACE=full" "-e" "RUSTFLAGS=--cap-lints=warn" "-e" "RUSTDOCFLAGS=--cap-lints=warn" "-w" "/opt/rustwide/workdir" "--user" "0:0" "eea75d59e294dcbd40c54c96d26037890858d633f2548bd99fafe43e28c1b7c6" "/opt/rustwide/cargo-home/bin/cargo" "+1.100.0-beta.1" "test" "--frozen" "--no-run" "--message-format=json" "--release", kill_on_drop: false }`
[INFO] [stderr]    Compiling lazy_static v1.5.0
[INFO] [stderr]    Compiling beef v0.5.2
[INFO] [stderr]    Compiling regex-syntax v0.8.10
[INFO] [stderr]    Compiling thiserror v2.0.18
[INFO] [stderr]    Compiling syn v2.0.117
[INFO] [stderr]    Compiling logos-codegen v0.14.4
[INFO] [stderr]    Compiling serde_derive v1.0.228
[INFO] [stderr]    Compiling thiserror-impl v2.0.18
[INFO] [stderr]    Compiling logos-derive v0.14.4
[INFO] [stderr]    Compiling logos v0.14.4
[INFO] [stderr]    Compiling wasm-wave v0.247.0
[INFO] [stderr]    Compiling serde v1.0.228
[INFO] [stderr]    Compiling toml_datetime v0.6.11
[INFO] [stderr]    Compiling serde_spanned v0.6.9
[INFO] [stderr]    Compiling wasmparser v0.247.0
[INFO] [stderr]    Compiling toml_edit v0.22.27
[INFO] [stderr]    Compiling toml v0.8.23
[INFO] [stderr]    Compiling splicer-builtin-protocol v0.2.0 (/opt/rustwide/workdir)
[INFO] [stderr]     Finished `release` profile [optimized] target(s) in 47.82s
[INFO] running `Command { std: "docker" "inspect" "eea75d59e294dcbd40c54c96d26037890858d633f2548bd99fafe43e28c1b7c6", kill_on_drop: false }`
[INFO] running `Command { std: "docker" "exec" "-e" "SOURCE_DIR=/opt/rustwide/workdir" "-e" "CARGO_HOME=/opt/rustwide/cargo-home" "-e" "RUSTUP_HOME=/opt/rustwide/rustup-home" "-e" "CARGO_TARGET_DIR=/opt/rustwide/target" "-e" "CARGO_INCREMENTAL=0" "-e" "RUST_BACKTRACE=full" "-e" "RUSTFLAGS=--cap-lints=warn" "-e" "RUSTDOCFLAGS=--cap-lints=warn" "-w" "/opt/rustwide/workdir" "--user" "0:0" "eea75d59e294dcbd40c54c96d26037890858d633f2548bd99fafe43e28c1b7c6" "/opt/rustwide/cargo-home/bin/cargo" "+1.100.0-beta.1" "test" "--frozen" "--release", kill_on_drop: false }`
[INFO] [stderr]     Finished `release` profile [optimized] target(s) in 0.07s
[INFO] [stderr]      Running unittests src/lib.rs (/opt/rustwide/target/release/build/splicer-builtin-protocol/78a73ca08be953eb/out/splicer_builtin_protocol-78a73ca08be953eb)
[INFO] [stdout] 
[INFO] [stdout] running 22 tests
[INFO] [stdout] test tests::encoder_round_trips_through_wasm_wave ... ok
[INFO] [stdout] test tests::extract_for_builtin_returns_none_when_no_section ... ok
[INFO] [stdout] test tests::compound_encoders_round_trip_through_wasm_wave ... ok
[INFO] [stdout] test tests::rejects_case_insensitive_on_non_enum ... FAILED
[INFO] [stdout] test tests::encode_float_emits_canonical_nan_and_inf ... ok
[INFO] [stdout] test tests::parses_primitive_keys ... FAILED
[INFO] [stdout] test tests::rejects_oob_u32 ... FAILED
[INFO] [stdout] test tests::extract_for_builtin_rejects_wrong_name ... FAILED
[INFO] [stdout] test tests::list_of_primitives_encodes ... FAILED
[INFO] [stdout] test typ::tests::primitives ... ok
[INFO] [stdout] test tests::option_of_u32_validate_value ... FAILED
[INFO] [stdout] test typ::tests::enum_with_cases ... ok
[INFO] [stdout] test typ::tests::tuple_arity_check ... ok
[INFO] [stdout] test typ::tests::duplicate_enum_case_rejected ... ok
[INFO] [stdout] test typ::tests::display_round_trip ... ok
[INFO] [stdout] test typ::tests::trailing_garbage_rejected ... ok
[INFO] [stdout] test tests::rejects_invalid_key_names ... FAILED
[INFO] [stdout] test tests::enum_type_with_case_insensitive ... FAILED
[INFO] [stdout] test tests::f32_overflow_rejected_at_validate_time ... FAILED
[INFO] [stdout] test typ::tests::unknown_primitive ... ok
[INFO] [stdout] test typ::tests::list_of_string ... ok
[INFO] [stdout] test typ::tests::nested ... ok
[INFO] [stdout] 
[INFO] [stdout] failures:
[INFO] [stdout] 
[INFO] [stdout] ---- tests::rejects_case_insensitive_on_non_enum stdout ----
[INFO] [stdout] 
[INFO] [stdout] thread 'tests::rejects_case_insensitive_on_non_enum' (1016) panicked at src/lib.rs:743:9:
[INFO] [stdout] manifest.toml parse error: TOML parse error at line 2, column 13
[INFO] [stdout]   |
[INFO] [stdout] 2 |             [builtin]
[INFO] [stdout]   |             ^^^^^^^^^
[INFO] [stdout] missing field `tier`
[INFO] [stdout] 
[INFO] [stdout] stack backtrace:
[INFO] [stdout]    0:     0x57e8bede9791 - <<std[617be2ca0a6fd877]::sys::backtrace::BacktraceLock>::print::DisplayBacktrace as core[a373ad73a504971]::fmt::Display>::fmt
[INFO] [stdout]    1:     0x57e8bedff29a - core[a373ad73a504971]::fmt::write
[INFO] [stdout]    2:     0x57e8beded9ac - <alloc[2e1b2a31b91974c5]::vec::Vec<u8> as core[a373ad73a504971]::io::write::Write>::write_fmt
[INFO] [stdout]    3:     0x57e8bedc5bf6 - std[617be2ca0a6fd877]::panicking::default_hook::{closure#0}
[INFO] [stdout]    4:     0x57e8bede1e29 - std[617be2ca0a6fd877]::panicking::default_hook
[INFO] [stdout]    5:     0x57e8bed626a0 - test[aada8e7e76ba119b]::test_main_inner::{closure#0}
[INFO] [stdout]    6:     0x57e8bede1fe2 - std[617be2ca0a6fd877]::panicking::panic_with_hook
[INFO] [stdout]    7:     0x57e8bedc5ca2 - std[617be2ca0a6fd877]::panicking::panic_handler::{closure#0}
[INFO] [stdout]    8:     0x57e8bedbe9b9 - std[617be2ca0a6fd877]::sys::backtrace::__rust_end_short_backtrace::<std[617be2ca0a6fd877]::panicking::panic_handler::{closure#0}, !>
[INFO] [stdout]    9:     0x57e8bedc68ad - __rustc[ea4f61d10b84890b]::rust_begin_unwind
[INFO] [stdout]   10:     0x57e8bedff9cc - core[a373ad73a504971]::panicking::panic_fmt
[INFO] [stdout]   11:     0x57e8becf9e6c - <splicer_builtin_protocol[3093591a55b155f4]::tests::rejects_case_insensitive_on_non_enum::{closure#0} as core[a373ad73a504971]::ops::function::FnOnce<()>>::call_once
[INFO] [stdout]   12:     0x57e8bed55aeb - test[aada8e7e76ba119b]::__rust_begin_short_backtrace::<core[a373ad73a504971]::result::Result<(), alloc[2e1b2a31b91974c5]::string::String>, fn() -> core[a373ad73a504971]::result::Result<(), alloc[2e1b2a31b91974c5]::string::String>>
[INFO] [stdout]   13:     0x57e8bed62cc5 - test[aada8e7e76ba119b]::run_test::{closure#0}
[INFO] [stdout]   14:     0x57e8bed5c5b4 - std[617be2ca0a6fd877]::sys::backtrace::__rust_begin_short_backtrace::<test[aada8e7e76ba119b]::run_test::{closure#1}, ()>
[INFO] [stdout]   15:     0x57e8bed65d52 - <std[617be2ca0a6fd877]::thread::lifecycle::spawn_unchecked<test[aada8e7e76ba119b]::run_test::{closure#1}, ()>::{closure#1} as core[a373ad73a504971]::ops::function::FnOnce<()>>::call_once::{shim:vtable#0}
[INFO] [stdout]   16:     0x57e8bede8fef - <std[617be2ca0a6fd877]::sys::thread::unix::Thread>::new::thread_start
[INFO] [stdout]   17:     0x7976d8bf1dfa - <unknown>
[INFO] [stdout]   18:     0x7976d8c853d4 - clone
[INFO] [stdout]   19:                0x0 - <unknown>
[INFO] [stdout] 
[INFO] [stdout] ---- tests::parses_primitive_keys stdout ----
[INFO] [stdout] 
[INFO] [stdout] thread 'tests::parses_primitive_keys' (1015) panicked at src/lib.rs:698:42:
[INFO] [stdout] called `Result::unwrap()` on an `Err` value: Parse("TOML parse error at line 2, column 13\n  |\n2 |             [builtin]\n  |             ^^^^^^^^^\nmissing field `tier`\n")
[INFO] [stdout] stack backtrace:
[INFO] [stdout]    0:     0x57e8bede9791 - <<std[617be2ca0a6fd877]::sys::backtrace::BacktraceLock>::print::DisplayBacktrace as core[a373ad73a504971]::fmt::Display>::fmt
[INFO] [stdout]    1:     0x57e8bedff29a - core[a373ad73a504971]::fmt::write
[INFO] [stdout]    2:     0x57e8beded9ac - <alloc[2e1b2a31b91974c5]::vec::Vec<u8> as core[a373ad73a504971]::io::write::Write>::write_fmt
[INFO] [stdout]    3:     0x57e8bedc5bf6 - std[617be2ca0a6fd877]::panicking::default_hook::{closure#0}
[INFO] [stdout]    4:     0x57e8bede1e29 - std[617be2ca0a6fd877]::panicking::default_hook
[INFO] [stdout]    5:     0x57e8bed626a0 - test[aada8e7e76ba119b]::test_main_inner::{closure#0}
[INFO] [stdout]    6:     0x57e8bede1fe2 - std[617be2ca0a6fd877]::panicking::panic_with_hook
[INFO] [stdout]    7:     0x57e8bedc5ca2 - std[617be2ca0a6fd877]::panicking::panic_handler::{closure#0}
[INFO] [stdout]    8:     0x57e8bedbe9b9 - std[617be2ca0a6fd877]::sys::backtrace::__rust_end_short_backtrace::<std[617be2ca0a6fd877]::panicking::panic_handler::{closure#0}, !>
[INFO] [stdout]    9:     0x57e8bedc68ad - __rustc[ea4f61d10b84890b]::rust_begin_unwind
[INFO] [stdout]   10:     0x57e8bedff9cc - core[a373ad73a504971]::panicking::panic_fmt
[INFO] [stdout]   11:     0x57e8bedff7a2 - core[a373ad73a504971]::result::unwrap_failed
[INFO] [stdout]   12:     0x57e8becf8dd4 - <splicer_builtin_protocol[3093591a55b155f4]::tests::parses_primitive_keys::{closure#0} as core[a373ad73a504971]::ops::function::FnOnce<()>>::call_once
[INFO] [stdout]   13:     0x57e8bed55aeb - test[aada8e7e76ba119b]::__rust_begin_short_backtrace::<core[a373ad73a504971]::result::Result<(), alloc[2e1b2a31b91974c5]::string::String>, fn() -> core[a373ad73a504971]::result::Result<(), alloc[2e1b2a31b91974c5]::string::String>>
[INFO] [stdout]   14:     0x57e8bed62cc5 - test[aada8e7e76ba119b]::run_test::{closure#0}
[INFO] [stdout]   15:     0x57e8bed5c5b4 - std[617be2ca0a6fd877]::sys::backtrace::__rust_begin_short_backtrace::<test[aada8e7e76ba119b]::run_test::{closure#1}, ()>
[INFO] [stdout]   16:     0x57e8bed65d52 - <std[617be2ca0a6fd877]::thread::lifecycle::spawn_unchecked<test[aada8e7e76ba119b]::run_test::{closure#1}, ()>::{closure#1} as core[a373ad73a504971]::ops::function::FnOnce<()>>::call_once::{shim:vtable#0}
[INFO] [stdout]   17:     0x57e8bede8fef - <std[617be2ca0a6fd877]::sys::thread::unix::Thread>::new::thread_start
[INFO] [stdout]   18:     0x7976d8bf1dfa - <unknown>
[INFO] [stdout]   19:     0x7976d8c853d4 - clone
[INFO] [stdout]   20:                0x0 - <unknown>
[INFO] [stdout] 
[INFO] [stdout] ---- tests::rejects_oob_u32 stdout ----
[INFO] [stdout] 
[INFO] [stdout] thread 'tests::rejects_oob_u32' (1018) panicked at src/lib.rs:815:42:
[INFO] [stdout] called `Result::unwrap()` on an `Err` value: Parse("TOML parse error at line 2, column 13\n  |\n2 |             [builtin]\n  |             ^^^^^^^^^\nmissing field `tier`\n")
[INFO] [stdout] stack backtrace:
[INFO] [stdout]    0:     0x57e8bede9791 - <<std[617be2ca0a6fd877]::sys::backtrace::BacktraceLock>::print::DisplayBacktrace as core[a373ad73a504971]::fmt::Display>::fmt
[INFO] [stdout]    1:     0x57e8bedff29a - core[a373ad73a504971]::fmt::write
[INFO] [stdout]    2:     0x57e8beded9ac - <alloc[2e1b2a31b91974c5]::vec::Vec<u8> as core[a373ad73a504971]::io::write::Write>::write_fmt
[INFO] [stdout]    3:     0x57e8bedc5bf6 - std[617be2ca0a6fd877]::panicking::default_hook::{closure#0}
[INFO] [stdout]    4:     0x57e8bede1e29 - std[617be2ca0a6fd877]::panicking::default_hook
[INFO] [stdout]    5:     0x57e8bed626a0 - test[aada8e7e76ba119b]::test_main_inner::{closure#0}
[INFO] [stdout]    6:     0x57e8bede1fe2 - std[617be2ca0a6fd877]::panicking::panic_with_hook
[INFO] [stdout]    7:     0x57e8bedc5ca2 - std[617be2ca0a6fd877]::panicking::panic_handler::{closure#0}
[INFO] [stdout]    8:     0x57e8bedbe9b9 - std[617be2ca0a6fd877]::sys::backtrace::__rust_end_short_backtrace::<std[617be2ca0a6fd877]::panicking::panic_handler::{closure#0}, !>
[INFO] [stdout]    9:     0x57e8bedc68ad - __rustc[ea4f61d10b84890b]::rust_begin_unwind
[INFO] [stdout]   10:     0x57e8bedff9cc - core[a373ad73a504971]::panicking::panic_fmt
[INFO] [stdout]   11:     0x57e8bedff7a2 - core[a373ad73a504971]::result::unwrap_failed
[INFO] [stdout]   12:     0x57e8becf8be6 - <splicer_builtin_protocol[3093591a55b155f4]::tests::rejects_oob_u32::{closure#0} as core[a373ad73a504971]::ops::function::FnOnce<()>>::call_once
[INFO] [stdout]   13:     0x57e8bed55aeb - test[aada8e7e76ba119b]::__rust_begin_short_backtrace::<core[a373ad73a504971]::result::Result<(), alloc[2e1b2a31b91974c5]::string::String>, fn() -> core[a373ad73a504971]::result::Result<(), alloc[2e1b2a31b91974c5]::string::String>>
[INFO] [stdout]   14:     0x57e8bed62cc5 - test[aada8e7e76ba119b]::run_test::{closure#0}
[INFO] [stdout]   15:     0x57e8bed5c5b4 - std[617be2ca0a6fd877]::sys::backtrace::__rust_begin_short_backtrace::<test[aada8e7e76ba119b]::run_test::{closure#1}, ()>
[INFO] [stdout]   16:     0x57e8bed65d52 - <std[617be2ca0a6fd877]::thread::lifecycle::spawn_unchecked<test[aada8e7e76ba119b]::run_test::{closure#1}, ()>::{closure#1} as core[a373ad73a504971]::ops::function::FnOnce<()>>::call_once::{shim:vtable#0}
[INFO] [stdout]   17:     0x57e8bede8fef - <std[617be2ca0a6fd877]::sys::thread::unix::Thread>::new::thread_start
[INFO] [stdout]   18:     0x7976d8bf1dfa - <unknown>
[INFO] [stdout]   19:     0x7976d8c853d4 - clone
[INFO] [stdout]   20:                0x0 - <unknown>
[INFO] [stdout] 
[INFO] [stdout] ---- tests::extract_for_builtin_rejects_wrong_name stdout ----
[INFO] [stdout] 
[INFO] [stdout] thread 'tests::extract_for_builtin_rejects_wrong_name' (1010) panicked at src/lib.rs:900:9:
[INFO] [stdout] manifest for 'hello-tier1' failed to parse: manifest.toml parse error: TOML parse error at line 1, column 1
[INFO] [stdout]   |
[INFO] [stdout] 1 | [builtin]
[INFO] [stdout]   | ^^^^^^^^^
[INFO] [stdout] missing field `tier`
[INFO] [stdout] 
[INFO] [stdout] stack backtrace:
[INFO] [stdout]    0:     0x57e8bede9791 - <<std[617be2ca0a6fd877]::sys::backtrace::BacktraceLock>::print::DisplayBacktrace as core[a373ad73a504971]::fmt::Display>::fmt
[INFO] [stdout]    1:     0x57e8bedff29a - core[a373ad73a504971]::fmt::write
[INFO] [stdout]    2:     0x57e8beded9ac - <alloc[2e1b2a31b91974c5]::vec::Vec<u8> as core[a373ad73a504971]::io::write::Write>::write_fmt
[INFO] [stdout]    3:     0x57e8bedc5bf6 - std[617be2ca0a6fd877]::panicking::default_hook::{closure#0}
[INFO] [stdout]    4:     0x57e8bede1e29 - std[617be2ca0a6fd877]::panicking::default_hook
[INFO] [stdout]    5:     0x57e8bed626a0 - test[aada8e7e76ba119b]::test_main_inner::{closure#0}
[INFO] [stdout]    6:     0x57e8bede1fe2 - std[617be2ca0a6fd877]::panicking::panic_with_hook
[INFO] [stdout]    7:     0x57e8bedc5ca2 - std[617be2ca0a6fd877]::panicking::panic_handler::{closure#0}
[INFO] [stdout]    8:     0x57e8bedbe9b9 - std[617be2ca0a6fd877]::sys::backtrace::__rust_end_short_backtrace::<std[617be2ca0a6fd877]::panicking::panic_handler::{closure#0}, !>
[INFO] [stdout]    9:     0x57e8bedc68ad - __rustc[ea4f61d10b84890b]::rust_begin_unwind
[INFO] [stdout]   10:     0x57e8bedff9cc - core[a373ad73a504971]::panicking::panic_fmt
[INFO] [stdout]   11:     0x57e8becfb621 - <splicer_builtin_protocol[3093591a55b155f4]::tests::extract_for_builtin_rejects_wrong_name::{closure#0} as core[a373ad73a504971]::ops::function::FnOnce<()>>::call_once
[INFO] [stdout]   12:     0x57e8bed55aeb - test[aada8e7e76ba119b]::__rust_begin_short_backtrace::<core[a373ad73a504971]::result::Result<(), alloc[2e1b2a31b91974c5]::string::String>, fn() -> core[a373ad73a504971]::result::Result<(), alloc[2e1b2a31b91974c5]::string::String>>
[INFO] [stdout]   13:     0x57e8bed62cc5 - test[aada8e7e76ba119b]::run_test::{closure#0}
[INFO] [stdout]   14:     0x57e8bed5c5b4 - std[617be2ca0a6fd877]::sys::backtrace::__rust_begin_short_backtrace::<test[aada8e7e76ba119b]::run_test::{closure#1}, ()>
[INFO] [stdout]   15:     0x57e8bed65d52 - <std[617be2ca0a6fd877]::thread::lifecycle::spawn_unchecked<test[aada8e7e76ba119b]::run_test::{closure#1}, ()>::{closure#1} as core[a373ad73a504971]::ops::function::FnOnce<()>>::call_once::{shim:vtable#0}
[INFO] [stdout]   16:     0x57e8bede8fef - <std[617be2ca0a6fd877]::sys::thread::unix::Thread>::new::thread_start
[INFO] [stdout]   17:     0x7976d8bf1dfa - <unknown>
[INFO] [stdout]   18:     0x7976d8c853d4 - clone
[INFO] [stdout]   19:                0x0 - <unknown>
[INFO] [stdout] 
[INFO] [stdout] ---- tests::list_of_primitives_encodes stdout ----
[INFO] [stdout] 
[INFO] [stdout] thread 'tests::list_of_primitives_encodes' (1013) panicked at src/lib.rs:761:42:
[INFO] [stdout] called `Result::unwrap()` on an `Err` value: Parse("TOML parse error at line 2, column 13\n  |\n2 |             [builtin]\n  |             ^^^^^^^^^\nmissing field `tier`\n")
[INFO] [stdout] stack backtrace:
[INFO] [stdout]    0:     0x57e8bede9791 - <<std[617be2ca0a6fd877]::sys::backtrace::BacktraceLock>::print::DisplayBacktrace as core[a373ad73a504971]::fmt::Display>::fmt
[INFO] [stdout]    1:     0x57e8bedff29a - core[a373ad73a504971]::fmt::write
[INFO] [stdout]    2:     0x57e8beded9ac - <alloc[2e1b2a31b91974c5]::vec::Vec<u8> as core[a373ad73a504971]::io::write::Write>::write_fmt
[INFO] [stdout]    3:     0x57e8bedc5bf6 - std[617be2ca0a6fd877]::panicking::default_hook::{closure#0}
[INFO] [stdout]    4:     0x57e8bede1e29 - std[617be2ca0a6fd877]::panicking::default_hook
[INFO] [stdout]    5:     0x57e8bed626a0 - test[aada8e7e76ba119b]::test_main_inner::{closure#0}
[INFO] [stdout]    6:     0x57e8bede1fe2 - std[617be2ca0a6fd877]::panicking::panic_with_hook
[INFO] [stdout]    7:     0x57e8bedc5ca2 - std[617be2ca0a6fd877]::panicking::panic_handler::{closure#0}
[INFO] [stdout]    8:     0x57e8bedbe9b9 - std[617be2ca0a6fd877]::sys::backtrace::__rust_end_short_backtrace::<std[617be2ca0a6fd877]::panicking::panic_handler::{closure#0}, !>
[INFO] [stdout]    9:     0x57e8bedc68ad - __rustc[ea4f61d10b84890b]::rust_begin_unwind
[INFO] [stdout]   10:     0x57e8bedff9cc - core[a373ad73a504971]::panicking::panic_fmt
[INFO] [stdout]   11:     0x57e8bedff7a2 - core[a373ad73a504971]::result::unwrap_failed
[INFO] [stdout]   12:     0x57e8becf93c9 - <splicer_builtin_protocol[3093591a55b155f4]::tests::list_of_primitives_encodes::{closure#0} as core[a373ad73a504971]::ops::function::FnOnce<()>>::call_once
[INFO] [stdout]   13:     0x57e8bed55aeb - test[aada8e7e76ba119b]::__rust_begin_short_backtrace::<core[a373ad73a504971]::result::Result<(), alloc[2e1b2a31b91974c5]::string::String>, fn() -> core[a373ad73a504971]::result::Result<(), alloc[2e1b2a31b91974c5]::string::String>>
[INFO] [stdout]   14:     0x57e8bed62cc5 - test[aada8e7e76ba119b]::run_test::{closure#0}
[INFO] [stdout]   15:     0x57e8bed5c5b4 - std[617be2ca0a6fd877]::sys::backtrace::__rust_begin_short_backtrace::<test[aada8e7e76ba119b]::run_test::{closure#1}, ()>
[INFO] [stdout]   16:     0x57e8bed65d52 - <std[617be2ca0a6fd877]::thread::lifecycle::spawn_unchecked<test[aada8e7e76ba119b]::run_test::{closure#1}, ()>::{closure#1} as core[a373ad73a504971]::ops::function::FnOnce<()>>::call_once::{shim:vtable#0}
[INFO] [stdout]   17:     0x57e8bede8fef - <std[617be2ca0a6fd877]::sys::thread::unix::Thread>::new::thread_start
[INFO] [stdout]   18:     0x7976d8bf1dfa - <unknown>
[INFO] [stdout]   19:     0x7976d8c853d4 - clone
[INFO] [stdout]   20:                0x0 - <unknown>
[INFO] [stdout] 
[INFO] [stdout] ---- tests::option_of_u32_validate_value stdout ----
[INFO] [stdout] 
[INFO] [stdout] thread 'tests::option_of_u32_validate_value' (1014) panicked at src/lib.rs:787:42:
[INFO] [stdout] called `Result::unwrap()` on an `Err` value: Parse("TOML parse error at line 2, column 13\n  |\n2 |             [builtin]\n  |             ^^^^^^^^^\nmissing field `tier`\n")
[INFO] [stdout] stack backtrace:
[INFO] [stdout]    0:     0x57e8bede9791 - <<std[617be2ca0a6fd877]::sys::backtrace::BacktraceLock>::print::DisplayBacktrace as core[a373ad73a504971]::fmt::Display>::fmt
[INFO] [stdout]    1:     0x57e8bedff29a - core[a373ad73a504971]::fmt::write
[INFO] [stdout]    2:     0x57e8beded9ac - <alloc[2e1b2a31b91974c5]::vec::Vec<u8> as core[a373ad73a504971]::io::write::Write>::write_fmt
[INFO] [stdout]    3:     0x57e8bedc5bf6 - std[617be2ca0a6fd877]::panicking::default_hook::{closure#0}
[INFO] [stdout]    4:     0x57e8bede1e29 - std[617be2ca0a6fd877]::panicking::default_hook
[INFO] [stdout]    5:     0x57e8bed626a0 - test[aada8e7e76ba119b]::test_main_inner::{closure#0}
[INFO] [stdout]    6:     0x57e8bede1fe2 - std[617be2ca0a6fd877]::panicking::panic_with_hook
[INFO] [stdout]    7:     0x57e8bedc5ca2 - std[617be2ca0a6fd877]::panicking::panic_handler::{closure#0}
[INFO] [stdout]    8:     0x57e8bedbe9b9 - std[617be2ca0a6fd877]::sys::backtrace::__rust_end_short_backtrace::<std[617be2ca0a6fd877]::panicking::panic_handler::{closure#0}, !>
[INFO] [stdout]    9:     0x57e8bedc68ad - __rustc[ea4f61d10b84890b]::rust_begin_unwind
[INFO] [stdout]   10:     0x57e8bedff9cc - core[a373ad73a504971]::panicking::panic_fmt
[INFO] [stdout]   11:     0x57e8bedff7a2 - core[a373ad73a504971]::result::unwrap_failed
[INFO] [stdout]   12:     0x57e8becf976f - <splicer_builtin_protocol[3093591a55b155f4]::tests::option_of_u32_validate_value::{closure#0} as core[a373ad73a504971]::ops::function::FnOnce<()>>::call_once
[INFO] [stdout]   13:     0x57e8bed55aeb - test[aada8e7e76ba119b]::__rust_begin_short_backtrace::<core[a373ad73a504971]::result::Result<(), alloc[2e1b2a31b91974c5]::string::String>, fn() -> core[a373ad73a504971]::result::Result<(), alloc[2e1b2a31b91974c5]::string::String>>
[INFO] [stdout]   14:     0x57e8bed62cc5 - test[aada8e7e76ba119b]::run_test::{closure#0}
[INFO] [stdout]   15:     0x57e8bed5c5b4 - std[617be2ca0a6fd877]::sys::backtrace::__rust_begin_short_backtrace::<test[aada8e7e76ba119b]::run_test::{closure#1}, ()>
[INFO] [stdout]   16:     0x57e8bed65d52 - <std[617be2ca0a6fd877]::thread::lifecycle::spawn_unchecked<test[aada8e7e76ba119b]::run_test::{closure#1}, ()>::{closure#1} as core[a373ad73a504971]::ops::function::FnOnce<()>>::call_once::{shim:vtable#0}
[INFO] [stdout]   17:     0x57e8bede8fef - <std[617be2ca0a6fd877]::sys::thread::unix::Thread>::new::thread_start
[INFO] [stdout]   18:     0x7976d8bf1dfa - <unknown>
[INFO] [stdout]   19:     0x7976d8c853d4 - clone
[INFO] [stdout]   20:                0x0 - <unknown>
[INFO] [stdout] 
[INFO] [stdout] ---- tests::rejects_invalid_key_names stdout ----
[INFO] [stdout] 
[INFO] [stdout] thread 'tests::rejects_invalid_key_names' (1017) panicked at src/lib.rs:870:9:
[INFO] [stdout] manifest.toml parse error: TOML parse error at line 2, column 13
[INFO] [stdout]   |
[INFO] [stdout] 2 |             [builtin]
[INFO] [stdout]   |             ^^^^^^^^^
[INFO] [stdout] missing field `tier`
[INFO] [stdout] 
[INFO] [stdout] stack backtrace:
[INFO] [stdout]    0:     0x57e8bede9791 - <<std[617be2ca0a6fd877]::sys::backtrace::BacktraceLock>::print::DisplayBacktrace as core[a373ad73a504971]::fmt::Display>::fmt
[INFO] [stdout]    1:     0x57e8bedff29a - core[a373ad73a504971]::fmt::write
[INFO] [stdout]    2:     0x57e8beded9ac - <alloc[2e1b2a31b91974c5]::vec::Vec<u8> as core[a373ad73a504971]::io::write::Write>::write_fmt
[INFO] [stdout]    3:     0x57e8bedc5bf6 - std[617be2ca0a6fd877]::panicking::default_hook::{closure#0}
[INFO] [stdout]    4:     0x57e8bede1e29 - std[617be2ca0a6fd877]::panicking::default_hook
[INFO] [stdout]    5:     0x57e8bed626a0 - test[aada8e7e76ba119b]::test_main_inner::{closure#0}
[INFO] [stdout]    6:     0x57e8bede1fe2 - std[617be2ca0a6fd877]::panicking::panic_with_hook
[INFO] [stdout]    7:     0x57e8bedc5ca2 - std[617be2ca0a6fd877]::panicking::panic_handler::{closure#0}
[INFO] [stdout]    8:     0x57e8bedbe9b9 - std[617be2ca0a6fd877]::sys::backtrace::__rust_end_short_backtrace::<std[617be2ca0a6fd877]::panicking::panic_handler::{closure#0}, !>
[INFO] [stdout]    9:     0x57e8bedc68ad - __rustc[ea4f61d10b84890b]::rust_begin_unwind
[INFO] [stdout]   10:     0x57e8bedff9cc - core[a373ad73a504971]::panicking::panic_fmt
[INFO] [stdout]   11:     0x57e8becf903c - <splicer_builtin_protocol[3093591a55b155f4]::tests::rejects_invalid_key_names::{closure#0} as core[a373ad73a504971]::ops::function::FnOnce<()>>::call_once
[INFO] [stdout]   12:     0x57e8bed55aeb - test[aada8e7e76ba119b]::__rust_begin_short_backtrace::<core[a373ad73a504971]::result::Result<(), alloc[2e1b2a31b91974c5]::string::String>, fn() -> core[a373ad73a504971]::result::Result<(), alloc[2e1b2a31b91974c5]::string::String>>
[INFO] [stdout]   13:     0x57e8bed62cc5 - test[aada8e7e76ba119b]::run_test::{closure#0}
[INFO] [stdout]   14:     0x57e8bed5c5b4 - std[617be2ca0a6fd877]::sys::backtrace::__rust_begin_short_backtrace::<test[aada8e7e76ba119b]::run_test::{closure#1}, ()>
[INFO] [stdout]   15:     0x57e8bed65d52 - <std[617be2ca0a6fd877]::thread::lifecycle::spawn_unchecked<test[aada8e7e76ba119b]::run_test::{closure#1}, ()>::{closure#1} as core[a373ad73a504971]::ops::function::FnOnce<()>>::call_once::{shim:vtable#0}
[INFO] [stdout]   16:     0x57e8bede8fef - <std[617be2ca0a6fd877]::sys::thread::unix::Thread>::new::thread_start
[INFO] [stdout]   17:     0x7976d8bf1dfa - <unknown>
[INFO] [stdout]   18:     0x7976d8c853d4 - clone
[INFO] [stdout]   19:                0x0 - <unknown>
[INFO] [stdout] 
[INFO] [stdout] ---- tests::enum_type_with_case_insensitive stdout ----
[INFO] [stdout] 
[INFO] [stdout] thread 'tests::enum_type_with_case_insensitive' (1009) panicked at src/lib.rs:716:42:
[INFO] [stdout] called `Result::unwrap()` on an `Err` value: Parse("TOML parse error at line 2, column 13\n  |\n2 |             [builtin]\n  |             ^^^^^^^^^\nmissing field `tier`\n")
[INFO] [stdout] stack backtrace:
[INFO] [stdout]    0:     0x57e8bede9791 - <<std[617be2ca0a6fd877]::sys::backtrace::BacktraceLock>::print::DisplayBacktrace as core[a373ad73a504971]::fmt::Display>::fmt
[INFO] [stdout]    1:     0x57e8bedff29a - core[a373ad73a504971]::fmt::write
[INFO] [stdout]    2:     0x57e8beded9ac - <alloc[2e1b2a31b91974c5]::vec::Vec<u8> as core[a373ad73a504971]::io::write::Write>::write_fmt
[INFO] [stdout]    3:     0x57e8bedc5bf6 - std[617be2ca0a6fd877]::panicking::default_hook::{closure#0}
[INFO] [stdout]    4:     0x57e8bede1e29 - std[617be2ca0a6fd877]::panicking::default_hook
[INFO] [stdout]    5:     0x57e8bed626a0 - test[aada8e7e76ba119b]::test_main_inner::{closure#0}
[INFO] [stdout]    6:     0x57e8bede1fe2 - std[617be2ca0a6fd877]::panicking::panic_with_hook
[INFO] [stdout]    7:     0x57e8bedc5ca2 - std[617be2ca0a6fd877]::panicking::panic_handler::{closure#0}
[INFO] [stdout]    8:     0x57e8bedbe9b9 - std[617be2ca0a6fd877]::sys::backtrace::__rust_end_short_backtrace::<std[617be2ca0a6fd877]::panicking::panic_handler::{closure#0}, !>
[INFO] [stdout]    9:     0x57e8bedc68ad - __rustc[ea4f61d10b84890b]::rust_begin_unwind
[INFO] [stdout]   10:     0x57e8bedff9cc - core[a373ad73a504971]::panicking::panic_fmt
[INFO] [stdout]   11:     0x57e8bedff7a2 - core[a373ad73a504971]::result::unwrap_failed
[INFO] [stdout]   12:     0x57e8becf9bb4 - <splicer_builtin_protocol[3093591a55b155f4]::tests::enum_type_with_case_insensitive::{closure#0} as core[a373ad73a504971]::ops::function::FnOnce<()>>::call_once
[INFO] [stdout]   13:     0x57e8bed55aeb - test[aada8e7e76ba119b]::__rust_begin_short_backtrace::<core[a373ad73a504971]::result::Result<(), alloc[2e1b2a31b91974c5]::string::String>, fn() -> core[a373ad73a504971]::result::Result<(), alloc[2e1b2a31b91974c5]::string::String>>
[INFO] [stdout]   14:     0x57e8bed62cc5 - test[aada8e7e76ba119b]::run_test::{closure#0}
[INFO] [stdout]   15:     0x57e8bed5c5b4 - std[617be2ca0a6fd877]::sys::backtrace::__rust_begin_short_backtrace::<test[aada8e7e76ba119b]::run_test::{closure#1}, ()>
[INFO] [stdout]   16:     0x57e8bed65d52 - <std[617be2ca0a6fd877]::thread::lifecycle::spawn_unchecked<test[aada8e7e76ba119b]::run_test::{closure#1}, ()>::{closure#1} as core[a373ad73a504971]::ops::function::FnOnce<()>>::call_once::{shim:vtable#0}
[INFO] [stdout]   17:     0x57e8bede8fef - <std[617be2ca0a6fd877]::sys::thread::unix::Thread>::new::thread_start
[INFO] [stdout]   18:     0x7976d8bf1dfa - <unknown>
[INFO] [stdout]   19:     0x7976d8c853d4 - clone
[INFO] [stdout]   20:                0x0 - <unknown>
[INFO] [stdout] 
[INFO] [stdout] ---- tests::f32_overflow_rejected_at_validate_time stdout ----
[INFO] [stdout] 
[INFO] [stdout] thread 'tests::f32_overflow_rejected_at_validate_time' (1012) panicked at src/lib.rs:848:42:
[INFO] [stdout] called `Result::unwrap()` on an `Err` value: Parse("TOML parse error at line 2, column 13\n  |\n2 |             [builtin]\n  |             ^^^^^^^^^\nmissing field `tier`\n")
[INFO] [stdout] stack backtrace:
[INFO] [stdout]    0:     0x57e8bede9791 - <<std[617be2ca0a6fd877]::sys::backtrace::BacktraceLock>::print::DisplayBacktrace as core[a373ad73a504971]::fmt::Display>::fmt
[INFO] [stdout]    1:     0x57e8bedff29a - core[a373ad73a504971]::fmt::write
[INFO] [stdout]    2:     0x57e8beded9ac - <alloc[2e1b2a31b91974c5]::vec::Vec<u8> as core[a373ad73a504971]::io::write::Write>::write_fmt
[INFO] [stdout]    3:     0x57e8bedc5bf6 - std[617be2ca0a6fd877]::panicking::default_hook::{closure#0}
[INFO] [stdout]    4:     0x57e8bede1e29 - std[617be2ca0a6fd877]::panicking::default_hook
[INFO] [stdout]    5:     0x57e8bed626a0 - test[aada8e7e76ba119b]::test_main_inner::{closure#0}
[INFO] [stdout]    6:     0x57e8bede1fe2 - std[617be2ca0a6fd877]::panicking::panic_with_hook
[INFO] [stdout]    7:     0x57e8bedc5ca2 - std[617be2ca0a6fd877]::panicking::panic_handler::{closure#0}
[INFO] [stdout]    8:     0x57e8bedbe9b9 - std[617be2ca0a6fd877]::sys::backtrace::__rust_end_short_backtrace::<std[617be2ca0a6fd877]::panicking::panic_handler::{closure#0}, !>
[INFO] [stdout]    9:     0x57e8bedc68ad - __rustc[ea4f61d10b84890b]::rust_begin_unwind
[INFO] [stdout]   10:     0x57e8bedff9cc - core[a373ad73a504971]::panicking::panic_fmt
[INFO] [stdout]   11:     0x57e8bedff7a2 - core[a373ad73a504971]::result::unwrap_failed
[INFO] [stdout]   12:     0x57e8becfb7d6 - <splicer_builtin_protocol[3093591a55b155f4]::tests::f32_overflow_rejected_at_validate_time::{closure#0} as core[a373ad73a504971]::ops::function::FnOnce<()>>::call_once
[INFO] [stdout]   13:     0x57e8bed55aeb - test[aada8e7e76ba119b]::__rust_begin_short_backtrace::<core[a373ad73a504971]::result::Result<(), alloc[2e1b2a31b91974c5]::string::String>, fn() -> core[a373ad73a504971]::result::Result<(), alloc[2e1b2a31b91974c5]::string::String>>
[INFO] [stdout]   14:     0x57e8bed62cc5 - test[aada8e7e76ba119b]::run_test::{closure#0}
[INFO] [stdout]   15:     0x57e8bed5c5b4 - std[617be2ca0a6fd877]::sys::backtrace::__rust_begin_short_backtrace::<test[aada8e7e76ba119b]::run_test::{closure#1}, ()>
[INFO] [stdout]   16:     0x57e8bed65d52 - <std[617be2ca0a6fd877]::thread::lifecycle::spawn_unchecked<test[aada8e7e76ba119b]::run_test::{closure#1}, ()>::{closure#1} as core[a373ad73a504971]::ops::function::FnOnce<()>>::call_once::{shim:vtable#0}
[INFO] [stdout]   17:     0x57e8bede8fef - <std[617be2ca0a6fd877]::sys::thread::unix::Thread>::new::thread_start
[INFO] [stdout]   18:     0x7976d8bf1dfa - <unknown>
[INFO] [stdout]   19:     0x7976d8c853d4 - clone
[INFO] [stdout]   20:                0x0 - <unknown>
[INFO] [stdout] 
[INFO] [stdout] 
[INFO] [stdout] failures:
[INFO] [stdout]     tests::enum_type_with_case_insensitive
[INFO] [stdout]     tests::extract_for_builtin_rejects_wrong_name
[INFO] [stdout]     tests::f32_overflow_rejected_at_validate_time
[INFO] [stdout]     tests::list_of_primitives_encodes
[INFO] [stdout]     tests::option_of_u32_validate_value
[INFO] [stdout]     tests::parses_primitive_keys
[INFO] [stdout]     tests::rejects_case_insensitive_on_non_enum
[INFO] [stdout]     tests::rejects_invalid_key_names
[INFO] [stdout]     tests::rejects_oob_u32
[INFO] [stdout] 
[INFO] [stdout] test result: FAILED. 13 passed; 9 failed; 0 ignored; 0 measured; 0 filtered out; finished in 0.02s
[INFO] [stdout] 
[INFO] [stderr] error: test failed, to rerun pass `--lib`
[INFO] running `Command { std: "docker" "inspect" "eea75d59e294dcbd40c54c96d26037890858d633f2548bd99fafe43e28c1b7c6", kill_on_drop: false }`
[INFO] running `Command { std: "docker" "rm" "-f" "eea75d59e294dcbd40c54c96d26037890858d633f2548bd99fafe43e28c1b7c6", kill_on_drop: false }`
[INFO] [stdout] eea75d59e294dcbd40c54c96d26037890858d633f2548bd99fafe43e28c1b7c6
