[INFO] fetching crate spiropath 0.1.1...
[INFO] testing spiropath-0.1.1 against 1.100.0-beta.1+cargoflags=--release for beta-release-1.100-2
[INFO] extracting crate spiropath 0.1.1 into /workspace/builds/worker-6-tc2/source
[INFO] started tweaking crates.io crate spiropath 0.1.1
[INFO] finished tweaking crates.io crate spiropath 0.1.1
[INFO] tweaked toml for crates.io crate spiropath 0.1.1 written to /workspace/builds/worker-6-tc2/source/Cargo.toml
[INFO] validating manifest of crates.io crate spiropath 0.1.1 on toolchain 1.100.0-beta.1
[INFO] running `Command { std: CARGO_HOME="/workspace/cargo-home" RUSTUP_HOME="/workspace/rustup-home" "/workspace/cargo-home/bin/cargo" "+1.100.0-beta.1" "metadata" "--manifest-path" "Cargo.toml" "--no-deps", kill_on_drop: false }`
[INFO] crate crates.io crate spiropath 0.1.1 already has a lockfile, it will not be regenerated
[INFO] running `Command { std: CARGO_HOME="/workspace/cargo-home" RUSTUP_HOME="/workspace/rustup-home" "/workspace/cargo-home/bin/cargo" "+1.100.0-beta.1" "fetch" "--manifest-path" "Cargo.toml", kill_on_drop: false }`
[INFO] [stderr]     Blocking waiting for file lock on package cache
[INFO] [stderr]     Blocking waiting for file lock on package cache
[INFO] running `Command { std: "docker" "create" "-v" "/var/lib/crater-agent-workspace/builds/worker-6-tc2/source:/opt/rustwide/workdir:ro,Z" "-v" "/var/lib/crater-agent-workspace/builds/worker-6-tc2/target:/opt/rustwide/target:rw,Z" "-v" "/var/lib/crater-agent-workspace/cargo-home:/opt/rustwide/cargo-home:ro,Z" "-v" "/var/lib/crater-agent-workspace/rustup-home:/opt/rustwide/rustup-home:ro,Z" "-m" "1610612736" "--network" "none" "ghcr.io/rust-lang/crates-build-env/linux@sha256:77db811e55d90add9212f6832c23229e3de5f1c1f9905e8cb07319ea15df73ac" "sleep" "infinity", kill_on_drop: false }`
[INFO] [stdout] 39268ce4de1e59503dcf73e5b8596cda0ccf8c5a48ca7cfbf1bd44d393fad06c
[INFO] running `Command { std: "docker" "start" "39268ce4de1e59503dcf73e5b8596cda0ccf8c5a48ca7cfbf1bd44d393fad06c", kill_on_drop: false }`
[INFO] running `Command { std: "docker" "inspect" "39268ce4de1e59503dcf73e5b8596cda0ccf8c5a48ca7cfbf1bd44d393fad06c", kill_on_drop: false }`
[INFO] running `Command { std: "docker" "exec" "-e" "SOURCE_DIR=/opt/rustwide/workdir" "-e" "CARGO_HOME=/opt/rustwide/cargo-home" "-e" "RUSTUP_HOME=/opt/rustwide/rustup-home" "-e" "CARGO_TARGET_DIR=/opt/rustwide/target" "-w" "/opt/rustwide/workdir" "--user" "0:0" "39268ce4de1e59503dcf73e5b8596cda0ccf8c5a48ca7cfbf1bd44d393fad06c" "/opt/rustwide/cargo-home/bin/cargo" "+1.100.0-beta.1" "metadata" "--no-deps" "--format-version=1", kill_on_drop: false }`
[INFO] running `Command { std: "docker" "inspect" "39268ce4de1e59503dcf73e5b8596cda0ccf8c5a48ca7cfbf1bd44d393fad06c", kill_on_drop: false }`
[INFO] running `Command { std: "docker" "exec" "-e" "SOURCE_DIR=/opt/rustwide/workdir" "-e" "CARGO_HOME=/opt/rustwide/cargo-home" "-e" "RUSTUP_HOME=/opt/rustwide/rustup-home" "-e" "CARGO_TARGET_DIR=/opt/rustwide/target" "-e" "CARGO_INCREMENTAL=0" "-e" "RUST_BACKTRACE=full" "-e" "RUSTFLAGS=--cap-lints=warn" "-e" "RUSTDOCFLAGS=--cap-lints=warn" "-w" "/opt/rustwide/workdir" "--user" "0:0" "39268ce4de1e59503dcf73e5b8596cda0ccf8c5a48ca7cfbf1bd44d393fad06c" "/opt/rustwide/cargo-home/bin/cargo" "+1.100.0-beta.1" "build" "--frozen" "--message-format=json" "--release", kill_on_drop: false }`
[INFO] [stderr]    Compiling autocfg v1.0.1
[INFO] [stderr]    Compiling proc-macro2 v1.0.26
[INFO] [stderr]    Compiling unicode-xid v0.2.2
[INFO] [stderr]    Compiling proc-macro2 v0.4.30
[INFO] [stderr]    Compiling libc v0.2.94
[INFO] [stderr]    Compiling unicode-xid v0.1.0
[INFO] [stderr]    Compiling syn v1.0.71
[INFO] [stderr]    Compiling cc v1.0.67
[INFO] [stderr]    Compiling syn v0.15.44
[INFO] [stderr]    Compiling adler v1.0.2
[INFO] [stderr]    Compiling gimli v0.23.0
[INFO] [stderr]    Compiling failure_derive v0.1.8
[INFO] [stderr]    Compiling rustc-demangle v0.1.18
[INFO] [stderr]    Compiling arrayvec v0.4.12
[INFO] [stderr]    Compiling encoding_rs v0.8.28
[INFO] [stderr]    Compiling log v0.4.14
[INFO] [stderr]    Compiling object v0.23.0
[INFO] [stderr]    Compiling siphasher v0.2.3
[INFO] [stderr]    Compiling memchr v2.3.4
[INFO] [stderr]    Compiling nodrop v0.1.14
[INFO] [stderr]    Compiling bitflags v1.2.1
[INFO] [stderr]    Compiling float-cmp v0.5.3
[INFO] [stderr]    Compiling unicode-width v0.1.8
[INFO] [stderr]    Compiling num-traits v0.2.14
[INFO] [stderr]    Compiling miniz_oxide v0.4.4
[INFO] [stderr]    Compiling phf_shared v0.7.24
[INFO] [stderr]    Compiling textwrap v0.11.0
[INFO] [stderr]    Compiling phf v0.7.24
[INFO] [stderr]    Compiling ansi_term v0.11.0
[INFO] [stderr]    Compiling svgtypes v0.4.4
[INFO] [stderr]    Compiling quote v0.6.13
[INFO] [stderr]    Compiling atty v0.2.14
[INFO] [stderr]    Compiling clap v2.33.3
[INFO] [stderr]    Compiling quote v1.0.9
[INFO] [stderr]    Compiling backtrace v0.3.58
[INFO] [stderr]    Compiling ordered-float v2.2.0
[INFO] [stderr]    Compiling euclid_macros v0.1.0
[INFO] [stderr]    Compiling euclid v0.19.9
[INFO] [stderr]    Compiling addr2line v0.14.1
[INFO] [stderr]    Compiling lyon_geom v0.12.7
[INFO] [stderr]    Compiling synstructure v0.12.4
[INFO] [stderr]    Compiling failure v0.1.8
[INFO] [stderr]    Compiling quick-xml v0.13.3
[INFO] [stderr]    Compiling svg2polylines v0.5.2
[INFO] [stderr]    Compiling spiropath v0.1.1 (/opt/rustwide/workdir)
[INFO] [stderr]     Finished `release` profile [optimized] target(s) in 30.53s
[INFO] [stderr] warning: the following packages contain code that will be rejected by a future version of Rust: quick-xml v0.13.3
[INFO] [stderr] note: to see what the problems were, use the option `--future-incompat-report`, or run `cargo report future-incompatibilities --id 3`
[INFO] running `Command { std: "docker" "inspect" "39268ce4de1e59503dcf73e5b8596cda0ccf8c5a48ca7cfbf1bd44d393fad06c", kill_on_drop: false }`
[INFO] running `Command { std: "docker" "exec" "-e" "SOURCE_DIR=/opt/rustwide/workdir" "-e" "CARGO_HOME=/opt/rustwide/cargo-home" "-e" "RUSTUP_HOME=/opt/rustwide/rustup-home" "-e" "CARGO_TARGET_DIR=/opt/rustwide/target" "-e" "CARGO_INCREMENTAL=0" "-e" "RUST_BACKTRACE=full" "-e" "RUSTFLAGS=--cap-lints=warn" "-e" "RUSTDOCFLAGS=--cap-lints=warn" "-w" "/opt/rustwide/workdir" "--user" "0:0" "39268ce4de1e59503dcf73e5b8596cda0ccf8c5a48ca7cfbf1bd44d393fad06c" "/opt/rustwide/cargo-home/bin/cargo" "+1.100.0-beta.1" "test" "--frozen" "--no-run" "--message-format=json" "--release", kill_on_drop: false }`
[INFO] [stderr]    Compiling assert_float_eq v1.1.3
[INFO] [stderr]    Compiling spiropath v0.1.1 (/opt/rustwide/workdir)
[INFO] [stderr]     Finished `release` profile [optimized] target(s) in 1.30s
[INFO] [stderr] warning: the following packages contain code that will be rejected by a future version of Rust: quick-xml v0.13.3
[INFO] [stderr] note: to see what the problems were, use the option `--future-incompat-report`, or run `cargo report future-incompatibilities --id 3`
[INFO] running `Command { std: "docker" "inspect" "39268ce4de1e59503dcf73e5b8596cda0ccf8c5a48ca7cfbf1bd44d393fad06c", kill_on_drop: false }`
[INFO] running `Command { std: "docker" "exec" "-e" "SOURCE_DIR=/opt/rustwide/workdir" "-e" "CARGO_HOME=/opt/rustwide/cargo-home" "-e" "RUSTUP_HOME=/opt/rustwide/rustup-home" "-e" "CARGO_TARGET_DIR=/opt/rustwide/target" "-e" "CARGO_INCREMENTAL=0" "-e" "RUST_BACKTRACE=full" "-e" "RUSTFLAGS=--cap-lints=warn" "-e" "RUSTDOCFLAGS=--cap-lints=warn" "-w" "/opt/rustwide/workdir" "--user" "0:0" "39268ce4de1e59503dcf73e5b8596cda0ccf8c5a48ca7cfbf1bd44d393fad06c" "/opt/rustwide/cargo-home/bin/cargo" "+1.100.0-beta.1" "test" "--frozen" "--release", kill_on_drop: false }`
[INFO] [stderr]     Finished `release` profile [optimized] target(s) in 0.08s
[INFO] [stderr] warning: the following packages contain code that will be rejected by a future version of Rust: quick-xml v0.13.3
[INFO] [stderr] note: to see what the problems were, use the option `--future-incompat-report`, or run `cargo report future-incompatibilities --id 3`
[INFO] [stderr]      Running unittests src/lib.rs (/opt/rustwide/target/release/build/spiropath/0e2c55e195387c97/out/spiropath-0e2c55e195387c97)
[INFO] [stdout] 
[INFO] [stdout] running 9 tests
[INFO] [stdout] test library::test_scale ... ok
[INFO] [stdout] test library::test_traced_position ... ok
[INFO] [stdout] test library::test_arc_to ... ok
[INFO] [stdout] test library::test_transform ... ok
[INFO] [stdout] test library::test_lcm ... ok
[INFO] [stdout] test library::test_clockwise ... ok
[INFO] [stdout] test library::test_find_top_most_point_index ... ok
[INFO] [stdout] test library::test_directions ... ok
[INFO] [stdout] test library::test_bends ... ok
[INFO] [stdout] 
[INFO] [stdout] test result: ok. 9 passed; 0 failed; 0 ignored; 0 measured; 0 filtered out; finished in 0.01s
[INFO] [stdout] 
[INFO] [stderr]      Running unittests src/bin.rs (/opt/rustwide/target/release/build/spiropath/656d87377b7c9954/out/spiropath-656d87377b7c9954)
[INFO] [stderr]      Running tests/test_program.rs (/opt/rustwide/target/release/build/spiropath/be38cdc9acdc24db/out/test_program-be38cdc9acdc24db)
[INFO] [stdout] 
[INFO] [stdout] running 0 tests
[INFO] [stdout] 
[INFO] [stdout] test result: ok. 0 passed; 0 failed; 0 ignored; 0 measured; 0 filtered out; finished in 0.00s
[INFO] [stdout] 
[INFO] [stdout] 
[INFO] [stdout] running 8 tests
[INFO] [stdout] test circle_on_egg ... FAILED
[INFO] [stdout] test defaults ... FAILED
[INFO] [stdout] test include_stationary ... FAILED
[INFO] [stdout] test square_in_square ... FAILED
[INFO] [stdout] test square_on_square ... FAILED
[INFO] [stdout] test scaled_by_size ... FAILED
[INFO] [stdout] test line_on_line ... FAILED
[INFO] [stdout] test multiple_offsets ... FAILED
[INFO] [stdout] 
[INFO] [stdout] failures:
[INFO] [stdout] 
[INFO] [stdout] ---- circle_on_egg stdout ----
[INFO] [stdout] 
[INFO] [stdout] thread 'circle_on_egg' (1295) panicked at tests/test_program.rs:105:1:
[INFO] [stdout] failed to create tests/actual results directory
[INFO] [stdout] stack backtrace:
[INFO] [stdout]    0:     0x5c450188f491 - <<std[617be2ca0a6fd877]::sys::backtrace::BacktraceLock>::print::DisplayBacktrace as core[a373ad73a504971]::fmt::Display>::fmt
[INFO] [stdout]    1:     0x5c45018a566a - core[a373ad73a504971]::fmt::write
[INFO] [stdout]    2:     0x5c4501893fdc - <alloc[2e1b2a31b91974c5]::vec::Vec<u8> as core[a373ad73a504971]::io::write::Write>::write_fmt
[INFO] [stdout]    3:     0x5c450186a696 - std[617be2ca0a6fd877]::panicking::default_hook::{closure#0}
[INFO] [stdout]    4:     0x5c4501887239 - std[617be2ca0a6fd877]::panicking::default_hook
[INFO] [stdout]    5:     0x5c45017bc040 - test[aada8e7e76ba119b]::test_main_inner::{closure#0}
[INFO] [stdout]    6:     0x5c45018873f2 - std[617be2ca0a6fd877]::panicking::panic_with_hook
[INFO] [stdout]    7:     0x5c450186a742 - std[617be2ca0a6fd877]::panicking::panic_handler::{closure#0}
[INFO] [stdout]    8:     0x5c45018630f9 - std[617be2ca0a6fd877]::sys::backtrace::__rust_end_short_backtrace::<std[617be2ca0a6fd877]::panicking::panic_handler::{closure#0}, !>
[INFO] [stdout]    9:     0x5c450186b3cd - __rustc[ea4f61d10b84890b]::rust_begin_unwind
[INFO] [stdout]   10:     0x5c45018a5d9c - core[a373ad73a504971]::panicking::panic_fmt
[INFO] [stdout]   11:     0x5c45017ac35f - test_program[bd57652f76f533b6]::circle_on_egg::{closure#0}
[INFO] [stdout]   12:     0x5c45017ad4ca - <test_program[bd57652f76f533b6]::circle_on_egg::{closure#0} as core[a373ad73a504971]::ops::function::FnOnce<()>>::call_once
[INFO] [stdout]   13:     0x5c45017af48b - test[aada8e7e76ba119b]::__rust_begin_short_backtrace::<core[a373ad73a504971]::result::Result<(), alloc[2e1b2a31b91974c5]::string::String>, fn() -> core[a373ad73a504971]::result::Result<(), alloc[2e1b2a31b91974c5]::string::String>>
[INFO] [stdout]   14:     0x5c45017bc665 - test[aada8e7e76ba119b]::run_test::{closure#0}
[INFO] [stdout]   15:     0x5c45017b5f54 - std[617be2ca0a6fd877]::sys::backtrace::__rust_begin_short_backtrace::<test[aada8e7e76ba119b]::run_test::{closure#1}, ()>
[INFO] [stdout]   16:     0x5c45017bf6f2 - <std[617be2ca0a6fd877]::thread::lifecycle::spawn_unchecked<test[aada8e7e76ba119b]::run_test::{closure#1}, ()>::{closure#1} as core[a373ad73a504971]::ops::function::FnOnce<()>>::call_once::{shim:vtable#0}
[INFO] [stdout]   17:     0x5c450188e49f - <std[617be2ca0a6fd877]::sys::thread::unix::Thread>::new::thread_start
[INFO] [stdout]   18:     0x7e1662beadfa - <unknown>
[INFO] [stdout]   19:     0x7e1662c7e3d4 - clone
[INFO] [stdout]   20:                0x0 - <unknown>
[INFO] [stdout] 
[INFO] [stdout] ---- defaults stdout ----
[INFO] [stdout] 
[INFO] [stdout] thread 'defaults' (1296) panicked at tests/test_program.rs:69:1:
[INFO] [stdout] failed to create tests/actual results directory
[INFO] [stdout] stack backtrace:
[INFO] [stdout]    0:     0x5c450188f491 - <<std[617be2ca0a6fd877]::sys::backtrace::BacktraceLock>::print::DisplayBacktrace as core[a373ad73a504971]::fmt::Display>::fmt
[INFO] [stdout]    1:     0x5c45018a566a - core[a373ad73a504971]::fmt::write
[INFO] [stdout]    2:     0x5c4501893fdc - <alloc[2e1b2a31b91974c5]::vec::Vec<u8> as core[a373ad73a504971]::io::write::Write>::write_fmt
[INFO] [stdout]    3:     0x5c450186a696 - std[617be2ca0a6fd877]::panicking::default_hook::{closure#0}
[INFO] [stdout]    4:     0x5c4501887239 - std[617be2ca0a6fd877]::panicking::default_hook
[INFO] [stdout]    5:     0x5c45017bc040 - test[aada8e7e76ba119b]::test_main_inner::{closure#0}
[INFO] [stdout]    6:     0x5c45018873f2 - std[617be2ca0a6fd877]::panicking::panic_with_hook
[INFO] [stdout]    7:     0x5c450186a742 - std[617be2ca0a6fd877]::panicking::panic_handler::{closure#0}
[INFO] [stdout]    8:     0x5c45018630f9 - std[617be2ca0a6fd877]::sys::backtrace::__rust_end_short_backtrace::<std[617be2ca0a6fd877]::panicking::panic_handler::{closure#0}, !>
[INFO] [stdout]    9:     0x5c450186b3cd - __rustc[ea4f61d10b84890b]::rust_begin_unwind
[INFO] [stdout]   10:     0x5c45018a5d9c - core[a373ad73a504971]::panicking::panic_fmt
[INFO] [stdout]   11:     0x5c45017ac5ff - test_program[bd57652f76f533b6]::defaults::{closure#0}
[INFO] [stdout]   12:     0x5c45017af12a - <test_program[bd57652f76f533b6]::defaults::{closure#0} as core[a373ad73a504971]::ops::function::FnOnce<()>>::call_once
[INFO] [stdout]   13:     0x5c45017af48b - test[aada8e7e76ba119b]::__rust_begin_short_backtrace::<core[a373ad73a504971]::result::Result<(), alloc[2e1b2a31b91974c5]::string::String>, fn() -> core[a373ad73a504971]::result::Result<(), alloc[2e1b2a31b91974c5]::string::String>>
[INFO] [stdout]   14:     0x5c45017bc665 - test[aada8e7e76ba119b]::run_test::{closure#0}
[INFO] [stdout]   15:     0x5c45017b5f54 - std[617be2ca0a6fd877]::sys::backtrace::__rust_begin_short_backtrace::<test[aada8e7e76ba119b]::run_test::{closure#1}, ()>
[INFO] [stdout]   16:     0x5c45017bf6f2 - <std[617be2ca0a6fd877]::thread::lifecycle::spawn_unchecked<test[aada8e7e76ba119b]::run_test::{closure#1}, ()>::{closure#1} as core[a373ad73a504971]::ops::function::FnOnce<()>>::call_once::{shim:vtable#0}
[INFO] [stdout]   17:     0x5c450188e49f - <std[617be2ca0a6fd877]::sys::thread::unix::Thread>::new::thread_start
[INFO] [stdout]   18:     0x7e1662beadfa - <unknown>
[INFO] [stdout]   19:     0x7e1662c7e3d4 - clone
[INFO] [stdout]   20:                0x0 - <unknown>
[INFO] [stdout] 
[INFO] [stdout] ---- include_stationary stdout ----
[INFO] [stdout] 
[INFO] [stdout] thread 'include_stationary' (1297) panicked at tests/test_program.rs:81:1:
[INFO] [stdout] failed to create tests/actual results directory
[INFO] [stdout] stack backtrace:
[INFO] [stdout]    0:     0x5c450188f491 - <<std[617be2ca0a6fd877]::sys::backtrace::BacktraceLock>::print::DisplayBacktrace as core[a373ad73a504971]::fmt::Display>::fmt
[INFO] [stdout]    1:     0x5c45018a566a - core[a373ad73a504971]::fmt::write
[INFO] [stdout]    2:     0x5c4501893fdc - <alloc[2e1b2a31b91974c5]::vec::Vec<u8> as core[a373ad73a504971]::io::write::Write>::write_fmt
[INFO] [stdout]    3:     0x5c450186a696 - std[617be2ca0a6fd877]::panicking::default_hook::{closure#0}
[INFO] [stdout]    4:     0x5c4501887239 - std[617be2ca0a6fd877]::panicking::default_hook
[INFO] [stdout]    5:     0x5c45017bc040 - test[aada8e7e76ba119b]::test_main_inner::{closure#0}
[INFO] [stdout]    6:     0x5c45018873f2 - std[617be2ca0a6fd877]::panicking::panic_with_hook
[INFO] [stdout]    7:     0x5c450186a742 - std[617be2ca0a6fd877]::panicking::panic_handler::{closure#0}
[INFO] [stdout]    8:     0x5c45018630f9 - std[617be2ca0a6fd877]::sys::backtrace::__rust_end_short_backtrace::<std[617be2ca0a6fd877]::panicking::panic_handler::{closure#0}, !>
[INFO] [stdout]    9:     0x5c450186b3cd - __rustc[ea4f61d10b84890b]::rust_begin_unwind
[INFO] [stdout]   10:     0x5c45018a5d9c - core[a373ad73a504971]::panicking::panic_fmt
[INFO] [stdout]   11:     0x5c45017ac58f - test_program[bd57652f76f533b6]::include_stationary::{closure#0}
[INFO] [stdout]   12:     0x5c45017aed0a - <test_program[bd57652f76f533b6]::include_stationary::{closure#0} as core[a373ad73a504971]::ops::function::FnOnce<()>>::call_once
[INFO] [stdout]   13:     0x5c45017af48b - test[aada8e7e76ba119b]::__rust_begin_short_backtrace::<core[a373ad73a504971]::result::Result<(), alloc[2e1b2a31b91974c5]::string::String>, fn() -> core[a373ad73a504971]::result::Result<(), alloc[2e1b2a31b91974c5]::string::String>>
[INFO] [stdout]   14:     0x5c45017bc665 - test[aada8e7e76ba119b]::run_test::{closure#0}
[INFO] [stdout]   15:     0x5c45017b5f54 - std[617be2ca0a6fd877]::sys::backtrace::__rust_begin_short_backtrace::<test[aada8e7e76ba119b]::run_test::{closure#1}, ()>
[INFO] [stdout]   16:     0x5c45017bf6f2 - <std[617be2ca0a6fd877]::thread::lifecycle::spawn_unchecked<test[aada8e7e76ba119b]::run_test::{closure#1}, ()>::{closure#1} as core[a373ad73a504971]::ops::function::FnOnce<()>>::call_once::{shim:vtable#0}
[INFO] [stdout]   17:     0x5c450188e49f - <std[617be2ca0a6fd877]::sys::thread::unix::Thread>::new::thread_start
[INFO] [stdout]   18:     0x7e1662beadfa - <unknown>
[INFO] [stdout]   19:     0x7e1662c7e3d4 - clone
[INFO] [stdout]   20:                0x0 - <unknown>
[INFO] [stdout] 
[INFO] [stdout] ---- square_in_square stdout ----
[INFO] [stdout] 
[INFO] [stdout] thread 'square_in_square' (1301) panicked at tests/test_program.rs:93:1:
[INFO] [stdout] failed to create tests/actual results directory
[INFO] [stdout] stack backtrace:
[INFO] [stdout]    0:     0x5c450188f491 - <<std[617be2ca0a6fd877]::sys::backtrace::BacktraceLock>::print::DisplayBacktrace as core[a373ad73a504971]::fmt::Display>::fmt
[INFO] [stdout]    1:     0x5c45018a566a - core[a373ad73a504971]::fmt::write
[INFO] [stdout]    2:     0x5c4501893fdc - <alloc[2e1b2a31b91974c5]::vec::Vec<u8> as core[a373ad73a504971]::io::write::Write>::write_fmt
[INFO] [stdout]    3:     0x5c450186a696 - std[617be2ca0a6fd877]::panicking::default_hook::{closure#0}
[INFO] [stdout]    4:     0x5c4501887239 - std[617be2ca0a6fd877]::panicking::default_hook
[INFO] [stdout]    5:     0x5c45017bc040 - test[aada8e7e76ba119b]::test_main_inner::{closure#0}
[INFO] [stdout]    6:     0x5c45018873f2 - std[617be2ca0a6fd877]::panicking::panic_with_hook
[INFO] [stdout]    7:     0x5c450186a742 - std[617be2ca0a6fd877]::panicking::panic_handler::{closure#0}
[INFO] [stdout]    8:     0x5c45018630f9 - std[617be2ca0a6fd877]::sys::backtrace::__rust_end_short_backtrace::<std[617be2ca0a6fd877]::panicking::panic_handler::{closure#0}, !>
[INFO] [stdout]    9:     0x5c450186b3cd - __rustc[ea4f61d10b84890b]::rust_begin_unwind
[INFO] [stdout]   10:     0x5c45018a5d9c - core[a373ad73a504971]::panicking::panic_fmt
[INFO] [stdout]   11:     0x5c45017ac4af - test_program[bd57652f76f533b6]::square_in_square::{closure#0}
[INFO] [stdout]   12:     0x5c45017ae38a - <test_program[bd57652f76f533b6]::square_in_square::{closure#0} as core[a373ad73a504971]::ops::function::FnOnce<()>>::call_once
[INFO] [stdout]   13:     0x5c45017af48b - test[aada8e7e76ba119b]::__rust_begin_short_backtrace::<core[a373ad73a504971]::result::Result<(), alloc[2e1b2a31b91974c5]::string::String>, fn() -> core[a373ad73a504971]::result::Result<(), alloc[2e1b2a31b91974c5]::string::String>>
[INFO] [stdout]   14:     0x5c45017bc665 - test[aada8e7e76ba119b]::run_test::{closure#0}
[INFO] [stdout]   15:     0x5c45017b5f54 - std[617be2ca0a6fd877]::sys::backtrace::__rust_begin_short_backtrace::<test[aada8e7e76ba119b]::run_test::{closure#1}, ()>
[INFO] [stdout]   16:     0x5c45017bf6f2 - <std[617be2ca0a6fd877]::thread::lifecycle::spawn_unchecked<test[aada8e7e76ba119b]::run_test::{closure#1}, ()>::{closure#1} as core[a373ad73a504971]::ops::function::FnOnce<()>>::call_once::{shim:vtable#0}
[INFO] [stdout]   17:     0x5c450188e49f - <std[617be2ca0a6fd877]::sys::thread::unix::Thread>::new::thread_start
[INFO] [stdout]   18:     0x7e1662beadfa - <unknown>
[INFO] [stdout]   19:     0x7e1662c7e3d4 - clone
[INFO] [stdout]   20:                0x0 - <unknown>
[INFO] [stdout] 
[INFO] [stdout] ---- square_on_square stdout ----
[INFO] [stdout] 
[INFO] [stdout] thread 'square_on_square' (1302) panicked at tests/test_program.rs:87:1:
[INFO] [stdout] failed to create tests/actual results directory
[INFO] [stdout] stack backtrace:
[INFO] [stdout]    0:     0x5c450188f491 - <<std[617be2ca0a6fd877]::sys::backtrace::BacktraceLock>::print::DisplayBacktrace as core[a373ad73a504971]::fmt::Display>::fmt
[INFO] [stdout]    1:     0x5c45018a566a - core[a373ad73a504971]::fmt::write
[INFO] [stdout]    2:     0x5c4501893fdc - <alloc[2e1b2a31b91974c5]::vec::Vec<u8> as core[a373ad73a504971]::io::write::Write>::write_fmt
[INFO] [stdout]    3:     0x5c450186a696 - std[617be2ca0a6fd877]::panicking::default_hook::{closure#0}
[INFO] [stdout]    4:     0x5c4501887239 - std[617be2ca0a6fd877]::panicking::default_hook
[INFO] [stdout]    5:     0x5c45017bc040 - test[aada8e7e76ba119b]::test_main_inner::{closure#0}
[INFO] [stdout]    6:     0x5c45018873f2 - std[617be2ca0a6fd877]::panicking::panic_with_hook
[INFO] [stdout]    7:     0x5c450186a742 - std[617be2ca0a6fd877]::panicking::panic_handler::{closure#0}
[INFO] [stdout]    8:     0x5c45018630f9 - std[617be2ca0a6fd877]::sys::backtrace::__rust_end_short_backtrace::<std[617be2ca0a6fd877]::panicking::panic_handler::{closure#0}, !>
[INFO] [stdout]    9:     0x5c450186b3cd - __rustc[ea4f61d10b84890b]::rust_begin_unwind
[INFO] [stdout]   10:     0x5c45018a5d9c - core[a373ad73a504971]::panicking::panic_fmt
[INFO] [stdout]   11:     0x5c45017ac51f - test_program[bd57652f76f533b6]::square_on_square::{closure#0}
[INFO] [stdout]   12:     0x5c45017ae89a - <test_program[bd57652f76f533b6]::square_on_square::{closure#0} as core[a373ad73a504971]::ops::function::FnOnce<()>>::call_once
[INFO] [stdout]   13:     0x5c45017af48b - test[aada8e7e76ba119b]::__rust_begin_short_backtrace::<core[a373ad73a504971]::result::Result<(), alloc[2e1b2a31b91974c5]::string::String>, fn() -> core[a373ad73a504971]::result::Result<(), alloc[2e1b2a31b91974c5]::string::String>>
[INFO] [stdout]   14:     0x5c45017bc665 - test[aada8e7e76ba119b]::run_test::{closure#0}
[INFO] [stdout]   15:     0x5c45017b5f54 - std[617be2ca0a6fd877]::sys::backtrace::__rust_begin_short_backtrace::<test[aada8e7e76ba119b]::run_test::{closure#1}, ()>
[INFO] [stdout]   16:     0x5c45017bf6f2 - <std[617be2ca0a6fd877]::thread::lifecycle::spawn_unchecked<test[aada8e7e76ba119b]::run_test::{closure#1}, ()>::{closure#1} as core[a373ad73a504971]::ops::function::FnOnce<()>>::call_once::{shim:vtable#0}
[INFO] [stdout]   17:     0x5c450188e49f - <std[617be2ca0a6fd877]::sys::thread::unix::Thread>::new::thread_start
[INFO] [stdout]   18:     0x7e1662beadfa - <unknown>
[INFO] [stdout]   19:     0x7e1662c7e3d4 - clone
[INFO] [stdout]   20:                0x0 - <unknown>
[INFO] [stdout] 
[INFO] [stdout] ---- scaled_by_size stdout ----
[INFO] [stdout] 
[INFO] [stdout] thread 'scaled_by_size' (1300) panicked at tests/test_program.rs:75:1:
[INFO] [stdout] failed to create tests/actual results directory
[INFO] [stdout] stack backtrace:
[INFO] [stdout]    0:     0x5c450188f491 - <<std[617be2ca0a6fd877]::sys::backtrace::BacktraceLock>::print::DisplayBacktrace as core[a373ad73a504971]::fmt::Display>::fmt
[INFO] [stdout]    1:     0x5c45018a566a - core[a373ad73a504971]::fmt::write
[INFO] [stdout]    2:     0x5c4501893fdc - <alloc[2e1b2a31b91974c5]::vec::Vec<u8> as core[a373ad73a504971]::io::write::Write>::write_fmt
[INFO] [stdout]    3:     0x5c450186a696 - std[617be2ca0a6fd877]::panicking::default_hook::{closure#0}
[INFO] [stdout]    4:     0x5c4501887239 - std[617be2ca0a6fd877]::panicking::default_hook
[INFO] [stdout]    5:     0x5c45017bc040 - test[aada8e7e76ba119b]::test_main_inner::{closure#0}
[INFO] [stdout]    6:     0x5c45018873f2 - std[617be2ca0a6fd877]::panicking::panic_with_hook
[INFO] [stdout]    7:     0x5c450186a742 - std[617be2ca0a6fd877]::panicking::panic_handler::{closure#0}
[INFO] [stdout]    8:     0x5c45018630f9 - std[617be2ca0a6fd877]::sys::backtrace::__rust_end_short_backtrace::<std[617be2ca0a6fd877]::panicking::panic_handler::{closure#0}, !>
[INFO] [stdout]    9:     0x5c450186b3cd - __rustc[ea4f61d10b84890b]::rust_begin_unwind
[INFO] [stdout]   10:     0x5c45018a5d9c - core[a373ad73a504971]::panicking::panic_fmt
[INFO] [stdout]   11:     0x5c45017ac3cf - test_program[bd57652f76f533b6]::scaled_by_size::{closure#0}
[INFO] [stdout]   12:     0x5c45017ad92a - <test_program[bd57652f76f533b6]::scaled_by_size::{closure#0} as core[a373ad73a504971]::ops::function::FnOnce<()>>::call_once
[INFO] [stdout]   13:     0x5c45017af48b - test[aada8e7e76ba119b]::__rust_begin_short_backtrace::<core[a373ad73a504971]::result::Result<(), alloc[2e1b2a31b91974c5]::string::String>, fn() -> core[a373ad73a504971]::result::Result<(), alloc[2e1b2a31b91974c5]::string::String>>
[INFO] [stdout]   14:     0x5c45017bc665 - test[aada8e7e76ba119b]::run_test::{closure#0}
[INFO] [stdout]   15:     0x5c45017b5f54 - std[617be2ca0a6fd877]::sys::backtrace::__rust_begin_short_backtrace::<test[aada8e7e76ba119b]::run_test::{closure#1}, ()>
[INFO] [stdout]   16:     0x5c45017bf6f2 - <std[617be2ca0a6fd877]::thread::lifecycle::spawn_unchecked<test[aada8e7e76ba119b]::run_test::{closure#1}, ()>::{closure#1} as core[a373ad73a504971]::ops::function::FnOnce<()>>::call_once::{shim:vtable#0}
[INFO] [stdout]   17:     0x5c450188e49f - <std[617be2ca0a6fd877]::sys::thread::unix::Thread>::new::thread_start
[INFO] [stdout]   18:     0x7e1662beadfa - <unknown>
[INFO] [stdout]   19:     0x7e1662c7e3d4 - clone
[INFO] [stdout]   20:                0x0 - <unknown>
[INFO] [stdout] 
[INFO] [stdout] ---- line_on_line stdout ----
[INFO] [stdout] 
[INFO] [stdout] thread 'line_on_line' (1298) panicked at tests/test_program.rs:99:1:
[INFO] [stdout] failed to create tests/actual results directory
[INFO] [stdout] stack backtrace:
[INFO] [stdout]    0:     0x5c450188f491 - <<std[617be2ca0a6fd877]::sys::backtrace::BacktraceLock>::print::DisplayBacktrace as core[a373ad73a504971]::fmt::Display>::fmt
[INFO] [stdout]    1:     0x5c45018a566a - core[a373ad73a504971]::fmt::write
[INFO] [stdout]    2:     0x5c4501893fdc - <alloc[2e1b2a31b91974c5]::vec::Vec<u8> as core[a373ad73a504971]::io::write::Write>::write_fmt
[INFO] [stdout]    3:     0x5c450186a696 - std[617be2ca0a6fd877]::panicking::default_hook::{closure#0}
[INFO] [stdout]    4:     0x5c4501887239 - std[617be2ca0a6fd877]::panicking::default_hook
[INFO] [stdout]    5:     0x5c45017bc040 - test[aada8e7e76ba119b]::test_main_inner::{closure#0}
[INFO] [stdout]    6:     0x5c45018873f2 - std[617be2ca0a6fd877]::panicking::panic_with_hook
[INFO] [stdout]    7:     0x5c450186a742 - std[617be2ca0a6fd877]::panicking::panic_handler::{closure#0}
[INFO] [stdout]    8:     0x5c45018630f9 - std[617be2ca0a6fd877]::sys::backtrace::__rust_end_short_backtrace::<std[617be2ca0a6fd877]::panicking::panic_handler::{closure#0}, !>
[INFO] [stdout]    9:     0x5c450186b3cd - __rustc[ea4f61d10b84890b]::rust_begin_unwind
[INFO] [stdout]   10:     0x5c45018a5d9c - core[a373ad73a504971]::panicking::panic_fmt
[INFO] [stdout]   11:     0x5c45017ac2ef - test_program[bd57652f76f533b6]::line_on_line::{closure#0}
[INFO] [stdout]   12:     0x5c45017acfda - <test_program[bd57652f76f533b6]::line_on_line::{closure#0} as core[a373ad73a504971]::ops::function::FnOnce<()>>::call_once
[INFO] [stdout]   13:     0x5c45017af48b - test[aada8e7e76ba119b]::__rust_begin_short_backtrace::<core[a373ad73a504971]::result::Result<(), alloc[2e1b2a31b91974c5]::string::String>, fn() -> core[a373ad73a504971]::result::Result<(), alloc[2e1b2a31b91974c5]::string::String>>
[INFO] [stdout]   14:     0x5c45017bc665 - test[aada8e7e76ba119b]::run_test::{closure#0}
[INFO] [stdout]   15:     0x5c45017b5f54 - std[617be2ca0a6fd877]::sys::backtrace::__rust_begin_short_backtrace::<test[aada8e7e76ba119b]::run_test::{closure#1}, ()>
[INFO] [stdout]   16:     0x5c45017bf6f2 - <std[617be2ca0a6fd877]::thread::lifecycle::spawn_unchecked<test[aada8e7e76ba119b]::run_test::{closure#1}, ()>::{closure#1} as core[a373ad73a504971]::ops::function::FnOnce<()>>::call_once::{shim:vtable#0}
[INFO] [stdout]   17:     0x5c450188e49f - <std[617be2ca0a6fd877]::sys::thread::unix::Thread>::new::thread_start
[INFO] [stdout]   18:     0x7e1662beadfa - <unknown>
[INFO] [stdout]   19:     0x7e1662c7e3d4 - clone
[INFO] [stdout]   20:                0x0 - <unknown>
[INFO] [stdout] 
[INFO] [stdout] ---- multiple_offsets stdout ----
[INFO] [stdout] 
[INFO] [stdout] thread 'multiple_offsets' (1299) panicked at tests/test_program.rs:111:1:
[INFO] [stdout] failed to create tests/actual results directory
[INFO] [stdout] stack backtrace:
[INFO] [stdout]    0:     0x5c450188f491 - <<std[617be2ca0a6fd877]::sys::backtrace::BacktraceLock>::print::DisplayBacktrace as core[a373ad73a504971]::fmt::Display>::fmt
[INFO] [stdout]    1:     0x5c45018a566a - core[a373ad73a504971]::fmt::write
[INFO] [stdout]    2:     0x5c4501893fdc - <alloc[2e1b2a31b91974c5]::vec::Vec<u8> as core[a373ad73a504971]::io::write::Write>::write_fmt
[INFO] [stdout]    3:     0x5c450186a696 - std[617be2ca0a6fd877]::panicking::default_hook::{closure#0}
[INFO] [stdout]    4:     0x5c4501887239 - std[617be2ca0a6fd877]::panicking::default_hook
[INFO] [stdout]    5:     0x5c45017bc040 - test[aada8e7e76ba119b]::test_main_inner::{closure#0}
[INFO] [stdout]    6:     0x5c45018873f2 - std[617be2ca0a6fd877]::panicking::panic_with_hook
[INFO] [stdout]    7:     0x5c450186a742 - std[617be2ca0a6fd877]::panicking::panic_handler::{closure#0}
[INFO] [stdout]    8:     0x5c45018630f9 - std[617be2ca0a6fd877]::sys::backtrace::__rust_end_short_backtrace::<std[617be2ca0a6fd877]::panicking::panic_handler::{closure#0}, !>
[INFO] [stdout]    9:     0x5c450186b3cd - __rustc[ea4f61d10b84890b]::rust_begin_unwind
[INFO] [stdout]   10:     0x5c45018a5d9c - core[a373ad73a504971]::panicking::panic_fmt
[INFO] [stdout]   11:     0x5c45017ac43f - test_program[bd57652f76f533b6]::multiple_offsets::{closure#0}
[INFO] [stdout]   12:     0x5c45017ade4a - <test_program[bd57652f76f533b6]::multiple_offsets::{closure#0} as core[a373ad73a504971]::ops::function::FnOnce<()>>::call_once
[INFO] [stdout]   13:     0x5c45017af48b - test[aada8e7e76ba119b]::__rust_begin_short_backtrace::<core[a373ad73a504971]::result::Result<(), alloc[2e1b2a31b91974c5]::string::String>, fn() -> core[a373ad73a504971]::result::Result<(), alloc[2e1b2a31b91974c5]::string::String>>
[INFO] [stdout]   14:     0x5c45017bc665 - test[aada8e7e76ba119b]::run_test::{closure#0}
[INFO] [stdout]   15:     0x5c45017b5f54 - std[617be2ca0a6fd877]::sys::backtrace::__rust_begin_short_backtrace::<test[aada8e7e76ba119b]::run_test::{closure#1}, ()>
[INFO] [stdout]   16:     0x5c45017bf6f2 - <std[617be2ca0a6fd877]::thread::lifecycle::spawn_unchecked<test[aada8e7e76ba119b]::run_test::{closure#1}, ()>::{closure#1} as core[a373ad73a504971]::ops::function::FnOnce<()>>::call_once::{shim:vtable#0}
[INFO] [stdout]   17:     0x5c450188e49f - <std[617be2ca0a6fd877]::sys::thread::unix::Thread>::new::thread_start
[INFO] [stdout]   18:     0x7e1662beadfa - <unknown>
[INFO] [stdout]   19:     0x7e1662c7e3d4 - clone
[INFO] [stdout]   20:                0x0 - <unknown>
[INFO] [stdout] 
[INFO] [stdout] 
[INFO] [stdout] failures:
[INFO] [stdout]     circle_on_egg
[INFO] [stdout]     defaults
[INFO] [stdout]     include_stationary
[INFO] [stdout]     line_on_line
[INFO] [stdout]     multiple_offsets
[INFO] [stdout]     scaled_by_size
[INFO] [stdout]     square_in_square
[INFO] [stdout]     square_on_square
[INFO] [stdout] 
[INFO] [stdout] test result: FAILED. 0 passed; 8 failed; 0 ignored; 0 measured; 0 filtered out; finished in 0.01s
[INFO] [stdout] 
[INFO] [stderr] error: test failed, to rerun pass `--test test_program`
[INFO] running `Command { std: "docker" "inspect" "39268ce4de1e59503dcf73e5b8596cda0ccf8c5a48ca7cfbf1bd44d393fad06c", kill_on_drop: false }`
[INFO] running `Command { std: "docker" "rm" "-f" "39268ce4de1e59503dcf73e5b8596cda0ccf8c5a48ca7cfbf1bd44d393fad06c", kill_on_drop: false }`
[INFO] [stdout] 39268ce4de1e59503dcf73e5b8596cda0ccf8c5a48ca7cfbf1bd44d393fad06c
