[INFO] fetching crate spiron-tui 0.1.0...
[INFO] testing spiron-tui-0.1.0 against 1.100.0-beta.1+cargoflags=--release for beta-release-1.100-2
[INFO] extracting crate spiron-tui 0.1.0 into /workspace/builds/worker-6-tc2/source
[INFO] started tweaking crates.io crate spiron-tui 0.1.0
[INFO] removed 0 missing tests
[INFO] finished tweaking crates.io crate spiron-tui 0.1.0
[INFO] tweaked toml for crates.io crate spiron-tui 0.1.0 written to /workspace/builds/worker-6-tc2/source/Cargo.toml
[INFO] validating manifest of crates.io crate spiron-tui 0.1.0 on toolchain 1.100.0-beta.1
[INFO] running `Command { std: CARGO_HOME="/workspace/cargo-home" RUSTUP_HOME="/workspace/rustup-home" "/workspace/cargo-home/bin/cargo" "+1.100.0-beta.1" "metadata" "--manifest-path" "Cargo.toml" "--no-deps", kill_on_drop: false }`
[INFO] crate crates.io crate spiron-tui 0.1.0 already has a lockfile, it will not be regenerated
[INFO] running `Command { std: CARGO_HOME="/workspace/cargo-home" RUSTUP_HOME="/workspace/rustup-home" "/workspace/cargo-home/bin/cargo" "+1.100.0-beta.1" "fetch" "--manifest-path" "Cargo.toml", kill_on_drop: false }`
[INFO] running `Command { std: "docker" "create" "-v" "/var/lib/crater-agent-workspace/builds/worker-6-tc2/source:/opt/rustwide/workdir:ro,Z" "-v" "/var/lib/crater-agent-workspace/builds/worker-6-tc2/target:/opt/rustwide/target:rw,Z" "-v" "/var/lib/crater-agent-workspace/cargo-home:/opt/rustwide/cargo-home:ro,Z" "-v" "/var/lib/crater-agent-workspace/rustup-home:/opt/rustwide/rustup-home:ro,Z" "-m" "1610612736" "--network" "none" "ghcr.io/rust-lang/crates-build-env/linux@sha256:77db811e55d90add9212f6832c23229e3de5f1c1f9905e8cb07319ea15df73ac" "sleep" "infinity", kill_on_drop: false }`
[INFO] [stdout] 26d085aaa2f5c7cf0596282917ea8a2932b19d904a3b90ea9b136fe2e8de0a15
[INFO] running `Command { std: "docker" "start" "26d085aaa2f5c7cf0596282917ea8a2932b19d904a3b90ea9b136fe2e8de0a15", kill_on_drop: false }`
[INFO] running `Command { std: "docker" "inspect" "26d085aaa2f5c7cf0596282917ea8a2932b19d904a3b90ea9b136fe2e8de0a15", kill_on_drop: false }`
[INFO] running `Command { std: "docker" "exec" "-e" "SOURCE_DIR=/opt/rustwide/workdir" "-e" "CARGO_HOME=/opt/rustwide/cargo-home" "-e" "RUSTUP_HOME=/opt/rustwide/rustup-home" "-e" "CARGO_TARGET_DIR=/opt/rustwide/target" "-w" "/opt/rustwide/workdir" "--user" "0:0" "26d085aaa2f5c7cf0596282917ea8a2932b19d904a3b90ea9b136fe2e8de0a15" "/opt/rustwide/cargo-home/bin/cargo" "+1.100.0-beta.1" "metadata" "--no-deps" "--format-version=1", kill_on_drop: false }`
[INFO] running `Command { std: "docker" "inspect" "26d085aaa2f5c7cf0596282917ea8a2932b19d904a3b90ea9b136fe2e8de0a15", kill_on_drop: false }`
[INFO] running `Command { std: "docker" "exec" "-e" "SOURCE_DIR=/opt/rustwide/workdir" "-e" "CARGO_HOME=/opt/rustwide/cargo-home" "-e" "RUSTUP_HOME=/opt/rustwide/rustup-home" "-e" "CARGO_TARGET_DIR=/opt/rustwide/target" "-e" "CARGO_INCREMENTAL=0" "-e" "RUST_BACKTRACE=full" "-e" "RUSTFLAGS=--cap-lints=warn" "-e" "RUSTDOCFLAGS=--cap-lints=warn" "-w" "/opt/rustwide/workdir" "--user" "0:0" "26d085aaa2f5c7cf0596282917ea8a2932b19d904a3b90ea9b136fe2e8de0a15" "/opt/rustwide/cargo-home/bin/cargo" "+1.100.0-beta.1" "build" "--frozen" "--message-format=json" "--release", kill_on_drop: false }`
[INFO] [stderr]    Compiling syn v2.0.118
[INFO] [stderr]    Compiling allocator-api2 v0.2.21
[INFO] [stderr]    Compiling unicode-width v0.2.0
[INFO] [stderr]    Compiling unicode-segmentation v1.13.3
[INFO] [stderr]    Compiling errno v0.3.14
[INFO] [stderr]    Compiling parking_lot_core v0.9.12
[INFO] [stderr]    Compiling mio v1.2.1
[INFO] [stderr]    Compiling instability v0.3.12
[INFO] [stderr]    Compiling thiserror v2.0.18
[INFO] [stderr]    Compiling castaway v0.2.4
[INFO] [stderr]    Compiling foldhash v0.1.5
[INFO] [stderr]    Compiling rustix v0.38.44
[INFO] [stderr]    Compiling futures-core v0.3.32
[INFO] [stderr]    Compiling indoc v2.0.7
[INFO] [stderr]    Compiling itertools v0.14.0
[INFO] [stderr]    Compiling cassowary v0.3.0
[INFO] [stderr]    Compiling litrs v1.0.0
[INFO] [stderr]    Compiling signal-hook-registry v1.4.8
[INFO] [stderr]    Compiling parking_lot v0.12.5
[INFO] [stderr]    Compiling zmij v1.0.22
[INFO] [stderr]    Compiling smawk v0.3.3
[INFO] [stderr]    Compiling compact_str v0.8.2
[INFO] [stderr]    Compiling compact_str v0.9.1
[INFO] [stderr]    Compiling signal-hook v0.3.18
[INFO] [stderr]    Compiling textwrap v0.16.2
[INFO] [stderr]    Compiling dirs-sys v0.4.1
[INFO] [stderr]    Compiling signal-hook-mio v0.2.5
[INFO] [stderr]    Compiling serde_json v1.0.150
[INFO] [stderr]    Compiling document-features v0.2.12
[INFO] [stderr]    Compiling dirs v5.0.1
[INFO] [stderr]    Compiling hashbrown v0.17.1
[INFO] [stderr]    Compiling hashbrown v0.15.5
[INFO] [stderr]    Compiling unicode-truncate v1.1.0
[INFO] [stderr]    Compiling hashbrown v0.16.1
[INFO] [stderr]    Compiling crossterm v0.28.1
[INFO] [stderr]    Compiling lru v0.18.1
[INFO] [stderr]    Compiling indexmap v2.14.0
[INFO] [stderr]    Compiling lru v0.12.5
[INFO] [stderr]    Compiling unicode-truncate v2.0.1
[INFO] [stderr]    Compiling darling_core v0.23.0
[INFO] [stderr]    Compiling strum_macros v0.26.4
[INFO] [stderr]    Compiling serde_derive v1.0.228
[INFO] [stderr]    Compiling thiserror-impl v2.0.18
[INFO] [stderr]    Compiling strum_macros v0.28.0
[INFO] [stderr]    Compiling thiserror-impl v1.0.69
[INFO] [stderr]    Compiling thiserror v1.0.69
[INFO] [stderr]    Compiling kasuari v0.4.12
[INFO] [stderr]    Compiling strum v0.26.3
[INFO] [stderr]    Compiling darling_macro v0.23.0
[INFO] [stderr]    Compiling darling v0.23.0
[INFO] [stderr]    Compiling strum v0.28.0
[INFO] [stderr]    Compiling ratatui-core v0.1.2
[INFO] [stderr]    Compiling ratatui v0.29.0
[INFO] [stderr]    Compiling serde v1.0.228
[INFO] [stderr]    Compiling tui-scrollbar v0.2.7
[INFO] [stderr]    Compiling serde_spanned v0.6.9
[INFO] [stderr]    Compiling toml_datetime v0.6.11
[INFO] [stderr]    Compiling toml_edit v0.22.27
[INFO] [stderr]    Compiling xai-ratatui-inline v0.1.0
[INFO] [stderr]    Compiling xai-ratatui-textarea v0.1.0
[INFO] [stderr]    Compiling spiron-tui-inline v0.1.0
[INFO] [stderr]    Compiling spiron-tui-textarea v0.1.0
[INFO] [stderr]    Compiling toml v0.8.23
[INFO] [stderr]    Compiling spiron-core v0.1.0
[INFO] [stderr]    Compiling spiron-tui v0.1.0 (/opt/rustwide/workdir)
[INFO] [stderr]     Finished `release` profile [optimized] target(s) in 44.17s
[INFO] running `Command { std: "docker" "inspect" "26d085aaa2f5c7cf0596282917ea8a2932b19d904a3b90ea9b136fe2e8de0a15", kill_on_drop: false }`
[INFO] running `Command { std: "docker" "exec" "-e" "SOURCE_DIR=/opt/rustwide/workdir" "-e" "CARGO_HOME=/opt/rustwide/cargo-home" "-e" "RUSTUP_HOME=/opt/rustwide/rustup-home" "-e" "CARGO_TARGET_DIR=/opt/rustwide/target" "-e" "CARGO_INCREMENTAL=0" "-e" "RUST_BACKTRACE=full" "-e" "RUSTFLAGS=--cap-lints=warn" "-e" "RUSTDOCFLAGS=--cap-lints=warn" "-w" "/opt/rustwide/workdir" "--user" "0:0" "26d085aaa2f5c7cf0596282917ea8a2932b19d904a3b90ea9b136fe2e8de0a15" "/opt/rustwide/cargo-home/bin/cargo" "+1.100.0-beta.1" "test" "--frozen" "--no-run" "--message-format=json" "--release", kill_on_drop: false }`
[INFO] [stderr]    Compiling spiron-tui v0.1.0 (/opt/rustwide/workdir)
[INFO] [stderr]     Finished `release` profile [optimized] target(s) in 2.69s
[INFO] running `Command { std: "docker" "inspect" "26d085aaa2f5c7cf0596282917ea8a2932b19d904a3b90ea9b136fe2e8de0a15", kill_on_drop: false }`
[INFO] running `Command { std: "docker" "exec" "-e" "SOURCE_DIR=/opt/rustwide/workdir" "-e" "CARGO_HOME=/opt/rustwide/cargo-home" "-e" "RUSTUP_HOME=/opt/rustwide/rustup-home" "-e" "CARGO_TARGET_DIR=/opt/rustwide/target" "-e" "CARGO_INCREMENTAL=0" "-e" "RUST_BACKTRACE=full" "-e" "RUSTFLAGS=--cap-lints=warn" "-e" "RUSTDOCFLAGS=--cap-lints=warn" "-w" "/opt/rustwide/workdir" "--user" "0:0" "26d085aaa2f5c7cf0596282917ea8a2932b19d904a3b90ea9b136fe2e8de0a15" "/opt/rustwide/cargo-home/bin/cargo" "+1.100.0-beta.1" "test" "--frozen" "--release", kill_on_drop: false }`
[INFO] [stderr]     Finished `release` profile [optimized] target(s) in 0.11s
[INFO] [stderr]      Running unittests src/lib.rs (/opt/rustwide/target/release/build/spiron-tui/48ddfaf00b5dd77a/out/spiron_tui-48ddfaf00b5dd77a)
[INFO] [stdout] 
[INFO] [stdout] running 7 tests
[INFO] [stdout] test slash::tests::parses_help_and_model_args ... ok
[INFO] [stdout] test actions::tests::hints_include_send_in_composer ... ok
[INFO] [stdout] test slash::tests::completions_filter ... ok
[INFO] [stdout] test actions::tests::lookup_send_prompt ... ok
[INFO] [stdout] test viewport::tests::paragraph_scroll_puts_offset_on_vertical_axis ... ok
[INFO] [stderr]      Running tests/layout.rs (/opt/rustwide/target/release/build/spiron-tui/12c2a556236d8fd7/out/layout-12c2a556236d8fd7)
[INFO] [stdout] test list_select::tests::selection_moves_and_clamps ... ok
[INFO] [stdout] test theme::tests::auto_theme_follows_colorfgbg_without_parallel_env_leak ... ok
[INFO] [stdout] 
[INFO] [stdout] test result: ok. 7 passed; 0 failed; 0 ignored; 0 measured; 0 filtered out; finished in 0.01s
[INFO] [stdout] 
[INFO] [stdout] 
[INFO] [stdout] running 1 test
[INFO] [stderr]      Running tests/perf_scrollback_bench.rs (/opt/rustwide/target/release/build/spiron-tui/ffa3e28eaa64acdf/out/perf_scrollback_bench-ffa3e28eaa64acdf)
[INFO] [stdout] test layout_renders_scrollback_hint_and_composer_regions ... ok
[INFO] [stdout] 
[INFO] [stdout] test result: ok. 1 passed; 0 failed; 0 ignored; 0 measured; 0 filtered out; finished in 0.00s
[INFO] [stdout] 
[INFO] [stdout] 
[INFO] [stdout] running 1 test
[INFO] [stdout] test perf_scrollback_two_runs_with_baseline_delta ... FAILED
[INFO] [stdout] 
[INFO] [stdout] failures:
[INFO] [stdout] 
[INFO] [stdout] ---- perf_scrollback_two_runs_with_baseline_delta stdout ----
[INFO] [stdout] 
[INFO] [stdout] thread 'perf_scrollback_two_runs_with_baseline_delta' (1365) panicked at tests/perf_scrollback_bench.rs:105:74:
[INFO] [stdout] write perf: Os { code: 2, kind: NotFound, message: "No such file or directory" }
[INFO] [stdout] stack backtrace:
[INFO] [stdout]    0:     0x64d765a04f21 - <<std[617be2ca0a6fd877]::sys::backtrace::BacktraceLock>::print::DisplayBacktrace as core[a373ad73a504971]::fmt::Display>::fmt
[INFO] [stdout]    1:     0x64d765a195ea - core[a373ad73a504971]::fmt::write
[INFO] [stdout]    2:     0x64d765a0913c - <alloc[2e1b2a31b91974c5]::vec::Vec<u8> as core[a373ad73a504971]::io::write::Write>::write_fmt
[INFO] [stdout]    3:     0x64d7659e0976 - std[617be2ca0a6fd877]::panicking::default_hook::{closure#0}
[INFO] [stdout]    4:     0x64d7659fd3d9 - std[617be2ca0a6fd877]::panicking::default_hook
[INFO] [stdout]    5:     0x64d76595dc30 - test[aada8e7e76ba119b]::test_main_inner::{closure#0}
[INFO] [stdout]    6:     0x64d7659fd592 - std[617be2ca0a6fd877]::panicking::panic_with_hook
[INFO] [stdout]    7:     0x64d7659e0a22 - std[617be2ca0a6fd877]::panicking::panic_handler::{closure#0}
[INFO] [stdout]    8:     0x64d7659d9619 - std[617be2ca0a6fd877]::sys::backtrace::__rust_end_short_backtrace::<std[617be2ca0a6fd877]::panicking::panic_handler::{closure#0}, !>
[INFO] [stdout]    9:     0x64d7659e162d - __rustc[ea4f61d10b84890b]::rust_begin_unwind
[INFO] [stdout]   10:     0x64d765a19d4c - core[a373ad73a504971]::panicking::panic_fmt
[INFO] [stdout]   11:     0x64d765a19b22 - core[a373ad73a504971]::result::unwrap_failed
[INFO] [stdout]   12:     0x64d76594f773 - <perf_scrollback_bench[3696d104e846fb15]::perf_scrollback_two_runs_with_baseline_delta::{closure#0} as core[a373ad73a504971]::ops::function::FnOnce<()>>::call_once
[INFO] [stdout]   13:     0x64d76595107b - test[aada8e7e76ba119b]::__rust_begin_short_backtrace::<core[a373ad73a504971]::result::Result<(), alloc[2e1b2a31b91974c5]::string::String>, fn() -> core[a373ad73a504971]::result::Result<(), alloc[2e1b2a31b91974c5]::string::String>>
[INFO] [stdout]   14:     0x64d76595e255 - test[aada8e7e76ba119b]::run_test::{closure#0}
[INFO] [stdout]   15:     0x64d765957b44 - std[617be2ca0a6fd877]::sys::backtrace::__rust_begin_short_backtrace::<test[aada8e7e76ba119b]::run_test::{closure#1}, ()>
[INFO] [stdout]   16:     0x64d7659612e2 - <std[617be2ca0a6fd877]::thread::lifecycle::spawn_unchecked<test[aada8e7e76ba119b]::run_test::{closure#1}, ()>::{closure#1} as core[a373ad73a504971]::ops::function::FnOnce<()>>::call_once::{shim:vtable#0}
[INFO] [stdout]   17:     0x64d765a0459f - <std[617be2ca0a6fd877]::sys::thread::unix::Thread>::new::thread_start
[INFO] [stdout]   18:     0x7be54168ddfa - <unknown>
[INFO] [stdout]   19:     0x7be5417213d4 - clone
[INFO] [stdout]   20:                0x0 - <unknown>
[INFO] [stdout] 
[INFO] [stdout] 
[INFO] [stdout] failures:
[INFO] [stdout]     perf_scrollback_two_runs_with_baseline_delta
[INFO] [stdout] 
[INFO] [stdout] test result: FAILED. 0 passed; 1 failed; 0 ignored; 0 measured; 0 filtered out; finished in 0.45s
[INFO] [stdout] 
[INFO] [stderr] error: test failed, to rerun pass `--test perf_scrollback_bench`
[INFO] running `Command { std: "docker" "inspect" "26d085aaa2f5c7cf0596282917ea8a2932b19d904a3b90ea9b136fe2e8de0a15", kill_on_drop: false }`
[INFO] running `Command { std: "docker" "rm" "-f" "26d085aaa2f5c7cf0596282917ea8a2932b19d904a3b90ea9b136fe2e8de0a15", kill_on_drop: false }`
[INFO] [stdout] 26d085aaa2f5c7cf0596282917ea8a2932b19d904a3b90ea9b136fe2e8de0a15
