[INFO] fetching crate spine_runtime 0.2.2...
[INFO] testing spine_runtime-0.2.2 against 1.99.0-beta.8+cargoflags=--release for beta-release-1.100-2
[INFO] extracting crate spine_runtime 0.2.2 into /workspace/builds/worker-1-tc1/source
[INFO] started tweaking crates.io crate spine_runtime 0.2.2
[INFO] removed 0 missing examples
[INFO] finished tweaking crates.io crate spine_runtime 0.2.2
[INFO] tweaked toml for crates.io crate spine_runtime 0.2.2 written to /workspace/builds/worker-1-tc1/source/Cargo.toml
[INFO] validating manifest of crates.io crate spine_runtime 0.2.2 on toolchain 1.99.0-beta.8
[INFO] running `Command { std: CARGO_HOME="/workspace/cargo-home" RUSTUP_HOME="/workspace/rustup-home" "/workspace/cargo-home/bin/cargo" "+1.99.0-beta.8" "metadata" "--manifest-path" "Cargo.toml" "--no-deps", kill_on_drop: false }`
[INFO] crate crates.io crate spine_runtime 0.2.2 already has a lockfile, it will not be regenerated
[INFO] running `Command { std: CARGO_HOME="/workspace/cargo-home" RUSTUP_HOME="/workspace/rustup-home" "/workspace/cargo-home/bin/cargo" "+1.99.0-beta.8" "fetch" "--manifest-path" "Cargo.toml", kill_on_drop: false }`
[INFO] [stderr]     Updating crates.io index
[INFO] [stderr]  Downloading crates ...
[INFO] [stderr]   Downloaded proptest v1.11.0
[INFO] [stderr]   Downloaded libc v0.2.185
[INFO] [stderr]   Downloaded glam v0.32.1
[INFO] [stderr]   Downloaded pxfm v0.1.29
[INFO] running `Command { std: "docker" "create" "-v" "/var/lib/crater-agent-workspace/builds/worker-1-tc1/source:/opt/rustwide/workdir:ro,Z" "-v" "/var/lib/crater-agent-workspace/builds/worker-1-tc1/target:/opt/rustwide/target:rw,Z" "-v" "/var/lib/crater-agent-workspace/cargo-home:/opt/rustwide/cargo-home:ro,Z" "-v" "/var/lib/crater-agent-workspace/rustup-home:/opt/rustwide/rustup-home:ro,Z" "-m" "1610612736" "--network" "none" "ghcr.io/rust-lang/crates-build-env/linux@sha256:77db811e55d90add9212f6832c23229e3de5f1c1f9905e8cb07319ea15df73ac" "sleep" "infinity", kill_on_drop: false }`
[INFO] [stdout] 87915e0df2cd764de70c32de62155f58ae84a323c7a5a696cc893f20f87d5bb1
[INFO] running `Command { std: "docker" "start" "87915e0df2cd764de70c32de62155f58ae84a323c7a5a696cc893f20f87d5bb1", kill_on_drop: false }`
[INFO] running `Command { std: "docker" "inspect" "87915e0df2cd764de70c32de62155f58ae84a323c7a5a696cc893f20f87d5bb1", kill_on_drop: false }`
[INFO] running `Command { std: "docker" "exec" "-e" "SOURCE_DIR=/opt/rustwide/workdir" "-e" "CARGO_HOME=/opt/rustwide/cargo-home" "-e" "RUSTUP_HOME=/opt/rustwide/rustup-home" "-e" "CARGO_TARGET_DIR=/opt/rustwide/target" "-w" "/opt/rustwide/workdir" "--user" "0:0" "87915e0df2cd764de70c32de62155f58ae84a323c7a5a696cc893f20f87d5bb1" "/opt/rustwide/cargo-home/bin/cargo" "+1.99.0-beta.8" "metadata" "--no-deps" "--format-version=1", kill_on_drop: false }`
[INFO] running `Command { std: "docker" "inspect" "87915e0df2cd764de70c32de62155f58ae84a323c7a5a696cc893f20f87d5bb1", kill_on_drop: false }`
[INFO] running `Command { std: "docker" "exec" "-e" "SOURCE_DIR=/opt/rustwide/workdir" "-e" "CARGO_HOME=/opt/rustwide/cargo-home" "-e" "RUSTUP_HOME=/opt/rustwide/rustup-home" "-e" "CARGO_TARGET_DIR=/opt/rustwide/target" "-e" "CARGO_INCREMENTAL=0" "-e" "RUST_BACKTRACE=full" "-e" "RUSTFLAGS=--cap-lints=warn" "-e" "RUSTDOCFLAGS=--cap-lints=warn" "-w" "/opt/rustwide/workdir" "--user" "0:0" "87915e0df2cd764de70c32de62155f58ae84a323c7a5a696cc893f20f87d5bb1" "/opt/rustwide/cargo-home/bin/cargo" "+1.99.0-beta.8" "build" "--frozen" "--message-format=json" "--release", kill_on_drop: false }`
[INFO] [stderr]    Compiling serde_core v1.0.228
[INFO] [stderr]    Compiling hashbrown v0.17.0
[INFO] [stderr]    Compiling equivalent v1.0.2
[INFO] [stderr]    Compiling serde_json v1.0.149
[INFO] [stderr]    Compiling memchr v2.8.0
[INFO] [stderr]    Compiling glam v0.32.1
[INFO] [stderr]    Compiling syn v2.0.117
[INFO] [stderr]    Compiling indexmap v2.14.0
[INFO] [stderr]    Compiling thiserror-impl v2.0.18
[INFO] [stderr]    Compiling thiserror v2.0.18
[INFO] [stderr]    Compiling spine_runtime v0.2.2 (/opt/rustwide/workdir)
[INFO] [stderr]     Finished `release` profile [optimized] target(s) in 18.28s
[INFO] running `Command { std: "docker" "inspect" "87915e0df2cd764de70c32de62155f58ae84a323c7a5a696cc893f20f87d5bb1", kill_on_drop: false }`
[INFO] running `Command { std: "docker" "exec" "-e" "SOURCE_DIR=/opt/rustwide/workdir" "-e" "CARGO_HOME=/opt/rustwide/cargo-home" "-e" "RUSTUP_HOME=/opt/rustwide/rustup-home" "-e" "CARGO_TARGET_DIR=/opt/rustwide/target" "-e" "CARGO_INCREMENTAL=0" "-e" "RUST_BACKTRACE=full" "-e" "RUSTFLAGS=--cap-lints=warn" "-e" "RUSTDOCFLAGS=--cap-lints=warn" "-w" "/opt/rustwide/workdir" "--user" "0:0" "87915e0df2cd764de70c32de62155f58ae84a323c7a5a696cc893f20f87d5bb1" "/opt/rustwide/cargo-home/bin/cargo" "+1.99.0-beta.8" "test" "--frozen" "--no-run" "--message-format=json" "--release", kill_on_drop: false }`
[INFO] [stderr]    Compiling libc v0.2.185
[INFO] [stderr]    Compiling getrandom v0.3.4
[INFO] [stderr]    Compiling autocfg v1.5.0
[INFO] [stderr]    Compiling bitflags v2.11.1
[INFO] [stderr]    Compiling zerocopy v0.8.48
[INFO] [stderr]    Compiling rustix v1.1.4
[INFO] [stderr]    Compiling serde_core v1.0.228
[INFO] [stderr]    Compiling getrandom v0.4.2
[INFO] [stderr]    Compiling simd-adler32 v0.3.9
[INFO] [stderr]    Compiling linux-raw-sys v0.12.1
[INFO] [stderr]    Compiling once_cell v1.21.4
[INFO] [stderr]    Compiling fastrand v2.4.1
[INFO] [stderr]    Compiling pxfm v0.1.29
[INFO] [stderr]    Compiling quick-error v1.2.3
[INFO] [stderr]    Compiling bit-vec v0.8.0
[INFO] [stderr]    Compiling serde_derive v1.0.228
[INFO] [stderr]    Compiling yansi v1.0.1
[INFO] [stderr]    Compiling regex-syntax v0.8.10
[INFO] [stderr]    Compiling miniz_oxide v0.8.9
[INFO] [stderr]    Compiling fdeflate v0.3.7
[INFO] [stderr]    Compiling byteorder-lite v0.1.0
[INFO] [stderr]    Compiling bytemuck v1.25.0
[INFO] [stderr]    Compiling unarray v0.1.4
[INFO] [stderr]    Compiling num-traits v0.2.19
[INFO] [stderr]    Compiling pretty_assertions v1.4.1
[INFO] [stderr]    Compiling bit-set v0.8.0
[INFO] [stderr]    Compiling flate2 v1.1.9
[INFO] [stderr]    Compiling png v0.18.1
[INFO] [stderr]    Compiling wait-timeout v0.2.1
[INFO] [stderr]    Compiling approx v0.5.1
[INFO] [stderr]    Compiling rand_core v0.9.5
[INFO] [stderr]    Compiling rand_xorshift v0.4.0
[INFO] [stderr]    Compiling rand v0.9.4
[INFO] [stderr]    Compiling serde_json v1.0.149
[INFO] [stderr]    Compiling tempfile v3.27.0
[INFO] [stderr]    Compiling rusty-fork v0.3.1
[INFO] [stderr]    Compiling serde v1.0.228
[INFO] [stderr]    Compiling spine_runtime v0.2.2 (/opt/rustwide/workdir)
[INFO] [stderr]    Compiling moxcms v0.8.1
[INFO] [stderr]    Compiling ppv-lite86 v0.2.21
[INFO] [stderr]    Compiling rand_chacha v0.9.0
[INFO] [stderr]    Compiling proptest v1.11.0
[INFO] [stderr]    Compiling image v0.25.10
[INFO] [stderr]     Finished `release` profile [optimized] target(s) in 1m 11s
[INFO] running `Command { std: "docker" "inspect" "87915e0df2cd764de70c32de62155f58ae84a323c7a5a696cc893f20f87d5bb1", kill_on_drop: false }`
[INFO] running `Command { std: "docker" "exec" "-e" "SOURCE_DIR=/opt/rustwide/workdir" "-e" "CARGO_HOME=/opt/rustwide/cargo-home" "-e" "RUSTUP_HOME=/opt/rustwide/rustup-home" "-e" "CARGO_TARGET_DIR=/opt/rustwide/target" "-e" "CARGO_INCREMENTAL=0" "-e" "RUST_BACKTRACE=full" "-e" "RUSTFLAGS=--cap-lints=warn" "-e" "RUSTDOCFLAGS=--cap-lints=warn" "-w" "/opt/rustwide/workdir" "--user" "0:0" "87915e0df2cd764de70c32de62155f58ae84a323c7a5a696cc893f20f87d5bb1" "/opt/rustwide/cargo-home/bin/cargo" "+1.99.0-beta.8" "test" "--frozen" "--release", kill_on_drop: false }`
[INFO] [stderr]     Finished `release` profile [optimized] target(s) in 0.10s
[INFO] [stderr]      Running unittests src/lib.rs (/opt/rustwide/target/release/deps/spine_runtime-9e97becb49f619d6)
[INFO] [stdout] 
[INFO] [stdout] running 91 tests
[INFO] [stdout] test animation::curve::tests::search_finds_largest_le ... ok
[INFO] [stdout] test animation::curve::tests::curve_value1_linear_interpolation ... ok
[INFO] [stdout] test atlas::tests::handles_legacy_xy_size_offset_orig ... ok
[INFO] [stdout] test atlas::tests::handles_rotate_true_false_and_degrees ... ok
[INFO] [stdout] test atlas::tests::handles_pma_and_repeat ... ok
[INFO] [stdout] test animation::curve::tests::relative_value_by_mix_from ... ok
[INFO] [stdout] test atlas::tests::non_entry_line_starts_a_new_region ... ok
[INFO] [stdout] test atlas::tests::parses_all_example_atlases ... FAILED
[INFO] [stdout] test atlas::tests::parses_index_and_defaults_to_minus_one ... ok
[INFO] [stdout] test atlas::tests::parses_simple_atlas ... ok
[INFO] [stdout] test animation::curve::tests::curve_value1_stepped_returns_left_value ... ok
[INFO] [stdout] test animation::state_data::tests::default_mix_is_zero ... ok
[INFO] [stdout] test animation::state_data::tests::default_mix_overridable ... ok
[INFO] [stdout] test animation::state_data::tests::set_mix_by_name_errors_on_missing ... ok
[INFO] [stdout] test atlas::tests::error_on_bad_integer ... ok
[INFO] [stdout] test animation::curve::tests::before_first_key_by_mix_from ... ok
[INFO] [stdout] test animation::state_data::tests::clear_resets_default_and_overrides ... ok
[INFO] [stdout] test atlas::tests::find_region_returns_first_match ... ok
[INFO] [stdout] test atlas::tests::supports_multiple_pages_separated_by_blank_line ... ok
[INFO] [stdout] test animation::curve::tests::curve_value2_linear_interpolation_on_translate_layout ... ok
[INFO] [stdout] test data::attachment::tests::resolve_index_uses_setup_and_clamps ... ok
[INFO] [stdout] test data::attachment::tests::sequence_ids_are_unique_and_copy_renews ... ok
[INFO] [stdout] test data::skeleton::tests::find_bone_hits_and_misses ... ok
[INFO] [stdout] test atlas::tests::tolerates_unknown_format_and_filter_values ... ok
[INFO] [stdout] test data::skeleton::tests::find_by_name_across_collections ... ok
[INFO] [stdout] test data::skin::tests::add_skin_remaps_owned_attachments ... ok
[INFO] [stdout] test data::skin::tests::keys_intern_once_per_slot_and_name ... ok
[INFO] [stdout] test data::slot::tests::new_slot_defaults ... ok
[INFO] [stdout] test data::tests::ids_are_distinct_types ... ok
[INFO] [stdout] test atlas::tests::captures_unknown_keys_as_extras ... ok
[INFO] [stdout] test data::animation::tests::timeline_variants_compile_and_clone ... ok
[INFO] [stdout] test atlas::tests::tolerates_crlf_line_endings ... ok
[INFO] [stdout] test data::tests::ids_convert_to_usize ... ok
[INFO] [stdout] test data::animation::tests::animation_defaults_empty ... ok
[INFO] [stdout] test load::attachment_loader::tests::resolves_region_and_leaves_missing_frames_empty ... ok
[INFO] [stdout] test animation::state_data::tests::per_pair_override_beats_default ... ok
[INFO] [stdout] test load::binary::reader::tests::eof_surfaces_as_error ... ok
[INFO] [stdout] test load::binary::reader::tests::read_string_payload_is_length_minus_one_bytes ... ok
[INFO] [stdout] test load::binary::reader::tests::read_string_ref_out_of_range_is_error ... ok
[INFO] [stdout] test load::binary::reader::tests::position_tracks_cursor ... ok
[INFO] [stdout] test load::binary::reader::tests::read_string_ref_resolves_to_table ... ok
[INFO] [stdout] test load::binary::reader::tests::read_byte_sbyte_bool ... ok
[INFO] [stdout] test load::binary::reader::tests::read_color_rgba_normalized ... ok
[INFO] [stdout] test load::binary::reader::tests::read_float_reinterprets_int_bits ... ok
[INFO] [stdout] test animation::curve::tests::absolute_value_by_mix_from ... ok
[INFO] [stdout] test load::binary::reader::tests::read_int_is_big_endian ... ok
[INFO] [stdout] test load::binary::reader::tests::read_string_none_on_zero_length ... ok
[INFO] [stdout] test load::binary::reader::tests::read_varint_positive_multi_byte ... ok
[INFO] [stdout] test load::binary::reader::tests::read_varint_positive_single_byte ... ok
[INFO] [stdout] test load::binary::reader::tests::read_varint_zigzag_negative ... ok
[INFO] [stdout] test math::color::tests::add_clamps_overflow ... ok
[INFO] [stdout] test math::color::tests::add_clamps_underflow ... ok
[INFO] [stdout] test math::color::tests::add_color_matches_componentwise ... ok
[INFO] [stdout] test data::attachment::tests::sequence_path_suffix ... ok
[INFO] [stdout] test data::attachment::tests::regionless_mesh_uvs_pass_through ... ok
[INFO] [stdout] test math::color::tests::set_clamps ... ok
[INFO] [stdout] test data::constraint::tests::transform_property_wire_values_round_trip ... ok
[INFO] [stdout] test math::color::tests::set_rgb_preserves_alpha ... ok
[INFO] [stdout] test data::constraint::tests::unified_accessors_select_variant ... ok
[INFO] [stdout] test math::triangulator::tests::concave_l_shape ... ok
[INFO] [stdout] test data::event::tests::new_event_defaults ... ok
[INFO] [stdout] test math::triangulator::tests::decompose_concave_produces_multiple_convex_parts ... ok
[INFO] [stdout] test math::triangulator::tests::decompose_square_is_single_quad ... ok
[INFO] [stdout] test math::color::tests::add_preserves_unit_range ... ok
[INFO] [stdout] test data::skeleton::tests::default_skin_round_trips ... ok
[INFO] [stdout] test math::color::tests::add_rgb_preserves_alpha ... ok
[INFO] [stdout] test math::color::tests::default_matches_spine_cpp ... ok
[INFO] [stdout] test math::triangulator::tests::positive_area_matches_spine_convention ... ok
[INFO] [stdout] test math::triangulator::tests::reuses_buffers_across_calls ... ok
[INFO] [stdout] test math::util::tests::cos_deg_known_values ... ok
[INFO] [stdout] test math::util::tests::sin_deg_known_values ... ok
[INFO] [stdout] test math::color::tests::new_always_in_unit_range ... ok
[INFO] [stdout] test math::util::tests::wrap_deg_known_values ... ok
[INFO] [stdout] test math::triangulator::tests::triangle_is_untouched ... ok
[INFO] [stdout] test render::tests::pack_color_matches_spine_cpp_layout ... ok
[INFO] [stdout] test math::util::tests::atan2_deg_known_values ... ok
[INFO] [stdout] test render::clipping::tests::inverse_keeps_triangle_fully_outside ... ok
[INFO] [stdout] test math::util::tests::trig_pythagorean_identity ... ok
[INFO] [stdout] test render::tests::texture_id_missing_is_u32_max ... ok
[INFO] [stdout] test render::clipping::tests::make_convex_takes_the_hull ... ok
[INFO] [stdout] test math::color::tests::new_clamps_out_of_range ... ok
[INFO] [stdout] test math::util::tests::wrap_deg_in_range ... ok
[INFO] [stdout] test render::clipping::tests::clip_and_inverse_partition_a_triangle ... ok
[INFO] [stdout] test skeleton::bone::tests::no_scale_or_reflection_under_reflected_parent ... ok
[INFO] [stdout] test skeleton::bounds::tests::polygon_intersects_segment_crosses_square_edge ... ok
[INFO] [stdout] test skeleton::bounds::tests::update_on_example_rig ... ok
[INFO] [stdout] test skeleton::bounds::tests::polygon_contains_point_square ... ok
[INFO] [stdout] test math::util::tests::atan2_deg_round_trip ... ok
[INFO] [stdout] test math::triangulator::tests::square_produces_two_triangles ... ok
[INFO] [stdout] test skeleton::bone::tests::no_scale_under_reflected_parent ... ok
[INFO] [stdout] test skeleton::bounds::tests::new_is_empty ... ok
[INFO] [stdout] 
[INFO] [stdout] failures:
[INFO] [stdout] 
[INFO] [stdout] ---- atlas::tests::parses_all_example_atlases stdout ----
[INFO] [stdout] 
[INFO] [stdout] thread 'atlas::tests::parses_all_example_atlases' (1427) panicked at src/atlas.rs:781:9:
[INFO] [stdout] only parsed 0 atlases
[INFO] [stdout] stack backtrace:
[INFO] [stdout]    0:     0x609c31ff6d91 - <<std[70759c8f55707aa4]::sys::backtrace::BacktraceLock>::print::DisplayBacktrace as core[df12db4294e9bfd3]::fmt::Display>::fmt
[INFO] [stdout]    1:     0x609c3200d17a - core[df12db4294e9bfd3]::fmt::write
[INFO] [stdout]    2:     0x609c31ffb95c - <alloc[2182bb758b4b3781]::vec::Vec<u8> as core[df12db4294e9bfd3]::io::write::Write>::write_fmt
[INFO] [stdout]    3:     0x609c31fd12e6 - std[70759c8f55707aa4]::panicking::default_hook::{closure#0}
[INFO] [stdout]    4:     0x609c31feea69 - std[70759c8f55707aa4]::panicking::default_hook
[INFO] [stdout]    5:     0x609c31f74a80 - test[9d35eded1c95d3be]::test_main_inner::<test[9d35eded1c95d3be]::test_main_static::{closure#0}>::{closure#0}
[INFO] [stdout]    6:     0x609c31feec22 - std[70759c8f55707aa4]::panicking::panic_with_hook
[INFO] [stdout]    7:     0x609c31fd1392 - std[70759c8f55707aa4]::panicking::panic_handler::{closure#0}
[INFO] [stdout]    8:     0x609c31fc9d99 - std[70759c8f55707aa4]::sys::backtrace::__rust_end_short_backtrace::<std[70759c8f55707aa4]::panicking::panic_handler::{closure#0}, !>
[INFO] [stdout]    9:     0x609c31fd1f8d - __rustc[8fa7c3cbc660c2b3]::rust_begin_unwind
[INFO] [stdout]   10:     0x609c3200d8dc - core[df12db4294e9bfd3]::panicking::panic_fmt
[INFO] [stdout]   11:     0x609c31f59cef - spine_runtime[1e7b7317dd3bef42]::atlas::tests::parses_all_example_atlases
[INFO] [stdout]   12:     0x609c31f54fc9 - <spine_runtime[1e7b7317dd3bef42]::atlas::tests::parses_all_example_atlases::{closure#0} as core[df12db4294e9bfd3]::ops::function::FnOnce<()>>::call_once
[INFO] [stdout]   13:     0x609c31f67d6b - test[9d35eded1c95d3be]::__rust_begin_short_backtrace::<core[df12db4294e9bfd3]::result::Result<(), alloc[2182bb758b4b3781]::string::String>, fn() -> core[df12db4294e9bfd3]::result::Result<(), alloc[2182bb758b4b3781]::string::String>>
[INFO] [stdout]   14:     0x609c31f753d5 - test[9d35eded1c95d3be]::run_test::{closure#0}
[INFO] [stdout]   15:     0x609c31f6ec94 - std[70759c8f55707aa4]::sys::backtrace::__rust_begin_short_backtrace::<test[9d35eded1c95d3be]::run_test::{closure#1}, ()>
[INFO] [stdout]   16:     0x609c31f78532 - <std[70759c8f55707aa4]::thread::lifecycle::spawn_unchecked<test[9d35eded1c95d3be]::run_test::{closure#1}, ()>::{closure#1} as core[df12db4294e9bfd3]::ops::function::FnOnce<()>>::call_once::{shim:vtable#0}
[INFO] [stdout]   17:     0x609c31ff5fd9 - <std[70759c8f55707aa4]::sys::thread::unix::Thread>::new::thread_start
[INFO] [stdout]   18:     0x7c9ec3dacdfa - <unknown>
[INFO] [stdout]   19:     0x7c9ec3e403d4 - clone
[INFO] [stdout]   20:                0x0 - <unknown>
[INFO] [stdout] 
[INFO] [stdout] 
[INFO] [stdout] failures:
[INFO] [stdout]     atlas::tests::parses_all_example_atlases
[INFO] [stdout] 
[INFO] [stdout] test result: FAILED. 90 passed; 1 failed; 0 ignored; 0 measured; 0 filtered out; finished in 0.01s
[INFO] [stdout] 
[INFO] [stderr] error: test failed, to rerun pass `--lib`
[INFO] running `Command { std: "docker" "inspect" "87915e0df2cd764de70c32de62155f58ae84a323c7a5a696cc893f20f87d5bb1", kill_on_drop: false }`
[INFO] running `Command { std: "docker" "rm" "-f" "87915e0df2cd764de70c32de62155f58ae84a323c7a5a696cc893f20f87d5bb1", kill_on_drop: false }`
[INFO] [stdout] 87915e0df2cd764de70c32de62155f58ae84a323c7a5a696cc893f20f87d5bb1
