[INFO] fetching crate spectrum-codegen 0.2.0...
[INFO] testing spectrum-codegen-0.2.0 against 1.99.0-beta.8+cargoflags=--release for beta-release-1.100-2
[INFO] extracting crate spectrum-codegen 0.2.0 into /workspace/builds/worker-0-tc1/source
[INFO] started tweaking crates.io crate spectrum-codegen 0.2.0
[INFO] removed 0 missing tests
[INFO] finished tweaking crates.io crate spectrum-codegen 0.2.0
[INFO] tweaked toml for crates.io crate spectrum-codegen 0.2.0 written to /workspace/builds/worker-0-tc1/source/Cargo.toml
[INFO] validating manifest of crates.io crate spectrum-codegen 0.2.0 on toolchain 1.99.0-beta.8
[INFO] running `Command { std: CARGO_HOME="/workspace/cargo-home" RUSTUP_HOME="/workspace/rustup-home" "/workspace/cargo-home/bin/cargo" "+1.99.0-beta.8" "metadata" "--manifest-path" "Cargo.toml" "--no-deps", kill_on_drop: false }`
[INFO] crate crates.io crate spectrum-codegen 0.2.0 already has a lockfile, it will not be regenerated
[INFO] running `Command { std: CARGO_HOME="/workspace/cargo-home" RUSTUP_HOME="/workspace/rustup-home" "/workspace/cargo-home/bin/cargo" "+1.99.0-beta.8" "fetch" "--manifest-path" "Cargo.toml", kill_on_drop: false }`
[INFO] [stderr]     Blocking waiting for file lock on package cache
[INFO] running `Command { std: "docker" "create" "-v" "/var/lib/crater-agent-workspace/builds/worker-0-tc1/source:/opt/rustwide/workdir:ro,Z" "-v" "/var/lib/crater-agent-workspace/builds/worker-0-tc1/target:/opt/rustwide/target:rw,Z" "-v" "/var/lib/crater-agent-workspace/cargo-home:/opt/rustwide/cargo-home:ro,Z" "-v" "/var/lib/crater-agent-workspace/rustup-home:/opt/rustwide/rustup-home:ro,Z" "-m" "1610612736" "--network" "none" "ghcr.io/rust-lang/crates-build-env/linux@sha256:77db811e55d90add9212f6832c23229e3de5f1c1f9905e8cb07319ea15df73ac" "sleep" "infinity", kill_on_drop: false }`
[INFO] [stdout] 4a31904fbdcbd2d24cc513a732309514209d26c732827e53394fdf17a3ae5c68
[INFO] running `Command { std: "docker" "start" "4a31904fbdcbd2d24cc513a732309514209d26c732827e53394fdf17a3ae5c68", kill_on_drop: false }`
[INFO] running `Command { std: "docker" "inspect" "4a31904fbdcbd2d24cc513a732309514209d26c732827e53394fdf17a3ae5c68", kill_on_drop: false }`
[INFO] running `Command { std: "docker" "exec" "-e" "SOURCE_DIR=/opt/rustwide/workdir" "-e" "CARGO_HOME=/opt/rustwide/cargo-home" "-e" "RUSTUP_HOME=/opt/rustwide/rustup-home" "-e" "CARGO_TARGET_DIR=/opt/rustwide/target" "-w" "/opt/rustwide/workdir" "--user" "0:0" "4a31904fbdcbd2d24cc513a732309514209d26c732827e53394fdf17a3ae5c68" "/opt/rustwide/cargo-home/bin/cargo" "+1.99.0-beta.8" "metadata" "--no-deps" "--format-version=1", kill_on_drop: false }`
[INFO] running `Command { std: "docker" "inspect" "4a31904fbdcbd2d24cc513a732309514209d26c732827e53394fdf17a3ae5c68", kill_on_drop: false }`
[INFO] running `Command { std: "docker" "exec" "-e" "SOURCE_DIR=/opt/rustwide/workdir" "-e" "CARGO_HOME=/opt/rustwide/cargo-home" "-e" "RUSTUP_HOME=/opt/rustwide/rustup-home" "-e" "CARGO_TARGET_DIR=/opt/rustwide/target" "-e" "CARGO_INCREMENTAL=0" "-e" "RUST_BACKTRACE=full" "-e" "RUSTFLAGS=--cap-lints=warn" "-e" "RUSTDOCFLAGS=--cap-lints=warn" "-w" "/opt/rustwide/workdir" "--user" "0:0" "4a31904fbdcbd2d24cc513a732309514209d26c732827e53394fdf17a3ae5c68" "/opt/rustwide/cargo-home/bin/cargo" "+1.99.0-beta.8" "build" "--frozen" "--message-format=json" "--release", kill_on_drop: false }`
[INFO] [stderr]    Compiling serde_core v1.0.228
[INFO] [stderr]    Compiling proc-macro2 v1.0.106
[INFO] [stderr]    Compiling unicode-ident v1.0.24
[INFO] [stderr]    Compiling quote v1.0.46
[INFO] [stderr]    Compiling syn v2.0.118
[INFO] [stderr]    Compiling thiserror-impl v2.0.18
[INFO] [stderr]    Compiling thiserror v2.0.18
[INFO] [stderr]    Compiling serde_spanned v1.1.1
[INFO] [stderr]    Compiling toml_datetime v1.1.1+spec-1.1.0
[INFO] [stderr]    Compiling toml v1.1.2+spec-1.1.0
[INFO] [stderr]    Compiling spectrum-codegen v0.2.0 (/opt/rustwide/workdir)
[INFO] [stderr]     Finished `release` profile [optimized] target(s) in 27.01s
[INFO] running `Command { std: "docker" "inspect" "4a31904fbdcbd2d24cc513a732309514209d26c732827e53394fdf17a3ae5c68", kill_on_drop: false }`
[INFO] running `Command { std: "docker" "exec" "-e" "SOURCE_DIR=/opt/rustwide/workdir" "-e" "CARGO_HOME=/opt/rustwide/cargo-home" "-e" "RUSTUP_HOME=/opt/rustwide/rustup-home" "-e" "CARGO_TARGET_DIR=/opt/rustwide/target" "-e" "CARGO_INCREMENTAL=0" "-e" "RUST_BACKTRACE=full" "-e" "RUSTFLAGS=--cap-lints=warn" "-e" "RUSTDOCFLAGS=--cap-lints=warn" "-w" "/opt/rustwide/workdir" "--user" "0:0" "4a31904fbdcbd2d24cc513a732309514209d26c732827e53394fdf17a3ae5c68" "/opt/rustwide/cargo-home/bin/cargo" "+1.99.0-beta.8" "test" "--frozen" "--no-run" "--message-format=json" "--release", kill_on_drop: false }`
[INFO] [stderr]    Compiling spectrum-codegen v0.2.0 (/opt/rustwide/workdir)
[INFO] [stderr]     Finished `release` profile [optimized] target(s) in 2.99s
[INFO] running `Command { std: "docker" "inspect" "4a31904fbdcbd2d24cc513a732309514209d26c732827e53394fdf17a3ae5c68", kill_on_drop: false }`
[INFO] running `Command { std: "docker" "exec" "-e" "SOURCE_DIR=/opt/rustwide/workdir" "-e" "CARGO_HOME=/opt/rustwide/cargo-home" "-e" "RUSTUP_HOME=/opt/rustwide/rustup-home" "-e" "CARGO_TARGET_DIR=/opt/rustwide/target" "-e" "CARGO_INCREMENTAL=0" "-e" "RUST_BACKTRACE=full" "-e" "RUSTFLAGS=--cap-lints=warn" "-e" "RUSTDOCFLAGS=--cap-lints=warn" "-w" "/opt/rustwide/workdir" "--user" "0:0" "4a31904fbdcbd2d24cc513a732309514209d26c732827e53394fdf17a3ae5c68" "/opt/rustwide/cargo-home/bin/cargo" "+1.99.0-beta.8" "test" "--frozen" "--release", kill_on_drop: false }`
[INFO] [stderr]     Finished `release` profile [optimized] target(s) in 0.05s
[INFO] [stderr]      Running unittests src/lib.rs (/opt/rustwide/target/release/deps/spectrum_codegen-f5f6f637fd86178b)
[INFO] [stdout] 
[INFO] [stderr]      Running tests/codegen.rs (/opt/rustwide/target/release/deps/codegen-24c3f1ee1cd8a0f1)
[INFO] [stdout] running 0 tests
[INFO] [stdout] 
[INFO] [stdout] test result: ok. 0 passed; 0 failed; 0 ignored; 0 measured; 0 filtered out; finished in 0.00s
[INFO] [stdout] 
[INFO] [stdout] 
[INFO] [stdout] running 14 tests
[INFO] [stdout] test rejects_unknown_state_parent ... ok
[INFO] [stdout] test expand_schema_expands_state_set_aliases ... ok
[INFO] [stdout] test writes_generated_contract_to_requested_path ... FAILED
[INFO] [stderr] error: test failed, to rerun pass `--test codegen`
[INFO] [stdout] test expand_schema_reports_unknown_state_alias_targets ... ok
[INFO] [stdout] test expand_schema_cascades_attributes_to_generated_sub_structs ... ok
[INFO] [stdout] test expand_schema_passes_attributes_to_top_level_struct ... ok
[INFO] [stdout] test rejects_invalid_external_contracts ... FAILED
[INFO] [stdout] test generates_typed_contract_from_external_contract_and_values ... FAILED
[INFO] [stdout] test expand_schema_supports_stateless_component_instances ... ok
[INFO] [stdout] test rejects_state_inheritance_cycles ... ok
[INFO] [stdout] test rejects_duplicate_state_names ... ok
[INFO] [stdout] test expand_schema_reports_state_alias_cycles ... ok
[INFO] [stdout] test expand_schema_reports_unknown_state_components ... ok
[INFO] [stdout] test expand_schema_without_attributes_produces_no_user_derives ... ok
[INFO] [stdout] 
[INFO] [stdout] failures:
[INFO] [stdout] 
[INFO] [stdout] ---- writes_generated_contract_to_requested_path stdout ----
[INFO] [stdout] 
[INFO] [stdout] thread 'writes_generated_contract_to_requested_path' (491) panicked at tests/codegen.rs:116:6:
[INFO] [stdout] generated file: ReadSource { path: "/opt/rustwide/workdir/../spectrum-theme/tests/data/contract.tokens", source: Os { code: 2, kind: NotFound, message: "No such file or directory" } }
[INFO] [stdout] stack backtrace:
[INFO] [stdout]    0:     0x596890ce4811 - <<std[70759c8f55707aa4]::sys::backtrace::BacktraceLock>::print::DisplayBacktrace as core[df12db4294e9bfd3]::fmt::Display>::fmt
[INFO] [stdout]    1:     0x596890cf9c6a - core[df12db4294e9bfd3]::fmt::write
[INFO] [stdout]    2:     0x596890ce8d1c - <alloc[2182bb758b4b3781]::vec::Vec<u8> as core[df12db4294e9bfd3]::io::write::Write>::write_fmt
[INFO] [stdout]    3:     0x596890cbfad6 - std[70759c8f55707aa4]::panicking::default_hook::{closure#0}
[INFO] [stdout]    4:     0x596890cdc859 - std[70759c8f55707aa4]::panicking::default_hook
[INFO] [stdout]    5:     0x596890af4b00 - test[9d35eded1c95d3be]::test_main_inner::<test[9d35eded1c95d3be]::test_main_static::{closure#0}>::{closure#0}
[INFO] [stdout]    6:     0x596890cdcb82 - std[70759c8f55707aa4]::panicking::panic_with_hook
[INFO] [stdout]    7:     0x596890cbfb82 - std[70759c8f55707aa4]::panicking::panic_handler::{closure#0}
[INFO] [stdout]    8:     0x596890cb8659 - std[70759c8f55707aa4]::sys::backtrace::__rust_end_short_backtrace::<std[70759c8f55707aa4]::panicking::panic_handler::{closure#0}, !>
[INFO] [stdout]    9:     0x596890cc077d - __rustc[8fa7c3cbc660c2b3]::rust_begin_unwind
[INFO] [stdout]   10:     0x596890cfa48c - core[df12db4294e9bfd3]::panicking::panic_fmt
[INFO] [stdout]   11:     0x596890cfa262 - core[df12db4294e9bfd3]::result::unwrap_failed
[INFO] [stdout]   12:     0x596890acee77 - <codegen[bce9b5ad975d1b51]::writes_generated_contract_to_requested_path::{closure#0} as core[df12db4294e9bfd3]::ops::function::FnOnce<()>>::call_once
[INFO] [stdout]   13:     0x596890ae7deb - test[9d35eded1c95d3be]::__rust_begin_short_backtrace::<core[df12db4294e9bfd3]::result::Result<(), alloc[2182bb758b4b3781]::string::String>, fn() -> core[df12db4294e9bfd3]::result::Result<(), alloc[2182bb758b4b3781]::string::String>>
[INFO] [stdout]   14:     0x596890af5455 - test[9d35eded1c95d3be]::run_test::{closure#0}
[INFO] [stdout]   15:     0x596890aeed14 - std[70759c8f55707aa4]::sys::backtrace::__rust_begin_short_backtrace::<test[9d35eded1c95d3be]::run_test::{closure#1}, ()>
[INFO] [stdout]   16:     0x596890af85b2 - <std[70759c8f55707aa4]::thread::lifecycle::spawn_unchecked<test[9d35eded1c95d3be]::run_test::{closure#1}, ()>::{closure#1} as core[df12db4294e9bfd3]::ops::function::FnOnce<()>>::call_once::{shim:vtable#0}
[INFO] [stdout]   17:     0x596890ce3b79 - <std[70759c8f55707aa4]::sys::thread::unix::Thread>::new::thread_start
[INFO] [stdout]   18:     0x7f7577a3ddfa - <unknown>
[INFO] [stdout]   19:     0x7f7577ad13d4 - clone
[INFO] [stdout]   20:                0x0 - <unknown>
[INFO] [stdout] 
[INFO] [stdout] ---- rejects_invalid_external_contracts stdout ----
[INFO] [stdout] 
[INFO] [stdout] thread 'rejects_invalid_external_contracts' (488) panicked at tests/codegen.rs:136:5:
[INFO] [stdout] assertion failed: matches!(error, CodegenError::InvalidContract(_))
[INFO] [stdout] stack backtrace:
[INFO] [stdout]    0:     0x596890ce4811 - <<std[70759c8f55707aa4]::sys::backtrace::BacktraceLock>::print::DisplayBacktrace as core[df12db4294e9bfd3]::fmt::Display>::fmt
[INFO] [stdout]    1:     0x596890cf9c6a - core[df12db4294e9bfd3]::fmt::write
[INFO] [stdout]    2:     0x596890ce8d1c - <alloc[2182bb758b4b3781]::vec::Vec<u8> as core[df12db4294e9bfd3]::io::write::Write>::write_fmt
[INFO] [stdout]    3:     0x596890cbfad6 - std[70759c8f55707aa4]::panicking::default_hook::{closure#0}
[INFO] [stdout]    4:     0x596890cdc859 - std[70759c8f55707aa4]::panicking::default_hook
[INFO] [stdout]    5:     0x596890af4b00 - test[9d35eded1c95d3be]::test_main_inner::<test[9d35eded1c95d3be]::test_main_static::{closure#0}>::{closure#0}
[INFO] [stdout]    6:     0x596890cdcb82 - std[70759c8f55707aa4]::panicking::panic_with_hook
[INFO] [stdout]    7:     0x596890cbfbb4 - std[70759c8f55707aa4]::panicking::panic_handler::{closure#0}
[INFO] [stdout]    8:     0x596890cb8659 - std[70759c8f55707aa4]::sys::backtrace::__rust_end_short_backtrace::<std[70759c8f55707aa4]::panicking::panic_handler::{closure#0}, !>
[INFO] [stdout]    9:     0x596890cc077d - __rustc[8fa7c3cbc660c2b3]::rust_begin_unwind
[INFO] [stdout]   10:     0x596890cfa48c - core[df12db4294e9bfd3]::panicking::panic_fmt
[INFO] [stdout]   11:     0x596890cfa452 - core[df12db4294e9bfd3]::panicking::panic
[INFO] [stdout]   12:     0x596890acd7d7 - <codegen[bce9b5ad975d1b51]::rejects_invalid_external_contracts::{closure#0} as core[df12db4294e9bfd3]::ops::function::FnOnce<()>>::call_once
[INFO] [stdout]   13:     0x596890ae7deb - test[9d35eded1c95d3be]::__rust_begin_short_backtrace::<core[df12db4294e9bfd3]::result::Result<(), alloc[2182bb758b4b3781]::string::String>, fn() -> core[df12db4294e9bfd3]::result::Result<(), alloc[2182bb758b4b3781]::string::String>>
[INFO] [stdout]   14:     0x596890af5455 - test[9d35eded1c95d3be]::run_test::{closure#0}
[INFO] [stdout]   15:     0x596890aeed14 - std[70759c8f55707aa4]::sys::backtrace::__rust_begin_short_backtrace::<test[9d35eded1c95d3be]::run_test::{closure#1}, ()>
[INFO] [stdout]   16:     0x596890af85b2 - <std[70759c8f55707aa4]::thread::lifecycle::spawn_unchecked<test[9d35eded1c95d3be]::run_test::{closure#1}, ()>::{closure#1} as core[df12db4294e9bfd3]::ops::function::FnOnce<()>>::call_once::{shim:vtable#0}
[INFO] [stdout]   17:     0x596890ce3b79 - <std[70759c8f55707aa4]::sys::thread::unix::Thread>::new::thread_start
[INFO] [stdout]   18:     0x7f7577a3ddfa - <unknown>
[INFO] [stdout]   19:     0x7f7577ad13d4 - clone
[INFO] [stdout]   20:                0x0 - <unknown>
[INFO] [stdout] 
[INFO] [stdout] ---- generates_typed_contract_from_external_contract_and_values stdout ----
[INFO] [stdout] 
[INFO] [stdout] thread 'generates_typed_contract_from_external_contract_and_values' (486) panicked at tests/codegen.rs:36:6:
[INFO] [stdout] generated code: ReadSource { path: "/opt/rustwide/workdir/../spectrum-theme/tests/data/contract.tokens", source: Os { code: 2, kind: NotFound, message: "No such file or directory" } }
[INFO] [stdout] stack backtrace:
[INFO] [stdout]    0:     0x596890ce4811 - <<std[70759c8f55707aa4]::sys::backtrace::BacktraceLock>::print::DisplayBacktrace as core[df12db4294e9bfd3]::fmt::Display>::fmt
[INFO] [stdout]    1:     0x596890cf9c6a - core[df12db4294e9bfd3]::fmt::write
[INFO] [stdout]    2:     0x596890ce8d1c - <alloc[2182bb758b4b3781]::vec::Vec<u8> as core[df12db4294e9bfd3]::io::write::Write>::write_fmt
[INFO] [stdout]    3:     0x596890cbfad6 - std[70759c8f55707aa4]::panicking::default_hook::{closure#0}
[INFO] [stdout]    4:     0x596890cdc859 - std[70759c8f55707aa4]::panicking::default_hook
[INFO] [stdout]    5:     0x596890af4b00 - test[9d35eded1c95d3be]::test_main_inner::<test[9d35eded1c95d3be]::test_main_static::{closure#0}>::{closure#0}
[INFO] [stdout]    6:     0x596890cdcb82 - std[70759c8f55707aa4]::panicking::panic_with_hook
[INFO] [stdout]    7:     0x596890cbfb82 - std[70759c8f55707aa4]::panicking::panic_handler::{closure#0}
[INFO] [stdout]    8:     0x596890cb8659 - std[70759c8f55707aa4]::sys::backtrace::__rust_end_short_backtrace::<std[70759c8f55707aa4]::panicking::panic_handler::{closure#0}, !>
[INFO] [stdout]    9:     0x596890cc077d - __rustc[8fa7c3cbc660c2b3]::rust_begin_unwind
[INFO] [stdout]   10:     0x596890cfa48c - core[df12db4294e9bfd3]::panicking::panic_fmt
[INFO] [stdout]   11:     0x596890cfa262 - core[df12db4294e9bfd3]::result::unwrap_failed
[INFO] [stdout]   12:     0x596890ad1708 - <codegen[bce9b5ad975d1b51]::generates_typed_contract_from_external_contract_and_values::{closure#0} as core[df12db4294e9bfd3]::ops::function::FnOnce<()>>::call_once
[INFO] [stdout]   13:     0x596890ae7deb - test[9d35eded1c95d3be]::__rust_begin_short_backtrace::<core[df12db4294e9bfd3]::result::Result<(), alloc[2182bb758b4b3781]::string::String>, fn() -> core[df12db4294e9bfd3]::result::Result<(), alloc[2182bb758b4b3781]::string::String>>
[INFO] [stdout]   14:     0x596890af5455 - test[9d35eded1c95d3be]::run_test::{closure#0}
[INFO] [stdout]   15:     0x596890aeed14 - std[70759c8f55707aa4]::sys::backtrace::__rust_begin_short_backtrace::<test[9d35eded1c95d3be]::run_test::{closure#1}, ()>
[INFO] [stdout]   16:     0x596890af85b2 - <std[70759c8f55707aa4]::thread::lifecycle::spawn_unchecked<test[9d35eded1c95d3be]::run_test::{closure#1}, ()>::{closure#1} as core[df12db4294e9bfd3]::ops::function::FnOnce<()>>::call_once::{shim:vtable#0}
[INFO] [stdout]   17:     0x596890ce3b79 - <std[70759c8f55707aa4]::sys::thread::unix::Thread>::new::thread_start
[INFO] [stdout]   18:     0x7f7577a3ddfa - <unknown>
[INFO] [stdout]   19:     0x7f7577ad13d4 - clone
[INFO] [stdout]   20:                0x0 - <unknown>
[INFO] [stdout] 
[INFO] [stdout] 
[INFO] [stdout] failures:
[INFO] [stdout]     generates_typed_contract_from_external_contract_and_values
[INFO] [stdout]     rejects_invalid_external_contracts
[INFO] [stdout]     writes_generated_contract_to_requested_path
[INFO] [stdout] 
[INFO] [stdout] test result: FAILED. 11 passed; 3 failed; 0 ignored; 0 measured; 0 filtered out; finished in 0.01s
[INFO] [stdout] 
[INFO] running `Command { std: "docker" "inspect" "4a31904fbdcbd2d24cc513a732309514209d26c732827e53394fdf17a3ae5c68", kill_on_drop: false }`
[INFO] running `Command { std: "docker" "rm" "-f" "4a31904fbdcbd2d24cc513a732309514209d26c732827e53394fdf17a3ae5c68", kill_on_drop: false }`
[INFO] [stdout] 4a31904fbdcbd2d24cc513a732309514209d26c732827e53394fdf17a3ae5c68
