[INFO] fetching crate spectra-cli 0.14.1...
[INFO] testing spectra-cli-0.14.1 against 1.100.0-beta.1+cargoflags=--release for beta-release-1.100-2
[INFO] extracting crate spectra-cli 0.14.1 into /workspace/builds/worker-3-tc2/source
[INFO] started tweaking crates.io crate spectra-cli 0.14.1
[INFO] removed 0 missing tests
[INFO] finished tweaking crates.io crate spectra-cli 0.14.1
[INFO] tweaked toml for crates.io crate spectra-cli 0.14.1 written to /workspace/builds/worker-3-tc2/source/Cargo.toml
[INFO] validating manifest of crates.io crate spectra-cli 0.14.1 on toolchain 1.100.0-beta.1
[INFO] running `Command { std: CARGO_HOME="/workspace/cargo-home" RUSTUP_HOME="/workspace/rustup-home" "/workspace/cargo-home/bin/cargo" "+1.100.0-beta.1" "metadata" "--manifest-path" "Cargo.toml" "--no-deps", kill_on_drop: false }`
[INFO] crate crates.io crate spectra-cli 0.14.1 already has a lockfile, it will not be regenerated
[INFO] running `Command { std: CARGO_HOME="/workspace/cargo-home" RUSTUP_HOME="/workspace/rustup-home" "/workspace/cargo-home/bin/cargo" "+1.100.0-beta.1" "fetch" "--manifest-path" "Cargo.toml", kill_on_drop: false }`
[INFO] running `Command { std: "docker" "create" "-v" "/var/lib/crater-agent-workspace/builds/worker-3-tc2/source:/opt/rustwide/workdir:ro,Z" "-v" "/var/lib/crater-agent-workspace/builds/worker-3-tc2/target:/opt/rustwide/target:rw,Z" "-v" "/var/lib/crater-agent-workspace/cargo-home:/opt/rustwide/cargo-home:ro,Z" "-v" "/var/lib/crater-agent-workspace/rustup-home:/opt/rustwide/rustup-home:ro,Z" "-m" "1610612736" "--network" "none" "ghcr.io/rust-lang/crates-build-env/linux@sha256:77db811e55d90add9212f6832c23229e3de5f1c1f9905e8cb07319ea15df73ac" "sleep" "infinity", kill_on_drop: false }`
[INFO] [stdout] 344730604f89361753491ce46ca6d1e59bad29ec26e1e15898d1e39eb999da76
[INFO] running `Command { std: "docker" "start" "344730604f89361753491ce46ca6d1e59bad29ec26e1e15898d1e39eb999da76", kill_on_drop: false }`
[INFO] running `Command { std: "docker" "inspect" "344730604f89361753491ce46ca6d1e59bad29ec26e1e15898d1e39eb999da76", kill_on_drop: false }`
[INFO] running `Command { std: "docker" "exec" "-e" "SOURCE_DIR=/opt/rustwide/workdir" "-e" "CARGO_HOME=/opt/rustwide/cargo-home" "-e" "RUSTUP_HOME=/opt/rustwide/rustup-home" "-e" "CARGO_TARGET_DIR=/opt/rustwide/target" "-w" "/opt/rustwide/workdir" "--user" "0:0" "344730604f89361753491ce46ca6d1e59bad29ec26e1e15898d1e39eb999da76" "/opt/rustwide/cargo-home/bin/cargo" "+1.100.0-beta.1" "metadata" "--no-deps" "--format-version=1", kill_on_drop: false }`
[INFO] running `Command { std: "docker" "inspect" "344730604f89361753491ce46ca6d1e59bad29ec26e1e15898d1e39eb999da76", kill_on_drop: false }`
[INFO] running `Command { std: "docker" "exec" "-e" "SOURCE_DIR=/opt/rustwide/workdir" "-e" "CARGO_HOME=/opt/rustwide/cargo-home" "-e" "RUSTUP_HOME=/opt/rustwide/rustup-home" "-e" "CARGO_TARGET_DIR=/opt/rustwide/target" "-e" "CARGO_INCREMENTAL=0" "-e" "RUST_BACKTRACE=full" "-e" "RUSTFLAGS=--cap-lints=warn" "-e" "RUSTDOCFLAGS=--cap-lints=warn" "-w" "/opt/rustwide/workdir" "--user" "0:0" "344730604f89361753491ce46ca6d1e59bad29ec26e1e15898d1e39eb999da76" "/opt/rustwide/cargo-home/bin/cargo" "+1.100.0-beta.1" "build" "--frozen" "--message-format=json" "--release", kill_on_drop: false }`
[INFO] [stderr]    Compiling proc-macro2 v1.0.106
[INFO] [stderr]    Compiling quote v1.0.46
[INFO] [stderr]    Compiling stable_deref_trait v1.2.1
[INFO] [stderr]    Compiling writeable v0.6.4
[INFO] [stderr]    Compiling litemap v0.8.3
[INFO] [stderr]    Compiling icu_locale_data v2.1.2
[INFO] [stderr]    Compiling memchr v2.8.2
[INFO] [stderr]    Compiling icu_normalizer_data v2.1.1
[INFO] [stderr]    Compiling num-traits v0.2.19
[INFO] [stderr]    Compiling zmij v1.0.21
[INFO] [stderr]    Compiling icu_collator_data v2.1.1
[INFO] [stderr]    Compiling utf8_iter v1.0.4
[INFO] [stderr]    Compiling smallvec v1.16.3
[INFO] [stderr]    Compiling write16 v1.0.0
[INFO] [stderr]    Compiling utf16_iter v1.0.5
[INFO] [stderr]    Compiling clap_builder v4.6.2
[INFO] [stderr]    Compiling indexmap v2.14.0
[INFO] [stderr]    Compiling unsafe-libyaml v0.2.11
[INFO] [stderr]    Compiling iana-time-zone v0.1.65
[INFO] [stderr]    Compiling aho-corasick v1.1.4
[INFO] [stderr]    Compiling syn v3.0.1
[INFO] [stderr]    Compiling syn v2.0.118
[INFO] [stderr]    Compiling ryu v1.0.23
[INFO] [stderr]    Compiling chrono v0.4.45
[INFO] [stderr]    Compiling serde_json v1.0.151
[INFO] [stderr]    Compiling regex-automata v0.4.16
[INFO] [stderr]    Compiling synstructure v0.14.0
[INFO] [stderr]    Compiling zerovec-derive v0.11.6
[INFO] [stderr]    Compiling zerofrom-derive v0.1.8
[INFO] [stderr]    Compiling yoke-derive v0.8.4
[INFO] [stderr]    Compiling displaydoc v0.2.7
[INFO] [stderr]    Compiling zerofrom v0.1.8
[INFO] [stderr]    Compiling serde_derive v1.0.229
[INFO] [stderr]    Compiling clap_derive v4.6.3
[INFO] [stderr]    Compiling regex v1.13.1
[INFO] [stderr]    Compiling yoke v0.8.3
[INFO] [stderr]    Compiling zerovec v0.11.8
[INFO] [stderr]    Compiling zerotrie v0.2.5
[INFO] [stderr]    Compiling clap v4.6.3
[INFO] [stderr]    Compiling clap_complete v4.6.9
[INFO] [stderr]    Compiling tinystr v0.8.4
[INFO] [stderr]    Compiling potential_utf v0.1.6
[INFO] [stderr]    Compiling icu_locale_core v2.1.1
[INFO] [stderr]    Compiling icu_collections v2.1.1
[INFO] [stderr]    Compiling serde v1.0.229
[INFO] [stderr]    Compiling icu_provider v2.1.1
[INFO] [stderr]    Compiling serde_yaml v0.9.34+deprecated
[INFO] [stderr]    Compiling icu_properties v2.1.2
[INFO] [stderr]    Compiling icu_normalizer v2.1.1
[INFO] [stderr]    Compiling icu_locale v2.1.1
[INFO] [stderr]    Compiling icu_collator v2.1.1
[INFO] [stderr]    Compiling spectra-core v0.14.1
[INFO] [stderr]    Compiling spectra-cli v0.14.1 (/opt/rustwide/workdir)
[INFO] [stderr]     Finished `release` profile [optimized] target(s) in 2m 44s
[INFO] running `Command { std: "docker" "inspect" "344730604f89361753491ce46ca6d1e59bad29ec26e1e15898d1e39eb999da76", kill_on_drop: false }`
[INFO] running `Command { std: "docker" "exec" "-e" "SOURCE_DIR=/opt/rustwide/workdir" "-e" "CARGO_HOME=/opt/rustwide/cargo-home" "-e" "RUSTUP_HOME=/opt/rustwide/rustup-home" "-e" "CARGO_TARGET_DIR=/opt/rustwide/target" "-e" "CARGO_INCREMENTAL=0" "-e" "RUST_BACKTRACE=full" "-e" "RUSTFLAGS=--cap-lints=warn" "-e" "RUSTDOCFLAGS=--cap-lints=warn" "-w" "/opt/rustwide/workdir" "--user" "0:0" "344730604f89361753491ce46ca6d1e59bad29ec26e1e15898d1e39eb999da76" "/opt/rustwide/cargo-home/bin/cargo" "+1.100.0-beta.1" "test" "--frozen" "--no-run" "--message-format=json" "--release", kill_on_drop: false }`
[INFO] [stderr]    Compiling typenum v1.20.1
[INFO] [stderr]    Compiling const-oid v0.10.2
[INFO] [stderr]    Compiling hybrid-array v0.4.14
[INFO] [stderr]    Compiling crypto-common v0.2.2
[INFO] [stderr]    Compiling block-buffer v0.12.1
[INFO] [stderr]    Compiling digest v0.11.3
[INFO] [stderr]    Compiling sha2 v0.11.0
[INFO] [stderr]    Compiling spectra-cli v0.14.1 (/opt/rustwide/workdir)
[INFO] [stderr]     Finished `release` profile [optimized] target(s) in 1m 07s
[INFO] running `Command { std: "docker" "inspect" "344730604f89361753491ce46ca6d1e59bad29ec26e1e15898d1e39eb999da76", kill_on_drop: false }`
[INFO] running `Command { std: "docker" "exec" "-e" "SOURCE_DIR=/opt/rustwide/workdir" "-e" "CARGO_HOME=/opt/rustwide/cargo-home" "-e" "RUSTUP_HOME=/opt/rustwide/rustup-home" "-e" "CARGO_TARGET_DIR=/opt/rustwide/target" "-e" "CARGO_INCREMENTAL=0" "-e" "RUST_BACKTRACE=full" "-e" "RUSTFLAGS=--cap-lints=warn" "-e" "RUSTDOCFLAGS=--cap-lints=warn" "-w" "/opt/rustwide/workdir" "--user" "0:0" "344730604f89361753491ce46ca6d1e59bad29ec26e1e15898d1e39eb999da76" "/opt/rustwide/cargo-home/bin/cargo" "+1.100.0-beta.1" "test" "--frozen" "--release", kill_on_drop: false }`
[INFO] [stderr]     Finished `release` profile [optimized] target(s) in 0.15s
[INFO] [stderr]      Running unittests src/main.rs (/opt/rustwide/target/release/build/spectra-cli/680738cedf4269f1/out/spectra-680738cedf4269f1)
[INFO] [stdout] 
[INFO] [stdout] running 41 tests
[INFO] [stdout] test completion::tests::bash_path_falls_back_to_home_when_xdg_data_home_is_unset ... ok
[INFO] [stdout] test completion::tests::bash_path_uses_xdg_data_home_when_set ... ok
[INFO] [stdout] test completion::tests::fish_path_falls_back_to_home_when_xdg_config_home_is_unset ... ok
[INFO] [stdout] test completion::tests::fish_path_uses_xdg_config_home_when_set ... ok
[INFO] [stdout] test completion::tests::usable_base_dir_rejects_absent_empty_and_relative_values ... ok
[INFO] [stdout] test template_cli_check::classifier_flags_an_unknown_flag_and_accepts_a_prose_reference ... ok
[INFO] [stdout] test completion::tests::zsh_path_uses_zdotdir_when_set ... ok
[INFO] [stdout] test tests::color_enabled_from_no_color_flag_wins_even_with_tty_and_no_env ... ok
[INFO] [stdout] test tests::color_enabled_from_false_when_not_a_tty_even_with_nothing_else_set ... ok
[INFO] [stdout] test tests::color_enabled_from_no_color_env_wins_even_without_flag ... ok
[INFO] [stdout] test completion::tests::zsh_path_falls_back_to_home_when_zdotdir_is_unset ... ok
[INFO] [stdout] test tests::decisions_human_matches_the_oracle_tty_bytes ... ok
[INFO] [stdout] test tests::demo_human_colors_only_the_check_mark ... ok
[INFO] [stdout] test template_cli_check::extraction_handles_template_shapes ... ok
[INFO] [stdout] test tests::drift_human_matches_oracle_bytes ... ok
[INFO] [stdout] test tests::colorize_wraps_text_in_sgr_codes_only_when_enabled ... ok
[INFO] [stdout] test tests::color_enabled_from_only_true_when_nothing_disables_it ... ok
[INFO] [stdout] test completion::tests::write_replacing_any_symlink_never_writes_through_a_symlinked_temp_path ... ok
[INFO] [stdout] test tests::init_json_shape_matches_the_documented_contract ... ok
[INFO] [stdout] test tests::list_changes_flag_conflicts_with_parked ... ok
[INFO] [stdout] test tests::list_changes_flag_conflicts_with_specs ... ok
[INFO] [stdout] test tests::new_change_json_shape_matches_the_documented_contract ... ok
[INFO] [stdout] test tests::new_change_json_does_not_panic_on_a_non_utf8_path ... ok
[INFO] [stdout] test tests::list_specs_items_is_empty_when_no_specs_exist ... ok
[INFO] [stdout] test tests::list_specs_items_shape_matches_specs_key_contract ... ok
[INFO] [stdout] test tests::render_schemas_human_pins_the_full_colored_wiring ... ok
[INFO] [stdout] test tests::new_change_json_started_sha_is_null_when_absent ... ok
[INFO] [stdout] test tests::list_changes_flag_parses_alone ... ok
[INFO] [stdout] test tests::schema_line_dims_the_source_tag_only_when_color_is_enabled ... ok
[INFO] [stdout] test tests::severity_sgr_code_maps_known_and_unknown_severities ... ok
[INFO] [stdout] test tests::task_done_json_is_one_alphabetical_line_like_the_oracle ... ok
[INFO] [stdout] test tests::task_start_json_is_one_alphabetical_line_like_the_oracle ... ok
[INFO] [stdout] test tests::templates_header_line_bolds_only_the_word_templates ... ok
[INFO] [stdout] test tests::update_result_line_pins_oracle_wording_and_symbol_only_coloring ... ok
[INFO] [stdout] test tests::resolve_show_content_errors_when_neither_change_nor_spec ... ok
[INFO] [stdout] test tests::resolve_show_content_prefers_change_over_spec ... ok
[INFO] [stdout] test tests::list_change_items_parked_is_empty_when_none_parked ... ok
[INFO] [stdout] test tests::resolve_show_content_falls_back_to_spec ... ok
[INFO] [stdout] test tests::resolve_show_content_propagates_real_errors_instead_of_falling_back_to_spec ... ok
[INFO] [stdout] test tests::list_change_items_parked_flag_selects_parked_changes ... ok
[INFO] [stdout] test template_cli_check::every_template_invocation_parses ... ok
[INFO] [stdout] 
[INFO] [stdout] test result: ok. 41 passed; 0 failed; 0 ignored; 0 measured; 0 filtered out; finished in 0.20s
[INFO] [stdout] 
[INFO] [stdout] 
[INFO] [stdout] running 1 test
[INFO] [stderr]      Running tests/analyze_golden_integration.rs (/opt/rustwide/target/release/build/spectra-cli/66baa350abc78b0e/out/analyze_golden_integration-66baa350abc78b0e)
[INFO] [stderr] error: test failed, to rerun pass `--test analyze_golden_integration`
[INFO] [stdout] test analyze_replays_the_oracle_golden_byte_for_byte ... FAILED
[INFO] [stdout] 
[INFO] [stdout] failures:
[INFO] [stdout] 
[INFO] [stdout] ---- analyze_replays_the_oracle_golden_byte_for_byte stdout ----
[INFO] [stdout] 
[INFO] [stdout] thread 'analyze_replays_the_oracle_golden_byte_for_byte' (2190) panicked at tests/analyze_golden_integration.rs:49:65:
[INFO] [stdout] 讀取 "/opt/rustwide/workdir/../../docs/reverse-engineering/golden/analyze-3.0.0.json"：No such file or directory (os error 2)
[INFO] [stdout] stack backtrace:
[INFO] [stdout]    0:     0x5728ff7218c1 - <<std[617be2ca0a6fd877]::sys::backtrace::BacktraceLock>::print::DisplayBacktrace as core[a373ad73a504971]::fmt::Display>::fmt
[INFO] [stdout]    1:     0x5728ff73648a - core[a373ad73a504971]::fmt::write
[INFO] [stdout]    2:     0x5728ff725d3c - <alloc[2e1b2a31b91974c5]::vec::Vec<u8> as core[a373ad73a504971]::io::write::Write>::write_fmt
[INFO] [stdout]    3:     0x5728ff6fb906 - std[617be2ca0a6fd877]::panicking::default_hook::{closure#0}
[INFO] [stdout]    4:     0x5728ff719299 - std[617be2ca0a6fd877]::panicking::default_hook
[INFO] [stdout]    5:     0x5728ff6accd0 - test[aada8e7e76ba119b]::test_main_inner::{closure#0}
[INFO] [stdout]    6:     0x5728ff719452 - std[617be2ca0a6fd877]::panicking::panic_with_hook
[INFO] [stdout]    7:     0x5728ff6fb9b2 - std[617be2ca0a6fd877]::panicking::panic_handler::{closure#0}
[INFO] [stdout]    8:     0x5728ff6f4419 - std[617be2ca0a6fd877]::sys::backtrace::__rust_end_short_backtrace::<std[617be2ca0a6fd877]::panicking::panic_handler::{closure#0}, !>
[INFO] [stdout]    9:     0x5728ff6fc5bd - __rustc[ea4f61d10b84890b]::rust_begin_unwind
[INFO] [stdout]   10:     0x5728ff736bbc - core[a373ad73a504971]::panicking::panic_fmt
[INFO] [stdout]   11:     0x5728ff69b37a - analyze_golden_integration[b0f8b84465d24b9d]::load::{closure#0}
[INFO] [stdout]   12:     0x5728ff69e2fb - <analyze_golden_integration[b0f8b84465d24b9d]::analyze_replays_the_oracle_golden_byte_for_byte::{closure#0} as core[a373ad73a504971]::ops::function::FnOnce<()>>::call_once
[INFO] [stdout]   13:     0x5728ff6a011b - test[aada8e7e76ba119b]::__rust_begin_short_backtrace::<core[a373ad73a504971]::result::Result<(), alloc[2e1b2a31b91974c5]::string::String>, fn() -> core[a373ad73a504971]::result::Result<(), alloc[2e1b2a31b91974c5]::string::String>>
[INFO] [stdout]   14:     0x5728ff6ad2f5 - test[aada8e7e76ba119b]::run_test::{closure#0}
[INFO] [stdout]   15:     0x5728ff6a6be4 - std[617be2ca0a6fd877]::sys::backtrace::__rust_begin_short_backtrace::<test[aada8e7e76ba119b]::run_test::{closure#1}, ()>
[INFO] [stdout]   16:     0x5728ff6b0382 - <std[617be2ca0a6fd877]::thread::lifecycle::spawn_unchecked<test[aada8e7e76ba119b]::run_test::{closure#1}, ()>::{closure#1} as core[a373ad73a504971]::ops::function::FnOnce<()>>::call_once::{shim:vtable#0}
[INFO] [stdout]   17:     0x5728ff720bdf - <std[617be2ca0a6fd877]::sys::thread::unix::Thread>::new::thread_start
[INFO] [stdout]   18:     0x7d626ab69dfa - <unknown>
[INFO] [stdout]   19:     0x7d626abfd3d4 - clone
[INFO] [stdout]   20:                0x0 - <unknown>
[INFO] [stdout] 
[INFO] [stdout] 
[INFO] [stdout] failures:
[INFO] [stdout]     analyze_replays_the_oracle_golden_byte_for_byte
[INFO] [stdout] 
[INFO] [stdout] test result: FAILED. 0 passed; 1 failed; 0 ignored; 0 measured; 0 filtered out; finished in 0.00s
[INFO] [stdout] 
[INFO] running `Command { std: "docker" "inspect" "344730604f89361753491ce46ca6d1e59bad29ec26e1e15898d1e39eb999da76", kill_on_drop: false }`
[INFO] running `Command { std: "docker" "rm" "-f" "344730604f89361753491ce46ca6d1e59bad29ec26e1e15898d1e39eb999da76", kill_on_drop: false }`
[INFO] [stdout] 344730604f89361753491ce46ca6d1e59bad29ec26e1e15898d1e39eb999da76
