[INFO] fetching crate specta-swift 0.0.3...
[INFO] testing specta-swift-0.0.3 against 1.100.0-beta.1+cargoflags=--release for beta-release-1.100-2
[INFO] extracting crate specta-swift 0.0.3 into /workspace/builds/worker-1-tc2/source
[INFO] started tweaking crates.io crate specta-swift 0.0.3
[INFO] removed 0 missing examples
[INFO] removed 0 missing tests
[INFO] finished tweaking crates.io crate specta-swift 0.0.3
[INFO] tweaked toml for crates.io crate specta-swift 0.0.3 written to /workspace/builds/worker-1-tc2/source/Cargo.toml
[INFO] validating manifest of crates.io crate specta-swift 0.0.3 on toolchain 1.100.0-beta.1
[INFO] running `Command { std: CARGO_HOME="/workspace/cargo-home" RUSTUP_HOME="/workspace/rustup-home" "/workspace/cargo-home/bin/cargo" "+1.100.0-beta.1" "metadata" "--manifest-path" "Cargo.toml" "--no-deps", kill_on_drop: false }`
[INFO] crate crates.io crate specta-swift 0.0.3 already has a lockfile, it will not be regenerated
[INFO] running `Command { std: CARGO_HOME="/workspace/cargo-home" RUSTUP_HOME="/workspace/rustup-home" "/workspace/cargo-home/bin/cargo" "+1.100.0-beta.1" "fetch" "--manifest-path" "Cargo.toml", kill_on_drop: false }`
[INFO] running `Command { std: "docker" "create" "-v" "/var/lib/crater-agent-workspace/builds/worker-1-tc2/source:/opt/rustwide/workdir:ro,Z" "-v" "/var/lib/crater-agent-workspace/builds/worker-1-tc2/target:/opt/rustwide/target:rw,Z" "-v" "/var/lib/crater-agent-workspace/cargo-home:/opt/rustwide/cargo-home:ro,Z" "-v" "/var/lib/crater-agent-workspace/rustup-home:/opt/rustwide/rustup-home:ro,Z" "-m" "1610612736" "--network" "none" "ghcr.io/rust-lang/crates-build-env/linux@sha256:77db811e55d90add9212f6832c23229e3de5f1c1f9905e8cb07319ea15df73ac" "sleep" "infinity", kill_on_drop: false }`
[INFO] [stdout] 6b50b7196c6122bbc2a97c7dec66ad035b35dd81f853d826dfc64f516f06cdea
[INFO] running `Command { std: "docker" "start" "6b50b7196c6122bbc2a97c7dec66ad035b35dd81f853d826dfc64f516f06cdea", kill_on_drop: false }`
[INFO] running `Command { std: "docker" "inspect" "6b50b7196c6122bbc2a97c7dec66ad035b35dd81f853d826dfc64f516f06cdea", kill_on_drop: false }`
[INFO] running `Command { std: "docker" "exec" "-e" "SOURCE_DIR=/opt/rustwide/workdir" "-e" "CARGO_HOME=/opt/rustwide/cargo-home" "-e" "RUSTUP_HOME=/opt/rustwide/rustup-home" "-e" "CARGO_TARGET_DIR=/opt/rustwide/target" "-w" "/opt/rustwide/workdir" "--user" "0:0" "6b50b7196c6122bbc2a97c7dec66ad035b35dd81f853d826dfc64f516f06cdea" "/opt/rustwide/cargo-home/bin/cargo" "+1.100.0-beta.1" "metadata" "--no-deps" "--format-version=1", kill_on_drop: false }`
[INFO] running `Command { std: "docker" "inspect" "6b50b7196c6122bbc2a97c7dec66ad035b35dd81f853d826dfc64f516f06cdea", kill_on_drop: false }`
[INFO] running `Command { std: "docker" "exec" "-e" "SOURCE_DIR=/opt/rustwide/workdir" "-e" "CARGO_HOME=/opt/rustwide/cargo-home" "-e" "RUSTUP_HOME=/opt/rustwide/rustup-home" "-e" "CARGO_TARGET_DIR=/opt/rustwide/target" "-e" "CARGO_INCREMENTAL=0" "-e" "RUST_BACKTRACE=full" "-e" "RUSTFLAGS=--cap-lints=warn" "-e" "RUSTDOCFLAGS=--cap-lints=warn" "-w" "/opt/rustwide/workdir" "--user" "0:0" "6b50b7196c6122bbc2a97c7dec66ad035b35dd81f853d826dfc64f516f06cdea" "/opt/rustwide/cargo-home/bin/cargo" "+1.100.0-beta.1" "build" "--frozen" "--message-format=json" "--release", kill_on_drop: false }`
[INFO] [stderr]    Compiling Inflector v0.11.4
[INFO] [stderr]    Compiling specta v2.0.0-rc.25
[INFO] [stderr]    Compiling uuid v1.23.1
[INFO] [stderr]    Compiling syn v2.0.117
[INFO] [stderr]    Compiling chrono v0.4.44
[INFO] [stderr]    Compiling thiserror-impl v2.0.18
[INFO] [stderr]    Compiling serde_derive v1.0.228
[INFO] [stderr]    Compiling specta-macros v2.0.0-rc.25
[INFO] [stderr]    Compiling thiserror v2.0.18
[INFO] [stderr]    Compiling serde v1.0.228
[INFO] [stderr]    Compiling specta-swift v0.0.3 (/opt/rustwide/workdir)
[INFO] [stderr] warning: unused dependency `serde`
[INFO] [stderr]  --> Cargo.toml:1:15
[INFO] [stderr]   |
[INFO] [stderr] 1 | [dependencies.serde]
[INFO] [stderr]   |               ^^^^^^
[INFO] [stderr]   |
[INFO] [stderr]   = note: `cargo::unused_dependencies` is set to `warn` by default
[INFO] [stderr] help: consider removing the dependency on `serde`
[INFO] [stderr] warning: `specta-swift` (manifest) generated 1 warning
[INFO] [stderr]     Finished `release` profile [optimized] target(s) in 19.34s
[INFO] running `Command { std: "docker" "inspect" "6b50b7196c6122bbc2a97c7dec66ad035b35dd81f853d826dfc64f516f06cdea", kill_on_drop: false }`
[INFO] running `Command { std: "docker" "exec" "-e" "SOURCE_DIR=/opt/rustwide/workdir" "-e" "CARGO_HOME=/opt/rustwide/cargo-home" "-e" "RUSTUP_HOME=/opt/rustwide/rustup-home" "-e" "CARGO_TARGET_DIR=/opt/rustwide/target" "-e" "CARGO_INCREMENTAL=0" "-e" "RUST_BACKTRACE=full" "-e" "RUSTFLAGS=--cap-lints=warn" "-e" "RUSTDOCFLAGS=--cap-lints=warn" "-w" "/opt/rustwide/workdir" "--user" "0:0" "6b50b7196c6122bbc2a97c7dec66ad035b35dd81f853d826dfc64f516f06cdea" "/opt/rustwide/cargo-home/bin/cargo" "+1.100.0-beta.1" "test" "--frozen" "--no-run" "--message-format=json" "--release", kill_on_drop: false }`
[INFO] [stderr]    Compiling specta-macros v2.0.0-rc.25
[INFO] [stderr]    Compiling target-triple v1.0.0
[INFO] [stderr]    Compiling winnow v1.0.2
[INFO] [stderr]    Compiling bitflags v2.11.1
[INFO] [stderr]    Compiling uuid v1.23.1
[INFO] [stderr]    Compiling serde v1.0.228
[INFO] [stderr]    Compiling fastrand v2.4.1
[INFO] [stderr]    Compiling serde_json v1.0.149
[INFO] [stderr]    Compiling console v0.16.3
[INFO] [stderr]    Compiling rustix v1.1.4
[INFO] [stderr]    Compiling toml_parser v1.1.2+spec-1.1.0
[INFO] [stderr]    Compiling similar v2.7.0
[INFO] [stderr]    Compiling termcolor v1.4.1
[INFO] [stderr]    Compiling glob v0.3.3
[INFO] [stderr]    Compiling toml v1.1.2+spec-1.1.0
[INFO] [stderr]    Compiling specta v2.0.0-rc.25
[INFO] [stderr]    Compiling specta-serde v0.0.12
[INFO] [stderr]    Compiling tempfile v3.27.0
[INFO] [stderr]    Compiling trybuild v1.0.116
[INFO] [stderr]    Compiling specta-swift v0.0.3 (/opt/rustwide/workdir)
[INFO] [stderr]    Compiling insta v1.47.2
[INFO] [stderr] warning: unused dependency `serde`
[INFO] [stderr]  --> Cargo.toml:1:15
[INFO] [stderr]   |
[INFO] [stderr] 1 | [dependencies.serde]
[INFO] [stderr]   |               ^^^^^^
[INFO] [stderr]   |
[INFO] [stderr]   = note: `cargo::unused_dependencies` is set to `warn` by default
[INFO] [stderr] help: consider removing the dependency on `serde`
[INFO] [stderr] help: to still use for development builds, move to `dev-dependencies`
[INFO] [stderr] warning: `specta-swift` (manifest) generated 1 warning
[INFO] [stderr]     Finished `release` profile [optimized] target(s) in 1m 33s
[INFO] running `Command { std: "docker" "inspect" "6b50b7196c6122bbc2a97c7dec66ad035b35dd81f853d826dfc64f516f06cdea", kill_on_drop: false }`
[INFO] running `Command { std: "docker" "exec" "-e" "SOURCE_DIR=/opt/rustwide/workdir" "-e" "CARGO_HOME=/opt/rustwide/cargo-home" "-e" "RUSTUP_HOME=/opt/rustwide/rustup-home" "-e" "CARGO_TARGET_DIR=/opt/rustwide/target" "-e" "CARGO_INCREMENTAL=0" "-e" "RUST_BACKTRACE=full" "-e" "RUSTFLAGS=--cap-lints=warn" "-e" "RUSTDOCFLAGS=--cap-lints=warn" "-w" "/opt/rustwide/workdir" "--user" "0:0" "6b50b7196c6122bbc2a97c7dec66ad035b35dd81f853d826dfc64f516f06cdea" "/opt/rustwide/cargo-home/bin/cargo" "+1.100.0-beta.1" "test" "--frozen" "--release", kill_on_drop: false }`
[INFO] [stderr] warning: unused dependency `serde`
[INFO] [stderr]  --> Cargo.toml:1:15
[INFO] [stderr]   |
[INFO] [stderr] 1 | [dependencies.serde]
[INFO] [stderr]   |               ^^^^^^
[INFO] [stderr]   |
[INFO] [stderr]   = note: `cargo::unused_dependencies` is set to `warn` by default
[INFO] [stderr] help: consider removing the dependency on `serde`
[INFO] [stderr] help: to still use for development builds, move to `dev-dependencies`
[INFO] [stderr] warning: `specta-swift` (manifest) generated 1 warning
[INFO] [stderr]     Finished `release` profile [optimized] target(s) in 0.09s
[INFO] [stdout] 
[INFO] [stderr]      Running unittests src/lib.rs (/opt/rustwide/target/release/build/specta-swift/ab9ad52156abfd29/out/specta_swift-ab9ad52156abfd29)
[INFO] [stdout] running 0 tests
[INFO] [stdout] 
[INFO] [stdout] test result: ok. 0 passed; 0 failed; 0 ignored; 0 measured; 0 filtered out; finished in 0.00s
[INFO] [stdout] 
[INFO] [stderr]      Running tests/advanced_unions.rs (/opt/rustwide/target/release/build/specta-swift/b6962cdd377ad995/out/advanced_unions-b6962cdd377ad995)
[INFO] [stdout] 
[INFO] [stdout] running 3 tests
[INFO] [stdout] test test_complex_unions ... ok
[INFO] [stdout] test test_union_naming_conventions ... ok
[INFO] [stdout] test test_union_with_generics ... ok
[INFO] [stdout] 
[INFO] [stdout] test result: ok. 3 passed; 0 failed; 0 ignored; 0 measured; 0 filtered out; finished in 0.01s
[INFO] [stdout] 
[INFO] [stderr]      Running tests/basic.rs (/opt/rustwide/target/release/build/specta-swift/589706fe1f96b808/out/basic-589706fe1f96b808)
[INFO] [stdout] 
[INFO] [stdout] running 1 test
[INFO] [stderr]      Running tests/common_types.rs (/opt/rustwide/target/release/build/specta-swift/415f4d3cc0c329b8/out/common_types-415f4d3cc0c329b8)
[INFO] [stdout] test test_basic_export ... ok
[INFO] [stdout] 
[INFO] [stdout] test result: ok. 1 passed; 0 failed; 0 ignored; 0 measured; 0 filtered out; finished in 0.00s
[INFO] [stdout] 
[INFO] [stdout] 
[INFO] [stdout] running 2 tests
[INFO] [stdout] test test_unsupported_types ... ok
[INFO] [stdout] test test_common_types ... ok
[INFO] [stdout] 
[INFO] [stdout] test result: ok. 2 passed; 0 failed; 0 ignored; 0 measured; 0 filtered out; finished in 0.00s
[INFO] [stdout] 
[INFO] [stderr]      Running tests/comprehensive.rs (/opt/rustwide/target/release/build/specta-swift/5274ec7fc7e843d4/out/comprehensive-5274ec7fc7e843d4)
[INFO] [stdout] 
[INFO] [stdout] running 3 tests
[INFO] [stdout] test test_naming_conventions ... ok
[INFO] [stdout] test test_comprehensive_export ... ok
[INFO] [stderr]      Running tests/multiline_comments.rs (/opt/rustwide/target/release/build/specta-swift/056c053c3db63984/out/multiline_comments-056c053c3db63984)
[INFO] [stdout] test test_swift_configuration ... ok
[INFO] [stdout] 
[INFO] [stdout] test result: ok. 3 passed; 0 failed; 0 ignored; 0 measured; 0 filtered out; finished in 0.01s
[INFO] [stdout] 
[INFO] [stdout] 
[INFO] [stdout] running 1 test
[INFO] [stdout] test test_multiline_comments ... ok
[INFO] [stdout] 
[INFO] [stdout] test result: ok. 1 passed; 0 failed; 0 ignored; 0 measured; 0 filtered out; finished in 0.01s
[INFO] [stdout] 
[INFO] [stderr]      Running tests/string_enum_implementation.rs (/opt/rustwide/target/release/build/specta-swift/2047562a1551619b/out/string_enum_implementation-2047562a1551619b)
[INFO] [stdout] 
[INFO] [stdout] running 9 tests
[INFO] [stdout] test test_string_enum_kebab_case ... ok
[INFO] [stdout] test test_string_enum_camel_case ... ok
[INFO] [stdout] test test_string_enum_pascal_case ... ok
[INFO] [stdout] test test_string_enum_screaming_kebab_case ... ok
[INFO] [stdout] test test_string_enum_uppercase ... ok
[INFO] [stdout] test test_string_enum_snake_case ... ok
[INFO] [stdout] test test_all_string_enums_together ... ok
[INFO] [stdout] test test_mixed_enum_not_string ... ok
[INFO] [stdout] test test_regular_enum_not_string ... ok
[INFO] [stdout] 
[INFO] [stdout] test result: ok. 9 passed; 0 failed; 0 ignored; 0 measured; 0 filtered out; finished in 0.01s
[INFO] [stdout] 
[INFO] [stderr]      Running tests/string_enum_test.rs (/opt/rustwide/target/release/build/specta-swift/d377dd559d00f347/out/string_enum_test-d377dd559d00f347)
[INFO] [stdout] 
[INFO] [stdout] running 1 test
[INFO] [stderr]      Running tests/struct_reuse_test.rs (/opt/rustwide/target/release/build/specta-swift/72ace18b0c31c201/out/struct_reuse_test-72ace18b0c31c201)
[INFO] [stdout] test test_string_enum_generation ... ok
[INFO] [stdout] 
[INFO] [stdout] test result: ok. 1 passed; 0 failed; 0 ignored; 0 measured; 0 filtered out; finished in 0.00s
[INFO] [stdout] 
[INFO] [stdout] 
[INFO] [stdout] running 2 tests
[INFO] [stdout] test test_struct_reuse_between_standalone_and_enum ... ok
[INFO] [stderr]      Running tests/struct_variants.rs (/opt/rustwide/target/release/build/specta-swift/8a296cca183689c1/out/struct_variants-8a296cca183689c1)
[INFO] [stdout] test test_struct_reuse_with_different_ordering ... ok
[INFO] [stdout] 
[INFO] [stdout] test result: ok. 2 passed; 0 failed; 0 ignored; 0 measured; 0 filtered out; finished in 0.01s
[INFO] [stdout] 
[INFO] [stdout] 
[INFO] [stdout] running 1 test
[INFO] [stdout] test test_struct_variants_generation ... ok
[INFO] [stdout] 
[INFO] [stdout] test result: ok. 1 passed; 0 failed; 0 ignored; 0 measured; 0 filtered out; finished in 0.00s
[INFO] [stdout] 
[INFO] [stderr]      Running tests/unions.rs (/opt/rustwide/target/release/build/specta-swift/cc1b23735fbfc531/out/unions-cc1b23735fbfc531)
[INFO] [stdout] 
[INFO] [stdout] running 2 tests
[INFO] [stdout] test test_swift_union_syntax ... ok
[INFO] [stdout] test test_enum_with_nested_structs ... ok
[INFO] [stdout] 
[INFO] [stdout] test result: ok. 2 passed; 0 failed; 0 ignored; 0 measured; 0 filtered out; finished in 0.01s
[INFO] [stdout] 
[INFO] [stdout] 
[INFO] [stdout] running 2 tests
[INFO] [stderr]      Running tests/uuid_simple.rs (/opt/rustwide/target/release/build/specta-swift/07848041544c6292/out/uuid_simple-07848041544c6292)
[INFO] [stdout] test test_chrono_support ... ok
[INFO] [stderr]      Running tests/uuid_test.rs (/opt/rustwide/target/release/build/specta-swift/6daf115b75941025/out/uuid_test-6daf115b75941025)
[INFO] [stdout] test test_uuid_support ... ok
[INFO] [stdout] 
[INFO] [stdout] test result: ok. 2 passed; 0 failed; 0 ignored; 0 measured; 0 filtered out; finished in 0.01s
[INFO] [stdout] 
[INFO] [stdout] 
[INFO] [stdout] running 2 tests
[INFO] [stdout] test test_uuid_support ... ok
[INFO] [stdout] test test_chrono_support ... ok
[INFO] [stdout] 
[INFO] [stdout] test result: ok. 2 passed; 0 failed; 0 ignored; 0 measured; 0 filtered out; finished in 0.00s
[INFO] [stdout] 
[INFO] [stderr]    Doc-tests specta_swift
[INFO] [stdout] 
[INFO] [stdout] running 1 test
[INFO] [stdout] test src/lib.rs - (line 17) ... FAILED
[INFO] [stdout] 
[INFO] [stdout] failures:
[INFO] [stdout] 
[INFO] [stdout] ---- src/lib.rs - (line 17) stdout ----
[INFO] [stdout] Test executable failed (exit status: 101).
[INFO] [stdout] 
[INFO] [stdout] stderr:
[INFO] [stdout] 
[INFO] [stdout] thread 'main' (1372) panicked at /tmp/rustdoctestdj64W5/doctest_bundle_2024.rs:25:6:
[INFO] [stdout] called `Result::unwrap()` on an `Err` value: Io(Os { code: 30, kind: ReadOnlyFilesystem, message: "Read-only file system" })
[INFO] [stdout] stack backtrace:
[INFO] [stdout]    0:     0x617c1a8a25b1 - std[617be2ca0a6fd877]::backtrace_rs::backtrace::libunwind::trace
[INFO] [stdout]                                at /rustc/e3feeb59cd1bdd011a2bfcc0747b55125d9b8527/library/std/src/../../backtrace/src/backtrace/libunwind.rs:117:9
[INFO] [stdout]    1:     0x617c1a8a25b1 - std[617be2ca0a6fd877]::backtrace_rs::backtrace::trace_unsynchronized::<std[617be2ca0a6fd877]::sys::backtrace::_print_fmt::{closure#1}>
[INFO] [stdout]                                at /rustc/e3feeb59cd1bdd011a2bfcc0747b55125d9b8527/library/std/src/../../backtrace/src/backtrace/mod.rs:66:14
[INFO] [stdout]    2:     0x617c1a8a25b1 - std[617be2ca0a6fd877]::sys::backtrace::_print_fmt
[INFO] [stdout]                                at /rustc/e3feeb59cd1bdd011a2bfcc0747b55125d9b8527/library/std/src/sys/backtrace.rs:74:9
[INFO] [stdout]    3:     0x617c1a8a25b1 - <<std[617be2ca0a6fd877]::sys::backtrace::BacktraceLock>::print::DisplayBacktrace as core[a373ad73a504971]::fmt::Display>::fmt
[INFO] [stdout]                                at /rustc/e3feeb59cd1bdd011a2bfcc0747b55125d9b8527/library/std/src/sys/backtrace.rs:44:26
[INFO] [stdout]    4:     0x617c1a8b7a2a - <core[a373ad73a504971]::fmt::rt::Argument>::fmt
[INFO] [stdout]                                at /rustc/e3feeb59cd1bdd011a2bfcc0747b55125d9b8527/library/core/src/fmt/rt.rs:152:76
[INFO] [stdout]    5:     0x617c1a8b7a2a - core[a373ad73a504971]::fmt::write
[INFO] [stdout]    6:     0x617c1a8a762c - core[a373ad73a504971]::io::write::default_write_fmt::<std[617be2ca0a6fd877]::sys::stdio::unix::Stderr>
[INFO] [stdout]                                at /rustc/e3feeb59cd1bdd011a2bfcc0747b55125d9b8527/library/core/src/io/write.rs:402:11
[INFO] [stdout]    7:     0x617c1a8a762c - <std[617be2ca0a6fd877]::sys::stdio::unix::Stderr as core[a373ad73a504971]::io::write::Write>::write_fmt
[INFO] [stdout]                                at /rustc/e3feeb59cd1bdd011a2bfcc0747b55125d9b8527/library/core/src/io/write.rs:335:13
[INFO] [stdout]    8:     0x617c1a87e306 - <std[617be2ca0a6fd877]::sys::backtrace::BacktraceLock>::print
[INFO] [stdout]                                at /rustc/e3feeb59cd1bdd011a2bfcc0747b55125d9b8527/library/std/src/sys/backtrace.rs:47:9
[INFO] [stdout]    9:     0x617c1a87e306 - std[617be2ca0a6fd877]::panicking::default_hook::{closure#0}
[INFO] [stdout]                                at /rustc/e3feeb59cd1bdd011a2bfcc0747b55125d9b8527/library/std/src/panicking.rs:289:27
[INFO] [stdout]   10:     0x617c1a89a791 - std[617be2ca0a6fd877]::panicking::default_hook
[INFO] [stdout]                                at /rustc/e3feeb59cd1bdd011a2bfcc0747b55125d9b8527/library/std/src/panicking.rs:316:9
[INFO] [stdout]   11:     0x617c1a89aabb - std[617be2ca0a6fd877]::panicking::panic_with_hook
[INFO] [stdout]                                at /rustc/e3feeb59cd1bdd011a2bfcc0747b55125d9b8527/library/std/src/panicking.rs:811:13
[INFO] [stdout]   12:     0x617c1a87e3b2 - std[617be2ca0a6fd877]::panicking::panic_handler::{closure#0}
[INFO] [stdout]                                at /rustc/e3feeb59cd1bdd011a2bfcc0747b55125d9b8527/library/std/src/panicking.rs:685:13
[INFO] [stdout]   13:     0x617c1a877019 - std[617be2ca0a6fd877]::sys::backtrace::__rust_end_short_backtrace::<std[617be2ca0a6fd877]::panicking::panic_handler::{closure#0}, !>
[INFO] [stdout]                                at /rustc/e3feeb59cd1bdd011a2bfcc0747b55125d9b8527/library/std/src/sys/backtrace.rs:182:18
[INFO] [stdout]   14:     0x617c1a87f13d - __rustc[ea4f61d10b84890b]::rust_begin_unwind
[INFO] [stdout]                                at /rustc/e3feeb59cd1bdd011a2bfcc0747b55125d9b8527/library/std/src/panicking.rs:676:5
[INFO] [stdout]   15:     0x617c1a8b819c - core[a373ad73a504971]::panicking::panic_fmt
[INFO] [stdout]                                at /rustc/e3feeb59cd1bdd011a2bfcc0747b55125d9b8527/library/core/src/panicking.rs:80:14
[INFO] [stdout]   16:     0x617c1a8b7f72 - core[a373ad73a504971]::result::unwrap_failed
[INFO] [stdout]                                at /rustc/e3feeb59cd1bdd011a2bfcc0747b55125d9b8527/library/core/src/result.rs:1870:5
[INFO] [stdout]   17:     0x617c1a7c3535 - doctest_bundle_2024[8cc95805e96201d2]::__doctest_0::main
[INFO] [stdout]   18:     0x617c1a7c35c6 - doctest_bundle_2024[8cc95805e96201d2]::__doctest_0::__main_fn
[INFO] [stdout]   19:     0x617c1a7b89d0 - doctest_runner_2024[a5234fb354d81c5]::__doctest_0::TEST::{closure#0}
[INFO] [stdout]   20:     0x617c1a7bc006 - <doctest_runner_2024[a5234fb354d81c5]::__doctest_0::TEST::{closure#0} as core[a373ad73a504971]::ops::function::FnOnce<()>>::call_once
[INFO] [stdout]   21:     0x617c1a7b8da9 - doctest_runner_2024[a5234fb354d81c5]::main
[INFO] [stdout]   22:     0x617c1a7bbf93 - <fn() -> std[617be2ca0a6fd877]::process::ExitCode as core[a373ad73a504971]::ops::function::FnOnce<()>>::call_once
[INFO] [stdout]   23:     0x617c1a7b830e - std[617be2ca0a6fd877]::sys::backtrace::__rust_begin_short_backtrace::<fn() -> std[617be2ca0a6fd877]::process::ExitCode, std[617be2ca0a6fd877]::process::ExitCode>
[INFO] [stdout]   24:     0x617c1a7b8809 - std[617be2ca0a6fd877]::rt::lang_start::<std[617be2ca0a6fd877]::process::ExitCode>::{closure#0}
[INFO] [stdout]   25:     0x617c1a8997b8 - <&dyn core[a373ad73a504971]::ops::function::Fn<(), Output = i32> + core[a373ad73a504971]::marker::Sync + core[a373ad73a504971]::panic::unwind_safe::RefUnwindSafe as core[a373ad73a504971]::ops::function::FnOnce<()>>::call_once
[INFO] [stdout]                                at /rustc/e3feeb59cd1bdd011a2bfcc0747b55125d9b8527/library/core/src/ops/function.rs:287:21
[INFO] [stdout]   26:     0x617c1a8997b8 - std[617be2ca0a6fd877]::panicking::catch_unwind::do_call::<&dyn core[a373ad73a504971]::ops::function::Fn<(), Output = i32> + core[a373ad73a504971]::marker::Sync + core[a373ad73a504971]::panic::unwind_safe::RefUnwindSafe, i32>
[INFO] [stdout]                                at /rustc/e3feeb59cd1bdd011a2bfcc0747b55125d9b8527/library/std/src/panicking.rs:573:43
[INFO] [stdout]   27:     0x617c1a8997b8 - std[617be2ca0a6fd877]::panicking::catch_unwind::<i32, &dyn core[a373ad73a504971]::ops::function::Fn<(), Output = i32> + core[a373ad73a504971]::marker::Sync + core[a373ad73a504971]::panic::unwind_safe::RefUnwindSafe>
[INFO] [stdout]                                at /rustc/e3feeb59cd1bdd011a2bfcc0747b55125d9b8527/library/std/src/panicking.rs:541:19
[INFO] [stdout]   28:     0x617c1a8997b8 - std[617be2ca0a6fd877]::panic::catch_unwind::<&dyn core[a373ad73a504971]::ops::function::Fn<(), Output = i32> + core[a373ad73a504971]::marker::Sync + core[a373ad73a504971]::panic::unwind_safe::RefUnwindSafe, i32>
[INFO] [stdout]                                at /rustc/e3feeb59cd1bdd011a2bfcc0747b55125d9b8527/library/std/src/panic.rs:359:14
[INFO] [stdout]   29:     0x617c1a8997b8 - std[617be2ca0a6fd877]::rt::lang_start_internal::{closure#0}
[INFO] [stdout]                                at /rustc/e3feeb59cd1bdd011a2bfcc0747b55125d9b8527/library/std/src/rt.rs:175:24
[INFO] [stdout]   30:     0x617c1a8997b8 - std[617be2ca0a6fd877]::panicking::catch_unwind::do_call::<std[617be2ca0a6fd877]::rt::lang_start_internal::{closure#0}, isize>
[INFO] [stdout]                                at /rustc/e3feeb59cd1bdd011a2bfcc0747b55125d9b8527/library/std/src/panicking.rs:573:43
[INFO] [stdout]   31:     0x617c1a8997b8 - std[617be2ca0a6fd877]::panicking::catch_unwind::<isize, std[617be2ca0a6fd877]::rt::lang_start_internal::{closure#0}>
[INFO] [stdout]                                at /rustc/e3feeb59cd1bdd011a2bfcc0747b55125d9b8527/library/std/src/panicking.rs:541:19
[INFO] [stdout]   32:     0x617c1a8997b8 - std[617be2ca0a6fd877]::panic::catch_unwind::<std[617be2ca0a6fd877]::rt::lang_start_internal::{closure#0}, isize>
[INFO] [stdout]                                at /rustc/e3feeb59cd1bdd011a2bfcc0747b55125d9b8527/library/std/src/panic.rs:359:14
[INFO] [stdout]   33:     0x617c1a8997b8 - std[617be2ca0a6fd877]::rt::lang_start_internal
[INFO] [stdout]                                at /rustc/e3feeb59cd1bdd011a2bfcc0747b55125d9b8527/library/std/src/rt.rs:171:5
[INFO] [stdout]   34:     0x617c1a7b7971 - std[617be2ca0a6fd877]::rt::lang_start::<std[617be2ca0a6fd877]::process::ExitCode>
[INFO] [stdout]   35:     0x617c1a7bc0e5 - main
[INFO] [stdout]   36:     0x7520fdf1f601 - <unknown>
[INFO] [stdout]   37:     0x7520fdf1f718 - __libc_start_main
[INFO] [stdout]   38:     0x617c1a7b6b95 - _start
[INFO] [stdout]   39:                0x0 - <unknown>
[INFO] [stdout] 
[INFO] [stdout] 
[INFO] [stdout] 
[INFO] [stdout] failures:
[INFO] [stdout]     src/lib.rs - (line 17)
[INFO] [stdout] 
[INFO] [stdout] test result: FAILED. 0 passed; 1 failed; 0 ignored; 0 measured; 0 filtered out; finished in 0.06s
[INFO] [stdout] 
[INFO] [stderr] error: doctest failed, to rerun pass `--doc`
[INFO] [stdout] all doctests ran in 0.58s; merged doctests compilation took 0.51s
[INFO] running `Command { std: "docker" "inspect" "6b50b7196c6122bbc2a97c7dec66ad035b35dd81f853d826dfc64f516f06cdea", kill_on_drop: false }`
[INFO] running `Command { std: "docker" "rm" "-f" "6b50b7196c6122bbc2a97c7dec66ad035b35dd81f853d826dfc64f516f06cdea", kill_on_drop: false }`
[INFO] [stdout] 6b50b7196c6122bbc2a97c7dec66ad035b35dd81f853d826dfc64f516f06cdea
