[INFO] fetching crate specta-elm 0.1.0...
[INFO] testing specta-elm-0.1.0 against 1.100.0-beta.1+cargoflags=--release for beta-release-1.100-2
[INFO] extracting crate specta-elm 0.1.0 into /workspace/builds/worker-1-tc2/source
[INFO] started tweaking crates.io crate specta-elm 0.1.0
[INFO] finished tweaking crates.io crate specta-elm 0.1.0
[INFO] tweaked toml for crates.io crate specta-elm 0.1.0 written to /workspace/builds/worker-1-tc2/source/Cargo.toml
[INFO] validating manifest of crates.io crate specta-elm 0.1.0 on toolchain 1.100.0-beta.1
[INFO] running `Command { std: CARGO_HOME="/workspace/cargo-home" RUSTUP_HOME="/workspace/rustup-home" "/workspace/cargo-home/bin/cargo" "+1.100.0-beta.1" "metadata" "--manifest-path" "Cargo.toml" "--no-deps", kill_on_drop: false }`
[INFO] crate crates.io crate specta-elm 0.1.0 already has a lockfile, it will not be regenerated
[INFO] running `Command { std: CARGO_HOME="/workspace/cargo-home" RUSTUP_HOME="/workspace/rustup-home" "/workspace/cargo-home/bin/cargo" "+1.100.0-beta.1" "fetch" "--manifest-path" "Cargo.toml", kill_on_drop: false }`
[INFO] running `Command { std: "docker" "create" "-v" "/var/lib/crater-agent-workspace/builds/worker-1-tc2/source:/opt/rustwide/workdir:ro,Z" "-v" "/var/lib/crater-agent-workspace/builds/worker-1-tc2/target:/opt/rustwide/target:rw,Z" "-v" "/var/lib/crater-agent-workspace/cargo-home:/opt/rustwide/cargo-home:ro,Z" "-v" "/var/lib/crater-agent-workspace/rustup-home:/opt/rustwide/rustup-home:ro,Z" "-m" "1610612736" "--network" "none" "ghcr.io/rust-lang/crates-build-env/linux@sha256:77db811e55d90add9212f6832c23229e3de5f1c1f9905e8cb07319ea15df73ac" "sleep" "infinity", kill_on_drop: false }`
[INFO] [stdout] d68dfe0780a02aae99329214406eaecff6a83976f3acdceeb50e913e0101654f
[INFO] running `Command { std: "docker" "start" "d68dfe0780a02aae99329214406eaecff6a83976f3acdceeb50e913e0101654f", kill_on_drop: false }`
[INFO] running `Command { std: "docker" "inspect" "d68dfe0780a02aae99329214406eaecff6a83976f3acdceeb50e913e0101654f", kill_on_drop: false }`
[INFO] running `Command { std: "docker" "exec" "-e" "SOURCE_DIR=/opt/rustwide/workdir" "-e" "CARGO_HOME=/opt/rustwide/cargo-home" "-e" "RUSTUP_HOME=/opt/rustwide/rustup-home" "-e" "CARGO_TARGET_DIR=/opt/rustwide/target" "-w" "/opt/rustwide/workdir" "--user" "0:0" "d68dfe0780a02aae99329214406eaecff6a83976f3acdceeb50e913e0101654f" "/opt/rustwide/cargo-home/bin/cargo" "+1.100.0-beta.1" "metadata" "--no-deps" "--format-version=1", kill_on_drop: false }`
[INFO] running `Command { std: "docker" "inspect" "d68dfe0780a02aae99329214406eaecff6a83976f3acdceeb50e913e0101654f", kill_on_drop: false }`
[INFO] running `Command { std: "docker" "exec" "-e" "SOURCE_DIR=/opt/rustwide/workdir" "-e" "CARGO_HOME=/opt/rustwide/cargo-home" "-e" "RUSTUP_HOME=/opt/rustwide/rustup-home" "-e" "CARGO_TARGET_DIR=/opt/rustwide/target" "-e" "CARGO_INCREMENTAL=0" "-e" "RUST_BACKTRACE=full" "-e" "RUSTFLAGS=--cap-lints=warn" "-e" "RUSTDOCFLAGS=--cap-lints=warn" "-w" "/opt/rustwide/workdir" "--user" "0:0" "d68dfe0780a02aae99329214406eaecff6a83976f3acdceeb50e913e0101654f" "/opt/rustwide/cargo-home/bin/cargo" "+1.100.0-beta.1" "build" "--frozen" "--message-format=json" "--release", kill_on_drop: false }`
[INFO] [stderr]    Compiling serde_core v1.0.229
[INFO] [stderr]    Compiling Inflector v0.11.4
[INFO] [stderr]    Compiling serde_json v1.0.151
[INFO] [stderr]    Compiling heck v0.5.0
[INFO] [stderr]    Compiling proc-macro2 v1.0.107
[INFO] [stderr]    Compiling specta v2.0.0-rc.25
[INFO] [stderr]    Compiling quote v1.0.47
[INFO] [stderr]    Compiling syn v2.0.119
[INFO] [stderr]    Compiling specta-macros v2.0.0-rc.25
[INFO] [stderr]    Compiling specta-elm v0.1.0 (/opt/rustwide/workdir)
[INFO] [stdout] warning: unused variable: `name`
[INFO] [stdout]   --> src/module.rs:48:14
[INFO] [stdout]    |
[INFO] [stdout] 48 |         for (name, module) in &mut self.children {
[INFO] [stdout]    |              ^^^^ help: if this is intentional, prefix it with an underscore: `_name`
[INFO] [stdout]    |
[INFO] [stdout]    = note: `#[warn(unused_variables)]` (part of `#[warn(unused)]`) on by default
[INFO] [stdout] 
[INFO] [stdout] 
[INFO] [stdout] warning: associated function `unsupported_anonymous_enum_variant` is never used
[INFO] [stdout]    --> src/error.rs:214:19
[INFO] [stdout]     |
[INFO] [stdout] 117 | impl Error {
[INFO] [stdout]     | ---------- associated function in this implementation
[INFO] [stdout] ...
[INFO] [stdout] 214 |     pub(crate) fn unsupported_anonymous_enum_variant(
[INFO] [stdout]     |                   ^^^^^^^^^^^^^^^^^^^^^^^^^^^^^^^^^^
[INFO] [stdout]     |
[INFO] [stdout]     = note: `#[warn(dead_code)]` (part of `#[warn(unused)]`) on by default
[INFO] [stdout] 
[INFO] [stdout] 
[INFO] [stdout] warning: function `trailing_optional_run` is never used
[INFO] [stdout]   --> src/types/fields.rs:84:8
[INFO] [stdout]    |
[INFO] [stdout] 84 | pub fn trailing_optional_run<'a>(fields: impl Iterator<Item = &'a Field>) -> usize {
[INFO] [stdout]    |        ^^^^^^^^^^^^^^^^^^^^^
[INFO] [stdout] 
[INFO] [stdout] 
[INFO] [stdout] warning: function `optional_element_needs_parens` is never used
[INFO] [stdout]   --> src/types/fields.rs:93:8
[INFO] [stdout]    |
[INFO] [stdout] 93 | pub fn optional_element_needs_parens(ty: &DataType) -> bool {
[INFO] [stdout]    |        ^^^^^^^^^^^^^^^^^^^^^^^^^^^^^
[INFO] [stdout] 
[INFO] [stdout] 
[INFO] [stderr] warning: unused dependency `heck`
[INFO] [stderr]  --> Cargo.toml:1:15
[INFO] [stderr]   |
[INFO] [stderr] 1 | [dependencies.heck]
[INFO] [stderr]   |               ^^^^^
[INFO] [stderr]   |
[INFO] [stderr]   = note: `cargo::unused_dependencies` is set to `warn` by default
[INFO] [stderr] help: consider removing the dependency on `heck`
[INFO] [stderr] warning: `specta-elm` (manifest) generated 1 warning
[INFO] [stderr]     Finished `release` profile [optimized] target(s) in 15.06s
[INFO] running `Command { std: "docker" "inspect" "d68dfe0780a02aae99329214406eaecff6a83976f3acdceeb50e913e0101654f", kill_on_drop: false }`
[INFO] running `Command { std: "docker" "exec" "-e" "SOURCE_DIR=/opt/rustwide/workdir" "-e" "CARGO_HOME=/opt/rustwide/cargo-home" "-e" "RUSTUP_HOME=/opt/rustwide/rustup-home" "-e" "CARGO_TARGET_DIR=/opt/rustwide/target" "-e" "CARGO_INCREMENTAL=0" "-e" "RUST_BACKTRACE=full" "-e" "RUSTFLAGS=--cap-lints=warn" "-e" "RUSTDOCFLAGS=--cap-lints=warn" "-w" "/opt/rustwide/workdir" "--user" "0:0" "d68dfe0780a02aae99329214406eaecff6a83976f3acdceeb50e913e0101654f" "/opt/rustwide/cargo-home/bin/cargo" "+1.100.0-beta.1" "test" "--frozen" "--no-run" "--message-format=json" "--release", kill_on_drop: false }`
[INFO] [stderr]    Compiling serde_core v1.0.229
[INFO] [stderr]    Compiling libc v0.2.189
[INFO] [stderr]    Compiling getrandom v0.4.3
[INFO] [stderr]    Compiling syn v3.0.3
[INFO] [stderr]    Compiling bitflags v2.13.1
[INFO] [stderr]    Compiling serde v1.0.229
[INFO] [stderr]    Compiling once_cell v1.21.4
[INFO] [stderr]    Compiling fastrand v2.5.0
[INFO] [stderr]    Compiling fs_extra v1.3.0
[INFO] [stderr]    Compiling rustix v1.1.4
[INFO] [stderr]    Compiling serde_derive v1.0.229
[INFO] [stderr]    Compiling tempfile v3.27.0
[INFO] [stderr]    Compiling serde_json v1.0.151
[INFO] [stderr]    Compiling specta-elm v0.1.0 (/opt/rustwide/workdir)
[INFO] [stdout] warning: unused variable: `name`
[INFO] [stdout]   --> src/module.rs:48:14
[INFO] [stdout]    |
[INFO] [stdout] 48 |         for (name, module) in &mut self.children {
[INFO] [stdout]    |              ^^^^ help: if this is intentional, prefix it with an underscore: `_name`
[INFO] [stdout]    |
[INFO] [stdout]    = note: `#[warn(unused_variables)]` (part of `#[warn(unused)]`) on by default
[INFO] [stdout] 
[INFO] [stdout] 
[INFO] [stdout] warning: associated function `unsupported_anonymous_enum_variant` is never used
[INFO] [stdout]    --> src/error.rs:214:19
[INFO] [stdout]     |
[INFO] [stdout] 117 | impl Error {
[INFO] [stdout]     | ---------- associated function in this implementation
[INFO] [stdout] ...
[INFO] [stdout] 214 |     pub(crate) fn unsupported_anonymous_enum_variant(
[INFO] [stdout]     |                   ^^^^^^^^^^^^^^^^^^^^^^^^^^^^^^^^^^
[INFO] [stdout]     |
[INFO] [stdout]     = note: `#[warn(dead_code)]` (part of `#[warn(unused)]`) on by default
[INFO] [stdout] 
[INFO] [stdout] 
[INFO] [stdout] warning: function `trailing_optional_run` is never used
[INFO] [stdout]   --> src/types/fields.rs:84:8
[INFO] [stdout]    |
[INFO] [stdout] 84 | pub fn trailing_optional_run<'a>(fields: impl Iterator<Item = &'a Field>) -> usize {
[INFO] [stdout]    |        ^^^^^^^^^^^^^^^^^^^^^
[INFO] [stdout] 
[INFO] [stdout] 
[INFO] [stdout] warning: function `optional_element_needs_parens` is never used
[INFO] [stdout]   --> src/types/fields.rs:93:8
[INFO] [stdout]    |
[INFO] [stdout] 93 | pub fn optional_element_needs_parens(ty: &DataType) -> bool {
[INFO] [stdout]    |        ^^^^^^^^^^^^^^^^^^^^^^^^^^^^^
[INFO] [stdout] 
[INFO] [stdout] 
[INFO] [stdout] warning: unused variable: `name`
[INFO] [stdout]   --> src/module.rs:48:14
[INFO] [stdout]    |
[INFO] [stdout] 48 |         for (name, module) in &mut self.children {
[INFO] [stdout]    |              ^^^^ help: if this is intentional, prefix it with an underscore: `_name`
[INFO] [stdout]    |
[INFO] [stdout]    = note: `#[warn(unused_variables)]` (part of `#[warn(unused)]`) on by default
[INFO] [stdout] 
[INFO] [stdout] 
[INFO] [stdout] warning: associated function `unsupported_anonymous_enum_variant` is never used
[INFO] [stdout]    --> src/error.rs:214:19
[INFO] [stdout]     |
[INFO] [stdout] 117 | impl Error {
[INFO] [stdout]     | ---------- associated function in this implementation
[INFO] [stdout] ...
[INFO] [stdout] 214 |     pub(crate) fn unsupported_anonymous_enum_variant(
[INFO] [stdout]     |                   ^^^^^^^^^^^^^^^^^^^^^^^^^^^^^^^^^^
[INFO] [stdout]     |
[INFO] [stdout]     = note: `#[warn(dead_code)]` (part of `#[warn(unused)]`) on by default
[INFO] [stdout] 
[INFO] [stdout] 
[INFO] [stdout] warning: function `trailing_optional_run` is never used
[INFO] [stdout]   --> src/types/fields.rs:84:8
[INFO] [stdout]    |
[INFO] [stdout] 84 | pub fn trailing_optional_run<'a>(fields: impl Iterator<Item = &'a Field>) -> usize {
[INFO] [stdout]    |        ^^^^^^^^^^^^^^^^^^^^^
[INFO] [stdout] 
[INFO] [stdout] 
[INFO] [stdout] warning: function `optional_element_needs_parens` is never used
[INFO] [stdout]   --> src/types/fields.rs:93:8
[INFO] [stdout]    |
[INFO] [stdout] 93 | pub fn optional_element_needs_parens(ty: &DataType) -> bool {
[INFO] [stdout]    |        ^^^^^^^^^^^^^^^^^^^^^^^^^^^^^
[INFO] [stdout] 
[INFO] [stdout] 
[INFO] [stderr] warning: unused dependency `heck`
[INFO] [stderr]  --> Cargo.toml:1:15
[INFO] [stderr]   |
[INFO] [stderr] 1 | [dependencies.heck]
[INFO] [stderr]   |               ^^^^^
[INFO] [stderr]   |
[INFO] [stderr]   = note: `cargo::unused_dependencies` is set to `warn` by default
[INFO] [stderr] help: consider removing the dependency on `heck`
[INFO] [stderr] warning: `specta-elm` (manifest) generated 1 warning
[INFO] [stderr]     Finished `release` profile [optimized] target(s) in 17.60s
[INFO] running `Command { std: "docker" "inspect" "d68dfe0780a02aae99329214406eaecff6a83976f3acdceeb50e913e0101654f", kill_on_drop: false }`
[INFO] running `Command { std: "docker" "exec" "-e" "SOURCE_DIR=/opt/rustwide/workdir" "-e" "CARGO_HOME=/opt/rustwide/cargo-home" "-e" "RUSTUP_HOME=/opt/rustwide/rustup-home" "-e" "CARGO_TARGET_DIR=/opt/rustwide/target" "-e" "CARGO_INCREMENTAL=0" "-e" "RUST_BACKTRACE=full" "-e" "RUSTFLAGS=--cap-lints=warn" "-e" "RUSTDOCFLAGS=--cap-lints=warn" "-w" "/opt/rustwide/workdir" "--user" "0:0" "d68dfe0780a02aae99329214406eaecff6a83976f3acdceeb50e913e0101654f" "/opt/rustwide/cargo-home/bin/cargo" "+1.100.0-beta.1" "test" "--frozen" "--release", kill_on_drop: false }`
[INFO] [stderr] warning: unused variable: `name`
[INFO] [stderr]   --> src/module.rs:48:14
[INFO] [stderr]    |
[INFO] [stderr] 48 |         for (name, module) in &mut self.children {
[INFO] [stderr]    |              ^^^^ help: if this is intentional, prefix it with an underscore: `_name`
[INFO] [stderr]    |
[INFO] [stderr]    = note: `#[warn(unused_variables)]` (part of `#[warn(unused)]`) on by default
[INFO] [stderr] 
[INFO] [stderr] warning: associated function `unsupported_anonymous_enum_variant` is never used
[INFO] [stderr]    --> src/error.rs:214:19
[INFO] [stderr]     |
[INFO] [stderr] 117 | impl Error {
[INFO] [stderr]     | ---------- associated function in this implementation
[INFO] [stderr] ...
[INFO] [stderr] 214 |     pub(crate) fn unsupported_anonymous_enum_variant(
[INFO] [stderr]     |                   ^^^^^^^^^^^^^^^^^^^^^^^^^^^^^^^^^^
[INFO] [stderr]     |
[INFO] [stderr]     = note: `#[warn(dead_code)]` (part of `#[warn(unused)]`) on by default
[INFO] [stderr] 
[INFO] [stderr] warning: function `trailing_optional_run` is never used
[INFO] [stderr]   --> src/types/fields.rs:84:8
[INFO] [stderr]    |
[INFO] [stderr] 84 | pub fn trailing_optional_run<'a>(fields: impl Iterator<Item = &'a Field>) -> usize {
[INFO] [stderr]    |        ^^^^^^^^^^^^^^^^^^^^^
[INFO] [stderr] 
[INFO] [stderr] warning: function `optional_element_needs_parens` is never used
[INFO] [stderr]   --> src/types/fields.rs:93:8
[INFO] [stderr]    |
[INFO] [stderr] 93 | pub fn optional_element_needs_parens(ty: &DataType) -> bool {
[INFO] [stderr]    |        ^^^^^^^^^^^^^^^^^^^^^^^^^^^^^
[INFO] [stderr] 
[INFO] [stderr] warning: `specta-elm` (lib) generated 4 warnings (run `cargo fix --lib -p specta-elm` to apply 1 suggestion)
[INFO] [stderr] warning: `specta-elm` (lib test) generated 4 warnings (4 duplicates)
[INFO] [stderr] warning: unused dependency `heck`
[INFO] [stderr]  --> Cargo.toml:1:15
[INFO] [stderr]   |
[INFO] [stderr] 1 | [dependencies.heck]
[INFO] [stderr]   |               ^^^^^
[INFO] [stderr]   |
[INFO] [stderr]   = note: `cargo::unused_dependencies` is set to `warn` by default
[INFO] [stderr] help: consider removing the dependency on `heck`
[INFO] [stderr] warning: `specta-elm` (manifest) generated 1 warning
[INFO] [stderr]     Finished `release` profile [optimized] target(s) in 0.07s
[INFO] [stderr]      Running unittests src/lib.rs (/opt/rustwide/target/release/build/specta-elm/9c64da8e13d3238d/out/specta_elm-9c64da8e13d3238d)
[INFO] [stdout] 
[INFO] [stdout] running 8 tests
[INFO] [stdout] test test::elm_test_project_ready ... ok
[INFO] [stdout] test test::generic_types ... FAILED
[INFO] [stdout] test types::map::test::maps ... FAILED
[INFO] [stdout] test types::tupl::test::tuples ... FAILED
[INFO] [stdout] test types::list::test::lists ... FAILED
[INFO] [stdout] test test::readme_types_test ... FAILED
[INFO] [stdout] test test::elm_bin_check ... FAILED
[INFO] [stderr] error: test failed, to rerun pass `--lib`
[INFO] [stdout] test test::compile_types_for_test_project ... FAILED
[INFO] [stdout] 
[INFO] [stdout] failures:
[INFO] [stdout] 
[INFO] [stdout] ---- test::generic_types stdout ----
[INFO] [stdout] 
[INFO] [stdout] thread 'test::generic_types' (741) panicked at src/elm.rs:93:40:
[INFO] [stdout] generic
[INFO] [stdout] stack backtrace:
[INFO] [stdout]    0:     0x63a9e4837d51 - <<std[617be2ca0a6fd877]::sys::backtrace::BacktraceLock>::print::DisplayBacktrace as core[a373ad73a504971]::fmt::Display>::fmt
[INFO] [stdout]    1:     0x63a9e484c98a - core[a373ad73a504971]::fmt::write
[INFO] [stdout]    2:     0x63a9e483c2ac - <alloc[2e1b2a31b91974c5]::vec::Vec<u8> as core[a373ad73a504971]::io::write::Write>::write_fmt
[INFO] [stdout]    3:     0x63a9e4810c36 - std[617be2ca0a6fd877]::panicking::default_hook::{closure#0}
[INFO] [stdout]    4:     0x63a9e482e569 - std[617be2ca0a6fd877]::panicking::default_hook
[INFO] [stdout]    5:     0x63a9e47a9cd0 - test[aada8e7e76ba119b]::test_main_inner::{closure#0}
[INFO] [stdout]    6:     0x63a9e482e892 - std[617be2ca0a6fd877]::panicking::panic_with_hook
[INFO] [stdout]    7:     0x63a9e4810d14 - std[617be2ca0a6fd877]::panicking::panic_handler::{closure#0}
[INFO] [stdout]    8:     0x63a9e48096a9 - std[617be2ca0a6fd877]::sys::backtrace::__rust_end_short_backtrace::<std[617be2ca0a6fd877]::panicking::panic_handler::{closure#0}, !>
[INFO] [stdout]    9:     0x63a9e48118ed - __rustc[ea4f61d10b84890b]::rust_begin_unwind
[INFO] [stdout]   10:     0x63a9e484d0bc - core[a373ad73a504971]::panicking::panic_fmt
[INFO] [stdout]   11:     0x63a9e47699c0 - specta_elm[3a59a86873a67185]::elm::recurse_dt_and_panic
[INFO] [stdout]   12:     0x63a9e47698d1 - specta_elm[3a59a86873a67185]::elm::recurse_dt_and_panic
[INFO] [stdout]   13:     0x63a9e4768852 - <specta_elm[3a59a86873a67185]::elm::Elm>::init
[INFO] [stdout]   14:     0x63a9e4794e4f - <specta_elm[3a59a86873a67185]::test::generic_types::{closure#0} as core[a373ad73a504971]::ops::function::FnOnce<()>>::call_once
[INFO] [stdout]   15:     0x63a9e479d11b - test[aada8e7e76ba119b]::__rust_begin_short_backtrace::<core[a373ad73a504971]::result::Result<(), alloc[2e1b2a31b91974c5]::string::String>, fn() -> core[a373ad73a504971]::result::Result<(), alloc[2e1b2a31b91974c5]::string::String>>
[INFO] [stdout]   16:     0x63a9e47aa2f5 - test[aada8e7e76ba119b]::run_test::{closure#0}
[INFO] [stdout]   17:     0x63a9e47a3be4 - std[617be2ca0a6fd877]::sys::backtrace::__rust_begin_short_backtrace::<test[aada8e7e76ba119b]::run_test::{closure#1}, ()>
[INFO] [stdout]   18:     0x63a9e47ad382 - <std[617be2ca0a6fd877]::thread::lifecycle::spawn_unchecked<test[aada8e7e76ba119b]::run_test::{closure#1}, ()>::{closure#1} as core[a373ad73a504971]::ops::function::FnOnce<()>>::call_once::{shim:vtable#0}
[INFO] [stdout]   19:     0x63a9e4836f9f - <std[617be2ca0a6fd877]::sys::thread::unix::Thread>::new::thread_start
[INFO] [stdout]   20:     0x747f5dffddfa - <unknown>
[INFO] [stdout]   21:     0x747f5e0913d4 - clone
[INFO] [stdout]   22:                0x0 - <unknown>
[INFO] [stdout] 
[INFO] [stdout] ---- types::map::test::maps stdout ----
[INFO] [stdout] 
[INFO] [stdout] thread 'types::map::test::maps' (745) panicked at src/elm.rs:204:52:
[INFO] [stdout] couldn't find elm.json file
[INFO] [stdout] stack backtrace:
[INFO] [stdout]    0:     0x63a9e4837d51 - <<std[617be2ca0a6fd877]::sys::backtrace::BacktraceLock>::print::DisplayBacktrace as core[a373ad73a504971]::fmt::Display>::fmt
[INFO] [stdout]    1:     0x63a9e484c98a - core[a373ad73a504971]::fmt::write
[INFO] [stdout]    2:     0x63a9e483c2ac - <alloc[2e1b2a31b91974c5]::vec::Vec<u8> as core[a373ad73a504971]::io::write::Write>::write_fmt
[INFO] [stdout]    3:     0x63a9e4810c36 - std[617be2ca0a6fd877]::panicking::default_hook::{closure#0}
[INFO] [stdout]    4:     0x63a9e482e569 - std[617be2ca0a6fd877]::panicking::default_hook
[INFO] [stdout]    5:     0x63a9e47a9cd0 - test[aada8e7e76ba119b]::test_main_inner::{closure#0}
[INFO] [stdout]    6:     0x63a9e482e892 - std[617be2ca0a6fd877]::panicking::panic_with_hook
[INFO] [stdout]    7:     0x63a9e4810ce2 - std[617be2ca0a6fd877]::panicking::panic_handler::{closure#0}
[INFO] [stdout]    8:     0x63a9e48096a9 - std[617be2ca0a6fd877]::sys::backtrace::__rust_end_short_backtrace::<std[617be2ca0a6fd877]::panicking::panic_handler::{closure#0}, !>
[INFO] [stdout]    9:     0x63a9e48118ed - __rustc[ea4f61d10b84890b]::rust_begin_unwind
[INFO] [stdout]   10:     0x63a9e484d0bc - core[a373ad73a504971]::panicking::panic_fmt
[INFO] [stdout]   11:     0x63a9e484ce14 - core[a373ad73a504971]::option::expect_failed
[INFO] [stdout]   12:     0x63a9e476a5d3 - <specta_elm[3a59a86873a67185]::elm::Project as core[a373ad73a504971]::convert::TryFrom<&str>>::try_from
[INFO] [stdout]   13:     0x63a9e4768864 - <specta_elm[3a59a86873a67185]::elm::Elm>::init
[INFO] [stdout]   14:     0x63a9e477f2f1 - <specta_elm[3a59a86873a67185]::types::map::test::maps::{closure#0} as core[a373ad73a504971]::ops::function::FnOnce<()>>::call_once
[INFO] [stdout]   15:     0x63a9e479d11b - test[aada8e7e76ba119b]::__rust_begin_short_backtrace::<core[a373ad73a504971]::result::Result<(), alloc[2e1b2a31b91974c5]::string::String>, fn() -> core[a373ad73a504971]::result::Result<(), alloc[2e1b2a31b91974c5]::string::String>>
[INFO] [stdout]   16:     0x63a9e47aa2f5 - test[aada8e7e76ba119b]::run_test::{closure#0}
[INFO] [stdout]   17:     0x63a9e47a3be4 - std[617be2ca0a6fd877]::sys::backtrace::__rust_begin_short_backtrace::<test[aada8e7e76ba119b]::run_test::{closure#1}, ()>
[INFO] [stdout]   18:     0x63a9e47ad382 - <std[617be2ca0a6fd877]::thread::lifecycle::spawn_unchecked<test[aada8e7e76ba119b]::run_test::{closure#1}, ()>::{closure#1} as core[a373ad73a504971]::ops::function::FnOnce<()>>::call_once::{shim:vtable#0}
[INFO] [stdout]   19:     0x63a9e4836f9f - <std[617be2ca0a6fd877]::sys::thread::unix::Thread>::new::thread_start
[INFO] [stdout]   20:     0x747f5dffddfa - <unknown>
[INFO] [stdout]   21:     0x747f5e0913d4 - clone
[INFO] [stdout]   22:                0x0 - <unknown>
[INFO] [stdout] 
[INFO] [stdout] ---- types::tupl::test::tuples stdout ----
[INFO] [stdout] 
[INFO] [stdout] thread 'types::tupl::test::tuples' (746) panicked at src/elm.rs:204:52:
[INFO] [stdout] couldn't find elm.json file
[INFO] [stdout] stack backtrace:
[INFO] [stdout]    0:     0x63a9e4837d51 - <<std[617be2ca0a6fd877]::sys::backtrace::BacktraceLock>::print::DisplayBacktrace as core[a373ad73a504971]::fmt::Display>::fmt
[INFO] [stdout]    1:     0x63a9e484c98a - core[a373ad73a504971]::fmt::write
[INFO] [stdout]    2:     0x63a9e483c2ac - <alloc[2e1b2a31b91974c5]::vec::Vec<u8> as core[a373ad73a504971]::io::write::Write>::write_fmt
[INFO] [stdout]    3:     0x63a9e4810c36 - std[617be2ca0a6fd877]::panicking::default_hook::{closure#0}
[INFO] [stdout]    4:     0x63a9e482e569 - std[617be2ca0a6fd877]::panicking::default_hook
[INFO] [stdout]    5:     0x63a9e47a9cd0 - test[aada8e7e76ba119b]::test_main_inner::{closure#0}
[INFO] [stdout]    6:     0x63a9e482e892 - std[617be2ca0a6fd877]::panicking::panic_with_hook
[INFO] [stdout]    7:     0x63a9e4810ce2 - std[617be2ca0a6fd877]::panicking::panic_handler::{closure#0}
[INFO] [stdout]    8:     0x63a9e48096a9 - std[617be2ca0a6fd877]::sys::backtrace::__rust_end_short_backtrace::<std[617be2ca0a6fd877]::panicking::panic_handler::{closure#0}, !>
[INFO] [stdout]    9:     0x63a9e48118ed - __rustc[ea4f61d10b84890b]::rust_begin_unwind
[INFO] [stdout]   10:     0x63a9e484d0bc - core[a373ad73a504971]::panicking::panic_fmt
[INFO] [stdout]   11:     0x63a9e484ce14 - core[a373ad73a504971]::option::expect_failed
[INFO] [stdout]   12:     0x63a9e476a5d3 - <specta_elm[3a59a86873a67185]::elm::Project as core[a373ad73a504971]::convert::TryFrom<&str>>::try_from
[INFO] [stdout]   13:     0x63a9e4768864 - <specta_elm[3a59a86873a67185]::elm::Elm>::init
[INFO] [stdout]   14:     0x63a9e4776200 - <specta_elm[3a59a86873a67185]::types::tupl::test::tuples::{closure#0} as core[a373ad73a504971]::ops::function::FnOnce<()>>::call_once
[INFO] [stdout]   15:     0x63a9e479d11b - test[aada8e7e76ba119b]::__rust_begin_short_backtrace::<core[a373ad73a504971]::result::Result<(), alloc[2e1b2a31b91974c5]::string::String>, fn() -> core[a373ad73a504971]::result::Result<(), alloc[2e1b2a31b91974c5]::string::String>>
[INFO] [stdout]   16:     0x63a9e47aa2f5 - test[aada8e7e76ba119b]::run_test::{closure#0}
[INFO] [stdout]   17:     0x63a9e47a3be4 - std[617be2ca0a6fd877]::sys::backtrace::__rust_begin_short_backtrace::<test[aada8e7e76ba119b]::run_test::{closure#1}, ()>
[INFO] [stdout]   18:     0x63a9e47ad382 - <std[617be2ca0a6fd877]::thread::lifecycle::spawn_unchecked<test[aada8e7e76ba119b]::run_test::{closure#1}, ()>::{closure#1} as core[a373ad73a504971]::ops::function::FnOnce<()>>::call_once::{shim:vtable#0}
[INFO] [stdout]   19:     0x63a9e4836f9f - <std[617be2ca0a6fd877]::sys::thread::unix::Thread>::new::thread_start
[INFO] [stdout]   20:     0x747f5dffddfa - <unknown>
[INFO] [stdout]   21:     0x747f5e0913d4 - clone
[INFO] [stdout]   22:                0x0 - <unknown>
[INFO] [stdout] 
[INFO] [stdout] ---- types::list::test::lists stdout ----
[INFO] [stdout] 
[INFO] [stdout] thread 'types::list::test::lists' (743) panicked at src/elm.rs:204:52:
[INFO] [stdout] couldn't find elm.json file
[INFO] [stdout] stack backtrace:
[INFO] [stdout]    0:     0x63a9e4837d51 - <<std[617be2ca0a6fd877]::sys::backtrace::BacktraceLock>::print::DisplayBacktrace as core[a373ad73a504971]::fmt::Display>::fmt
[INFO] [stdout]    1:     0x63a9e484c98a - core[a373ad73a504971]::fmt::write
[INFO] [stdout]    2:     0x63a9e483c2ac - <alloc[2e1b2a31b91974c5]::vec::Vec<u8> as core[a373ad73a504971]::io::write::Write>::write_fmt
[INFO] [stdout]    3:     0x63a9e4810c36 - std[617be2ca0a6fd877]::panicking::default_hook::{closure#0}
[INFO] [stdout]    4:     0x63a9e482e569 - std[617be2ca0a6fd877]::panicking::default_hook
[INFO] [stdout]    5:     0x63a9e47a9cd0 - test[aada8e7e76ba119b]::test_main_inner::{closure#0}
[INFO] [stdout]    6:     0x63a9e482e892 - std[617be2ca0a6fd877]::panicking::panic_with_hook
[INFO] [stdout]    7:     0x63a9e4810ce2 - std[617be2ca0a6fd877]::panicking::panic_handler::{closure#0}
[INFO] [stdout]    8:     0x63a9e48096a9 - std[617be2ca0a6fd877]::sys::backtrace::__rust_end_short_backtrace::<std[617be2ca0a6fd877]::panicking::panic_handler::{closure#0}, !>
[INFO] [stdout]    9:     0x63a9e48118ed - __rustc[ea4f61d10b84890b]::rust_begin_unwind
[INFO] [stdout]   10:     0x63a9e484d0bc - core[a373ad73a504971]::panicking::panic_fmt
[INFO] [stdout]   11:     0x63a9e484ce14 - core[a373ad73a504971]::option::expect_failed
[INFO] [stdout]   12:     0x63a9e476a5d3 - <specta_elm[3a59a86873a67185]::elm::Project as core[a373ad73a504971]::convert::TryFrom<&str>>::try_from
[INFO] [stdout]   13:     0x63a9e4768864 - <specta_elm[3a59a86873a67185]::elm::Elm>::init
[INFO] [stdout]   14:     0x63a9e477a81a - <specta_elm[3a59a86873a67185]::types::list::test::lists::{closure#0} as core[a373ad73a504971]::ops::function::FnOnce<()>>::call_once
[INFO] [stdout]   15:     0x63a9e479d11b - test[aada8e7e76ba119b]::__rust_begin_short_backtrace::<core[a373ad73a504971]::result::Result<(), alloc[2e1b2a31b91974c5]::string::String>, fn() -> core[a373ad73a504971]::result::Result<(), alloc[2e1b2a31b91974c5]::string::String>>
[INFO] [stdout]   16:     0x63a9e47aa2f5 - test[aada8e7e76ba119b]::run_test::{closure#0}
[INFO] [stdout]   17:     0x63a9e47a3be4 - std[617be2ca0a6fd877]::sys::backtrace::__rust_begin_short_backtrace::<test[aada8e7e76ba119b]::run_test::{closure#1}, ()>
[INFO] [stdout]   18:     0x63a9e47ad382 - <std[617be2ca0a6fd877]::thread::lifecycle::spawn_unchecked<test[aada8e7e76ba119b]::run_test::{closure#1}, ()>::{closure#1} as core[a373ad73a504971]::ops::function::FnOnce<()>>::call_once::{shim:vtable#0}
[INFO] [stdout]   19:     0x63a9e4836f9f - <std[617be2ca0a6fd877]::sys::thread::unix::Thread>::new::thread_start
[INFO] [stdout]   20:     0x747f5dffddfa - <unknown>
[INFO] [stdout]   21:     0x747f5e0913d4 - clone
[INFO] [stdout]   22:                0x0 - <unknown>
[INFO] [stdout] 
[INFO] [stdout] ---- test::readme_types_test stdout ----
[INFO] [stdout] 
[INFO] [stdout] thread 'test::readme_types_test' (742) panicked at src/export.rs:120:32:
[INFO] [stdout] called `Result::unwrap()` on an `Err` value: Failed to write file 'test/elm-project/src/TestReadme.elm': Read-only file system (os error 30)
[INFO] [stdout] stack backtrace:
[INFO] [stdout]    0:     0x63a9e4837d51 - <<std[617be2ca0a6fd877]::sys::backtrace::BacktraceLock>::print::DisplayBacktrace as core[a373ad73a504971]::fmt::Display>::fmt
[INFO] [stdout]    1:     0x63a9e484c98a - core[a373ad73a504971]::fmt::write
[INFO] [stdout]    2:     0x63a9e483c2ac - <alloc[2e1b2a31b91974c5]::vec::Vec<u8> as core[a373ad73a504971]::io::write::Write>::write_fmt
[INFO] [stdout]    3:     0x63a9e4810c36 - std[617be2ca0a6fd877]::panicking::default_hook::{closure#0}
[INFO] [stdout]    4:     0x63a9e482e569 - std[617be2ca0a6fd877]::panicking::default_hook
[INFO] [stdout]    5:     0x63a9e47a9cd0 - test[aada8e7e76ba119b]::test_main_inner::{closure#0}
[INFO] [stdout]    6:     0x63a9e482e892 - std[617be2ca0a6fd877]::panicking::panic_with_hook
[INFO] [stdout]    7:     0x63a9e4810ce2 - std[617be2ca0a6fd877]::panicking::panic_handler::{closure#0}
[INFO] [stdout]    8:     0x63a9e48096a9 - std[617be2ca0a6fd877]::sys::backtrace::__rust_end_short_backtrace::<std[617be2ca0a6fd877]::panicking::panic_handler::{closure#0}, !>
[INFO] [stdout]    9:     0x63a9e48118ed - __rustc[ea4f61d10b84890b]::rust_begin_unwind
[INFO] [stdout]   10:     0x63a9e484d0bc - core[a373ad73a504971]::panicking::panic_fmt
[INFO] [stdout]   11:     0x63a9e484ce92 - core[a373ad73a504971]::result::unwrap_failed
[INFO] [stdout]   12:     0x63a9e479ce8c - <specta_elm[3a59a86873a67185]::export::SingleFileExporter as specta_elm[3a59a86873a67185]::export::Exporter>::export
[INFO] [stdout]   13:     0x63a9e476799c - <specta_elm[3a59a86873a67185]::elm::Elm>::export::<specta_elm[3a59a86873a67185]::export::SingleFileExporter, specta_elm[3a59a86873a67185]::export::SingleFileOutput>
[INFO] [stdout]   14:     0x63a9e4795300 - <specta_elm[3a59a86873a67185]::test::readme_types_test::{closure#0} as core[a373ad73a504971]::ops::function::FnOnce<()>>::call_once
[INFO] [stdout]   15:     0x63a9e479d11b - test[aada8e7e76ba119b]::__rust_begin_short_backtrace::<core[a373ad73a504971]::result::Result<(), alloc[2e1b2a31b91974c5]::string::String>, fn() -> core[a373ad73a504971]::result::Result<(), alloc[2e1b2a31b91974c5]::string::String>>
[INFO] [stdout]   16:     0x63a9e47aa2f5 - test[aada8e7e76ba119b]::run_test::{closure#0}
[INFO] [stdout]   17:     0x63a9e47a3be4 - std[617be2ca0a6fd877]::sys::backtrace::__rust_begin_short_backtrace::<test[aada8e7e76ba119b]::run_test::{closure#1}, ()>
[INFO] [stdout]   18:     0x63a9e47ad382 - <std[617be2ca0a6fd877]::thread::lifecycle::spawn_unchecked<test[aada8e7e76ba119b]::run_test::{closure#1}, ()>::{closure#1} as core[a373ad73a504971]::ops::function::FnOnce<()>>::call_once::{shim:vtable#0}
[INFO] [stdout]   19:     0x63a9e4836f9f - <std[617be2ca0a6fd877]::sys::thread::unix::Thread>::new::thread_start
[INFO] [stdout]   20:     0x747f5dffddfa - <unknown>
[INFO] [stdout]   21:     0x747f5e0913d4 - clone
[INFO] [stdout]   22:                0x0 - <unknown>
[INFO] [stdout] 
[INFO] [stdout] ---- test::elm_bin_check stdout ----
[INFO] [stdout] 
[INFO] [stdout] thread 'test::elm_bin_check' (739) panicked at src/lib.rs:39:9:
[INFO] [stdout] assertion failed: Command::new("elm").arg("--version").status().is_ok()
[INFO] [stdout] stack backtrace:
[INFO] [stdout]    0:     0x63a9e4837d51 - <<std[617be2ca0a6fd877]::sys::backtrace::BacktraceLock>::print::DisplayBacktrace as core[a373ad73a504971]::fmt::Display>::fmt
[INFO] [stdout]    1:     0x63a9e484c98a - core[a373ad73a504971]::fmt::write
[INFO] [stdout]    2:     0x63a9e483c2ac - <alloc[2e1b2a31b91974c5]::vec::Vec<u8> as core[a373ad73a504971]::io::write::Write>::write_fmt
[INFO] [stdout]    3:     0x63a9e4810c36 - std[617be2ca0a6fd877]::panicking::default_hook::{closure#0}
[INFO] [stdout]    4:     0x63a9e482e569 - std[617be2ca0a6fd877]::panicking::default_hook
[INFO] [stdout]    5:     0x63a9e47a9cd0 - test[aada8e7e76ba119b]::test_main_inner::{closure#0}
[INFO] [stdout]    6:     0x63a9e482e892 - std[617be2ca0a6fd877]::panicking::panic_with_hook
[INFO] [stdout]    7:     0x63a9e4810d14 - std[617be2ca0a6fd877]::panicking::panic_handler::{closure#0}
[INFO] [stdout]    8:     0x63a9e48096a9 - std[617be2ca0a6fd877]::sys::backtrace::__rust_end_short_backtrace::<std[617be2ca0a6fd877]::panicking::panic_handler::{closure#0}, !>
[INFO] [stdout]    9:     0x63a9e48118ed - __rustc[ea4f61d10b84890b]::rust_begin_unwind
[INFO] [stdout]   10:     0x63a9e484d0bc - core[a373ad73a504971]::panicking::panic_fmt
[INFO] [stdout]   11:     0x63a9e484d082 - core[a373ad73a504971]::panicking::panic
[INFO] [stdout]   12:     0x63a9e4794d11 - <specta_elm[3a59a86873a67185]::test::elm_bin_check::{closure#0} as core[a373ad73a504971]::ops::function::FnOnce<()>>::call_once
[INFO] [stdout]   13:     0x63a9e479d11b - test[aada8e7e76ba119b]::__rust_begin_short_backtrace::<core[a373ad73a504971]::result::Result<(), alloc[2e1b2a31b91974c5]::string::String>, fn() -> core[a373ad73a504971]::result::Result<(), alloc[2e1b2a31b91974c5]::string::String>>
[INFO] [stdout]   14:     0x63a9e47aa2f5 - test[aada8e7e76ba119b]::run_test::{closure#0}
[INFO] [stdout]   15:     0x63a9e47a3be4 - std[617be2ca0a6fd877]::sys::backtrace::__rust_begin_short_backtrace::<test[aada8e7e76ba119b]::run_test::{closure#1}, ()>
[INFO] [stdout]   16:     0x63a9e47ad382 - <std[617be2ca0a6fd877]::thread::lifecycle::spawn_unchecked<test[aada8e7e76ba119b]::run_test::{closure#1}, ()>::{closure#1} as core[a373ad73a504971]::ops::function::FnOnce<()>>::call_once::{shim:vtable#0}
[INFO] [stdout]   17:     0x63a9e4836f9f - <std[617be2ca0a6fd877]::sys::thread::unix::Thread>::new::thread_start
[INFO] [stdout]   18:     0x747f5dffddfa - <unknown>
[INFO] [stdout]   19:     0x747f5e0913d4 - clone
[INFO] [stdout]   20:                0x0 - <unknown>
[INFO] [stdout] 
[INFO] [stdout] ---- test::compile_types_for_test_project stdout ----
[INFO] [stdout] 
[INFO] [stdout] thread 'test::compile_types_for_test_project' (738) panicked at src/lib.rs:98:9:
[INFO] [stdout] assertion failed: maybe_compiles.is_ok()
[INFO] [stdout] stack backtrace:
[INFO] [stdout]    0:     0x63a9e4837d51 - <<std[617be2ca0a6fd877]::sys::backtrace::BacktraceLock>::print::DisplayBacktrace as core[a373ad73a504971]::fmt::Display>::fmt
[INFO] [stdout]    1:     0x63a9e484c98a - core[a373ad73a504971]::fmt::write
[INFO] [stdout]    2:     0x63a9e483c2ac - <alloc[2e1b2a31b91974c5]::vec::Vec<u8> as core[a373ad73a504971]::io::write::Write>::write_fmt
[INFO] [stdout]    3:     0x63a9e4810c36 - std[617be2ca0a6fd877]::panicking::default_hook::{closure#0}
[INFO] [stdout]    4:     0x63a9e482e569 - std[617be2ca0a6fd877]::panicking::default_hook
[INFO] [stdout]    5:     0x63a9e47a9cd0 - test[aada8e7e76ba119b]::test_main_inner::{closure#0}
[INFO] [stdout]    6:     0x63a9e482e892 - std[617be2ca0a6fd877]::panicking::panic_with_hook
[INFO] [stdout]    7:     0x63a9e4810d14 - std[617be2ca0a6fd877]::panicking::panic_handler::{closure#0}
[INFO] [stdout]    8:     0x63a9e48096a9 - std[617be2ca0a6fd877]::sys::backtrace::__rust_end_short_backtrace::<std[617be2ca0a6fd877]::panicking::panic_handler::{closure#0}, !>
[INFO] [stdout]    9:     0x63a9e48118ed - __rustc[ea4f61d10b84890b]::rust_begin_unwind
[INFO] [stdout]   10:     0x63a9e484d0bc - core[a373ad73a504971]::panicking::panic_fmt
[INFO] [stdout]   11:     0x63a9e484d082 - core[a373ad73a504971]::panicking::panic
[INFO] [stdout]   12:     0x63a9e4795bb9 - <specta_elm[3a59a86873a67185]::test::compile_types_for_test_project::{closure#0} as core[a373ad73a504971]::ops::function::FnOnce<()>>::call_once
[INFO] [stdout]   13:     0x63a9e479d11b - test[aada8e7e76ba119b]::__rust_begin_short_backtrace::<core[a373ad73a504971]::result::Result<(), alloc[2e1b2a31b91974c5]::string::String>, fn() -> core[a373ad73a504971]::result::Result<(), alloc[2e1b2a31b91974c5]::string::String>>
[INFO] [stdout]   14:     0x63a9e47aa2f5 - test[aada8e7e76ba119b]::run_test::{closure#0}
[INFO] [stdout]   15:     0x63a9e47a3be4 - std[617be2ca0a6fd877]::sys::backtrace::__rust_begin_short_backtrace::<test[aada8e7e76ba119b]::run_test::{closure#1}, ()>
[INFO] [stdout]   16:     0x63a9e47ad382 - <std[617be2ca0a6fd877]::thread::lifecycle::spawn_unchecked<test[aada8e7e76ba119b]::run_test::{closure#1}, ()>::{closure#1} as core[a373ad73a504971]::ops::function::FnOnce<()>>::call_once::{shim:vtable#0}
[INFO] [stdout]   17:     0x63a9e4836f9f - <std[617be2ca0a6fd877]::sys::thread::unix::Thread>::new::thread_start
[INFO] [stdout]   18:     0x747f5dffddfa - <unknown>
[INFO] [stdout]   19:     0x747f5e0913d4 - clone
[INFO] [stdout]   20:                0x0 - <unknown>
[INFO] [stdout] 
[INFO] [stdout] 
[INFO] [stdout] failures:
[INFO] [stdout]     test::compile_types_for_test_project
[INFO] [stdout]     test::elm_bin_check
[INFO] [stdout]     test::generic_types
[INFO] [stdout]     test::readme_types_test
[INFO] [stdout]     types::list::test::lists
[INFO] [stdout]     types::map::test::maps
[INFO] [stdout]     types::tupl::test::tuples
[INFO] [stdout] 
[INFO] [stdout] test result: FAILED. 1 passed; 7 failed; 0 ignored; 0 measured; 0 filtered out; finished in 0.06s
[INFO] [stdout] 
[INFO] running `Command { std: "docker" "inspect" "d68dfe0780a02aae99329214406eaecff6a83976f3acdceeb50e913e0101654f", kill_on_drop: false }`
[INFO] running `Command { std: "docker" "rm" "-f" "d68dfe0780a02aae99329214406eaecff6a83976f3acdceeb50e913e0101654f", kill_on_drop: false }`
[INFO] [stdout] d68dfe0780a02aae99329214406eaecff6a83976f3acdceeb50e913e0101654f
