[INFO] fetching crate specfmt 0.2.12...
[INFO] testing specfmt-0.2.12 against 1.99.0-beta.8+cargoflags=--release for beta-release-1.100-2
[INFO] extracting crate specfmt 0.2.12 into /workspace/builds/worker-2-tc1/source
[INFO] started tweaking crates.io crate specfmt 0.2.12
[INFO] finished tweaking crates.io crate specfmt 0.2.12
[INFO] tweaked toml for crates.io crate specfmt 0.2.12 written to /workspace/builds/worker-2-tc1/source/Cargo.toml
[INFO] validating manifest of crates.io crate specfmt 0.2.12 on toolchain 1.99.0-beta.8
[INFO] running `Command { std: CARGO_HOME="/workspace/cargo-home" RUSTUP_HOME="/workspace/rustup-home" "/workspace/cargo-home/bin/cargo" "+1.99.0-beta.8" "metadata" "--manifest-path" "Cargo.toml" "--no-deps", kill_on_drop: false }`
[INFO] crate crates.io crate specfmt 0.2.12 already has a lockfile, it will not be regenerated
[INFO] running `Command { std: CARGO_HOME="/workspace/cargo-home" RUSTUP_HOME="/workspace/rustup-home" "/workspace/cargo-home/bin/cargo" "+1.99.0-beta.8" "fetch" "--manifest-path" "Cargo.toml", kill_on_drop: false }`
[INFO] [stderr]     Updating crates.io index
[INFO] [stderr]  Downloading crates ...
[INFO] [stderr]   Downloaded clap_lex v0.3.0
[INFO] [stderr]   Downloaded test-generator v0.3.0
[INFO] [stderr]   Downloaded once_cell v1.15.0
[INFO] [stderr]   Downloaded clap_derive v4.0.13
[INFO] [stderr]   Downloaded unicode-ident v1.0.5
[INFO] [stderr]   Downloaded proc-macro2 v1.0.47
[INFO] [stderr]   Downloaded quote v1.0.21
[INFO] [stderr]   Downloaded clap v4.0.15
[INFO] [stderr]   Downloaded syn v1.0.102
[INFO] [stderr]   Downloaded libc v0.2.135
[INFO] running `Command { std: "docker" "create" "-v" "/var/lib/crater-agent-workspace/builds/worker-2-tc1/source:/opt/rustwide/workdir:ro,Z" "-v" "/var/lib/crater-agent-workspace/builds/worker-2-tc1/target:/opt/rustwide/target:rw,Z" "-v" "/var/lib/crater-agent-workspace/cargo-home:/opt/rustwide/cargo-home:ro,Z" "-v" "/var/lib/crater-agent-workspace/rustup-home:/opt/rustwide/rustup-home:ro,Z" "-m" "1610612736" "--network" "none" "ghcr.io/rust-lang/crates-build-env/linux@sha256:77db811e55d90add9212f6832c23229e3de5f1c1f9905e8cb07319ea15df73ac" "sleep" "infinity", kill_on_drop: false }`
[INFO] [stdout] e80f09dc1c24e5206a63a5b8e748f8634ba6f02b7cdb48b01459ac97af6946c6
[INFO] running `Command { std: "docker" "start" "e80f09dc1c24e5206a63a5b8e748f8634ba6f02b7cdb48b01459ac97af6946c6", kill_on_drop: false }`
[INFO] running `Command { std: "docker" "inspect" "e80f09dc1c24e5206a63a5b8e748f8634ba6f02b7cdb48b01459ac97af6946c6", kill_on_drop: false }`
[INFO] running `Command { std: "docker" "exec" "-e" "SOURCE_DIR=/opt/rustwide/workdir" "-e" "CARGO_HOME=/opt/rustwide/cargo-home" "-e" "RUSTUP_HOME=/opt/rustwide/rustup-home" "-e" "CARGO_TARGET_DIR=/opt/rustwide/target" "-w" "/opt/rustwide/workdir" "--user" "0:0" "e80f09dc1c24e5206a63a5b8e748f8634ba6f02b7cdb48b01459ac97af6946c6" "/opt/rustwide/cargo-home/bin/cargo" "+1.99.0-beta.8" "metadata" "--no-deps" "--format-version=1", kill_on_drop: false }`
[INFO] running `Command { std: "docker" "inspect" "e80f09dc1c24e5206a63a5b8e748f8634ba6f02b7cdb48b01459ac97af6946c6", kill_on_drop: false }`
[INFO] running `Command { std: "docker" "exec" "-e" "SOURCE_DIR=/opt/rustwide/workdir" "-e" "CARGO_HOME=/opt/rustwide/cargo-home" "-e" "RUSTUP_HOME=/opt/rustwide/rustup-home" "-e" "CARGO_TARGET_DIR=/opt/rustwide/target" "-e" "CARGO_INCREMENTAL=0" "-e" "RUST_BACKTRACE=full" "-e" "RUSTFLAGS=--cap-lints=warn" "-e" "RUSTDOCFLAGS=--cap-lints=warn" "-w" "/opt/rustwide/workdir" "--user" "0:0" "e80f09dc1c24e5206a63a5b8e748f8634ba6f02b7cdb48b01459ac97af6946c6" "/opt/rustwide/cargo-home/bin/cargo" "+1.99.0-beta.8" "build" "--frozen" "--message-format=json" "--release", kill_on_drop: false }`
[INFO] [stderr]    Compiling version_check v0.9.4
[INFO] [stderr]    Compiling proc-macro2 v1.0.47
[INFO] [stderr]    Compiling unicode-ident v1.0.5
[INFO] [stderr]    Compiling quote v1.0.21
[INFO] [stderr]    Compiling syn v1.0.102
[INFO] [stderr]    Compiling libc v0.2.135
[INFO] [stderr]    Compiling memchr v2.5.0
[INFO] [stderr]    Compiling os_str_bytes v6.3.0
[INFO] [stderr]    Compiling heck v0.4.0
[INFO] [stderr]    Compiling termcolor v1.1.3
[INFO] [stderr]    Compiling strsim v0.10.0
[INFO] [stderr]    Compiling bitflags v1.3.2
[INFO] [stderr]    Compiling once_cell v1.15.0
[INFO] [stderr]    Compiling regex-syntax v0.6.27
[INFO] [stderr]    Compiling lazy_static v1.4.0
[INFO] [stderr]    Compiling proc-macro-error-attr v1.0.4
[INFO] [stderr]    Compiling proc-macro-error v1.0.4
[INFO] [stderr]    Compiling clap_lex v0.3.0
[INFO] [stderr]    Compiling aho-corasick v0.7.19
[INFO] [stderr]    Compiling atty v0.2.14
[INFO] [stderr]    Compiling regex v1.6.0
[INFO] [stderr]    Compiling clap_derive v4.0.13
[INFO] [stderr]    Compiling clap v4.0.15
[INFO] [stderr]    Compiling specfmt v0.2.12 (/opt/rustwide/workdir)
[INFO] [stderr]     Finished `release` profile [optimized] target(s) in 25.47s
[INFO] running `Command { std: "docker" "inspect" "e80f09dc1c24e5206a63a5b8e748f8634ba6f02b7cdb48b01459ac97af6946c6", kill_on_drop: false }`
[INFO] running `Command { std: "docker" "exec" "-e" "SOURCE_DIR=/opt/rustwide/workdir" "-e" "CARGO_HOME=/opt/rustwide/cargo-home" "-e" "RUSTUP_HOME=/opt/rustwide/rustup-home" "-e" "CARGO_TARGET_DIR=/opt/rustwide/target" "-e" "CARGO_INCREMENTAL=0" "-e" "RUST_BACKTRACE=full" "-e" "RUSTFLAGS=--cap-lints=warn" "-e" "RUSTDOCFLAGS=--cap-lints=warn" "-w" "/opt/rustwide/workdir" "--user" "0:0" "e80f09dc1c24e5206a63a5b8e748f8634ba6f02b7cdb48b01459ac97af6946c6" "/opt/rustwide/cargo-home/bin/cargo" "+1.99.0-beta.8" "test" "--frozen" "--no-run" "--message-format=json" "--release", kill_on_drop: false }`
[INFO] [stderr]    Compiling proc-macro2 v0.4.30
[INFO] [stderr]    Compiling unicode-xid v0.1.0
[INFO] [stderr]    Compiling syn v0.15.44
[INFO] [stderr]    Compiling os_str_bytes v6.3.0
[INFO] [stderr]    Compiling glob v0.3.0
[INFO] [stderr]    Compiling bitflags v1.3.2
[INFO] [stderr]    Compiling termcolor v1.1.3
[INFO] [stderr]    Compiling strsim v0.10.0
[INFO] [stderr]    Compiling once_cell v1.15.0
[INFO] [stderr]    Compiling regex-syntax v0.6.27
[INFO] [stderr]    Compiling lazy_static v1.4.0
[INFO] [stderr]    Compiling memchr v2.5.0
[INFO] [stderr]    Compiling libc v0.2.135
[INFO] [stderr]    Compiling clap_lex v0.3.0
[INFO] [stderr]    Compiling atty v0.2.14
[INFO] [stderr]    Compiling clap v4.0.15
[INFO] [stderr]    Compiling quote v0.6.13
[INFO] [stderr]    Compiling aho-corasick v0.7.19
[INFO] [stderr]    Compiling regex v1.6.0
[INFO] [stderr]    Compiling test-generator v0.3.0
[INFO] [stderr]    Compiling specfmt v0.2.12 (/opt/rustwide/workdir)
[INFO] [stderr]     Finished `release` profile [optimized] target(s) in 24.34s
[INFO] running `Command { std: "docker" "inspect" "e80f09dc1c24e5206a63a5b8e748f8634ba6f02b7cdb48b01459ac97af6946c6", kill_on_drop: false }`
[INFO] running `Command { std: "docker" "exec" "-e" "SOURCE_DIR=/opt/rustwide/workdir" "-e" "CARGO_HOME=/opt/rustwide/cargo-home" "-e" "RUSTUP_HOME=/opt/rustwide/rustup-home" "-e" "CARGO_TARGET_DIR=/opt/rustwide/target" "-e" "CARGO_INCREMENTAL=0" "-e" "RUST_BACKTRACE=full" "-e" "RUSTFLAGS=--cap-lints=warn" "-e" "RUSTDOCFLAGS=--cap-lints=warn" "-w" "/opt/rustwide/workdir" "--user" "0:0" "e80f09dc1c24e5206a63a5b8e748f8634ba6f02b7cdb48b01459ac97af6946c6" "/opt/rustwide/cargo-home/bin/cargo" "+1.99.0-beta.8" "test" "--frozen" "--release", kill_on_drop: false }`
[INFO] [stderr]     Finished `release` profile [optimized] target(s) in 0.06s
[INFO] [stderr]      Running unittests src/main.rs (/opt/rustwide/target/release/deps/specfmt-4e5dfff9fb5c710f)
[INFO] [stdout] 
[INFO] [stdout] running 43 tests
[INFO] [stdout] test test::git_diff_tests_testcases_git_diff_addition_in_middle_generic_in_html ... FAILED
[INFO] [stdout] test test::git_diff_tests_testcases_git_diff_duplicate_lines_in_html ... FAILED
[INFO] [stdout] test test::simple_rewrap_tests_testcases_comment_in_html ... FAILED
[INFO] [stdout] test test::simple_rewrap_tests_testcases_comment_standalone_in_html ... FAILED
[INFO] [stdout] test test::git_diff_tests_testcases_git_diff_duplicate_lines_separated_in_html ... FAILED
[INFO] [stdout] test test::simple_rewrap_tests_testcases_bad_indent_in_html ... FAILED
[INFO] [stdout] test test::simple_rewrap_tests_testcases_comment_contains_exempt_block_in_html ... FAILED
[INFO] [stdout] test test::git_diff_tests_testcases_git_diff_duplicate_lines_end_in_html ... FAILED
[INFO] [stdout] test test::git_diff_tests_testcases_git_diff_addition_in_middle_of_p_does_not_look_upward_in_html ... FAILED
[INFO] [stdout] test test::git_diff_tests_testcases_git_diff_addition_in_middle_no_newline_in_html ... FAILED
[INFO] [stdout] test test::simple_rewrap_tests_testcases_complex_list_in_html ... FAILED
[INFO] [stdout] test test::git_diff_tests_testcases_git_diff_dd_addition_terminating_point_in_html ... FAILED
[INFO] [stdout] test test::git_diff_tests_testcases_git_diff_addition_in_middle_of_p_in_html ... FAILED
[INFO] [stdout] test test::git_diff_tests_testcases_git_diff_addition_in_middle_but_last_line_has_terminating_condition_in_html ... FAILED
[INFO] [stdout] test test::git_diff_tests_testcases_git_diff_duplicate_lines_diff_in_middle_in_html ... FAILED
[INFO] [stdout] test test::simple_rewrap_tests_testcases_dl_in_html ... FAILED
[INFO] [stdout] test test::simple_rewrap_tests_testcases_dt_dd_in_html ... FAILED
[INFO] [stdout] test test::simple_rewrap_tests_testcases_everything_too_long_in_html ... FAILED
[INFO] [stdout] test test::simple_rewrap_tests_testcases_empty_in_html ... FAILED
[INFO] [stdout] test test::simple_rewrap_tests_testcases_dl_markdown_in_html ... FAILED
[INFO] [stdout] test test::simple_rewrap_tests_testcases_multiple_dd_same_line_in_html ... FAILED
[INFO] [stdout] test test::simple_rewrap_tests_testcases_dt_not_smooshed_up_in_html ... FAILED
[INFO] [stdout] test test::simple_rewrap_tests_testcases_numbered_list_in_html ... FAILED
[INFO] [stdout] test test::simple_rewrap_tests_testcases_exempt_blocks_in_html ... FAILED
[INFO] [stdout] test test::simple_rewrap_tests_testcases_multiple_dd_in_html ... FAILED
[INFO] [stdout] test test::simple_rewrap_tests_testcases_header_in_html ... FAILED
[INFO] [stdout] test test::git_diff_tests_testcases_git_diff_dependencies_in_html ... FAILED
[INFO] [stdout] test test::simple_rewrap_tests_testcases_single_p_in_html ... FAILED
[INFO] [stdout] test test::simple_rewrap_tests_testcases_single_space_in_html ... FAILED
[INFO] [stdout] test test::simple_rewrap_tests_testcases_single_p_needs_smooshing_in_html ... FAILED
[INFO] [stdout] test test::simple_rewrap_tests_testcases_single_word_exectly_column_length_in_html ... FAILED
[INFO] [stdout] test test::git_diff_tests_testcases_git_diff_duplicate_lines_new_in_html ... FAILED
[INFO] [stdout] test test::simple_rewrap_tests_testcases_single_word_too_long_in_html ... FAILED
[INFO] [stdout] test test::simple_rewrap_tests_testcases_only_long_indent_in_html ... FAILED
[INFO] [stdout] test test::simple_rewrap_tests_testcases_two_paragraphs_in_html ... FAILED
[INFO] [stdout] test test::simple_rewrap_tests_testcases_li_dfn_in_html ... FAILED
[INFO] [stdout] test test::simple_rewrap_tests_testcases_nested_exempt_in_html ... FAILED
[INFO] [stdout] test test::git_diff_tests_testcases_git_diff_diff_line_tracking_bug_speculation_rules_in_html ... FAILED
[INFO] [stdout] test test::simple_rewrap_tests_testcases_list_no_gaps_in_html ... FAILED
[INFO] [stdout] test test::simple_rewrap_tests_testcases_normal_p_in_html ... FAILED
[INFO] [stdout] test test::simple_rewrap_tests_testcases_unicode_characters_in_html ... FAILED
[INFO] [stdout] test test::simple_rewrap_tests_testcases_unordered_list_in_html ... FAILED
[INFO] [stderr] error: test failed, to rerun pass `--bin specfmt`
[INFO] [stdout] test test::simple_rewrap_tests_testcases_only_short_indent_in_html ... FAILED
[INFO] [stdout] 
[INFO] [stdout] failures:
[INFO] [stdout] 
[INFO] [stdout] ---- test::git_diff_tests_testcases_git_diff_addition_in_middle_generic_in_html stdout ----
[INFO] [stdout] 
[INFO] [stdout] thread 'test::git_diff_tests_testcases_git_diff_addition_in_middle_generic_in_html' (842) panicked at src/main.rs:498:65:
[INFO] [stdout] called `Result::unwrap()` on an `Err` value: Os { code: 30, kind: ReadOnlyFilesystem, message: "Read-only file system" }
[INFO] [stdout] stack backtrace:
[INFO] [stdout]    0:     0x57dab6b98c47 - <unknown>
[INFO] [stdout]    1:     0x57dab6b50014 - <unknown>
[INFO] [stdout]    2:     0x57dab6b9820b - <unknown>
[INFO] [stdout]    3:     0x57dab6b97e09 - <unknown>
[INFO] [stdout]    4:     0x57dab6b97a8a - <unknown>
[INFO] [stdout]    5:     0x57dab6b975c3 - <unknown>
[INFO] [stdout]    6:     0x57dab6bbd7c1 - <unknown>
[INFO] [stdout]    7:     0x57dab6bbd779 - <unknown>
[INFO] [stdout]    8:     0x57dab6bbdc7c - <unknown>
[INFO] [stdout]    9:     0x57dab6b4feab - <unknown>
[INFO] [stdout]   10:     0x57dab6b535c1 - <unknown>
[INFO] [stdout]   11:     0x57dab6b41471 - <unknown>
[INFO] [stdout]   12:     0x57dab6b43afe - <unknown>
[INFO] [stdout]   13:     0x57dab6bd447b - <unknown>
[INFO] [stdout]   14:     0x57dab6bcfdd2 - <unknown>
[INFO] [stdout]   15:     0x57dab6bcf87c - <unknown>
[INFO] [stdout]   16:     0x57dab6beab5c - <unknown>
[INFO] [stdout]   17:     0x57dab6bbedfa - <unknown>
[INFO] [stdout]   18:     0x76a6addb0dfa - <unknown>
[INFO] [stdout]   19:     0x76a6ade443d4 - clone
[INFO] [stdout]   20:                0x0 - <unknown>
[INFO] [stdout] 
[INFO] [stdout] ---- test::git_diff_tests_testcases_git_diff_duplicate_lines_in_html stdout ----
[INFO] [stdout] 
[INFO] [stdout] thread 'test::git_diff_tests_testcases_git_diff_duplicate_lines_in_html' (851) panicked at src/main.rs:498:65:
[INFO] [stdout] called `Result::unwrap()` on an `Err` value: Os { code: 30, kind: ReadOnlyFilesystem, message: "Read-only file system" }
[INFO] [stdout] stack backtrace:
[INFO] [stdout]    0:     0x57dab6b98c47 - <unknown>
[INFO] [stdout]    1:     0x57dab6b50014 - <unknown>
[INFO] [stdout]    2:     0x57dab6b9820b - <unknown>
[INFO] [stdout]    3:     0x57dab6b97e09 - <unknown>
[INFO] [stdout]    4:     0x57dab6b97a8a - <unknown>
[INFO] [stdout]    5:     0x57dab6b975c3 - <unknown>
[INFO] [stdout]    6:     0x57dab6bbd7c1 - <unknown>
[INFO] [stdout]    7:     0x57dab6bbd779 - <unknown>
[INFO] [stdout]    8:     0x57dab6bbdc7c - <unknown>
[INFO] [stdout]    9:     0x57dab6b4feab - <unknown>
[INFO] [stdout]   10:     0x57dab6b535c1 - <unknown>
[INFO] [stdout]   11:     0x57dab6b41471 - <unknown>
[INFO] [stdout]   12:     0x57dab6b439e6 - <unknown>
[INFO] [stdout]   13:     0x57dab6bd447b - <unknown>
[INFO] [stdout]   14:     0x57dab6bcfdd2 - <unknown>
[INFO] [stdout]   15:     0x57dab6bcf87c - <unknown>
[INFO] [stdout]   16:     0x57dab6beab5c - <unknown>
[INFO] [stdout]   17:     0x57dab6bbedfa - <unknown>
[INFO] [stdout]   18:     0x76a6addb0dfa - <unknown>
[INFO] [stdout]   19:     0x76a6ade443d4 - clone
[INFO] [stdout]   20:                0x0 - <unknown>
[INFO] [stdout] 
[INFO] [stdout] ---- test::simple_rewrap_tests_testcases_comment_in_html stdout ----
[INFO] [stdout] 
[INFO] [stdout] thread 'test::simple_rewrap_tests_testcases_comment_in_html' (856) panicked at src/main.rs:451:65:
[INFO] [stdout] called `Result::unwrap()` on an `Err` value: Os { code: 30, kind: ReadOnlyFilesystem, message: "Read-only file system" }
[INFO] [stdout] stack backtrace:
[INFO] [stdout]    0:     0x57dab6b98c47 - <unknown>
[INFO] [stdout]    1:     0x57dab6b50014 - <unknown>
[INFO] [stdout]    2:     0x57dab6b9820b - <unknown>
[INFO] [stdout]    3:     0x57dab6b97e09 - <unknown>
[INFO] [stdout]    4:     0x57dab6b97a8a - <unknown>
[INFO] [stdout]    5:     0x57dab6b975c3 - <unknown>
[INFO] [stdout]    6:     0x57dab6bbd7c1 - <unknown>
[INFO] [stdout]    7:     0x57dab6bbd779 - <unknown>
[INFO] [stdout]    8:     0x57dab6bbdc7c - <unknown>
[INFO] [stdout]    9:     0x57dab6b4feab - <unknown>
[INFO] [stdout]   10:     0x57dab6b535c1 - <unknown>
[INFO] [stdout]   11:     0x57dab6b41bdb - <unknown>
[INFO] [stdout]   12:     0x57dab6b437b6 - <unknown>
[INFO] [stdout]   13:     0x57dab6bd447b - <unknown>
[INFO] [stdout]   14:     0x57dab6bcfdd2 - <unknown>
[INFO] [stdout]   15:     0x57dab6bcf87c - <unknown>
[INFO] [stdout]   16:     0x57dab6beab5c - <unknown>
[INFO] [stdout]   17:     0x57dab6bbedfa - <unknown>
[INFO] [stdout]   18:     0x76a6addb0dfa - <unknown>
[INFO] [stdout]   19:     0x76a6ade443d4 - clone
[INFO] [stdout]   20:                0x0 - <unknown>
[INFO] [stdout] 
[INFO] [stdout] ---- test::simple_rewrap_tests_testcases_comment_standalone_in_html stdout ----
[INFO] [stdout] 
[INFO] [stdout] thread 'test::simple_rewrap_tests_testcases_comment_standalone_in_html' (857) panicked at src/main.rs:451:65:
[INFO] [stdout] called `Result::unwrap()` on an `Err` value: Os { code: 30, kind: ReadOnlyFilesystem, message: "Read-only file system" }
[INFO] [stdout] stack backtrace:
[INFO] [stdout]    0:     0x57dab6b98c47 - <unknown>
[INFO] [stdout]    1:     0x57dab6b50014 - <unknown>
[INFO] [stdout]    2:     0x57dab6b9820b - <unknown>
[INFO] [stdout]    3:     0x57dab6b97e09 - <unknown>
[INFO] [stdout]    4:     0x57dab6b97a8a - <unknown>
[INFO] [stdout]    5:     0x57dab6b975c3 - <unknown>
[INFO] [stdout]    6:     0x57dab6bbd7c1 - <unknown>
[INFO] [stdout]    7:     0x57dab6bbd779 - <unknown>
[INFO] [stdout]    8:     0x57dab6bbdc7c - <unknown>
[INFO] [stdout]    9:     0x57dab6b4feab - <unknown>
[INFO] [stdout]   10:     0x57dab6b535c1 - <unknown>
[INFO] [stdout]   11:     0x57dab6b41bdb - <unknown>
[INFO] [stdout]   12:     0x57dab6b43992 - <unknown>
[INFO] [stdout]   13:     0x57dab6bd447b - <unknown>
[INFO] [stdout]   14:     0x57dab6bcfdd2 - <unknown>
[INFO] [stdout]   15:     0x57dab6bcf87c - <unknown>
[INFO] [stdout]   16:     0x57dab6beab5c - <unknown>
[INFO] [stdout]   17:     0x57dab6bbedfa - <unknown>
[INFO] [stdout]   18:     0x76a6addb0dfa - <unknown>
[INFO] [stdout]   19:     0x76a6ade443d4 - clone
[INFO] [stdout]   20:                0x0 - <unknown>
[INFO] [stdout] 
[INFO] [stdout] ---- test::git_diff_tests_testcases_git_diff_duplicate_lines_separated_in_html stdout ----
[INFO] [stdout] 
[INFO] [stdout] thread 'test::git_diff_tests_testcases_git_diff_duplicate_lines_separated_in_html' (853) panicked at src/main.rs:498:65:
[INFO] [stdout] called `Result::unwrap()` on an `Err` value: Os { code: 30, kind: ReadOnlyFilesystem, message: "Read-only file system" }
[INFO] [stdout] stack backtrace:
[INFO] [stdout]    0:     0x57dab6b98c47 - <unknown>
[INFO] [stdout]    1:     0x57dab6b50014 - <unknown>
[INFO] [stdout]    2:     0x57dab6b9820b - <unknown>
[INFO] [stdout]    3:     0x57dab6b97e09 - <unknown>
[INFO] [stdout]    4:     0x57dab6b97a8a - <unknown>
[INFO] [stdout]    5:     0x57dab6b975c3 - <unknown>
[INFO] [stdout]    6:     0x57dab6bbd7c1 - <unknown>
[INFO] [stdout]    7:     0x57dab6bbd779 - <unknown>
[INFO] [stdout]    8:     0x57dab6bbdc7c - <unknown>
[INFO] [stdout]    9:     0x57dab6b4feab - <unknown>
[INFO] [stdout]   10:     0x57dab6b535c1 - <unknown>
[INFO] [stdout]   11:     0x57dab6b41471 - <unknown>
[INFO] [stdout]   12:     0x57dab6b43ac6 - <unknown>
[INFO] [stdout]   13:     0x57dab6bd447b - <unknown>
[INFO] [stdout]   14:     0x57dab6bcfdd2 - <unknown>
[INFO] [stdout]   15:     0x57dab6bcf87c - <unknown>
[INFO] [stdout]   16:     0x57dab6beab5c - <unknown>
[INFO] [stdout]   17:     0x57dab6bbedfa - <unknown>
[INFO] [stdout]   18:     0x76a6addb0dfa - <unknown>
[INFO] [stdout]   19:     0x76a6ade443d4 - clone
[INFO] [stdout]   20:                0x0 - <unknown>
[INFO] [stdout] 
[INFO] [stdout] ---- test::simple_rewrap_tests_testcases_bad_indent_in_html stdout ----
[INFO] [stdout] 
[INFO] [stdout] thread 'test::simple_rewrap_tests_testcases_bad_indent_in_html' (854) panicked at src/main.rs:451:65:
[INFO] [stdout] called `Result::unwrap()` on an `Err` value: Os { code: 30, kind: ReadOnlyFilesystem, message: "Read-only file system" }
[INFO] [stdout] stack backtrace:
[INFO] [stdout]    0:     0x57dab6b98c47 - <unknown>
[INFO] [stdout]    1:     0x57dab6b50014 - <unknown>
[INFO] [stdout]    2:     0x57dab6b9820b - <unknown>
[INFO] [stdout]    3:     0x57dab6b97e09 - <unknown>
[INFO] [stdout]    4:     0x57dab6b97a8a - <unknown>
[INFO] [stdout]    5:     0x57dab6b975c3 - <unknown>
[INFO] [stdout]    6:     0x57dab6bbd7c1 - <unknown>
[INFO] [stdout]    7:     0x57dab6bbd779 - <unknown>
[INFO] [stdout]    8:     0x57dab6bbdc7c - <unknown>
[INFO] [stdout]    9:     0x57dab6b4feab - <unknown>
[INFO] [stdout]   10:     0x57dab6b535c1 - <unknown>
[INFO] [stdout]   11:     0x57dab6b41bdb - <unknown>
[INFO] [stdout]   12:     0x57dab6b4380a - <unknown>
[INFO] [stdout]   13:     0x57dab6bd447b - <unknown>
[INFO] [stdout]   14:     0x57dab6bcfdd2 - <unknown>
[INFO] [stdout]   15:     0x57dab6bcf87c - <unknown>
[INFO] [stdout]   16:     0x57dab6beab5c - <unknown>
[INFO] [stdout]   17:     0x57dab6bbedfa - <unknown>
[INFO] [stdout]   18:     0x76a6addb0dfa - <unknown>
[INFO] [stdout]   19:     0x76a6ade443d4 - clone
[INFO] [stdout]   20:                0x0 - <unknown>
[INFO] [stdout] 
[INFO] [stdout] ---- test::simple_rewrap_tests_testcases_comment_contains_exempt_block_in_html stdout ----
[INFO] [stdout] 
[INFO] [stdout] thread 'test::simple_rewrap_tests_testcases_comment_contains_exempt_block_in_html' (855) panicked at src/main.rs:451:65:
[INFO] [stdout] called `Result::unwrap()` on an `Err` value: Os { code: 30, kind: ReadOnlyFilesystem, message: "Read-only file system" }
[INFO] [stdout] stack backtrace:
[INFO] [stdout]    0:     0x57dab6b98c47 - <unknown>
[INFO] [stdout]    1:     0x57dab6b50014 - <unknown>
[INFO] [stdout]    2:     0x57dab6b9820b - <unknown>
[INFO] [stdout]    3:     0x57dab6b97e09 - <unknown>
[INFO] [stdout]    4:     0x57dab6b97a8a - <unknown>
[INFO] [stdout]    5:     0x57dab6b975c3 - <unknown>
[INFO] [stdout]    6:     0x57dab6bbd7c1 - <unknown>
[INFO] [stdout]    7:     0x57dab6bbd779 - <unknown>
[INFO] [stdout]    8:     0x57dab6bbdc7c - <unknown>
[INFO] [stdout]    9:     0x57dab6b4feab - <unknown>
[INFO] [stdout]   10:     0x57dab6b535c1 - <unknown>
[INFO] [stdout]   11:     0x57dab6b41bdb - <unknown>
[INFO] [stdout]   12:     0x57dab6b43ae2 - <unknown>
[INFO] [stdout]   13:     0x57dab6bd447b - <unknown>
[INFO] [stdout]   14:     0x57dab6bcfdd2 - <unknown>
[INFO] [stdout]   15:     0x57dab6bcf87c - <unknown>
[INFO] [stdout]   16:     0x57dab6beab5c - <unknown>
[INFO] [stdout]   17:     0x57dab6bbedfa - <unknown>
[INFO] [stdout]   18:     0x76a6addb0dfa - <unknown>
[INFO] [stdout]   19:     0x76a6ade443d4 - clone
[INFO] [stdout]   20:                0x0 - <unknown>
[INFO] [stdout] 
[INFO] [stdout] ---- test::git_diff_tests_testcases_git_diff_duplicate_lines_end_in_html stdout ----
[INFO] [stdout] 
[INFO] [stdout] thread 'test::git_diff_tests_testcases_git_diff_duplicate_lines_end_in_html' (850) panicked at src/main.rs:498:65:
[INFO] [stdout] called `Result::unwrap()` on an `Err` value: Os { code: 30, kind: ReadOnlyFilesystem, message: "Read-only file system" }
[INFO] [stdout] stack backtrace:
[INFO] [stdout]    0:     0x57dab6b98c47 - <unknown>
[INFO] [stdout]    1:     0x57dab6b50014 - <unknown>
[INFO] [stdout]    2:     0x57dab6b9820b - <unknown>
[INFO] [stdout]    3:     0x57dab6b97e09 - <unknown>
[INFO] [stdout]    4:     0x57dab6b97a8a - <unknown>
[INFO] [stdout]    5:     0x57dab6b975c3 - <unknown>
[INFO] [stdout]    6:     0x57dab6bbd7c1 - <unknown>
[INFO] [stdout]    7:     0x57dab6bbd779 - <unknown>
[INFO] [stdout]    8:     0x57dab6bbdc7c - <unknown>
[INFO] [stdout]    9:     0x57dab6b4feab - <unknown>
[INFO] [stdout]   10:     0x57dab6b535c1 - <unknown>
[INFO] [stdout]   11:     0x57dab6b41471 - <unknown>
[INFO] [stdout]   12:     0x57dab6b43a56 - <unknown>
[INFO] [stdout]   13:     0x57dab6bd447b - <unknown>
[INFO] [stdout]   14:     0x57dab6bcfdd2 - <unknown>
[INFO] [stdout]   15:     0x57dab6bcf87c - <unknown>
[INFO] [stdout]   16:     0x57dab6beab5c - <unknown>
[INFO] [stdout]   17:     0x57dab6bbedfa - <unknown>
[INFO] [stdout]   18:     0x76a6addb0dfa - <unknown>
[INFO] [stdout]   19:     0x76a6ade443d4 - clone
[INFO] [stdout]   20:                0x0 - <unknown>
[INFO] [stdout] 
[INFO] [stdout] ---- test::git_diff_tests_testcases_git_diff_addition_in_middle_of_p_does_not_look_upward_in_html stdout ----
[INFO] [stdout] 
[INFO] [stdout] thread 'test::git_diff_tests_testcases_git_diff_addition_in_middle_of_p_does_not_look_upward_in_html' (844) panicked at src/main.rs:498:65:
[INFO] [stdout] called `Result::unwrap()` on an `Err` value: Os { code: 30, kind: ReadOnlyFilesystem, message: "Read-only file system" }
[INFO] [stdout] stack backtrace:
[INFO] [stdout]    0:     0x57dab6b98c47 - <unknown>
[INFO] [stdout]    1:     0x57dab6b50014 - <unknown>
[INFO] [stdout]    2:     0x57dab6b9820b - <unknown>
[INFO] [stdout]    3:     0x57dab6b97e09 - <unknown>
[INFO] [stdout]    4:     0x57dab6b97a8a - <unknown>
[INFO] [stdout]    5:     0x57dab6b975c3 - <unknown>
[INFO] [stdout]    6:     0x57dab6bbd7c1 - <unknown>
[INFO] [stdout]    7:     0x57dab6bbd779 - <unknown>
[INFO] [stdout]    8:     0x57dab6bbdc7c - <unknown>
[INFO] [stdout]    9:     0x57dab6b4feab - <unknown>
[INFO] [stdout]   10:     0x57dab6b535c1 - <unknown>
[INFO] [stdout]   11:     0x57dab6b41471 - <unknown>
[INFO] [stdout]   12:     0x57dab6b43ba6 - <unknown>
[INFO] [stdout]   13:     0x57dab6bd447b - <unknown>
[INFO] [stdout]   14:     0x57dab6bcfdd2 - <unknown>
[INFO] [stdout]   15:     0x57dab6bcf87c - <unknown>
[INFO] [stdout]   16:     0x57dab6beab5c - <unknown>
[INFO] [stdout]   17:     0x57dab6bbedfa - <unknown>
[INFO] [stdout]   18:     0x76a6addb0dfa - <unknown>
[INFO] [stdout]   19:     0x76a6ade443d4 - clone
[INFO] [stdout]   20:                0x0 - <unknown>
[INFO] [stdout] 
[INFO] [stdout] ---- test::git_diff_tests_testcases_git_diff_addition_in_middle_no_newline_in_html stdout ----
[INFO] [stdout] 
[INFO] [stdout] thread 'test::git_diff_tests_testcases_git_diff_addition_in_middle_no_newline_in_html' (843) panicked at src/main.rs:498:65:
[INFO] [stdout] called `Result::unwrap()` on an `Err` value: Os { code: 30, kind: ReadOnlyFilesystem, message: "Read-only file system" }
[INFO] [stdout] stack backtrace:
[INFO] [stdout]    0:     0x57dab6b98c47 - <unknown>
[INFO] [stdout]    1:     0x57dab6b50014 - <unknown>
[INFO] [stdout]    2:     0x57dab6b9820b - <unknown>
[INFO] [stdout]    3:     0x57dab6b97e09 - <unknown>
[INFO] [stdout]    4:     0x57dab6b97a8a - <unknown>
[INFO] [stdout]    5:     0x57dab6b975c3 - <unknown>
[INFO] [stdout]    6:     0x57dab6bbd7c1 - <unknown>
[INFO] [stdout]    7:     0x57dab6bbd779 - <unknown>
[INFO] [stdout]    8:     0x57dab6bbdc7c - <unknown>
[INFO] [stdout]    9:     0x57dab6b4feab - <unknown>
[INFO] [stdout]   10:     0x57dab6b535c1 - <unknown>
[INFO] [stdout]   11:     0x57dab6b41471 - <unknown>
[INFO] [stdout]   12:     0x57dab6b43b1a - <unknown>
[INFO] [stdout]   13:     0x57dab6bd447b - <unknown>
[INFO] [stdout]   14:     0x57dab6bcfdd2 - <unknown>
[INFO] [stdout]   15:     0x57dab6bcf87c - <unknown>
[INFO] [stdout]   16:     0x57dab6beab5c - <unknown>
[INFO] [stdout]   17:     0x57dab6bbedfa - <unknown>
[INFO] [stdout]   18:     0x76a6addb0dfa - <unknown>
[INFO] [stdout]   19:     0x76a6ade443d4 - clone
[INFO] [stdout]   20:                0x0 - <unknown>
[INFO] [stdout] 
[INFO] [stdout] ---- test::simple_rewrap_tests_testcases_complex_list_in_html stdout ----
[INFO] [stdout] 
[INFO] [stdout] thread 'test::simple_rewrap_tests_testcases_complex_list_in_html' (858) panicked at src/main.rs:451:65:
[INFO] [stdout] called `Result::unwrap()` on an `Err` value: Os { code: 30, kind: ReadOnlyFilesystem, message: "Read-only file system" }
[INFO] [stdout] stack backtrace:
[INFO] [stdout]    0:     0x57dab6b98c47 - <unknown>
[INFO] [stdout]    1:     0x57dab6b50014 - <unknown>
[INFO] [stdout]    2:     0x57dab6b9820b - <unknown>
[INFO] [stdout]    3:     0x57dab6b97e09 - <unknown>
[INFO] [stdout]    4:     0x57dab6b97a8a - <unknown>
[INFO] [stdout]    5:     0x57dab6b975c3 - <unknown>
[INFO] [stdout]    6:     0x57dab6bbd7c1 - <unknown>
[INFO] [stdout]    7:     0x57dab6bbd779 - <unknown>
[INFO] [stdout]    8:     0x57dab6bbdc7c - <unknown>
[INFO] [stdout]    9:     0x57dab6b4feab - <unknown>
[INFO] [stdout]   10:     0x57dab6b535c1 - <unknown>
[INFO] [stdout]   11:     0x57dab6b41bdb - <unknown>
[INFO] [stdout]   12:     0x57dab6b4385e - <unknown>
[INFO] [stdout]   13:     0x57dab6bd447b - <unknown>
[INFO] [stdout]   14:     0x57dab6bcfdd2 - <unknown>
[INFO] [stdout]   15:     0x57dab6bcf87c - <unknown>
[INFO] [stdout]   16:     0x57dab6beab5c - <unknown>
[INFO] [stdout]   17:     0x57dab6bbedfa - <unknown>
[INFO] [stdout]   18:     0x76a6addb0dfa - <unknown>
[INFO] [stdout]   19:     0x76a6ade443d4 - clone
[INFO] [stdout]   20:                0x0 - <unknown>
[INFO] [stdout] 
[INFO] [stdout] ---- test::git_diff_tests_testcases_git_diff_dd_addition_terminating_point_in_html stdout ----
[INFO] [stdout] 
[INFO] [stdout] thread 'test::git_diff_tests_testcases_git_diff_dd_addition_terminating_point_in_html' (846) panicked at src/main.rs:498:65:
[INFO] [stdout] called `Result::unwrap()` on an `Err` value: Os { code: 30, kind: ReadOnlyFilesystem, message: "Read-only file system" }
[INFO] [stdout] stack backtrace:
[INFO] [stdout]    0:     0x57dab6b98c47 - <unknown>
[INFO] [stdout]    1:     0x57dab6b50014 - <unknown>
[INFO] [stdout]    2:     0x57dab6b9820b - <unknown>
[INFO] [stdout]    3:     0x57dab6b97e09 - <unknown>
[INFO] [stdout]    4:     0x57dab6b97a8a - <unknown>
[INFO] [stdout]    5:     0x57dab6b975c3 - <unknown>
[INFO] [stdout]    6:     0x57dab6bbd7c1 - <unknown>
[INFO] [stdout]    7:     0x57dab6bbd779 - <unknown>
[INFO] [stdout]    8:     0x57dab6bbdc7c - <unknown>
[INFO] [stdout]    9:     0x57dab6b4feab - <unknown>
[INFO] [stdout]   10:     0x57dab6b535c1 - <unknown>
[INFO] [stdout]   11:     0x57dab6b41471 - <unknown>
[INFO] [stdout]   12:     0x57dab6b43b36 - <unknown>
[INFO] [stdout]   13:     0x57dab6bd447b - <unknown>
[INFO] [stdout]   14:     0x57dab6bcfdd2 - <unknown>
[INFO] [stdout]   15:     0x57dab6bcf87c - <unknown>
[INFO] [stdout]   16:     0x57dab6beab5c - <unknown>
[INFO] [stdout]   17:     0x57dab6bbedfa - <unknown>
[INFO] [stdout]   18:     0x76a6addb0dfa - <unknown>
[INFO] [stdout]   19:     0x76a6ade443d4 - clone
[INFO] [stdout]   20:                0x0 - <unknown>
[INFO] [stdout] 
[INFO] [stdout] ---- test::git_diff_tests_testcases_git_diff_addition_in_middle_of_p_in_html stdout ----
[INFO] [stdout] 
[INFO] [stdout] thread 'test::git_diff_tests_testcases_git_diff_addition_in_middle_of_p_in_html' (845) panicked at src/main.rs:498:65:
[INFO] [stdout] called `Result::unwrap()` on an `Err` value: Os { code: 30, kind: ReadOnlyFilesystem, message: "Read-only file system" }
[INFO] [stdout] stack backtrace:
[INFO] [stdout]    0:     0x57dab6b98c47 - <unknown>
[INFO] [stdout]    1:     0x57dab6b50014 - <unknown>
[INFO] [stdout]    2:     0x57dab6b9820b - <unknown>
[INFO] [stdout]    3:     0x57dab6b97e09 - <unknown>
[INFO] [stdout]    4:     0x57dab6b97a8a - <unknown>
[INFO] [stdout]    5:     0x57dab6b975c3 - <unknown>
[INFO] [stdout]    6:     0x57dab6bbd7c1 - <unknown>
[INFO] [stdout]    7:     0x57dab6bbd779 - <unknown>
[INFO] [stdout]    8:     0x57dab6bbdc7c - <unknown>
[INFO] [stdout]    9:     0x57dab6b4feab - <unknown>
[INFO] [stdout]   10:     0x57dab6b535c1 - <unknown>
[INFO] [stdout]   11:     0x57dab6b41471 - <unknown>
[INFO] [stdout]   12:     0x57dab6b43aaa - <unknown>
[INFO] [stdout]   13:     0x57dab6bd447b - <unknown>
[INFO] [stdout]   14:     0x57dab6bcfdd2 - <unknown>
[INFO] [stdout]   15:     0x57dab6bcf87c - <unknown>
[INFO] [stdout]   16:     0x57dab6beab5c - <unknown>
[INFO] [stdout]   17:     0x57dab6bbedfa - <unknown>
[INFO] [stdout]   18:     0x76a6addb0dfa - <unknown>
[INFO] [stdout]   19:     0x76a6ade443d4 - clone
[INFO] [stdout]   20:                0x0 - <unknown>
[INFO] [stdout] 
[INFO] [stdout] ---- test::git_diff_tests_testcases_git_diff_addition_in_middle_but_last_line_has_terminating_condition_in_html stdout ----
[INFO] [stdout] 
[INFO] [stdout] thread 'test::git_diff_tests_testcases_git_diff_addition_in_middle_but_last_line_has_terminating_condition_in_html' (841) panicked at src/main.rs:498:65:
[INFO] [stdout] called `Result::unwrap()` on an `Err` value: Os { code: 30, kind: ReadOnlyFilesystem, message: "Read-only file system" }
[INFO] [stdout] stack backtrace:
[INFO] [stdout]    0:     0x57dab6b98c47 - <unknown>
[INFO] [stdout]    1:     0x57dab6b50014 - <unknown>
[INFO] [stdout]    2:     0x57dab6b9820b - <unknown>
[INFO] [stdout]    3:     0x57dab6b97e09 - <unknown>
[INFO] [stdout]    4:     0x57dab6b97a8a - <unknown>
[INFO] [stdout]    5:     0x57dab6b975c3 - <unknown>
[INFO] [stdout]    6:     0x57dab6bbd7c1 - <unknown>
[INFO] [stdout]    7:     0x57dab6bbd779 - <unknown>
[INFO] [stdout]    8:     0x57dab6bbdc7c - <unknown>
[INFO] [stdout]    9:     0x57dab6b4feab - <unknown>
[INFO] [stdout]   10:     0x57dab6b535c1 - <unknown>
[INFO] [stdout]   11:     0x57dab6b41471 - <unknown>
[INFO] [stdout]   12:     0x57dab6b4370e - <unknown>
[INFO] [stdout]   13:     0x57dab6bd447b - <unknown>
[INFO] [stdout]   14:     0x57dab6bcfdd2 - <unknown>
[INFO] [stdout]   15:     0x57dab6bcf87c - <unknown>
[INFO] [stdout]   16:     0x57dab6beab5c - <unknown>
[INFO] [stdout]   17:     0x57dab6bbedfa - <unknown>
[INFO] [stdout]   18:     0x76a6addb0dfa - <unknown>
[INFO] [stdout]   19:     0x76a6ade443d4 - clone
[INFO] [stdout]   20:                0x0 - <unknown>
[INFO] [stdout] 
[INFO] [stdout] ---- test::git_diff_tests_testcases_git_diff_duplicate_lines_diff_in_middle_in_html stdout ----
[INFO] [stdout] 
[INFO] [stdout] thread 'test::git_diff_tests_testcases_git_diff_duplicate_lines_diff_in_middle_in_html' (849) panicked at src/main.rs:498:65:
[INFO] [stdout] called `Result::unwrap()` on an `Err` value: Os { code: 30, kind: ReadOnlyFilesystem, message: "Read-only file system" }
[INFO] [stdout] stack backtrace:
[INFO] [stdout]    0:     0x57dab6b98c47 - <unknown>
[INFO] [stdout]    1:     0x57dab6b50014 - <unknown>
[INFO] [stdout]    2:     0x57dab6b9820b - <unknown>
[INFO] [stdout]    3:     0x57dab6b97e09 - <unknown>
[INFO] [stdout]    4:     0x57dab6b97a8a - <unknown>
[INFO] [stdout]    5:     0x57dab6b975c3 - <unknown>
[INFO] [stdout]    6:     0x57dab6bbd7c1 - <unknown>
[INFO] [stdout]    7:     0x57dab6bbd779 - <unknown>
[INFO] [stdout]    8:     0x57dab6bbdc7c - <unknown>
[INFO] [stdout]    9:     0x57dab6b4feab - <unknown>
[INFO] [stdout]   10:     0x57dab6b535c1 - <unknown>
[INFO] [stdout]   11:     0x57dab6b41471 - <unknown>
[INFO] [stdout]   12:     0x57dab6b43b6e - <unknown>
[INFO] [stdout]   13:     0x57dab6bd447b - <unknown>
[INFO] [stdout]   14:     0x57dab6bcfdd2 - <unknown>
[INFO] [stdout]   15:     0x57dab6bcf87c - <unknown>
[INFO] [stdout]   16:     0x57dab6beab5c - <unknown>
[INFO] [stdout]   17:     0x57dab6bbedfa - <unknown>
[INFO] [stdout]   18:     0x76a6addb0dfa - <unknown>
[INFO] [stdout]   19:     0x76a6ade443d4 - clone
[INFO] [stdout]   20:                0x0 - <unknown>
[INFO] [stdout] 
[INFO] [stdout] ---- test::simple_rewrap_tests_testcases_dl_in_html stdout ----
[INFO] [stdout] 
[INFO] [stdout] thread 'test::simple_rewrap_tests_testcases_dl_in_html' (859) panicked at src/main.rs:451:65:
[INFO] [stdout] called `Result::unwrap()` on an `Err` value: Os { code: 30, kind: ReadOnlyFilesystem, message: "Read-only file system" }
[INFO] [stdout] stack backtrace:
[INFO] [stdout]    0:     0x57dab6b98c47 - <unknown>
[INFO] [stdout]    1:     0x57dab6b50014 - <unknown>
[INFO] [stdout]    2:     0x57dab6b9820b - <unknown>
[INFO] [stdout]    3:     0x57dab6b97e09 - <unknown>
[INFO] [stdout]    4:     0x57dab6b97a8a - <unknown>
[INFO] [stdout]    5:     0x57dab6b975c3 - <unknown>
[INFO] [stdout]    6:     0x57dab6bbd7c1 - <unknown>
[INFO] [stdout]    7:     0x57dab6bbd779 - <unknown>
[INFO] [stdout]    8:     0x57dab6bbdc7c - <unknown>
[INFO] [stdout]    9:     0x57dab6b4feab - <unknown>
[INFO] [stdout]   10:     0x57dab6b535c1 - <unknown>
[INFO] [stdout]   11:     0x57dab6b41bdb - <unknown>
[INFO] [stdout]   12:     0x57dab6b4372a - <unknown>
[INFO] [stdout]   13:     0x57dab6bd447b - <unknown>
[INFO] [stdout]   14:     0x57dab6bcfdd2 - <unknown>
[INFO] [stdout]   15:     0x57dab6bcf87c - <unknown>
[INFO] [stdout]   16:     0x57dab6beab5c - <unknown>
[INFO] [stdout]   17:     0x57dab6bbedfa - <unknown>
[INFO] [stdout]   18:     0x76a6addb0dfa - <unknown>
[INFO] [stdout]   19:     0x76a6ade443d4 - clone
[INFO] [stdout]   20:                0x0 - <unknown>
[INFO] [stdout] 
[INFO] [stdout] ---- test::simple_rewrap_tests_testcases_dt_dd_in_html stdout ----
[INFO] [stdout] 
[INFO] [stdout] thread 'test::simple_rewrap_tests_testcases_dt_dd_in_html' (861) panicked at src/main.rs:451:65:
[INFO] [stdout] called `Result::unwrap()` on an `Err` value: Os { code: 30, kind: ReadOnlyFilesystem, message: "Read-only file system" }
[INFO] [stdout] stack backtrace:
[INFO] [stdout]    0:     0x57dab6b98c47 - <unknown>
[INFO] [stdout]    1:     0x57dab6b50014 - <unknown>
[INFO] [stdout]    2:     0x57dab6b9820b - <unknown>
[INFO] [stdout]    3:     0x57dab6b97e09 - <unknown>
[INFO] [stdout]    4:     0x57dab6b97a8a - <unknown>
[INFO] [stdout]    5:     0x57dab6b975c3 - <unknown>
[INFO] [stdout]    6:     0x57dab6bbd7c1 - <unknown>
[INFO] [stdout]    7:     0x57dab6bbd779 - <unknown>
[INFO] [stdout]    8:     0x57dab6bbdc7c - <unknown>
[INFO] [stdout]    9:     0x57dab6b4feab - <unknown>
[INFO] [stdout]   10:     0x57dab6b535c1 - <unknown>
[INFO] [stdout]   11:     0x57dab6b41bdb - <unknown>
[INFO] [stdout]   12:     0x57dab6b43746 - <unknown>
[INFO] [stdout]   13:     0x57dab6bd447b - <unknown>
[INFO] [stdout]   14:     0x57dab6bcfdd2 - <unknown>
[INFO] [stdout]   15:     0x57dab6bcf87c - <unknown>
[INFO] [stdout]   16:     0x57dab6beab5c - <unknown>
[INFO] [stdout]   17:     0x57dab6bbedfa - <unknown>
[INFO] [stdout]   18:     0x76a6addb0dfa - <unknown>
[INFO] [stdout]   19:     0x76a6ade443d4 - clone
[INFO] [stdout]   20:                0x0 - <unknown>
[INFO] [stdout] 
[INFO] [stdout] ---- test::simple_rewrap_tests_testcases_everything_too_long_in_html stdout ----
[INFO] [stdout] 
[INFO] [stdout] thread 'test::simple_rewrap_tests_testcases_everything_too_long_in_html' (864) panicked at src/main.rs:451:65:
[INFO] [stdout] called `Result::unwrap()` on an `Err` value: Os { code: 30, kind: ReadOnlyFilesystem, message: "Read-only file system" }
[INFO] [stdout] stack backtrace:
[INFO] [stdout]    0:     0x57dab6b98c47 - <unknown>
[INFO] [stdout]    1:     0x57dab6b50014 - <unknown>
[INFO] [stdout]    2:     0x57dab6b9820b - <unknown>
[INFO] [stdout]    3:     0x57dab6b97e09 - <unknown>
[INFO] [stdout]    4:     0x57dab6b97a8a - <unknown>
[INFO] [stdout]    5:     0x57dab6b975c3 - <unknown>
[INFO] [stdout]    6:     0x57dab6bbd7c1 - <unknown>
[INFO] [stdout]    7:     0x57dab6bbd779 - <unknown>
[INFO] [stdout]    8:     0x57dab6bbdc7c - <unknown>
[INFO] [stdout]    9:     0x57dab6b4feab - <unknown>
[INFO] [stdout]   10:     0x57dab6b535c1 - <unknown>
[INFO] [stdout]   11:     0x57dab6b41bdb - <unknown>
[INFO] [stdout]   12:     0x57dab6b43a02 - <unknown>
[INFO] [stdout]   13:     0x57dab6bd447b - <unknown>
[INFO] [stdout]   14:     0x57dab6bcfdd2 - <unknown>
[INFO] [stdout]   15:     0x57dab6bcf87c - <unknown>
[INFO] [stdout]   16:     0x57dab6beab5c - <unknown>
[INFO] [stdout]   17:     0x57dab6bbedfa - <unknown>
[INFO] [stdout]   18:     0x76a6addb0dfa - <unknown>
[INFO] [stdout]   19:     0x76a6ade443d4 - clone
[INFO] [stdout]   20:                0x0 - <unknown>
[INFO] [stdout] 
[INFO] [stdout] ---- test::simple_rewrap_tests_testcases_empty_in_html stdout ----
[INFO] [stdout] 
[INFO] [stdout] thread 'test::simple_rewrap_tests_testcases_empty_in_html' (863) panicked at src/main.rs:451:65:
[INFO] [stdout] called `Result::unwrap()` on an `Err` value: Os { code: 30, kind: ReadOnlyFilesystem, message: "Read-only file system" }
[INFO] [stdout] stack backtrace:
[INFO] [stdout]    0:     0x57dab6b98c47 - <unknown>
[INFO] [stdout]    1:     0x57dab6b50014 - <unknown>
[INFO] [stdout]    2:     0x57dab6b9820b - <unknown>
[INFO] [stdout]    3:     0x57dab6b97e09 - <unknown>
[INFO] [stdout]    4:     0x57dab6b97a8a - <unknown>
[INFO] [stdout]    5:     0x57dab6b975c3 - <unknown>
[INFO] [stdout]    6:     0x57dab6bbd7c1 - <unknown>
[INFO] [stdout]    7:     0x57dab6bbd779 - <unknown>
[INFO] [stdout]    8:     0x57dab6bbdc7c - <unknown>
[INFO] [stdout]    9:     0x57dab6b4feab - <unknown>
[INFO] [stdout]   10:     0x57dab6b535c1 - <unknown>
[INFO] [stdout]   11:     0x57dab6b41bdb - <unknown>
[INFO] [stdout]   12:     0x57dab6b43762 - <unknown>
[INFO] [stdout]   13:     0x57dab6bd447b - <unknown>
[INFO] [stdout]   14:     0x57dab6bcfdd2 - <unknown>
[INFO] [stdout]   15:     0x57dab6bcf87c - <unknown>
[INFO] [stdout]   16:     0x57dab6beab5c - <unknown>
[INFO] [stdout]   17:     0x57dab6bbedfa - <unknown>
[INFO] [stdout]   18:     0x76a6addb0dfa - <unknown>
[INFO] [stdout]   19:     0x76a6ade443d4 - clone
[INFO] [stdout]   20:                0x0 - <unknown>
[INFO] [stdout] 
[INFO] [stdout] ---- test::simple_rewrap_tests_testcases_dl_markdown_in_html stdout ----
[INFO] [stdout] 
[INFO] [stdout] thread 'test::simple_rewrap_tests_testcases_dl_markdown_in_html' (860) panicked at src/main.rs:451:65:
[INFO] [stdout] called `Result::unwrap()` on an `Err` value: Os { code: 30, kind: ReadOnlyFilesystem, message: "Read-only file system" }
[INFO] [stdout] stack backtrace:
[INFO] [stdout]    0:     0x57dab6b98c47 - <unknown>
[INFO] [stdout]    1:     0x57dab6b50014 - <unknown>
[INFO] [stdout]    2:     0x57dab6b9820b - <unknown>
[INFO] [stdout]    3:     0x57dab6b97e09 - <unknown>
[INFO] [stdout]    4:     0x57dab6b97a8a - <unknown>
[INFO] [stdout]    5:     0x57dab6b975c3 - <unknown>
[INFO] [stdout]    6:     0x57dab6bbd7c1 - <unknown>
[INFO] [stdout]    7:     0x57dab6bbd779 - <unknown>
[INFO] [stdout]    8:     0x57dab6bbdc7c - <unknown>
[INFO] [stdout]    9:     0x57dab6b4feab - <unknown>
[INFO] [stdout]   10:     0x57dab6b535c1 - <unknown>
[INFO] [stdout]   11:     0x57dab6b41bdb - <unknown>
[INFO] [stdout]   12:     0x57dab6b43826 - <unknown>
[INFO] [stdout]   13:     0x57dab6bd447b - <unknown>
[INFO] [stdout]   14:     0x57dab6bcfdd2 - <unknown>
[INFO] [stdout]   15:     0x57dab6bcf87c - <unknown>
[INFO] [stdout]   16:     0x57dab6beab5c - <unknown>
[INFO] [stdout]   17:     0x57dab6bbedfa - <unknown>
[INFO] [stdout]   18:     0x76a6addb0dfa - <unknown>
[INFO] [stdout]   19:     0x76a6ade443d4 - clone
[INFO] [stdout]   20:                0x0 - <unknown>
[INFO] [stdout] 
[INFO] [stdout] ---- test::simple_rewrap_tests_testcases_multiple_dd_same_line_in_html stdout ----
[INFO] [stdout] 
[INFO] [stdout] thread 'test::simple_rewrap_tests_testcases_multiple_dd_same_line_in_html' (870) panicked at src/main.rs:451:65:
[INFO] [stdout] called `Result::unwrap()` on an `Err` value: Os { code: 30, kind: ReadOnlyFilesystem, message: "Read-only file system" }
[INFO] [stdout] stack backtrace:
[INFO] [stdout]    0:     0x57dab6b98c47 - <unknown>
[INFO] [stdout]    1:     0x57dab6b50014 - <unknown>
[INFO] [stdout]    2:     0x57dab6b9820b - <unknown>
[INFO] [stdout]    3:     0x57dab6b97e09 - <unknown>
[INFO] [stdout]    4:     0x57dab6b97a8a - <unknown>
[INFO] [stdout]    5:     0x57dab6b975c3 - <unknown>
[INFO] [stdout]    6:     0x57dab6bbd7c1 - <unknown>
[INFO] [stdout]    7:     0x57dab6bbd779 - <unknown>
[INFO] [stdout]    8:     0x57dab6bbdc7c - <unknown>
[INFO] [stdout]    9:     0x57dab6b4feab - <unknown>
[INFO] [stdout]   10:     0x57dab6b535c1 - <unknown>
[INFO] [stdout]   11:     0x57dab6b41bdb - <unknown>
[INFO] [stdout]   12:     0x57dab6b43a3a - <unknown>
[INFO] [stdout]   13:     0x57dab6bd447b - <unknown>
[INFO] [stdout]   14:     0x57dab6bcfdd2 - <unknown>
[INFO] [stdout]   15:     0x57dab6bcf87c - <unknown>
[INFO] [stdout]   16:     0x57dab6beab5c - <unknown>
[INFO] [stdout]   17:     0x57dab6bbedfa - <unknown>
[INFO] [stdout]   18:     0x76a6addb0dfa - <unknown>
[INFO] [stdout]   19:     0x76a6ade443d4 - clone
[INFO] [stdout]   20:                0x0 - <unknown>
[INFO] [stdout] 
[INFO] [stdout] ---- test::simple_rewrap_tests_testcases_dt_not_smooshed_up_in_html stdout ----
[INFO] [stdout] 
[INFO] [stdout] thread 'test::simple_rewrap_tests_testcases_dt_not_smooshed_up_in_html' (862) panicked at src/main.rs:451:65:
[INFO] [stdout] called `Result::unwrap()` on an `Err` value: Os { code: 30, kind: ReadOnlyFilesystem, message: "Read-only file system" }
[INFO] [stdout] stack backtrace:
[INFO] [stdout]    0:     0x57dab6b98c47 - <unknown>
[INFO] [stdout]    1:     0x57dab6b50014 - <unknown>
[INFO] [stdout]    2:     0x57dab6b9820b - <unknown>
[INFO] [stdout]    3:     0x57dab6b97e09 - <unknown>
[INFO] [stdout]    4:     0x57dab6b97a8a - <unknown>
[INFO] [stdout]    5:     0x57dab6b975c3 - <unknown>
[INFO] [stdout]    6:     0x57dab6bbd7c1 - <unknown>
[INFO] [stdout]    7:     0x57dab6bbd779 - <unknown>
[INFO] [stdout]    8:     0x57dab6bbdc7c - <unknown>
[INFO] [stdout]    9:     0x57dab6b4feab - <unknown>
[INFO] [stdout]   10:     0x57dab6b535c1 - <unknown>
[INFO] [stdout]   11:     0x57dab6b41bdb - <unknown>
[INFO] [stdout]   12:     0x57dab6b439ae - <unknown>
[INFO] [stdout]   13:     0x57dab6bd447b - <unknown>
[INFO] [stdout]   14:     0x57dab6bcfdd2 - <unknown>
[INFO] [stdout]   15:     0x57dab6bcf87c - <unknown>
[INFO] [stdout]   16:     0x57dab6beab5c - <unknown>
[INFO] [stdout]   17:     0x57dab6bbedfa - <unknown>
[INFO] [stdout]   18:     0x76a6addb0dfa - <unknown>
[INFO] [stdout]   19:     0x76a6ade443d4 - clone
[INFO] [stdout]   20:                0x0 - <unknown>
[INFO] [stdout] 
[INFO] [stdout] ---- test::simple_rewrap_tests_testcases_numbered_list_in_html stdout ----
[INFO] [stdout] 
[INFO] [stdout] thread 'test::simple_rewrap_tests_testcases_numbered_list_in_html' (873) panicked at src/main.rs:451:65:
[INFO] [stdout] called `Result::unwrap()` on an `Err` value: Os { code: 30, kind: ReadOnlyFilesystem, message: "Read-only file system" }
[INFO] [stdout] stack backtrace:
[INFO] [stdout]    0:     0x57dab6b98c47 - <unknown>
[INFO] [stdout]    1:     0x57dab6b50014 - <unknown>
[INFO] [stdout]    2:     0x57dab6b9820b - <unknown>
[INFO] [stdout]    3:     0x57dab6b97e09 - <unknown>
[INFO] [stdout]    4:     0x57dab6b97a8a - <unknown>
[INFO] [stdout]    5:     0x57dab6b975c3 - <unknown>
[INFO] [stdout]    6:     0x57dab6bbd7c1 - <unknown>
[INFO] [stdout]    7:     0x57dab6bbd779 - <unknown>
[INFO] [stdout]    8:     0x57dab6bbdc7c - <unknown>
[INFO] [stdout]    9:     0x57dab6b4feab - <unknown>
[INFO] [stdout]   10:     0x57dab6b535c1 - <unknown>
[INFO] [stdout]   11:     0x57dab6b41bdb - <unknown>
[INFO] [stdout]   12:     0x57dab6b438ea - <unknown>
[INFO] [stdout]   13:     0x57dab6bd447b - <unknown>
[INFO] [stdout]   14:     0x57dab6bcfdd2 - <unknown>
[INFO] [stdout]   15:     0x57dab6bcf87c - <unknown>
[INFO] [stdout]   16:     0x57dab6beab5c - <unknown>
[INFO] [stdout]   17:     0x57dab6bbedfa - <unknown>
[INFO] [stdout]   18:     0x76a6addb0dfa - <unknown>
[INFO] [stdout]   19:     0x76a6ade443d4 - clone
[INFO] [stdout]   20:                0x0 - <unknown>
[INFO] [stdout] 
[INFO] [stdout] ---- test::simple_rewrap_tests_testcases_exempt_blocks_in_html stdout ----
[INFO] [stdout] 
[INFO] [stdout] thread 'test::simple_rewrap_tests_testcases_exempt_blocks_in_html' (865) panicked at src/main.rs:451:65:
[INFO] [stdout] called `Result::unwrap()` on an `Err` value: Os { code: 30, kind: ReadOnlyFilesystem, message: "Read-only file system" }
[INFO] [stdout] stack backtrace:
[INFO] [stdout]    0:     0x57dab6b98c47 - <unknown>
[INFO] [stdout]    1:     0x57dab6b50014 - <unknown>
[INFO] [stdout]    2:     0x57dab6b9820b - <unknown>
[INFO] [stdout]    3:     0x57dab6b97e09 - <unknown>
[INFO] [stdout]    4:     0x57dab6b97a8a - <unknown>
[INFO] [stdout]    5:     0x57dab6b975c3 - <unknown>
[INFO] [stdout]    6:     0x57dab6bbd7c1 - <unknown>
[INFO] [stdout]    7:     0x57dab6bbd779 - <unknown>
[INFO] [stdout]    8:     0x57dab6bbdc7c - <unknown>
[INFO] [stdout]    9:     0x57dab6b4feab - <unknown>
[INFO] [stdout]   10:     0x57dab6b535c1 - <unknown>
[INFO] [stdout]   11:     0x57dab6b41bdb - <unknown>
[INFO] [stdout]   12:     0x57dab6b438b2 - <unknown>
[INFO] [stdout]   13:     0x57dab6bd447b - <unknown>
[INFO] [stdout]   14:     0x57dab6bcfdd2 - <unknown>
[INFO] [stdout]   15:     0x57dab6bcf87c - <unknown>
[INFO] [stdout]   16:     0x57dab6beab5c - <unknown>
[INFO] [stdout]   17:     0x57dab6bbedfa - <unknown>
[INFO] [stdout]   18:     0x76a6addb0dfa - <unknown>
[INFO] [stdout]   19:     0x76a6ade443d4 - clone
[INFO] [stdout]   20:                0x0 - <unknown>
[INFO] [stdout] 
[INFO] [stdout] ---- test::simple_rewrap_tests_testcases_multiple_dd_in_html stdout ----
[INFO] [stdout] 
[INFO] [stdout] thread 'test::simple_rewrap_tests_testcases_multiple_dd_in_html' (869) panicked at src/main.rs:451:65:
[INFO] [stdout] called `Result::unwrap()` on an `Err` value: Os { code: 30, kind: ReadOnlyFilesystem, message: "Read-only file system" }
[INFO] [stdout] stack backtrace:
[INFO] [stdout]    0:     0x57dab6b98c47 - <unknown>
[INFO] [stdout]    1:     0x57dab6b50014 - <unknown>
[INFO] [stdout]    2:     0x57dab6b9820b - <unknown>
[INFO] [stdout]    3:     0x57dab6b97e09 - <unknown>
[INFO] [stdout]    4:     0x57dab6b97a8a - <unknown>
[INFO] [stdout]    5:     0x57dab6b975c3 - <unknown>
[INFO] [stdout]    6:     0x57dab6bbd7c1 - <unknown>
[INFO] [stdout]    7:     0x57dab6bbd779 - <unknown>
[INFO] [stdout]    8:     0x57dab6bbdc7c - <unknown>
[INFO] [stdout]    9:     0x57dab6b4feab - <unknown>
[INFO] [stdout]   10:     0x57dab6b535c1 - <unknown>
[INFO] [stdout]   11:     0x57dab6b41bdb - <unknown>
[INFO] [stdout]   12:     0x57dab6b43842 - <unknown>
[INFO] [stdout]   13:     0x57dab6bd447b - <unknown>
[INFO] [stdout]   14:     0x57dab6bcfdd2 - <unknown>
[INFO] [stdout]   15:     0x57dab6bcf87c - <unknown>
[INFO] [stdout]   16:     0x57dab6beab5c - <unknown>
[INFO] [stdout]   17:     0x57dab6bbedfa - <unknown>
[INFO] [stdout]   18:     0x76a6addb0dfa - <unknown>
[INFO] [stdout]   19:     0x76a6ade443d4 - clone
[INFO] [stdout]   20:                0x0 - <unknown>
[INFO] [stdout] 
[INFO] [stdout] ---- test::simple_rewrap_tests_testcases_header_in_html stdout ----
[INFO] [stdout] 
[INFO] [stdout] thread 'test::simple_rewrap_tests_testcases_header_in_html' (866) panicked at src/main.rs:451:65:
[INFO] [stdout] called `Result::unwrap()` on an `Err` value: Os { code: 30, kind: ReadOnlyFilesystem, message: "Read-only file system" }
[INFO] [stdout] stack backtrace:
[INFO] [stdout]    0:     0x57dab6b98c47 - <unknown>
[INFO] [stdout]    1:     0x57dab6b50014 - <unknown>
[INFO] [stdout]    2:     0x57dab6b9820b - <unknown>
[INFO] [stdout]    3:     0x57dab6b97e09 - <unknown>
[INFO] [stdout]    4:     0x57dab6b97a8a - <unknown>
[INFO] [stdout]    5:     0x57dab6b975c3 - <unknown>
[INFO] [stdout]    6:     0x57dab6bbd7c1 - <unknown>
[INFO] [stdout]    7:     0x57dab6bbd779 - <unknown>
[INFO] [stdout]    8:     0x57dab6bbdc7c - <unknown>
[INFO] [stdout]    9:     0x57dab6b4feab - <unknown>
[INFO] [stdout]   10:     0x57dab6b535c1 - <unknown>
[INFO] [stdout]   11:     0x57dab6b41bdb - <unknown>
[INFO] [stdout]   12:     0x57dab6b4377e - <unknown>
[INFO] [stdout]   13:     0x57dab6bd447b - <unknown>
[INFO] [stdout]   14:     0x57dab6bcfdd2 - <unknown>
[INFO] [stdout]   15:     0x57dab6bcf87c - <unknown>
[INFO] [stdout]   16:     0x57dab6beab5c - <unknown>
[INFO] [stdout]   17:     0x57dab6bbedfa - <unknown>
[INFO] [stdout]   18:     0x76a6addb0dfa - <unknown>
[INFO] [stdout]   19:     0x76a6ade443d4 - clone
[INFO] [stdout]   20:                0x0 - <unknown>
[INFO] [stdout] 
[INFO] [stdout] ---- test::git_diff_tests_testcases_git_diff_dependencies_in_html stdout ----
[INFO] [stdout] 
[INFO] [stdout] thread 'test::git_diff_tests_testcases_git_diff_dependencies_in_html' (847) panicked at src/main.rs:498:65:
[INFO] [stdout] called `Result::unwrap()` on an `Err` value: Os { code: 30, kind: ReadOnlyFilesystem, message: "Read-only file system" }
[INFO] [stdout] stack backtrace:
[INFO] [stdout]    0:     0x57dab6b98c47 - <unknown>
[INFO] [stdout]    1:     0x57dab6b50014 - <unknown>
[INFO] [stdout]    2:     0x57dab6b9820b - <unknown>
[INFO] [stdout]    3:     0x57dab6b97e09 - <unknown>
[INFO] [stdout]    4:     0x57dab6b97a8a - <unknown>
[INFO] [stdout]    5:     0x57dab6b975c3 - <unknown>
[INFO] [stdout]    6:     0x57dab6bbd7c1 - <unknown>
[INFO] [stdout]    7:     0x57dab6bbd779 - <unknown>
[INFO] [stdout]    8:     0x57dab6bbdc7c - <unknown>
[INFO] [stdout]    9:     0x57dab6b4feab - <unknown>
[INFO] [stdout]   10:     0x57dab6b535c1 - <unknown>
[INFO] [stdout]   11:     0x57dab6b41471 - <unknown>
[INFO] [stdout]   12:     0x57dab6b4393e - <unknown>
[INFO] [stdout]   13:     0x57dab6bd447b - <unknown>
[INFO] [stdout]   14:     0x57dab6bcfdd2 - <unknown>
[INFO] [stdout]   15:     0x57dab6bcf87c - <unknown>
[INFO] [stdout]   16:     0x57dab6beab5c - <unknown>
[INFO] [stdout]   17:     0x57dab6bbedfa - <unknown>
[INFO] [stdout]   18:     0x76a6addb0dfa - <unknown>
[INFO] [stdout]   19:     0x76a6ade443d4 - clone
[INFO] [stdout]   20:                0x0 - <unknown>
[INFO] [stdout] 
[INFO] [stdout] ---- test::simple_rewrap_tests_testcases_single_p_in_html stdout ----
[INFO] [stdout] 
[INFO] [stdout] thread 'test::simple_rewrap_tests_testcases_single_p_in_html' (876) panicked at src/main.rs:451:65:
[INFO] [stdout] called `Result::unwrap()` on an `Err` value: Os { code: 30, kind: ReadOnlyFilesystem, message: "Read-only file system" }
[INFO] [stdout] stack backtrace:
[INFO] [stdout]    0:     0x57dab6b98c47 - <unknown>
[INFO] [stdout]    1:     0x57dab6b50014 - <unknown>
[INFO] [stdout]    2:     0x57dab6b9820b - <unknown>
[INFO] [stdout]    3:     0x57dab6b97e09 - <unknown>
[INFO] [stdout]    4:     0x57dab6b97a8a - <unknown>
[INFO] [stdout]    5:     0x57dab6b975c3 - <unknown>
[INFO] [stdout]    6:     0x57dab6bbd7c1 - <unknown>
[INFO] [stdout]    7:     0x57dab6bbd779 - <unknown>
[INFO] [stdout]    8:     0x57dab6bbdc7c - <unknown>
[INFO] [stdout]    9:     0x57dab6b4feab - <unknown>
[INFO] [stdout]   10:     0x57dab6b535c1 - <unknown>
[INFO] [stdout]   11:     0x57dab6b41bdb - <unknown>
[INFO] [stdout]   12:     0x57dab6b437ee - <unknown>
[INFO] [stdout]   13:     0x57dab6bd447b - <unknown>
[INFO] [stdout]   14:     0x57dab6bcfdd2 - <unknown>
[INFO] [stdout]   15:     0x57dab6bcf87c - <unknown>
[INFO] [stdout]   16:     0x57dab6beab5c - <unknown>
[INFO] [stdout]   17:     0x57dab6bbedfa - <unknown>
[INFO] [stdout]   18:     0x76a6addb0dfa - <unknown>
[INFO] [stdout]   19:     0x76a6ade443d4 - clone
[INFO] [stdout]   20:                0x0 - <unknown>
[INFO] [stdout] 
[INFO] [stdout] ---- test::simple_rewrap_tests_testcases_single_space_in_html stdout ----
[INFO] [stdout] 
[INFO] [stdout] thread 'test::simple_rewrap_tests_testcases_single_space_in_html' (878) panicked at src/main.rs:451:65:
[INFO] [stdout] called `Result::unwrap()` on an `Err` value: Os { code: 30, kind: ReadOnlyFilesystem, message: "Read-only file system" }
[INFO] [stdout] stack backtrace:
[INFO] [stdout]    0:     0x57dab6b98c47 - <unknown>
[INFO] [stdout]    1:     0x57dab6b50014 - <unknown>
[INFO] [stdout]    2:     0x57dab6b9820b - <unknown>
[INFO] [stdout]    3:     0x57dab6b97e09 - <unknown>
[INFO] [stdout]    4:     0x57dab6b97a8a - <unknown>
[INFO] [stdout]    5:     0x57dab6b975c3 - <unknown>
[INFO] [stdout]    6:     0x57dab6bbd7c1 - <unknown>
[INFO] [stdout]    7:     0x57dab6bbd779 - <unknown>
[INFO] [stdout]    8:     0x57dab6bbdc7c - <unknown>
[INFO] [stdout]    9:     0x57dab6b4feab - <unknown>
[INFO] [stdout]   10:     0x57dab6b535c1 - <unknown>
[INFO] [stdout]   11:     0x57dab6b41bdb - <unknown>
[INFO] [stdout]   12:     0x57dab6b43896 - <unknown>
[INFO] [stdout]   13:     0x57dab6bd447b - <unknown>
[INFO] [stdout]   14:     0x57dab6bcfdd2 - <unknown>
[INFO] [stdout]   15:     0x57dab6bcf87c - <unknown>
[INFO] [stdout]   16:     0x57dab6beab5c - <unknown>
[INFO] [stdout]   17:     0x57dab6bbedfa - <unknown>
[INFO] [stdout]   18:     0x76a6addb0dfa - <unknown>
[INFO] [stdout]   19:     0x76a6ade443d4 - clone
[INFO] [stdout]   20:                0x0 - <unknown>
[INFO] [stdout] 
[INFO] [stdout] ---- test::simple_rewrap_tests_testcases_single_p_needs_smooshing_in_html stdout ----
[INFO] [stdout] 
[INFO] [stdout] thread 'test::simple_rewrap_tests_testcases_single_p_needs_smooshing_in_html' (877) panicked at src/main.rs:451:65:
[INFO] [stdout] called `Result::unwrap()` on an `Err` value: Os { code: 30, kind: ReadOnlyFilesystem, message: "Read-only file system" }
[INFO] [stdout] stack backtrace:
[INFO] [stdout]    0:     0x57dab6b98c47 - <unknown>
[INFO] [stdout]    1:     0x57dab6b50014 - <unknown>
[INFO] [stdout]    2:     0x57dab6b9820b - <unknown>
[INFO] [stdout]    3:     0x57dab6b97e09 - <unknown>
[INFO] [stdout]    4:     0x57dab6b97a8a - <unknown>
[INFO] [stdout]    5:     0x57dab6b975c3 - <unknown>
[INFO] [stdout]    6:     0x57dab6bbd7c1 - <unknown>
[INFO] [stdout]    7:     0x57dab6bbd779 - <unknown>
[INFO] [stdout]    8:     0x57dab6bbdc7c - <unknown>
[INFO] [stdout]    9:     0x57dab6b4feab - <unknown>
[INFO] [stdout]   10:     0x57dab6b535c1 - <unknown>
[INFO] [stdout]   11:     0x57dab6b41bdb - <unknown>
[INFO] [stdout]   12:     0x57dab6b43a8e - <unknown>
[INFO] [stdout]   13:     0x57dab6bd447b - <unknown>
[INFO] [stdout]   14:     0x57dab6bcfdd2 - <unknown>
[INFO] [stdout]   15:     0x57dab6bcf87c - <unknown>
[INFO] [stdout]   16:     0x57dab6beab5c - <unknown>
[INFO] [stdout]   17:     0x57dab6bbedfa - <unknown>
[INFO] [stdout]   18:     0x76a6addb0dfa - <unknown>
[INFO] [stdout]   19:     0x76a6ade443d4 - clone
[INFO] [stdout]   20:                0x0 - <unknown>
[INFO] [stdout] 
[INFO] [stdout] ---- test::simple_rewrap_tests_testcases_single_word_exectly_column_length_in_html stdout ----
[INFO] [stdout] 
[INFO] [stdout] thread 'test::simple_rewrap_tests_testcases_single_word_exectly_column_length_in_html' (879) panicked at src/main.rs:451:65:
[INFO] [stdout] called `Result::unwrap()` on an `Err` value: Os { code: 30, kind: ReadOnlyFilesystem, message: "Read-only file system" }
[INFO] [stdout] stack backtrace:
[INFO] [stdout]    0:     0x57dab6b98c47 - <unknown>
[INFO] [stdout]    1:     0x57dab6b50014 - <unknown>
[INFO] [stdout]    2:     0x57dab6b9820b - <unknown>
[INFO] [stdout]    3:     0x57dab6b97e09 - <unknown>
[INFO] [stdout]    4:     0x57dab6b97a8a - <unknown>
[INFO] [stdout]    5:     0x57dab6b975c3 - <unknown>
[INFO] [stdout]    6:     0x57dab6bbd7c1 - <unknown>
[INFO] [stdout]    7:     0x57dab6bbd779 - <unknown>
[INFO] [stdout]    8:     0x57dab6bbdc7c - <unknown>
[INFO] [stdout]    9:     0x57dab6b4feab - <unknown>
[INFO] [stdout]   10:     0x57dab6b535c1 - <unknown>
[INFO] [stdout]   11:     0x57dab6b41bdb - <unknown>
[INFO] [stdout]   12:     0x57dab6b43b52 - <unknown>
[INFO] [stdout]   13:     0x57dab6bd447b - <unknown>
[INFO] [stdout]   14:     0x57dab6bcfdd2 - <unknown>
[INFO] [stdout]   15:     0x57dab6bcf87c - <unknown>
[INFO] [stdout]   16:     0x57dab6beab5c - <unknown>
[INFO] [stdout]   17:     0x57dab6bbedfa - <unknown>
[INFO] [stdout]   18:     0x76a6addb0dfa - <unknown>
[INFO] [stdout]   19:     0x76a6ade443d4 - clone
[INFO] [stdout]   20:                0x0 - <unknown>
[INFO] [stdout] 
[INFO] [stdout] ---- test::git_diff_tests_testcases_git_diff_duplicate_lines_new_in_html stdout ----
[INFO] [stdout] 
[INFO] [stdout] thread 'test::git_diff_tests_testcases_git_diff_duplicate_lines_new_in_html' (852) panicked at src/main.rs:498:65:
[INFO] [stdout] called `Result::unwrap()` on an `Err` value: Os { code: 30, kind: ReadOnlyFilesystem, message: "Read-only file system" }
[INFO] [stdout] stack backtrace:
[INFO] [stdout]    0:     0x57dab6b98c47 - <unknown>
[INFO] [stdout]    1:     0x57dab6b50014 - <unknown>
[INFO] [stdout]    2:     0x57dab6b9820b - <unknown>
[INFO] [stdout]    3:     0x57dab6b97e09 - <unknown>
[INFO] [stdout]    4:     0x57dab6b97a8a - <unknown>
[INFO] [stdout]    5:     0x57dab6b975c3 - <unknown>
[INFO] [stdout]    6:     0x57dab6bbd7c1 - <unknown>
[INFO] [stdout]    7:     0x57dab6bbd779 - <unknown>
[INFO] [stdout]    8:     0x57dab6bbdc7c - <unknown>
[INFO] [stdout]    9:     0x57dab6b4feab - <unknown>
[INFO] [stdout]   10:     0x57dab6b535c1 - <unknown>
[INFO] [stdout]   11:     0x57dab6b41471 - <unknown>
[INFO] [stdout]   12:     0x57dab6b43a72 - <unknown>
[INFO] [stdout]   13:     0x57dab6bd447b - <unknown>
[INFO] [stdout]   14:     0x57dab6bcfdd2 - <unknown>
[INFO] [stdout]   15:     0x57dab6bcf87c - <unknown>
[INFO] [stdout]   16:     0x57dab6beab5c - <unknown>
[INFO] [stdout]   17:     0x57dab6bbedfa - <unknown>
[INFO] [stdout]   18:     0x76a6addb0dfa - <unknown>
[INFO] [stdout]   19:     0x76a6ade443d4 - clone
[INFO] [stdout]   20:                0x0 - <unknown>
[INFO] [stdout] 
[INFO] [stdout] ---- test::simple_rewrap_tests_testcases_single_word_too_long_in_html stdout ----
[INFO] [stdout] 
[INFO] [stdout] thread 'test::simple_rewrap_tests_testcases_single_word_too_long_in_html' (880) panicked at src/main.rs:451:65:
[INFO] [stdout] called `Result::unwrap()` on an `Err` value: Os { code: 30, kind: ReadOnlyFilesystem, message: "Read-only file system" }
[INFO] [stdout] stack backtrace:
[INFO] [stdout]    0:     0x57dab6b98c47 - <unknown>
[INFO] [stdout]    1:     0x57dab6b50014 - <unknown>
[INFO] [stdout]    2:     0x57dab6b9820b - <unknown>
[INFO] [stdout]    3:     0x57dab6b97e09 - <unknown>
[INFO] [stdout]    4:     0x57dab6b97a8a - <unknown>
[INFO] [stdout]    5:     0x57dab6b975c3 - <unknown>
[INFO] [stdout]    6:     0x57dab6bbd7c1 - <unknown>
[INFO] [stdout]    7:     0x57dab6bbd779 - <unknown>
[INFO] [stdout]    8:     0x57dab6bbdc7c - <unknown>
[INFO] [stdout]    9:     0x57dab6b4feab - <unknown>
[INFO] [stdout]   10:     0x57dab6b535c1 - <unknown>
[INFO] [stdout]   11:     0x57dab6b41bdb - <unknown>
[INFO] [stdout]   12:     0x57dab6b43a1e - <unknown>
[INFO] [stdout]   13:     0x57dab6bd447b - <unknown>
[INFO] [stdout]   14:     0x57dab6bcfdd2 - <unknown>
[INFO] [stdout]   15:     0x57dab6bcf87c - <unknown>
[INFO] [stdout]   16:     0x57dab6beab5c - <unknown>
[INFO] [stdout]   17:     0x57dab6bbedfa - <unknown>
[INFO] [stdout]   18:     0x76a6addb0dfa - <unknown>
[INFO] [stdout]   19:     0x76a6ade443d4 - clone
[INFO] [stdout]   20:                0x0 - <unknown>
[INFO] [stdout] 
[INFO] [stdout] ---- test::simple_rewrap_tests_testcases_only_long_indent_in_html stdout ----
[INFO] [stdout] 
[INFO] [stdout] thread 'test::simple_rewrap_tests_testcases_only_long_indent_in_html' (874) panicked at src/main.rs:451:65:
[INFO] [stdout] called `Result::unwrap()` on an `Err` value: Os { code: 30, kind: ReadOnlyFilesystem, message: "Read-only file system" }
[INFO] [stdout] stack backtrace:
[INFO] [stdout]    0:     0x57dab6b98c47 - <unknown>
[INFO] [stdout]    1:     0x57dab6b50014 - <unknown>
[INFO] [stdout]    2:     0x57dab6b9820b - <unknown>
[INFO] [stdout]    3:     0x57dab6b97e09 - <unknown>
[INFO] [stdout]    4:     0x57dab6b97a8a - <unknown>
[INFO] [stdout]    5:     0x57dab6b975c3 - <unknown>
[INFO] [stdout]    6:     0x57dab6bbd7c1 - <unknown>
[INFO] [stdout]    7:     0x57dab6bbd779 - <unknown>
[INFO] [stdout]    8:     0x57dab6bbdc7c - <unknown>
[INFO] [stdout]    9:     0x57dab6b4feab - <unknown>
[INFO] [stdout]   10:     0x57dab6b535c1 - <unknown>
[INFO] [stdout]   11:     0x57dab6b41bdb - <unknown>
[INFO] [stdout]   12:     0x57dab6b4395a - <unknown>
[INFO] [stdout]   13:     0x57dab6bd447b - <unknown>
[INFO] [stdout]   14:     0x57dab6bcfdd2 - <unknown>
[INFO] [stdout]   15:     0x57dab6bcf87c - <unknown>
[INFO] [stdout]   16:     0x57dab6beab5c - <unknown>
[INFO] [stdout]   17:     0x57dab6bbedfa - <unknown>
[INFO] [stdout]   18:     0x76a6addb0dfa - <unknown>
[INFO] [stdout]   19:     0x76a6ade443d4 - clone
[INFO] [stdout]   20:                0x0 - <unknown>
[INFO] [stdout] 
[INFO] [stdout] ---- test::simple_rewrap_tests_testcases_two_paragraphs_in_html stdout ----
[INFO] [stdout] 
[INFO] [stdout] thread 'test::simple_rewrap_tests_testcases_two_paragraphs_in_html' (881) panicked at src/main.rs:451:65:
[INFO] [stdout] called `Result::unwrap()` on an `Err` value: Os { code: 30, kind: ReadOnlyFilesystem, message: "Read-only file system" }
[INFO] [stdout] stack backtrace:
[INFO] [stdout]    0:     0x57dab6b98c47 - <unknown>
[INFO] [stdout]    1:     0x57dab6b50014 - <unknown>
[INFO] [stdout]    2:     0x57dab6b9820b - <unknown>
[INFO] [stdout]    3:     0x57dab6b97e09 - <unknown>
[INFO] [stdout]    4:     0x57dab6b97a8a - <unknown>
[INFO] [stdout]    5:     0x57dab6b975c3 - <unknown>
[INFO] [stdout]    6:     0x57dab6bbd7c1 - <unknown>
[INFO] [stdout]    7:     0x57dab6bbd779 - <unknown>
[INFO] [stdout]    8:     0x57dab6bbdc7c - <unknown>
[INFO] [stdout]    9:     0x57dab6b4feab - <unknown>
[INFO] [stdout]   10:     0x57dab6b535c1 - <unknown>
[INFO] [stdout]   11:     0x57dab6b41bdb - <unknown>
[INFO] [stdout]   12:     0x57dab6b43906 - <unknown>
[INFO] [stdout]   13:     0x57dab6bd447b - <unknown>
[INFO] [stdout]   14:     0x57dab6bcfdd2 - <unknown>
[INFO] [stdout]   15:     0x57dab6bcf87c - <unknown>
[INFO] [stdout]   16:     0x57dab6beab5c - <unknown>
[INFO] [stdout]   17:     0x57dab6bbedfa - <unknown>
[INFO] [stdout]   18:     0x76a6addb0dfa - <unknown>
[INFO] [stdout]   19:     0x76a6ade443d4 - clone
[INFO] [stdout]   20:                0x0 - <unknown>
[INFO] [stdout] 
[INFO] [stdout] ---- test::simple_rewrap_tests_testcases_li_dfn_in_html stdout ----
[INFO] [stdout] 
[INFO] [stdout] thread 'test::simple_rewrap_tests_testcases_li_dfn_in_html' (867) panicked at src/main.rs:451:65:
[INFO] [stdout] called `Result::unwrap()` on an `Err` value: Os { code: 30, kind: ReadOnlyFilesystem, message: "Read-only file system" }
[INFO] [stdout] stack backtrace:
[INFO] [stdout]    0:     0x57dab6b98c47 - <unknown>
[INFO] [stdout]    1:     0x57dab6b50014 - <unknown>
[INFO] [stdout]    2:     0x57dab6b9820b - <unknown>
[INFO] [stdout]    3:     0x57dab6b97e09 - <unknown>
[INFO] [stdout]    4:     0x57dab6b97a8a - <unknown>
[INFO] [stdout]    5:     0x57dab6b975c3 - <unknown>
[INFO] [stdout]    6:     0x57dab6bbd7c1 - <unknown>
[INFO] [stdout]    7:     0x57dab6bbd779 - <unknown>
[INFO] [stdout]    8:     0x57dab6bbdc7c - <unknown>
[INFO] [stdout]    9:     0x57dab6b4feab - <unknown>
[INFO] [stdout]   10:     0x57dab6b535c1 - <unknown>
[INFO] [stdout]   11:     0x57dab6b41bdb - <unknown>
[INFO] [stdout]   12:     0x57dab6b4379a - <unknown>
[INFO] [stdout]   13:     0x57dab6bd447b - <unknown>
[INFO] [stdout]   14:     0x57dab6bcfdd2 - <unknown>
[INFO] [stdout]   15:     0x57dab6bcf87c - <unknown>
[INFO] [stdout]   16:     0x57dab6beab5c - <unknown>
[INFO] [stdout]   17:     0x57dab6bbedfa - <unknown>
[INFO] [stdout]   18:     0x76a6addb0dfa - <unknown>
[INFO] [stdout]   19:     0x76a6ade443d4 - clone
[INFO] [stdout]   20:                0x0 - <unknown>
[INFO] [stdout] 
[INFO] [stdout] ---- test::simple_rewrap_tests_testcases_nested_exempt_in_html stdout ----
[INFO] [stdout] 
[INFO] [stdout] thread 'test::simple_rewrap_tests_testcases_nested_exempt_in_html' (871) panicked at src/main.rs:451:65:
[INFO] [stdout] called `Result::unwrap()` on an `Err` value: Os { code: 30, kind: ReadOnlyFilesystem, message: "Read-only file system" }
[INFO] [stdout] stack backtrace:
[INFO] [stdout]    0:     0x57dab6b98c47 - <unknown>
[INFO] [stdout]    1:     0x57dab6b50014 - <unknown>
[INFO] [stdout]    2:     0x57dab6b9820b - <unknown>
[INFO] [stdout]    3:     0x57dab6b97e09 - <unknown>
[INFO] [stdout]    4:     0x57dab6b97a8a - <unknown>
[INFO] [stdout]    5:     0x57dab6b975c3 - <unknown>
[INFO] [stdout]    6:     0x57dab6bbd7c1 - <unknown>
[INFO] [stdout]    7:     0x57dab6bbd779 - <unknown>
[INFO] [stdout]    8:     0x57dab6bbdc7c - <unknown>
[INFO] [stdout]    9:     0x57dab6b4feab - <unknown>
[INFO] [stdout]   10:     0x57dab6b535c1 - <unknown>
[INFO] [stdout]   11:     0x57dab6b41bdb - <unknown>
[INFO] [stdout]   12:     0x57dab6b438ce - <unknown>
[INFO] [stdout]   13:     0x57dab6bd447b - <unknown>
[INFO] [stdout]   14:     0x57dab6bcfdd2 - <unknown>
[INFO] [stdout]   15:     0x57dab6bcf87c - <unknown>
[INFO] [stdout]   16:     0x57dab6beab5c - <unknown>
[INFO] [stdout]   17:     0x57dab6bbedfa - <unknown>
[INFO] [stdout]   18:     0x76a6addb0dfa - <unknown>
[INFO] [stdout]   19:     0x76a6ade443d4 - clone
[INFO] [stdout]   20:                0x0 - <unknown>
[INFO] [stdout] 
[INFO] [stdout] ---- test::git_diff_tests_testcases_git_diff_diff_line_tracking_bug_speculation_rules_in_html stdout ----
[INFO] [stdout] 
[INFO] [stdout] thread 'test::git_diff_tests_testcases_git_diff_diff_line_tracking_bug_speculation_rules_in_html' (848) panicked at src/main.rs:498:65:
[INFO] [stdout] called `Result::unwrap()` on an `Err` value: Os { code: 30, kind: ReadOnlyFilesystem, message: "Read-only file system" }
[INFO] [stdout] stack backtrace:
[INFO] [stdout]    0:     0x57dab6b98c47 - <unknown>
[INFO] [stdout]    1:     0x57dab6b50014 - <unknown>
[INFO] [stdout]    2:     0x57dab6b9820b - <unknown>
[INFO] [stdout]    3:     0x57dab6b97e09 - <unknown>
[INFO] [stdout]    4:     0x57dab6b97a8a - <unknown>
[INFO] [stdout]    5:     0x57dab6b975c3 - <unknown>
[INFO] [stdout]    6:     0x57dab6bbd7c1 - <unknown>
[INFO] [stdout]    7:     0x57dab6bbd779 - <unknown>
[INFO] [stdout]    8:     0x57dab6bbdc7c - <unknown>
[INFO] [stdout]    9:     0x57dab6b4feab - <unknown>
[INFO] [stdout]   10:     0x57dab6b535c1 - <unknown>
[INFO] [stdout]   11:     0x57dab6b41471 - <unknown>
[INFO] [stdout]   12:     0x57dab6b43b8a - <unknown>
[INFO] [stdout]   13:     0x57dab6bd447b - <unknown>
[INFO] [stdout]   14:     0x57dab6bcfdd2 - <unknown>
[INFO] [stdout]   15:     0x57dab6bcf87c - <unknown>
[INFO] [stdout]   16:     0x57dab6beab5c - <unknown>
[INFO] [stdout]   17:     0x57dab6bbedfa - <unknown>
[INFO] [stdout]   18:     0x76a6addb0dfa - <unknown>
[INFO] [stdout]   19:     0x76a6ade443d4 - clone
[INFO] [stdout]   20:                0x0 - <unknown>
[INFO] [stdout] 
[INFO] [stdout] ---- test::simple_rewrap_tests_testcases_list_no_gaps_in_html stdout ----
[INFO] [stdout] 
[INFO] [stdout] thread 'test::simple_rewrap_tests_testcases_list_no_gaps_in_html' (868) panicked at src/main.rs:451:65:
[INFO] [stdout] called `Result::unwrap()` on an `Err` value: Os { code: 30, kind: ReadOnlyFilesystem, message: "Read-only file system" }
[INFO] [stdout] stack backtrace:
[INFO] [stdout]    0:     0x57dab6b98c47 - <unknown>
[INFO] [stdout]    1:     0x57dab6b50014 - <unknown>
[INFO] [stdout]    2:     0x57dab6b9820b - <unknown>
[INFO] [stdout]    3:     0x57dab6b97e09 - <unknown>
[INFO] [stdout]    4:     0x57dab6b97a8a - <unknown>
[INFO] [stdout]    5:     0x57dab6b975c3 - <unknown>
[INFO] [stdout]    6:     0x57dab6bbd7c1 - <unknown>
[INFO] [stdout]    7:     0x57dab6bbd779 - <unknown>
[INFO] [stdout]    8:     0x57dab6bbdc7c - <unknown>
[INFO] [stdout]    9:     0x57dab6b4feab - <unknown>
[INFO] [stdout]   10:     0x57dab6b535c1 - <unknown>
[INFO] [stdout]   11:     0x57dab6b41bdb - <unknown>
[INFO] [stdout]   12:     0x57dab6b4387a - <unknown>
[INFO] [stdout]   13:     0x57dab6bd447b - <unknown>
[INFO] [stdout]   14:     0x57dab6bcfdd2 - <unknown>
[INFO] [stdout]   15:     0x57dab6bcf87c - <unknown>
[INFO] [stdout]   16:     0x57dab6beab5c - <unknown>
[INFO] [stdout]   17:     0x57dab6bbedfa - <unknown>
[INFO] [stdout]   18:     0x76a6addb0dfa - <unknown>
[INFO] [stdout]   19:     0x76a6ade443d4 - clone
[INFO] [stdout]   20:                0x0 - <unknown>
[INFO] [stdout] 
[INFO] [stdout] ---- test::simple_rewrap_tests_testcases_normal_p_in_html stdout ----
[INFO] [stdout] 
[INFO] [stdout] thread 'test::simple_rewrap_tests_testcases_normal_p_in_html' (872) panicked at src/main.rs:451:65:
[INFO] [stdout] called `Result::unwrap()` on an `Err` value: Os { code: 30, kind: ReadOnlyFilesystem, message: "Read-only file system" }
[INFO] [stdout] stack backtrace:
[INFO] [stdout]    0:     0x57dab6b98c47 - <unknown>
[INFO] [stdout]    1:     0x57dab6b50014 - <unknown>
[INFO] [stdout]    2:     0x57dab6b9820b - <unknown>
[INFO] [stdout]    3:     0x57dab6b97e09 - <unknown>
[INFO] [stdout]    4:     0x57dab6b97a8a - <unknown>
[INFO] [stdout]    5:     0x57dab6b975c3 - <unknown>
[INFO] [stdout]    6:     0x57dab6bbd7c1 - <unknown>
[INFO] [stdout]    7:     0x57dab6bbd779 - <unknown>
[INFO] [stdout]    8:     0x57dab6bbdc7c - <unknown>
[INFO] [stdout]    9:     0x57dab6b4feab - <unknown>
[INFO] [stdout]   10:     0x57dab6b535c1 - <unknown>
[INFO] [stdout]   11:     0x57dab6b41bdb - <unknown>
[INFO] [stdout]   12:     0x57dab6b437d2 - <unknown>
[INFO] [stdout]   13:     0x57dab6bd447b - <unknown>
[INFO] [stdout]   14:     0x57dab6bcfdd2 - <unknown>
[INFO] [stdout]   15:     0x57dab6bcf87c - <unknown>
[INFO] [stdout]   16:     0x57dab6beab5c - <unknown>
[INFO] [stdout]   17:     0x57dab6bbedfa - <unknown>
[INFO] [stdout]   18:     0x76a6addb0dfa - <unknown>
[INFO] [stdout]   19:     0x76a6ade443d4 - clone
[INFO] [stdout]   20:                0x0 - <unknown>
[INFO] [stdout] 
[INFO] [stdout] ---- test::simple_rewrap_tests_testcases_unicode_characters_in_html stdout ----
[INFO] [stdout] 
[INFO] [stdout] thread 'test::simple_rewrap_tests_testcases_unicode_characters_in_html' (882) panicked at src/main.rs:451:65:
[INFO] [stdout] called `Result::unwrap()` on an `Err` value: Os { code: 30, kind: ReadOnlyFilesystem, message: "Read-only file system" }
[INFO] [stdout] stack backtrace:
[INFO] [stdout]    0:     0x57dab6b98c47 - <unknown>
[INFO] [stdout]    1:     0x57dab6b50014 - <unknown>
[INFO] [stdout]    2:     0x57dab6b9820b - <unknown>
[INFO] [stdout]    3:     0x57dab6b97e09 - <unknown>
[INFO] [stdout]    4:     0x57dab6b97a8a - <unknown>
[INFO] [stdout]    5:     0x57dab6b975c3 - <unknown>
[INFO] [stdout]    6:     0x57dab6bbd7c1 - <unknown>
[INFO] [stdout]    7:     0x57dab6bbd779 - <unknown>
[INFO] [stdout]    8:     0x57dab6bbdc7c - <unknown>
[INFO] [stdout]    9:     0x57dab6b4feab - <unknown>
[INFO] [stdout]   10:     0x57dab6b535c1 - <unknown>
[INFO] [stdout]   11:     0x57dab6b41bdb - <unknown>
[INFO] [stdout]   12:     0x57dab6b439ca - <unknown>
[INFO] [stdout]   13:     0x57dab6bd447b - <unknown>
[INFO] [stdout]   14:     0x57dab6bcfdd2 - <unknown>
[INFO] [stdout]   15:     0x57dab6bcf87c - <unknown>
[INFO] [stdout]   16:     0x57dab6beab5c - <unknown>
[INFO] [stdout]   17:     0x57dab6bbedfa - <unknown>
[INFO] [stdout]   18:     0x76a6addb0dfa - <unknown>
[INFO] [stdout]   19:     0x76a6ade443d4 - clone
[INFO] [stdout]   20:                0x0 - <unknown>
[INFO] [stdout] 
[INFO] [stdout] ---- test::simple_rewrap_tests_testcases_unordered_list_in_html stdout ----
[INFO] [stdout] 
[INFO] [stdout] thread 'test::simple_rewrap_tests_testcases_unordered_list_in_html' (883) panicked at src/main.rs:451:65:
[INFO] [stdout] called `Result::unwrap()` on an `Err` value: Os { code: 30, kind: ReadOnlyFilesystem, message: "Read-only file system" }
[INFO] [stdout] stack backtrace:
[INFO] [stdout]    0:     0x57dab6b98c47 - <unknown>
[INFO] [stdout]    1:     0x57dab6b50014 - <unknown>
[INFO] [stdout]    2:     0x57dab6b9820b - <unknown>
[INFO] [stdout]    3:     0x57dab6b97e09 - <unknown>
[INFO] [stdout]    4:     0x57dab6b97a8a - <unknown>
[INFO] [stdout]    5:     0x57dab6b975c3 - <unknown>
[INFO] [stdout]    6:     0x57dab6bbd7c1 - <unknown>
[INFO] [stdout]    7:     0x57dab6bbd779 - <unknown>
[INFO] [stdout]    8:     0x57dab6bbdc7c - <unknown>
[INFO] [stdout]    9:     0x57dab6b4feab - <unknown>
[INFO] [stdout]   10:     0x57dab6b535c1 - <unknown>
[INFO] [stdout]   11:     0x57dab6b41bdb - <unknown>
[INFO] [stdout]   12:     0x57dab6b43922 - <unknown>
[INFO] [stdout]   13:     0x57dab6bd447b - <unknown>
[INFO] [stdout]   14:     0x57dab6bcfdd2 - <unknown>
[INFO] [stdout]   15:     0x57dab6bcf87c - <unknown>
[INFO] [stdout]   16:     0x57dab6beab5c - <unknown>
[INFO] [stdout]   17:     0x57dab6bbedfa - <unknown>
[INFO] [stdout]   18:     0x76a6addb0dfa - <unknown>
[INFO] [stdout]   19:     0x76a6ade443d4 - clone
[INFO] [stdout]   20:                0x0 - <unknown>
[INFO] [stdout] 
[INFO] [stdout] ---- test::simple_rewrap_tests_testcases_only_short_indent_in_html stdout ----
[INFO] [stdout] 
[INFO] [stdout] thread 'test::simple_rewrap_tests_testcases_only_short_indent_in_html' (875) panicked at src/main.rs:451:65:
[INFO] [stdout] called `Result::unwrap()` on an `Err` value: Os { code: 30, kind: ReadOnlyFilesystem, message: "Read-only file system" }
[INFO] [stdout] stack backtrace:
[INFO] [stdout]    0:     0x57dab6b98c47 - <unknown>
[INFO] [stdout]    1:     0x57dab6b50014 - <unknown>
[INFO] [stdout]    2:     0x57dab6b9820b - <unknown>
[INFO] [stdout]    3:     0x57dab6b97e09 - <unknown>
[INFO] [stdout]    4:     0x57dab6b97a8a - <unknown>
[INFO] [stdout]    5:     0x57dab6b975c3 - <unknown>
[INFO] [stdout]    6:     0x57dab6bbd7c1 - <unknown>
[INFO] [stdout]    7:     0x57dab6bbd779 - <unknown>
[INFO] [stdout]    8:     0x57dab6bbdc7c - <unknown>
[INFO] [stdout]    9:     0x57dab6b4feab - <unknown>
[INFO] [stdout]   10:     0x57dab6b535c1 - <unknown>
[INFO] [stdout]   11:     0x57dab6b41bdb - <unknown>
[INFO] [stdout]   12:     0x57dab6b43976 - <unknown>
[INFO] [stdout]   13:     0x57dab6bd447b - <unknown>
[INFO] [stdout]   14:     0x57dab6bcfdd2 - <unknown>
[INFO] [stdout]   15:     0x57dab6bcf87c - <unknown>
[INFO] [stdout]   16:     0x57dab6beab5c - <unknown>
[INFO] [stdout]   17:     0x57dab6bbedfa - <unknown>
[INFO] [stdout]   18:     0x76a6addb0dfa - <unknown>
[INFO] [stdout]   19:     0x76a6ade443d4 - clone
[INFO] [stdout]   20:                0x0 - <unknown>
[INFO] [stdout] 
[INFO] [stdout] 
[INFO] [stdout] failures:
[INFO] [stdout]     test::git_diff_tests_testcases_git_diff_addition_in_middle_but_last_line_has_terminating_condition_in_html
[INFO] [stdout]     test::git_diff_tests_testcases_git_diff_addition_in_middle_generic_in_html
[INFO] [stdout]     test::git_diff_tests_testcases_git_diff_addition_in_middle_no_newline_in_html
[INFO] [stdout]     test::git_diff_tests_testcases_git_diff_addition_in_middle_of_p_does_not_look_upward_in_html
[INFO] [stdout]     test::git_diff_tests_testcases_git_diff_addition_in_middle_of_p_in_html
[INFO] [stdout]     test::git_diff_tests_testcases_git_diff_dd_addition_terminating_point_in_html
[INFO] [stdout]     test::git_diff_tests_testcases_git_diff_dependencies_in_html
[INFO] [stdout]     test::git_diff_tests_testcases_git_diff_diff_line_tracking_bug_speculation_rules_in_html
[INFO] [stdout]     test::git_diff_tests_testcases_git_diff_duplicate_lines_diff_in_middle_in_html
[INFO] [stdout]     test::git_diff_tests_testcases_git_diff_duplicate_lines_end_in_html
[INFO] [stdout]     test::git_diff_tests_testcases_git_diff_duplicate_lines_in_html
[INFO] [stdout]     test::git_diff_tests_testcases_git_diff_duplicate_lines_new_in_html
[INFO] [stdout]     test::git_diff_tests_testcases_git_diff_duplicate_lines_separated_in_html
[INFO] [stdout]     test::simple_rewrap_tests_testcases_bad_indent_in_html
[INFO] [stdout]     test::simple_rewrap_tests_testcases_comment_contains_exempt_block_in_html
[INFO] [stdout]     test::simple_rewrap_tests_testcases_comment_in_html
[INFO] [stdout]     test::simple_rewrap_tests_testcases_comment_standalone_in_html
[INFO] [stdout]     test::simple_rewrap_tests_testcases_complex_list_in_html
[INFO] [stdout]     test::simple_rewrap_tests_testcases_dl_in_html
[INFO] [stdout]     test::simple_rewrap_tests_testcases_dl_markdown_in_html
[INFO] [stdout]     test::simple_rewrap_tests_testcases_dt_dd_in_html
[INFO] [stdout]     test::simple_rewrap_tests_testcases_dt_not_smooshed_up_in_html
[INFO] [stdout]     test::simple_rewrap_tests_testcases_empty_in_html
[INFO] [stdout]     test::simple_rewrap_tests_testcases_everything_too_long_in_html
[INFO] [stdout]     test::simple_rewrap_tests_testcases_exempt_blocks_in_html
[INFO] [stdout]     test::simple_rewrap_tests_testcases_header_in_html
[INFO] [stdout]     test::simple_rewrap_tests_testcases_li_dfn_in_html
[INFO] [stdout]     test::simple_rewrap_tests_testcases_list_no_gaps_in_html
[INFO] [stdout]     test::simple_rewrap_tests_testcases_multiple_dd_in_html
[INFO] [stdout]     test::simple_rewrap_tests_testcases_multiple_dd_same_line_in_html
[INFO] [stdout]     test::simple_rewrap_tests_testcases_nested_exempt_in_html
[INFO] [stdout]     test::simple_rewrap_tests_testcases_normal_p_in_html
[INFO] [stdout]     test::simple_rewrap_tests_testcases_numbered_list_in_html
[INFO] [stdout]     test::simple_rewrap_tests_testcases_only_long_indent_in_html
[INFO] [stdout]     test::simple_rewrap_tests_testcases_only_short_indent_in_html
[INFO] [stdout]     test::simple_rewrap_tests_testcases_single_p_in_html
[INFO] [stdout]     test::simple_rewrap_tests_testcases_single_p_needs_smooshing_in_html
[INFO] [stdout]     test::simple_rewrap_tests_testcases_single_space_in_html
[INFO] [stdout]     test::simple_rewrap_tests_testcases_single_word_exectly_column_length_in_html
[INFO] [stdout]     test::simple_rewrap_tests_testcases_single_word_too_long_in_html
[INFO] [stdout]     test::simple_rewrap_tests_testcases_two_paragraphs_in_html
[INFO] [stdout]     test::simple_rewrap_tests_testcases_unicode_characters_in_html
[INFO] [stdout]     test::simple_rewrap_tests_testcases_unordered_list_in_html
[INFO] [stdout] 
[INFO] [stdout] test result: FAILED. 0 passed; 43 failed; 0 ignored; 0 measured; 0 filtered out; finished in 0.02s
[INFO] [stdout] 
[INFO] running `Command { std: "docker" "inspect" "e80f09dc1c24e5206a63a5b8e748f8634ba6f02b7cdb48b01459ac97af6946c6", kill_on_drop: false }`
[INFO] running `Command { std: "docker" "rm" "-f" "e80f09dc1c24e5206a63a5b8e748f8634ba6f02b7cdb48b01459ac97af6946c6", kill_on_drop: false }`
[INFO] [stdout] e80f09dc1c24e5206a63a5b8e748f8634ba6f02b7cdb48b01459ac97af6946c6
