[INFO] fetching crate specdrs 0.1.2...
[INFO] testing specdrs-0.1.2 against 1.100.0-beta.1+cargoflags=--release for beta-release-1.100-2
[INFO] extracting crate specdrs 0.1.2 into /workspace/builds/worker-2-tc2/source
[INFO] started tweaking crates.io crate specdrs 0.1.2
[INFO] removed 0 missing tests
[INFO] finished tweaking crates.io crate specdrs 0.1.2
[INFO] tweaked toml for crates.io crate specdrs 0.1.2 written to /workspace/builds/worker-2-tc2/source/Cargo.toml
[INFO] validating manifest of crates.io crate specdrs 0.1.2 on toolchain 1.100.0-beta.1
[INFO] running `Command { std: CARGO_HOME="/workspace/cargo-home" RUSTUP_HOME="/workspace/rustup-home" "/workspace/cargo-home/bin/cargo" "+1.100.0-beta.1" "metadata" "--manifest-path" "Cargo.toml" "--no-deps", kill_on_drop: false }`
[INFO] crate crates.io crate specdrs 0.1.2 already has a lockfile, it will not be regenerated
[INFO] running `Command { std: CARGO_HOME="/workspace/cargo-home" RUSTUP_HOME="/workspace/rustup-home" "/workspace/cargo-home/bin/cargo" "+1.100.0-beta.1" "fetch" "--manifest-path" "Cargo.toml", kill_on_drop: false }`
[INFO] running `Command { std: "docker" "create" "-v" "/var/lib/crater-agent-workspace/builds/worker-2-tc2/source:/opt/rustwide/workdir:ro,Z" "-v" "/var/lib/crater-agent-workspace/builds/worker-2-tc2/target:/opt/rustwide/target:rw,Z" "-v" "/var/lib/crater-agent-workspace/cargo-home:/opt/rustwide/cargo-home:ro,Z" "-v" "/var/lib/crater-agent-workspace/rustup-home:/opt/rustwide/rustup-home:ro,Z" "-m" "1610612736" "--network" "none" "ghcr.io/rust-lang/crates-build-env/linux@sha256:77db811e55d90add9212f6832c23229e3de5f1c1f9905e8cb07319ea15df73ac" "sleep" "infinity", kill_on_drop: false }`
[INFO] [stdout] 127653eef222bfbe85fc1fbd230f5dc24fffe9b17aeff251397560099b2c0b96
[INFO] running `Command { std: "docker" "start" "127653eef222bfbe85fc1fbd230f5dc24fffe9b17aeff251397560099b2c0b96", kill_on_drop: false }`
[INFO] running `Command { std: "docker" "inspect" "127653eef222bfbe85fc1fbd230f5dc24fffe9b17aeff251397560099b2c0b96", kill_on_drop: false }`
[INFO] running `Command { std: "docker" "exec" "-e" "SOURCE_DIR=/opt/rustwide/workdir" "-e" "CARGO_HOME=/opt/rustwide/cargo-home" "-e" "RUSTUP_HOME=/opt/rustwide/rustup-home" "-e" "CARGO_TARGET_DIR=/opt/rustwide/target" "-w" "/opt/rustwide/workdir" "--user" "0:0" "127653eef222bfbe85fc1fbd230f5dc24fffe9b17aeff251397560099b2c0b96" "/opt/rustwide/cargo-home/bin/cargo" "+1.100.0-beta.1" "metadata" "--no-deps" "--format-version=1", kill_on_drop: false }`
[INFO] running `Command { std: "docker" "inspect" "127653eef222bfbe85fc1fbd230f5dc24fffe9b17aeff251397560099b2c0b96", kill_on_drop: false }`
[INFO] running `Command { std: "docker" "exec" "-e" "SOURCE_DIR=/opt/rustwide/workdir" "-e" "CARGO_HOME=/opt/rustwide/cargo-home" "-e" "RUSTUP_HOME=/opt/rustwide/rustup-home" "-e" "CARGO_TARGET_DIR=/opt/rustwide/target" "-e" "CARGO_INCREMENTAL=0" "-e" "RUST_BACKTRACE=full" "-e" "RUSTFLAGS=--cap-lints=warn" "-e" "RUSTDOCFLAGS=--cap-lints=warn" "-w" "/opt/rustwide/workdir" "--user" "0:0" "127653eef222bfbe85fc1fbd230f5dc24fffe9b17aeff251397560099b2c0b96" "/opt/rustwide/cargo-home/bin/cargo" "+1.100.0-beta.1" "build" "--frozen" "--message-format=json" "--release", kill_on_drop: false }`
[INFO] [stderr]    Compiling find-msvc-tools v0.1.11
[INFO] [stderr]    Compiling futures-task v0.3.34
[INFO] [stderr]    Compiling aws-lc-rs v1.18.0
[INFO] [stderr]    Compiling rustls-pki-types v1.15.1
[INFO] [stderr]    Compiling rustls v0.23.43
[INFO] [stderr]    Compiling syn v3.0.4
[INFO] [stderr]    Compiling mio v1.2.2
[INFO] [stderr]    Compiling serde_json v1.0.151
[INFO] [stderr]    Compiling mime_guess v2.0.5
[INFO] [stderr]    Compiling num-traits v0.2.19
[INFO] [stderr]    Compiling ref-cast v1.0.27
[INFO] [stderr]    Compiling ipnet v2.12.1
[INFO] [stderr]    Compiling toml_edit v0.25.13+spec-1.1.0
[INFO] [stderr]    Compiling pin-project-internal v1.1.13
[INFO] [stderr]    Compiling cc v1.4.4
[INFO] [stderr]    Compiling nom v7.1.3
[INFO] [stderr]    Compiling proc-macro2 v1.0.107
[INFO] [stderr]    Compiling convert_case v0.11.0
[INFO] [stderr]    Compiling async-stream-impl v0.3.6
[INFO] [stderr]    Compiling futures-timer v3.0.4
[INFO] [stderr]    Compiling as-any v0.3.2
[INFO] [stderr]    Compiling toml_parser v1.1.3+spec-1.1.0
[INFO] [stderr]    Compiling rustls-native-certs v0.8.4
[INFO] [stderr]    Compiling async-stream v0.3.6
[INFO] [stderr]    Compiling serde_spanned v1.1.1
[INFO] [stderr]    Compiling specdrs-syntax v0.1.0
[INFO] [stderr]    Compiling quote v1.0.47
[INFO] [stderr]    Compiling toml_datetime v0.7.5+spec-1.1.0
[INFO] [stderr]    Compiling pin-project v1.1.13
[INFO] [stderr]    Compiling cmake v0.1.58
[INFO] [stderr]    Compiling proc-macro-crate v3.5.0
[INFO] [stderr]    Compiling syn v2.0.119
[INFO] [stderr]    Compiling ordered-float v5.5.0
[INFO] [stderr]    Compiling winnow v0.7.15
[INFO] [stderr]    Compiling specdrs-macros v0.1.0
[INFO] [stderr]    Compiling rig-derive v0.42.0
[INFO] [stderr]    Compiling aws-lc-sys v0.44.0
[INFO] [stderr]    Compiling eventsource-stream v0.2.3
[INFO] [stderr]    Compiling toml v0.9.12+spec-1.1.0
[INFO] [stderr]    Compiling serde_derive_internals v0.30.0
[INFO] [stderr]    Compiling zerovec-derive v0.11.6
[INFO] [stderr]    Compiling displaydoc v0.2.7
[INFO] [stderr]    Compiling futures-macro v0.3.34
[INFO] [stderr]    Compiling tokio-macros v2.7.2
[INFO] [stderr]    Compiling serde_derive v1.0.229
[INFO] [stderr]    Compiling ref-cast-impl v1.0.27
[INFO] [stderr]    Compiling thiserror-impl v2.0.20
[INFO] [stderr]    Compiling schemars_derive v1.2.2
[INFO] [stderr]    Compiling zerotrie v0.2.5
[INFO] [stderr]    Compiling futures-util v0.3.34
[INFO] [stderr]    Compiling tokio v1.53.1
[INFO] [stderr]    Compiling zerovec v0.11.8
[INFO] [stderr]    Compiling thiserror v2.0.20
[INFO] [stderr]    Compiling tinystr v0.8.4
[INFO] [stderr]    Compiling icu_locale_core v2.3.0
[INFO] [stderr]    Compiling potential_utf v0.1.6
[INFO] [stderr]    Compiling icu_collections v2.3.0
[INFO] [stderr]    Compiling serde v1.0.229
[INFO] [stderr]    Compiling icu_provider v2.3.1
[INFO] [stderr]    Compiling schemars v1.2.2
[INFO] [stderr]    Compiling icu_normalizer v2.3.0
[INFO] [stderr]    Compiling icu_properties v2.3.0
[INFO] [stderr]    Compiling futures-executor v0.3.34
[INFO] [stderr]    Compiling futures v0.3.34
[INFO] [stderr]    Compiling tracing-futures v0.2.5
[INFO] [stderr]    Compiling idna_adapter v1.2.2
[INFO] [stderr]    Compiling idna v1.1.0
[INFO] [stderr]    Compiling url v2.5.8
[INFO] [stderr]    Compiling hyper v1.11.0
[INFO] [stderr]    Compiling tower v0.5.3
[INFO] [stderr]    Compiling tokio-util v0.7.19
[INFO] [stderr]    Compiling tower-http v0.6.11
[INFO] [stderr]    Compiling hyper-util v0.1.20
[INFO] [stderr]    Compiling rustls-webpki v0.103.15
[INFO] [stderr]    Compiling tokio-rustls v0.26.4
[INFO] [stderr]    Compiling rustls-platform-verifier v0.7.0
[INFO] [stderr]    Compiling hyper-rustls v0.27.9
[INFO] [stderr]    Compiling reqwest v0.13.4
[INFO] [stderr]    Compiling rig-core v0.42.0
[INFO] [stderr]    Compiling rig-agent v0.42.0
[INFO] [stderr]    Compiling rig v0.42.0
[INFO] [stderr]    Compiling specdrs v0.1.2 (/opt/rustwide/workdir)
[INFO] [stderr]     Finished `release` profile [optimized] target(s) in 3m 46s
[INFO] running `Command { std: "docker" "inspect" "127653eef222bfbe85fc1fbd230f5dc24fffe9b17aeff251397560099b2c0b96", kill_on_drop: false }`
[INFO] running `Command { std: "docker" "exec" "-e" "SOURCE_DIR=/opt/rustwide/workdir" "-e" "CARGO_HOME=/opt/rustwide/cargo-home" "-e" "RUSTUP_HOME=/opt/rustwide/rustup-home" "-e" "CARGO_TARGET_DIR=/opt/rustwide/target" "-e" "CARGO_INCREMENTAL=0" "-e" "RUST_BACKTRACE=full" "-e" "RUSTFLAGS=--cap-lints=warn" "-e" "RUSTDOCFLAGS=--cap-lints=warn" "-w" "/opt/rustwide/workdir" "--user" "0:0" "127653eef222bfbe85fc1fbd230f5dc24fffe9b17aeff251397560099b2c0b96" "/opt/rustwide/cargo-home/bin/cargo" "+1.100.0-beta.1" "test" "--frozen" "--no-run" "--message-format=json" "--release", kill_on_drop: false }`
[INFO] [stderr]    Compiling specdrs v0.1.2 (/opt/rustwide/workdir)
[INFO] [stderr]     Finished `release` profile [optimized] target(s) in 22.15s
[INFO] running `Command { std: "docker" "inspect" "127653eef222bfbe85fc1fbd230f5dc24fffe9b17aeff251397560099b2c0b96", kill_on_drop: false }`
[INFO] running `Command { std: "docker" "exec" "-e" "SOURCE_DIR=/opt/rustwide/workdir" "-e" "CARGO_HOME=/opt/rustwide/cargo-home" "-e" "RUSTUP_HOME=/opt/rustwide/rustup-home" "-e" "CARGO_TARGET_DIR=/opt/rustwide/target" "-e" "CARGO_INCREMENTAL=0" "-e" "RUST_BACKTRACE=full" "-e" "RUSTFLAGS=--cap-lints=warn" "-e" "RUSTDOCFLAGS=--cap-lints=warn" "-w" "/opt/rustwide/workdir" "--user" "0:0" "127653eef222bfbe85fc1fbd230f5dc24fffe9b17aeff251397560099b2c0b96" "/opt/rustwide/cargo-home/bin/cargo" "+1.100.0-beta.1" "test" "--frozen" "--release", kill_on_drop: false }`
[INFO] [stderr]     Finished `release` profile [optimized] target(s) in 0.54s
[INFO] [stderr]      Running unittests src/lib.rs (/opt/rustwide/target/release/build/specdrs/b3471925125c233d/out/specdrs-b3471925125c233d)
[INFO] [stdout] 
[INFO] [stdout] running 50 tests
[INFO] [stdout] test analysis::tests::analyze_error_exposes_each_context_once ... ok
[INFO] [stdout] test analysis::tests::explicit_violation_cannot_be_indeterminate ... ok
[INFO] [stdout] test analysis::tests::out_of_bounds_findings_are_rejected ... ok
[INFO] [stdout] test analysis::tests::jobs_separate_span_and_item_scope ... ok
[INFO] [stdout] test analysis::tests::source_range_extracts_exact_text ... ok
[INFO] [stdout] test analysis::tests::report_passes_only_when_every_job_passes ... ok
[INFO] [stdout] test analysis::tests::item_requests_split_owned_claims_from_inherited_context ... ok
[INFO] [stdout] test analysis::tests::named_targets_select_exactly_what_is_named ... ok
[INFO] [stdout] test analysis::tests::unauditable_named_targets_are_reported ... ok
[INFO] [stdout] test analysis::tests::fail_requires_a_concrete_finding ... ok
[INFO] [stdout] test analysis::tests::package_config_overrides_workspace_config ... ok
[INFO] [stdout] test attribute::tests::parses_free_standing_span_declaration ... ok
[INFO] [stdout] test attribute::tests::parses_qualified_evidence_binders ... ok
[INFO] [stdout] test attribute::tests::parses_schema_three_attribute ... ok
[INFO] [stdout] test attribute::tests::preserves_authored_claim_order ... ok
[INFO] [stdout] test attribute::tests::rejects_duplicate_axis_groups ... ok
[INFO] [stdout] test attribute::tests::rejects_duplicate_claim_aliases ... ok
[INFO] [stdout] test attribute::tests::rejects_out_of_order_groups ... ok
[INFO] [stdout] test attribute::tests::rejects_schema_one_directives ... ok
[INFO] [stdout] test analysis::tests::span_jobs_exclude_descendant_members ... ok
[INFO] [stdout] test attribute::tests::rejects_unknown_evidence_alias ... ok
[INFO] [stdout] test build::tests::all_axes_are_emitted ... ok
[INFO] [stdout] test build::tests::ambiguous_short_evidence_binders_report_qualified_candidates ... ok
[INFO] [stdout] test build::tests::attribute_host_and_entrypoint_are_members ... ok
[INFO] [stdout] test build::tests::container_spans_reject_outside_members ... ok
[INFO] [stdout] test build::tests::containers_distribute_declared_and_joined_spans ... ok
[INFO] [stdout] test cli::tests::how_prints_the_authoring_guide ... ok
[INFO] [stdout] test build::tests::span_macro_carries_its_module_path ... ok
[INFO] [stdout] test cli::tests::grouping_order_is_parsed ... ok
[INFO] [stdout] test cli::tests::conflicting_emit_destinations_fail ... ok
[INFO] [stdout] test build::tests::trait_impl_paths_include_the_trait_and_its_arguments ... ok
[INFO] [stdout] test cli::tests::cargo_forwarded_subcommand_name_is_accepted ... ok
[INFO] [stdout] test build::tests::span_macro_requires_an_entrypoint ... ok
[INFO] [stdout] test build::tests::tokenized_signatures_are_readable ... ok
[INFO] [stdout] test build::tests::impl_declarations_reject_missing_entrypoint_and_claims ... ok
[INFO] [stdout] test build::tests::inherent_impl_paths_follow_the_implemented_type ... ok
[INFO] [stdout] test build::tests::malformed_attributes_report_file_and_line ... ok
[INFO] [stdout] test build::tests::normalizes_relative_binders ... ok
[INFO] [stdout] test cli::tests::how_rejects_arguments ... ok
[INFO] [stdout] test cli::tests::target_selection_defaults_to_all ... ok
[INFO] [stdout] test model::tests::empty_axes_contains_every_axis ... ok
[INFO] [stdout] test model::tests::schema_three_serialization_shape ... ok
[INFO] [stdout] test projection::tests::ancestors_precede_descendants_without_duplicates ... ok
[INFO] [stdout] test projection::tests::claim_order_is_preserved_inside_one_group ... ok
[INFO] [stdout] test projection::tests::item_view_includes_span_and_local_claims ... ok
[INFO] [stdout] test projection::tests::duplicate_group_keys_are_rejected ... ok
[INFO] [stdout] test cli::tests::run_cli_returns_failure_for_invalid_command ... ok
[INFO] [stdout] test build::tests::dogfood_map_covers_every_subsystem ... ok
[INFO] [stdout] test build::tests::builds_own_knowledge_map ... ok
[INFO] [stdout] test build::tests::own_map_is_deterministic ... ok
[INFO] [stdout] 
[INFO] [stdout] test result: ok. 50 passed; 0 failed; 0 ignored; 0 measured; 0 filtered out; finished in 0.29s
[INFO] [stdout] 
[INFO] [stderr]      Running unittests src/cargo-specdrs.rs (/opt/rustwide/target/release/build/specdrs/5da7e6e788420ff3/out/cargo_specdrs-5da7e6e788420ff3)
[INFO] [stdout] 
[INFO] [stdout] running 0 tests
[INFO] [stdout] 
[INFO] [stdout] test result: ok. 0 passed; 0 failed; 0 ignored; 0 measured; 0 filtered out; finished in 0.00s
[INFO] [stdout] 
[INFO] [stderr]      Running unittests src/main.rs (/opt/rustwide/target/release/build/specdrs/e032f1f76eb4f9a8/out/specdrs-e032f1f76eb4f9a8)
[INFO] [stderr]      Running tests/build_map.rs (/opt/rustwide/target/release/build/specdrs/cbb50aa09074f325/out/build_map-cbb50aa09074f325)
[INFO] [stdout] 
[INFO] [stdout] running 0 tests
[INFO] [stdout] 
[INFO] [stdout] test result: ok. 0 passed; 0 failed; 0 ignored; 0 measured; 0 filtered out; finished in 0.00s
[INFO] [stdout] 
[INFO] [stdout] 
[INFO] [stdout] running 2 tests
[INFO] [stdout] test builds_spans_items_axes_ranges_and_evidence ... FAILED
[INFO] [stdout] test emitted_json_uses_the_versioned_public_shape ... FAILED
[INFO] [stdout] 
[INFO] [stdout] failures:
[INFO] [stdout] 
[INFO] [stdout] ---- builds_spans_items_axes_ranges_and_evidence stdout ----
[INFO] [stdout] 
[INFO] [stdout] thread 'builds_spans_items_axes_ranges_and_evidence' (3366) panicked at tests/build_map.rs:22:6:
[INFO] [stdout] fixture map should build: BuildError { messages: ["cannot open /opt/rustwide/workdir/tests/fixtures/payments/Cargo.toml: No such file or directory (os error 2)"] }
[INFO] [stdout] stack backtrace:
[INFO] [stdout]    0:     0x56f533cf6461 - <<std[617be2ca0a6fd877]::sys::backtrace::BacktraceLock>::print::DisplayBacktrace as core[a373ad73a504971]::fmt::Display>::fmt
[INFO] [stdout]    1:     0x56f533d0b2ba - core[a373ad73a504971]::fmt::write
[INFO] [stdout]    2:     0x56f533cfa6ec - <alloc[2e1b2a31b91974c5]::vec::Vec<u8> as core[a373ad73a504971]::io::write::Write>::write_fmt
[INFO] [stdout]    3:     0x56f533cd1e96 - std[617be2ca0a6fd877]::panicking::default_hook::{closure#0}
[INFO] [stdout]    4:     0x56f533cee4a9 - std[617be2ca0a6fd877]::panicking::default_hook
[INFO] [stdout]    5:     0x56f533acec10 - test[aada8e7e76ba119b]::test_main_inner::{closure#0}
[INFO] [stdout]    6:     0x56f533cee7d2 - std[617be2ca0a6fd877]::panicking::panic_with_hook
[INFO] [stdout]    7:     0x56f533cd1f42 - std[617be2ca0a6fd877]::panicking::panic_handler::{closure#0}
[INFO] [stdout]    8:     0x56f533ccaac9 - std[617be2ca0a6fd877]::sys::backtrace::__rust_end_short_backtrace::<std[617be2ca0a6fd877]::panicking::panic_handler::{closure#0}, !>
[INFO] [stdout]    9:     0x56f533cd2b4d - __rustc[ea4f61d10b84890b]::rust_begin_unwind
[INFO] [stdout]   10:     0x56f533d0ba1c - core[a373ad73a504971]::panicking::panic_fmt
[INFO] [stdout]   11:     0x56f533d0b7f2 - core[a373ad73a504971]::result::unwrap_failed
[INFO] [stdout]   12:     0x56f533ab9cba - <build_map[2999783777b1493b]::builds_spans_items_axes_ranges_and_evidence::{closure#0} as core[a373ad73a504971]::ops::function::FnOnce<()>>::call_once
[INFO] [stdout]   13:     0x56f533ac205b - test[aada8e7e76ba119b]::__rust_begin_short_backtrace::<core[a373ad73a504971]::result::Result<(), alloc[2e1b2a31b91974c5]::string::String>, fn() -> core[a373ad73a504971]::result::Result<(), alloc[2e1b2a31b91974c5]::string::String>>
[INFO] [stdout]   14:     0x56f533acf235 - test[aada8e7e76ba119b]::run_test::{closure#0}
[INFO] [stdout]   15:     0x56f533ac8b24 - std[617be2ca0a6fd877]::sys::backtrace::__rust_begin_short_backtrace::<test[aada8e7e76ba119b]::run_test::{closure#1}, ()>
[INFO] [stdout]   16:     0x56f533ad22c2 - <std[617be2ca0a6fd877]::thread::lifecycle::spawn_unchecked<test[aada8e7e76ba119b]::run_test::{closure#1}, ()>::{closure#1} as core[a373ad73a504971]::ops::function::FnOnce<()>>::call_once::{shim:vtable#0}
[INFO] [stdout]   17:     0x56f533cf594f - <std[617be2ca0a6fd877]::sys::thread::unix::Thread>::new::thread_start
[INFO] [stdout]   18:     0x7c1062cd2dfa - <unknown>
[INFO] [stdout]   19:     0x7c1062d663d4 - clone
[INFO] [stdout]   20:                0x0 - <unknown>
[INFO] [stdout] 
[INFO] [stdout] ---- emitted_json_uses_the_versioned_public_shape stdout ----
[INFO] [stdout] 
[INFO] [stdout] thread 'emitted_json_uses_the_versioned_public_shape' (3367) panicked at tests/build_map.rs:178:6:
[INFO] [stdout] called `Result::unwrap()` on an `Err` value: BuildError { messages: ["cannot open /opt/rustwide/workdir/tests/fixtures/payments/Cargo.toml: No such file or directory (os error 2)"] }
[INFO] [stdout] stack backtrace:
[INFO] [stdout]    0:     0x56f533cf6461 - <<std[617be2ca0a6fd877]::sys::backtrace::BacktraceLock>::print::DisplayBacktrace as core[a373ad73a504971]::fmt::Display>::fmt
[INFO] [stdout]    1:     0x56f533d0b2ba - core[a373ad73a504971]::fmt::write
[INFO] [stdout]    2:     0x56f533cfa6ec - <alloc[2e1b2a31b91974c5]::vec::Vec<u8> as core[a373ad73a504971]::io::write::Write>::write_fmt
[INFO] [stdout]    3:     0x56f533cd1e96 - std[617be2ca0a6fd877]::panicking::default_hook::{closure#0}
[INFO] [stdout]    4:     0x56f533cee4a9 - std[617be2ca0a6fd877]::panicking::default_hook
[INFO] [stdout]    5:     0x56f533acec10 - test[aada8e7e76ba119b]::test_main_inner::{closure#0}
[INFO] [stdout]    6:     0x56f533cee7d2 - std[617be2ca0a6fd877]::panicking::panic_with_hook
[INFO] [stdout]    7:     0x56f533cd1f42 - std[617be2ca0a6fd877]::panicking::panic_handler::{closure#0}
[INFO] [stdout]    8:     0x56f533ccaac9 - std[617be2ca0a6fd877]::sys::backtrace::__rust_end_short_backtrace::<std[617be2ca0a6fd877]::panicking::panic_handler::{closure#0}, !>
[INFO] [stdout]    9:     0x56f533cd2b4d - __rustc[ea4f61d10b84890b]::rust_begin_unwind
[INFO] [stdout]   10:     0x56f533d0ba1c - core[a373ad73a504971]::panicking::panic_fmt
[INFO] [stdout]   11:     0x56f533d0b7f2 - core[a373ad73a504971]::result::unwrap_failed
[INFO] [stdout]   12:     0x56f533aba743 - <build_map[2999783777b1493b]::emitted_json_uses_the_versioned_public_shape::{closure#0} as core[a373ad73a504971]::ops::function::FnOnce<()>>::call_once
[INFO] [stdout]   13:     0x56f533ac205b - test[aada8e7e76ba119b]::__rust_begin_short_backtrace::<core[a373ad73a504971]::result::Result<(), alloc[2e1b2a31b91974c5]::string::String>, fn() -> core[a373ad73a504971]::result::Result<(), alloc[2e1b2a31b91974c5]::string::String>>
[INFO] [stdout]   14:     0x56f533acf235 - test[aada8e7e76ba119b]::run_test::{closure#0}
[INFO] [stdout]   15:     0x56f533ac8b24 - std[617be2ca0a6fd877]::sys::backtrace::__rust_begin_short_backtrace::<test[aada8e7e76ba119b]::run_test::{closure#1}, ()>
[INFO] [stdout]   16:     0x56f533ad22c2 - <std[617be2ca0a6fd877]::thread::lifecycle::spawn_unchecked<test[aada8e7e76ba119b]::run_test::{closure#1}, ()>::{closure#1} as core[a373ad73a504971]::ops::function::FnOnce<()>>::call_once::{shim:vtable#0}
[INFO] [stdout]   17:     0x56f533cf594f - <std[617be2ca0a6fd877]::sys::thread::unix::Thread>::new::thread_start
[INFO] [stdout]   18:     0x7c1062cd2dfa - <unknown>
[INFO] [stdout]   19:     0x7c1062d663d4 - clone
[INFO] [stdout]   20:                0x0 - <unknown>
[INFO] [stdout] 
[INFO] [stdout] 
[INFO] [stdout] failures:
[INFO] [stdout]     builds_spans_items_axes_ranges_and_evidence
[INFO] [stdout]     emitted_json_uses_the_versioned_public_shape
[INFO] [stderr] error: test failed, to rerun pass `--test build_map`
[INFO] [stdout] 
[INFO] [stdout] test result: FAILED. 0 passed; 2 failed; 0 ignored; 0 measured; 0 filtered out; finished in 0.00s
[INFO] [stdout] 
[INFO] running `Command { std: "docker" "inspect" "127653eef222bfbe85fc1fbd230f5dc24fffe9b17aeff251397560099b2c0b96", kill_on_drop: false }`
[INFO] running `Command { std: "docker" "rm" "-f" "127653eef222bfbe85fc1fbd230f5dc24fffe9b17aeff251397560099b2c0b96", kill_on_drop: false }`
[INFO] [stdout] 127653eef222bfbe85fc1fbd230f5dc24fffe9b17aeff251397560099b2c0b96
