[INFO] fetching crate spec-spine-types 0.30.0...
[INFO] testing spec-spine-types-0.30.0 against 1.100.0-beta.1+cargoflags=--release for beta-release-1.100-2
[INFO] extracting crate spec-spine-types 0.30.0 into /workspace/builds/worker-4-tc2/source
[INFO] started tweaking crates.io crate spec-spine-types 0.30.0
[INFO] removed 0 missing tests
[INFO] finished tweaking crates.io crate spec-spine-types 0.30.0
[INFO] tweaked toml for crates.io crate spec-spine-types 0.30.0 written to /workspace/builds/worker-4-tc2/source/Cargo.toml
[INFO] validating manifest of crates.io crate spec-spine-types 0.30.0 on toolchain 1.100.0-beta.1
[INFO] running `Command { std: CARGO_HOME="/workspace/cargo-home" RUSTUP_HOME="/workspace/rustup-home" "/workspace/cargo-home/bin/cargo" "+1.100.0-beta.1" "metadata" "--manifest-path" "Cargo.toml" "--no-deps", kill_on_drop: false }`
[INFO] crate crates.io crate spec-spine-types 0.30.0 already has a lockfile, it will not be regenerated
[INFO] running `Command { std: CARGO_HOME="/workspace/cargo-home" RUSTUP_HOME="/workspace/rustup-home" "/workspace/cargo-home/bin/cargo" "+1.100.0-beta.1" "fetch" "--manifest-path" "Cargo.toml", kill_on_drop: false }`
[INFO] [stderr] warning: `package.homepage` is redundant with `package.repository`
[INFO] [stderr]   --> Cargo.toml:32:12
[INFO] [stderr]    |
[INFO] [stderr] 32 | homepage = "https://github.com/statecrafting/spec-spine"
[INFO] [stderr]    |            ^^^^^^^^^^^^^^^^^^^^^^^^^^^^^^^^^^^^^^^^^^^^^
[INFO] [stderr] ...
[INFO] [stderr] 37 | repository = "https://github.com/statecrafting/spec-spine"
[INFO] [stderr]    |              ---------------------------------------------
[INFO] [stderr]    |
[INFO] [stderr]    = note: `cargo::redundant_homepage` is set to `warn` by default
[INFO] [stderr] help: consider removing `package.homepage`
[INFO] [stderr] warning: `spec-spine-types` (manifest) generated 1 warning
[INFO] running `Command { std: "docker" "create" "-v" "/var/lib/crater-agent-workspace/builds/worker-4-tc2/source:/opt/rustwide/workdir:ro,Z" "-v" "/var/lib/crater-agent-workspace/builds/worker-4-tc2/target:/opt/rustwide/target:rw,Z" "-v" "/var/lib/crater-agent-workspace/cargo-home:/opt/rustwide/cargo-home:ro,Z" "-v" "/var/lib/crater-agent-workspace/rustup-home:/opt/rustwide/rustup-home:ro,Z" "-m" "1610612736" "--network" "none" "ghcr.io/rust-lang/crates-build-env/linux@sha256:77db811e55d90add9212f6832c23229e3de5f1c1f9905e8cb07319ea15df73ac" "sleep" "infinity", kill_on_drop: false }`
[INFO] [stdout] 78347696ac72e143cbd821e25106903cbb0feafbbae587785d122b8bc8adcd6b
[INFO] running `Command { std: "docker" "start" "78347696ac72e143cbd821e25106903cbb0feafbbae587785d122b8bc8adcd6b", kill_on_drop: false }`
[INFO] running `Command { std: "docker" "inspect" "78347696ac72e143cbd821e25106903cbb0feafbbae587785d122b8bc8adcd6b", kill_on_drop: false }`
[INFO] running `Command { std: "docker" "exec" "-e" "SOURCE_DIR=/opt/rustwide/workdir" "-e" "CARGO_HOME=/opt/rustwide/cargo-home" "-e" "RUSTUP_HOME=/opt/rustwide/rustup-home" "-e" "CARGO_TARGET_DIR=/opt/rustwide/target" "-w" "/opt/rustwide/workdir" "--user" "0:0" "78347696ac72e143cbd821e25106903cbb0feafbbae587785d122b8bc8adcd6b" "/opt/rustwide/cargo-home/bin/cargo" "+1.100.0-beta.1" "metadata" "--no-deps" "--format-version=1", kill_on_drop: false }`
[INFO] running `Command { std: "docker" "inspect" "78347696ac72e143cbd821e25106903cbb0feafbbae587785d122b8bc8adcd6b", kill_on_drop: false }`
[INFO] running `Command { std: "docker" "exec" "-e" "SOURCE_DIR=/opt/rustwide/workdir" "-e" "CARGO_HOME=/opt/rustwide/cargo-home" "-e" "RUSTUP_HOME=/opt/rustwide/rustup-home" "-e" "CARGO_TARGET_DIR=/opt/rustwide/target" "-e" "CARGO_INCREMENTAL=0" "-e" "RUST_BACKTRACE=full" "-e" "RUSTFLAGS=--cap-lints=warn" "-e" "RUSTDOCFLAGS=--cap-lints=warn" "-w" "/opt/rustwide/workdir" "--user" "0:0" "78347696ac72e143cbd821e25106903cbb0feafbbae587785d122b8bc8adcd6b" "/opt/rustwide/cargo-home/bin/cargo" "+1.100.0-beta.1" "build" "--frozen" "--message-format=json" "--release", kill_on_drop: false }`
[INFO] [stderr] warning: `package.homepage` is redundant with `package.repository`
[INFO] [stderr]   --> Cargo.toml:32:12
[INFO] [stderr]    |
[INFO] [stderr] 32 | homepage = "https://github.com/statecrafting/spec-spine"
[INFO] [stderr]    |            ^^^^^^^^^^^^^^^^^^^^^^^^^^^^^^^^^^^^^^^^^^^^^
[INFO] [stderr] ...
[INFO] [stderr] 37 | repository = "https://github.com/statecrafting/spec-spine"
[INFO] [stderr]    |              ---------------------------------------------
[INFO] [stderr]    |
[INFO] [stderr]    = note: `cargo::redundant_homepage` is set to `warn` by default
[INFO] [stderr] help: consider removing `package.homepage`
[INFO] [stderr] warning: `spec-spine-types` (manifest) generated 1 warning
[INFO] [stderr]    Compiling proc-macro2 v1.0.106
[INFO] [stderr]    Compiling quote v1.0.45
[INFO] [stderr]    Compiling winnow v1.0.3
[INFO] [stderr]    Compiling memchr v2.8.1
[INFO] [stderr]    Compiling toml_writer v1.1.2+spec-1.1.0
[INFO] [stderr]    Compiling serde_spanned v1.1.1
[INFO] [stderr]    Compiling toml_datetime v1.1.1+spec-1.1.0
[INFO] [stderr]    Compiling serde_json v1.0.151
[INFO] [stderr]    Compiling toml_parser v1.1.4+spec-1.1.0
[INFO] [stderr]    Compiling toml v1.1.3+spec-1.1.0
[INFO] [stderr]    Compiling syn v3.0.4
[INFO] [stderr]    Compiling serde_derive v1.0.229
[INFO] [stderr]    Compiling serde v1.0.229
[INFO] [stderr]    Compiling serde_yaml v0.9.34+deprecated
[INFO] [stderr]    Compiling spec-spine-types v0.30.0 (/opt/rustwide/workdir)
[INFO] [stderr]     Finished `release` profile [optimized] target(s) in 33.96s
[INFO] running `Command { std: "docker" "inspect" "78347696ac72e143cbd821e25106903cbb0feafbbae587785d122b8bc8adcd6b", kill_on_drop: false }`
[INFO] running `Command { std: "docker" "exec" "-e" "SOURCE_DIR=/opt/rustwide/workdir" "-e" "CARGO_HOME=/opt/rustwide/cargo-home" "-e" "RUSTUP_HOME=/opt/rustwide/rustup-home" "-e" "CARGO_TARGET_DIR=/opt/rustwide/target" "-e" "CARGO_INCREMENTAL=0" "-e" "RUST_BACKTRACE=full" "-e" "RUSTFLAGS=--cap-lints=warn" "-e" "RUSTDOCFLAGS=--cap-lints=warn" "-w" "/opt/rustwide/workdir" "--user" "0:0" "78347696ac72e143cbd821e25106903cbb0feafbbae587785d122b8bc8adcd6b" "/opt/rustwide/cargo-home/bin/cargo" "+1.100.0-beta.1" "test" "--frozen" "--no-run" "--message-format=json" "--release", kill_on_drop: false }`
[INFO] [stderr] warning: `package.homepage` is redundant with `package.repository`
[INFO] [stderr]   --> Cargo.toml:32:12
[INFO] [stderr]    |
[INFO] [stderr] 32 | homepage = "https://github.com/statecrafting/spec-spine"
[INFO] [stderr]    |            ^^^^^^^^^^^^^^^^^^^^^^^^^^^^^^^^^^^^^^^^^^^^^
[INFO] [stderr] ...
[INFO] [stderr] 37 | repository = "https://github.com/statecrafting/spec-spine"
[INFO] [stderr]    |              ---------------------------------------------
[INFO] [stderr]    |
[INFO] [stderr]    = note: `cargo::redundant_homepage` is set to `warn` by default
[INFO] [stderr] help: consider removing `package.homepage`
[INFO] [stderr] warning: `spec-spine-types` (manifest) generated 1 warning
[INFO] [stderr]    Compiling spec-spine-types v0.30.0 (/opt/rustwide/workdir)
[INFO] [stderr]     Finished `release` profile [optimized] target(s) in 21.43s
[INFO] running `Command { std: "docker" "inspect" "78347696ac72e143cbd821e25106903cbb0feafbbae587785d122b8bc8adcd6b", kill_on_drop: false }`
[INFO] running `Command { std: "docker" "exec" "-e" "SOURCE_DIR=/opt/rustwide/workdir" "-e" "CARGO_HOME=/opt/rustwide/cargo-home" "-e" "RUSTUP_HOME=/opt/rustwide/rustup-home" "-e" "CARGO_TARGET_DIR=/opt/rustwide/target" "-e" "CARGO_INCREMENTAL=0" "-e" "RUST_BACKTRACE=full" "-e" "RUSTFLAGS=--cap-lints=warn" "-e" "RUSTDOCFLAGS=--cap-lints=warn" "-w" "/opt/rustwide/workdir" "--user" "0:0" "78347696ac72e143cbd821e25106903cbb0feafbbae587785d122b8bc8adcd6b" "/opt/rustwide/cargo-home/bin/cargo" "+1.100.0-beta.1" "test" "--frozen" "--release", kill_on_drop: false }`
[INFO] [stderr] warning: `package.homepage` is redundant with `package.repository`
[INFO] [stderr]   --> Cargo.toml:32:12
[INFO] [stderr]    |
[INFO] [stderr] 32 | homepage = "https://github.com/statecrafting/spec-spine"
[INFO] [stderr]    |            ^^^^^^^^^^^^^^^^^^^^^^^^^^^^^^^^^^^^^^^^^^^^^
[INFO] [stderr] ...
[INFO] [stderr] 37 | repository = "https://github.com/statecrafting/spec-spine"
[INFO] [stderr]    |              ---------------------------------------------
[INFO] [stderr]    |
[INFO] [stderr]    = note: `cargo::redundant_homepage` is set to `warn` by default
[INFO] [stderr] help: consider removing `package.homepage`
[INFO] [stderr] warning: `spec-spine-types` (manifest) generated 1 warning
[INFO] [stderr]     Finished `release` profile [optimized] target(s) in 0.06s
[INFO] [stderr]      Running unittests src/lib.rs (/opt/rustwide/target/release/build/spec-spine-types/d588dd00b1209071/out/spec_spine_types-d588dd00b1209071)
[INFO] [stdout] 
[INFO] [stdout] running 21 tests
[INFO] [stdout] test impact::tests::frontmatter_snake_case_and_registry_camel_case_both_parse ... ok
[INFO] [stdout] test interface::tests::obtained_date_grammar ... ok
[INFO] [stdout] test interface::tests::corpus_name_grammar ... ok
[INFO] [stdout] test interface::tests::digest_grammar ... ok
[INFO] [stdout] test interface::tests::outcome_serializes_kebab_case ... ok
[INFO] [stdout] test interface::tests::summary_tallies_every_outcome ... ok
[INFO] [stdout] test moves::tests::a_missing_to_key_parses_the_same_as_an_explicit_null ... ok
[INFO] [stdout] test moves::tests::a_bare_scalar_and_a_sequence_both_parse ... ok
[INFO] [stdout] test obligation::tests::a_reference_is_qualified_or_refused ... ok
[INFO] [stdout] test obligation::tests::the_id_grammar ... ok
[INFO] [stdout] test repo_path::tests::every_escape_and_windows_hazard_is_refused ... ok
[INFO] [stdout] test repo_path::tests::plain_relative_paths_pass ... ok
[INFO] [stdout] test verdict::tests::a_validation_failure_carries_its_violations ... ok
[INFO] [stdout] test moves::tests::a_removed_entry_round_trips_an_explicit_null ... ok
[INFO] [stdout] test verdict::tests::outcome_always_agrees_with_the_exit_code ... ok
[INFO] [stdout] test verdict::tests::report_and_error_are_mutually_exclusive ... ok
[INFO] [stdout] test verdict::tests::canonical_json_is_sorted_and_newline_terminated ... ok
[INFO] [stdout] test verdict::tests::failure_carries_the_errors_own_exit_code ... ok
[INFO] [stdout] test moves::tests::an_unknown_member_is_refused ... ok
[INFO] [stdout] test repo_path::tests::the_type_refuses_what_the_rule_refuses ... ok
[INFO] [stderr]      Running tests/config.rs (/opt/rustwide/target/release/build/spec-spine-types/7d8949b1f66b13cd/out/config-7d8949b1f66b13cd)
[INFO] [stdout] test verdict::tests::absent_members_are_omitted_not_null ... ok
[INFO] [stdout] 
[INFO] [stdout] test result: ok. 21 passed; 0 failed; 0 ignored; 0 measured; 0 filtered out; finished in 0.01s
[INFO] [stdout] 
[INFO] [stdout] 
[INFO] [stdout] running 21 tests
[INFO] [stdout] test absent_config_equals_default ... ok
[INFO] [stdout] test a_trailing_slash_names_the_same_root ... ok
[INFO] [stdout] test a_malformed_requirement_is_refused ... ok
[INFO] [stdout] test a_bare_version_is_a_caret_requirement ... ok
[INFO] [stdout] test allowlist_semantics ... ok
[INFO] [stdout] test check_required_version_names_requirement_running_and_location ... ok
[INFO] [stdout] test a_wildcard_constrains_nothing ... ok
[INFO] [stdout] test state_dir_may_not_overlap_a_governed_root_in_either_direction ... ok
[INFO] [stdout] test derived_dir_inside_the_repository_is_kept ... ok
[INFO] [stdout] test the_equals_operator_is_the_exact_pin ... ok
[INFO] [stdout] test state_dir_is_unset_by_default_and_inert ... ok
[INFO] [stdout] test malformed_config_is_clean_error_not_panic ... ok
[INFO] [stdout] test the_meta_table_is_additive ... ok
[INFO] [stdout] test minimal_config_overrides_one_knob ... ok
[INFO] [stdout] test state_dir_matching_is_separator_aware ... ok
[INFO] [stdout] test comma_separated_comparators_are_conjunctive ... ok
[INFO] [stdout] test full_config_round_trips ... ok
[INFO] [stdout] test derived_dir_escaping_the_repository_is_refused ... ok
[INFO] [stdout] test default_config_has_expected_values ... ok
[INFO] [stdout] test the_overlap_check_reads_the_configured_roots ... ok
[INFO] [stdout] test this_repos_spec_spine_toml_loads ... FAILED
[INFO] [stdout] 
[INFO] [stdout] failures:
[INFO] [stdout] 
[INFO] [stdout] ---- this_repos_spec_spine_toml_loads stdout ----
[INFO] [stdout] 
[INFO] [stdout] thread 'this_repos_spec_spine_toml_loads' (782) panicked at tests/config.rs:97:45:
[INFO] [stdout] repo spec-spine.toml must exist: Os { code: 2, kind: NotFound, message: "No such file or directory" }
[INFO] [stdout] stack backtrace:
[INFO] [stdout]    0:     0x64e054ba7bb1 - <<std[617be2ca0a6fd877]::sys::backtrace::BacktraceLock>::print::DisplayBacktrace as core[a373ad73a504971]::fmt::Display>::fmt
[INFO] [stdout]    1:     0x64e054bbceda - core[a373ad73a504971]::fmt::write
[INFO] [stdout]    2:     0x64e054babdcc - <alloc[2e1b2a31b91974c5]::vec::Vec<u8> as core[a373ad73a504971]::io::write::Write>::write_fmt
[INFO] [stdout]    3:     0x64e054b83cb6 - std[617be2ca0a6fd877]::panicking::default_hook::{closure#0}
[INFO] [stdout]    4:     0x64e054b9fee9 - std[617be2ca0a6fd877]::panicking::default_hook
[INFO] [stdout]    5:     0x64e054adc830 - test[aada8e7e76ba119b]::test_main_inner::{closure#0}
[INFO] [stdout]    6:     0x64e054ba00a2 - std[617be2ca0a6fd877]::panicking::panic_with_hook
[INFO] [stdout]    7:     0x64e054b83d62 - std[617be2ca0a6fd877]::panicking::panic_handler::{closure#0}
[INFO] [stdout]    8:     0x64e054b7c8e9 - std[617be2ca0a6fd877]::sys::backtrace::__rust_end_short_backtrace::<std[617be2ca0a6fd877]::panicking::panic_handler::{closure#0}, !>
[INFO] [stdout]    9:     0x64e054b8496d - __rustc[ea4f61d10b84890b]::rust_begin_unwind
[INFO] [stdout]   10:     0x64e054bbd64c - core[a373ad73a504971]::panicking::panic_fmt
[INFO] [stdout]   11:     0x64e054bbd422 - core[a373ad73a504971]::result::unwrap_failed
[INFO] [stdout]   12:     0x64e054ac5f55 - <config[556034e1c9017425]::this_repos_spec_spine_toml_loads::{closure#0} as core[a373ad73a504971]::ops::function::FnOnce<()>>::call_once
[INFO] [stdout]   13:     0x64e054acfc7b - test[aada8e7e76ba119b]::__rust_begin_short_backtrace::<core[a373ad73a504971]::result::Result<(), alloc[2e1b2a31b91974c5]::string::String>, fn() -> core[a373ad73a504971]::result::Result<(), alloc[2e1b2a31b91974c5]::string::String>>
[INFO] [stdout]   14:     0x64e054adce55 - test[aada8e7e76ba119b]::run_test::{closure#0}
[INFO] [stdout]   15:     0x64e054ad6744 - std[617be2ca0a6fd877]::sys::backtrace::__rust_begin_short_backtrace::<test[aada8e7e76ba119b]::run_test::{closure#1}, ()>
[INFO] [stdout]   16:     0x64e054adfee2 - <std[617be2ca0a6fd877]::thread::lifecycle::spawn_unchecked<test[aada8e7e76ba119b]::run_test::{closure#1}, ()>::{closure#1} as core[a373ad73a504971]::ops::function::FnOnce<()>>::call_once::{shim:vtable#0}
[INFO] [stdout]   17:     0x64e054ba70af - <std[617be2ca0a6fd877]::sys::thread::unix::Thread>::new::thread_start
[INFO] [stdout]   18:     0x722f73014dfa - <unknown>
[INFO] [stdout]   19:     0x722f730a83d4 - clone
[INFO] [stdout]   20:                0x0 - <unknown>
[INFO] [stdout] 
[INFO] [stdout] 
[INFO] [stdout] failures:
[INFO] [stdout]     this_repos_spec_spine_toml_loads
[INFO] [stdout] 
[INFO] [stdout] test result: FAILED. 20 passed; 1 failed; 0 ignored; 0 measured; 0 filtered out; finished in 0.01s
[INFO] [stdout] 
[INFO] [stderr] error: test failed, to rerun pass `--test config`
[INFO] running `Command { std: "docker" "inspect" "78347696ac72e143cbd821e25106903cbb0feafbbae587785d122b8bc8adcd6b", kill_on_drop: false }`
[INFO] running `Command { std: "docker" "rm" "-f" "78347696ac72e143cbd821e25106903cbb0feafbbae587785d122b8bc8adcd6b", kill_on_drop: false }`
[INFO] [stdout] 78347696ac72e143cbd821e25106903cbb0feafbbae587785d122b8bc8adcd6b
