[INFO] fetching crate spec-kit-mcp 0.1.0...
[INFO] testing spec-kit-mcp-0.1.0 against 1.99.0-beta.8+cargoflags=--release for beta-release-1.100-2
[INFO] extracting crate spec-kit-mcp 0.1.0 into /workspace/builds/worker-2-tc1/source
[INFO] started tweaking crates.io crate spec-kit-mcp 0.1.0
[INFO] finished tweaking crates.io crate spec-kit-mcp 0.1.0
[INFO] tweaked toml for crates.io crate spec-kit-mcp 0.1.0 written to /workspace/builds/worker-2-tc1/source/Cargo.toml
[INFO] validating manifest of crates.io crate spec-kit-mcp 0.1.0 on toolchain 1.99.0-beta.8
[INFO] running `Command { std: CARGO_HOME="/workspace/cargo-home" RUSTUP_HOME="/workspace/rustup-home" "/workspace/cargo-home/bin/cargo" "+1.99.0-beta.8" "metadata" "--manifest-path" "Cargo.toml" "--no-deps", kill_on_drop: false }`
[INFO] crate crates.io crate spec-kit-mcp 0.1.0 already has a lockfile, it will not be regenerated
[INFO] running `Command { std: CARGO_HOME="/workspace/cargo-home" RUSTUP_HOME="/workspace/rustup-home" "/workspace/cargo-home/bin/cargo" "+1.99.0-beta.8" "fetch" "--manifest-path" "Cargo.toml", kill_on_drop: false }`
[INFO] [stderr]  Downloading crates ...
[INFO] [stderr]   Downloaded unicode-ident v1.0.20
[INFO] [stderr]   Downloaded mockall v0.12.1
[INFO] [stderr]   Downloaded mockall_derive v0.12.1
[INFO] [stderr]   Downloaded clap_builder v4.5.50
[INFO] [stderr]   Downloaded clap v4.5.50
[INFO] [stderr]   Downloaded pest_meta v2.8.3
[INFO] [stderr]   Downloaded pest v2.8.3
[INFO] [stderr]   Downloaded pest_generator v2.8.3
[INFO] [stderr]   Downloaded pest_derive v2.8.3
[INFO] running `Command { std: "docker" "create" "-v" "/var/lib/crater-agent-workspace/builds/worker-2-tc1/source:/opt/rustwide/workdir:ro,Z" "-v" "/var/lib/crater-agent-workspace/builds/worker-2-tc1/target:/opt/rustwide/target:rw,Z" "-v" "/var/lib/crater-agent-workspace/cargo-home:/opt/rustwide/cargo-home:ro,Z" "-v" "/var/lib/crater-agent-workspace/rustup-home:/opt/rustwide/rustup-home:ro,Z" "-m" "1610612736" "--network" "none" "ghcr.io/rust-lang/crates-build-env/linux@sha256:77db811e55d90add9212f6832c23229e3de5f1c1f9905e8cb07319ea15df73ac" "sleep" "infinity", kill_on_drop: false }`
[INFO] [stdout] 2dae9dd33e735f5dc6d472b32b70c8ba5d4b59ad4e8dd6e0e2a45d43adb6ec95
[INFO] running `Command { std: "docker" "start" "2dae9dd33e735f5dc6d472b32b70c8ba5d4b59ad4e8dd6e0e2a45d43adb6ec95", kill_on_drop: false }`
[INFO] running `Command { std: "docker" "inspect" "2dae9dd33e735f5dc6d472b32b70c8ba5d4b59ad4e8dd6e0e2a45d43adb6ec95", kill_on_drop: false }`
[INFO] running `Command { std: "docker" "exec" "-e" "SOURCE_DIR=/opt/rustwide/workdir" "-e" "CARGO_HOME=/opt/rustwide/cargo-home" "-e" "RUSTUP_HOME=/opt/rustwide/rustup-home" "-e" "CARGO_TARGET_DIR=/opt/rustwide/target" "-w" "/opt/rustwide/workdir" "--user" "0:0" "2dae9dd33e735f5dc6d472b32b70c8ba5d4b59ad4e8dd6e0e2a45d43adb6ec95" "/opt/rustwide/cargo-home/bin/cargo" "+1.99.0-beta.8" "metadata" "--no-deps" "--format-version=1", kill_on_drop: false }`
[INFO] running `Command { std: "docker" "inspect" "2dae9dd33e735f5dc6d472b32b70c8ba5d4b59ad4e8dd6e0e2a45d43adb6ec95", kill_on_drop: false }`
[INFO] running `Command { std: "docker" "exec" "-e" "SOURCE_DIR=/opt/rustwide/workdir" "-e" "CARGO_HOME=/opt/rustwide/cargo-home" "-e" "RUSTUP_HOME=/opt/rustwide/rustup-home" "-e" "CARGO_TARGET_DIR=/opt/rustwide/target" "-e" "CARGO_INCREMENTAL=0" "-e" "RUST_BACKTRACE=full" "-e" "RUSTFLAGS=--cap-lints=warn" "-e" "RUSTDOCFLAGS=--cap-lints=warn" "-w" "/opt/rustwide/workdir" "--user" "0:0" "2dae9dd33e735f5dc6d472b32b70c8ba5d4b59ad4e8dd6e0e2a45d43adb6ec95" "/opt/rustwide/cargo-home/bin/cargo" "+1.99.0-beta.8" "build" "--frozen" "--message-format=json" "--release", kill_on_drop: false }`
[INFO] [stderr]    Compiling unicode-ident v1.0.20
[INFO] [stderr]    Compiling quote v1.0.41
[INFO] [stderr]    Compiling crossbeam-utils v0.8.21
[INFO] [stderr]    Compiling libc v0.2.177
[INFO] [stderr]    Compiling ahash v0.8.12
[INFO] [stderr]    Compiling crossbeam-utils v0.7.2
[INFO] [stderr]    Compiling tiny-keccak v2.0.2
[INFO] [stderr]    Compiling memoffset v0.5.6
[INFO] [stderr]    Compiling memchr v2.7.6
[INFO] [stderr]    Compiling bitflags v2.10.0
[INFO] [stderr]    Compiling once_cell v1.21.3
[INFO] [stderr]    Compiling rustix v1.1.2
[INFO] [stderr]    Compiling crossbeam-epoch v0.8.2
[INFO] [stderr]    Compiling log v0.4.28
[INFO] [stderr]    Compiling linux-raw-sys v0.11.0
[INFO] [stderr]    Compiling proc-macro2 v1.0.103
[INFO] [stderr]    Compiling async-io v2.6.0
[INFO] [stderr]    Compiling tracing-core v0.1.34
[INFO] [stderr]    Compiling hashbrown v0.16.0
[INFO] [stderr]    Compiling futures v0.1.31
[INFO] [stderr]    Compiling futures-io v0.3.31
[INFO] [stderr]    Compiling fastrand v2.3.0
[INFO] [stderr]    Compiling anstyle-parse v0.2.7
[INFO] [stderr]    Compiling hashbrown v0.14.5
[INFO] [stderr]    Compiling signal-hook-registry v1.4.6
[INFO] [stderr]    Compiling iovec v0.1.4
[INFO] [stderr]    Compiling futures-lite v2.6.1
[INFO] [stderr]    Compiling winnow v0.7.13
[INFO] [stderr]    Compiling anstyle v1.0.13
[INFO] [stderr]    Compiling pest v2.8.3
[INFO] [stderr]    Compiling concurrent-queue v2.5.0
[INFO] [stderr]    Compiling syn v2.0.108
[INFO] [stderr]    Compiling regex-syntax v0.8.8
[INFO] [stderr]    Compiling colorchoice v1.0.4
[INFO] [stderr]    Compiling event-listener v5.4.1
[INFO] [stderr]    Compiling anstyle-query v1.1.4
[INFO] [stderr]    Compiling anstream v0.6.21
[INFO] [stderr]    Compiling indexmap v2.12.0
[INFO] [stderr]    Compiling event-listener-strategy v0.5.4
[INFO] [stderr]    Compiling crossbeam-deque v0.7.4
[INFO] [stderr]    Compiling hashlink v0.8.4
[INFO] [stderr]    Compiling serde_json v1.0.145
[INFO] [stderr]    Compiling crossbeam-queue v0.2.3
[INFO] [stderr]    Compiling bytes v0.4.12
[INFO] [stderr]    Compiling parking_lot_core v0.9.12
[INFO] [stderr]    Compiling num_cpus v1.17.0
[INFO] [stderr]    Compiling arraydeque v0.5.1
[INFO] [stderr]    Compiling getrandom v0.2.16
[INFO] [stderr]    Compiling clap_lex v0.7.6
[INFO] [stderr]    Compiling option-ext v0.2.0
[INFO] [stderr]    Compiling const-random-macro v0.1.16
[INFO] [stderr]    Compiling anyhow v1.0.100
[INFO] [stderr]    Compiling nom v7.1.3
[INFO] [stderr]    Compiling yaml-rust2 v0.8.1
[INFO] [stderr]    Compiling const-random v0.1.18
[INFO] [stderr]    Compiling clap_builder v4.5.50
[INFO] [stderr]    Compiling dlv-list v0.5.2
[INFO] [stderr]    Compiling tokio-executor v0.1.10
[INFO] [stderr]    Compiling pest_meta v2.8.3
[INFO] [stderr]    Compiling ordered-multimap v0.7.3
[INFO] [stderr]    Compiling tokio-io v0.1.13
[INFO] [stderr]    Compiling dirs-sys v0.4.1
[INFO] [stderr]    Compiling tokio-threadpool v0.1.18
[INFO] [stderr]    Compiling rust-ini v0.20.0
[INFO] [stderr]    Compiling convert_case v0.6.0
[INFO] [stderr]    Compiling regex-automata v0.4.13
[INFO] [stderr]    Compiling parking_lot v0.12.5
[INFO] [stderr]    Compiling async-channel v2.5.0
[INFO] [stderr]    Compiling async-lock v3.4.1
[INFO] [stderr]    Compiling tracing-log v0.2.0
[INFO] [stderr]    Compiling async-task v4.7.1
[INFO] [stderr]    Compiling pathdiff v0.2.3
[INFO] [stderr]    Compiling tokio-fs v0.1.7
[INFO] [stderr]    Compiling dirs v5.0.1
[INFO] [stderr]    Compiling matchers v0.2.0
[INFO] [stderr]    Compiling pest_generator v2.8.3
[INFO] [stderr]    Compiling serde_derive v1.0.228
[INFO] [stderr]    Compiling pest_derive v2.8.3
[INFO] [stderr]    Compiling tracing-attributes v0.1.30
[INFO] [stderr]    Compiling async-trait v0.1.89
[INFO] [stderr]    Compiling thiserror-impl v2.0.17
[INFO] [stderr]    Compiling tokio-macros v2.6.0
[INFO] [stderr]    Compiling clap_derive v4.5.49
[INFO] [stderr]    Compiling polling v3.11.0
[INFO] [stderr]    Compiling tokio v1.48.0
[INFO] [stderr]    Compiling tracing v0.1.41
[INFO] [stderr]    Compiling thiserror v2.0.17
[INFO] [stderr]    Compiling async-signal v0.2.13
[INFO] [stderr]    Compiling async-process v2.5.0
[INFO] [stderr]    Compiling clap v4.5.50
[INFO] [stderr]    Compiling serde v1.0.228
[INFO] [stderr]    Compiling toml_datetime v0.6.11
[INFO] [stderr]    Compiling serde_spanned v0.6.9
[INFO] [stderr]    Compiling json5 v0.4.1
[INFO] [stderr]    Compiling ron v0.8.1
[INFO] [stderr]    Compiling tracing-serde v0.2.0
[INFO] [stderr]    Compiling tracing-subscriber v0.3.20
[INFO] [stderr]    Compiling toml_edit v0.22.27
[INFO] [stderr]    Compiling toml v0.8.23
[INFO] [stderr]    Compiling config v0.14.1
[INFO] [stderr]    Compiling spec-kit-mcp v0.1.0 (/opt/rustwide/workdir)
[INFO] [stderr]     Finished `release` profile [optimized] target(s) in 1m 35s
[INFO] running `Command { std: "docker" "inspect" "2dae9dd33e735f5dc6d472b32b70c8ba5d4b59ad4e8dd6e0e2a45d43adb6ec95", kill_on_drop: false }`
[INFO] running `Command { std: "docker" "exec" "-e" "SOURCE_DIR=/opt/rustwide/workdir" "-e" "CARGO_HOME=/opt/rustwide/cargo-home" "-e" "RUSTUP_HOME=/opt/rustwide/rustup-home" "-e" "CARGO_TARGET_DIR=/opt/rustwide/target" "-e" "CARGO_INCREMENTAL=0" "-e" "RUST_BACKTRACE=full" "-e" "RUSTFLAGS=--cap-lints=warn" "-e" "RUSTDOCFLAGS=--cap-lints=warn" "-w" "/opt/rustwide/workdir" "--user" "0:0" "2dae9dd33e735f5dc6d472b32b70c8ba5d4b59ad4e8dd6e0e2a45d43adb6ec95" "/opt/rustwide/cargo-home/bin/cargo" "+1.99.0-beta.8" "test" "--frozen" "--no-run" "--message-format=json" "--release", kill_on_drop: false }`
[INFO] [stderr]    Compiling serde_core v1.0.228
[INFO] [stderr]    Compiling serde v1.0.228
[INFO] [stderr]    Compiling zerocopy v0.8.27
[INFO] [stderr]    Compiling zerocopy-derive v0.8.27
[INFO] [stderr]    Compiling rustix v1.1.2
[INFO] [stderr]    Compiling concurrent-queue v2.5.0
[INFO] [stderr]    Compiling regex-automata v0.4.13
[INFO] [stderr]    Compiling futures-lite v2.6.1
[INFO] [stderr]    Compiling tokio v1.48.0
[INFO] [stderr]    Compiling predicates-core v1.0.9
[INFO] [stderr]    Compiling itertools v0.10.5
[INFO] [stderr]    Compiling async-stream-impl v0.3.6
[INFO] [stderr]    Compiling termtree v0.5.1
[INFO] [stderr]    Compiling getrandom v0.3.4
[INFO] [stderr]    Compiling mockall_derive v0.12.1
[INFO] [stderr]    Compiling is-terminal v0.4.17
[INFO] [stderr]    Compiling fragile v2.0.1
[INFO] [stderr]    Compiling predicates v3.1.3
[INFO] [stderr]    Compiling predicates-tree v1.0.12
[INFO] [stderr]    Compiling downcast v0.11.0
[INFO] [stderr]    Compiling assert_matches v1.5.0
[INFO] [stderr]    Compiling event-listener v5.4.1
[INFO] [stderr]    Compiling async-stream v0.3.6
[INFO] [stderr]    Compiling event-listener-strategy v0.5.4
[INFO] [stderr]    Compiling async-lock v3.4.1
[INFO] [stderr]    Compiling async-channel v2.5.0
[INFO] [stderr]    Compiling mockall v0.12.1
[INFO] [stderr]    Compiling criterion-plot v0.5.0
[INFO] [stderr]    Compiling matchers v0.2.0
[INFO] [stderr]    Compiling regex v1.12.2
[INFO] [stderr]    Compiling bitflags v2.10.0
[INFO] [stderr]    Compiling serde_json v1.0.145
[INFO] [stderr]    Compiling ahash v0.8.12
[INFO] [stderr]    Compiling half v2.7.1
[INFO] [stderr]    Compiling hashbrown v0.14.5
[INFO] [stderr]    Compiling ciborium-ll v0.2.2
[INFO] [stderr]    Compiling toml_datetime v0.6.11
[INFO] [stderr]    Compiling serde_spanned v0.6.9
[INFO] [stderr]    Compiling toml_edit v0.22.27
[INFO] [stderr]    Compiling ron v0.8.1
[INFO] [stderr]    Compiling json5 v0.4.1
[INFO] [stderr]    Compiling tracing-serde v0.2.0
[INFO] [stderr]    Compiling hashlink v0.8.4
[INFO] [stderr]    Compiling ordered-multimap v0.7.3
[INFO] [stderr]    Compiling ciborium v0.2.2
[INFO] [stderr]    Compiling tinytemplate v1.2.1
[INFO] [stderr]    Compiling tracing-subscriber v0.3.20
[INFO] [stderr]    Compiling yaml-rust2 v0.8.1
[INFO] [stderr]    Compiling rust-ini v0.20.0
[INFO] [stderr]    Compiling criterion v0.5.1
[INFO] [stderr]    Compiling tokio-stream v0.1.17
[INFO] [stderr]    Compiling toml v0.8.23
[INFO] [stderr]    Compiling tokio-test v0.4.4
[INFO] [stderr]    Compiling config v0.14.1
[INFO] [stderr]    Compiling polling v3.11.0
[INFO] [stderr]    Compiling tempfile v3.23.0
[INFO] [stderr]    Compiling async-io v2.6.0
[INFO] [stderr]    Compiling async-signal v0.2.13
[INFO] [stderr]    Compiling async-process v2.5.0
[INFO] [stderr]    Compiling spec-kit-mcp v0.1.0 (/opt/rustwide/workdir)
[INFO] [stderr]     Finished `release` profile [optimized] target(s) in 56.24s
[INFO] running `Command { std: "docker" "inspect" "2dae9dd33e735f5dc6d472b32b70c8ba5d4b59ad4e8dd6e0e2a45d43adb6ec95", kill_on_drop: false }`
[INFO] running `Command { std: "docker" "exec" "-e" "SOURCE_DIR=/opt/rustwide/workdir" "-e" "CARGO_HOME=/opt/rustwide/cargo-home" "-e" "RUSTUP_HOME=/opt/rustwide/rustup-home" "-e" "CARGO_TARGET_DIR=/opt/rustwide/target" "-e" "CARGO_INCREMENTAL=0" "-e" "RUST_BACKTRACE=full" "-e" "RUSTFLAGS=--cap-lints=warn" "-e" "RUSTDOCFLAGS=--cap-lints=warn" "-w" "/opt/rustwide/workdir" "--user" "0:0" "2dae9dd33e735f5dc6d472b32b70c8ba5d4b59ad4e8dd6e0e2a45d43adb6ec95" "/opt/rustwide/cargo-home/bin/cargo" "+1.99.0-beta.8" "test" "--frozen" "--release", kill_on_drop: false }`
[INFO] [stderr]     Finished `release` profile [optimized] target(s) in 0.22s
[INFO] [stderr]      Running unittests src/lib.rs (/opt/rustwide/target/release/deps/spec_kit_mcp-36b08942f92a74ee)
[INFO] [stdout] 
[INFO] [stdout] running 38 tests
[INFO] [stdout] test mcp::types::tests::test_parse_request ... ok
[INFO] [stdout] test mcp::types::tests::test_success_response ... ok
[INFO] [stdout] test mcp::server::tests::test_server_creation ... ok
[INFO] [stdout] test tools::analyze::tests::test_analyze_tool_definition ... ok
[INFO] [stdout] test mcp::types::tests::test_error_response ... ok
[INFO] [stdout] test mcp::protocol::tests::test_ping_response ... ok
[INFO] [stdout] test mcp::types::tests::test_content_block ... ok
[INFO] [stdout] test speckit::cli::tests::test_constitution_write ... ok
[INFO] [stdout] test mcp::transport::tests::test_transport_creation ... ok
[INFO] [stdout] test tools::clarify::tests::test_clarify_tool_definition ... ok
[INFO] [stdout] test tools::check::tests::test_check_tool_definition ... ok
[INFO] [stdout] test mcp::protocol::tests::test_validate_request_valid ... ok
[INFO] [stdout] test tools::constitution::tests::test_constitution_tool_definition ... ok
[INFO] [stdout] test tools::implement::tests::test_implement_tool_definition ... ok
[INFO] [stdout] test mcp::protocol::tests::test_validate_request_empty_method ... ok
[INFO] [stdout] test tools::implement::tests::test_implement_tool_execute ... ok
[INFO] [stdout] test tools::init::tests::test_init_tool_definition ... ok
[INFO] [stdout] test tools::analyze::tests::test_analyze_tool_execute ... FAILED
[INFO] [stdout] test tools::plan::tests::test_plan_tool_execute ... ok
[INFO] [stdout] test tools::init::tests::test_init_tool_execute ... ok
[INFO] [stdout] test tools::plan::tests::test_plan_tool_definition ... ok
[INFO] [stdout] test tools::clarify::tests::test_clarify_tool_execute ... ok
[INFO] [stdout] test tools::checklist::tests::test_checklist_tool_definition ... ok
[INFO] [stdout] test mcp::protocol::tests::test_validate_request_invalid_version ... ok
[INFO] [stdout] test tools::tests::test_registry_creation ... ok
[INFO] [stdout] test tools::tests::test_registry_with_tools ... ok
[INFO] [stdout] test tools::specify::tests::test_specify_tool_definition ... ok
[INFO] [stdout] test speckit::cli::tests::test_specify_write ... ok
[INFO] [stdout] test tools::tasks::tests::test_tasks_tool_definition ... ok
[INFO] [stdout] test tools::tests::test_list_tools ... ok
[INFO] [stdout] test speckit::cli::tests::test_cli_creation ... ok
[INFO] [stdout] test tools::tasks::tests::test_tasks_tool_execute ... ok
[INFO] [stdout] test tools::check::tests::test_check_command ... ok
[INFO] [stdout] test mcp::protocol::tests::test_initialize_response ... ok
[INFO] [stdout] test tools::checklist::tests::test_checklist_tool_execute ... ok
[INFO] [stdout] test tools::constitution::tests::test_constitution_tool_execute ... ok
[INFO] [stdout] test tools::specify::tests::test_specify_tool_execute ... ok
[INFO] [stdout] test tools::check::tests::test_check_tool_execute ... ok
[INFO] [stdout] 
[INFO] [stdout] failures:
[INFO] [stdout] 
[INFO] [stdout] ---- tools::analyze::tests::test_analyze_tool_execute stdout ----
[INFO] [stdout] 
[INFO] [stdout] thread 'tools::analyze::tests::test_analyze_tool_execute' (3277) panicked at src/tools/analyze.rs:273:49:
[INFO] [stdout] called `Result::unwrap()` on an `Err` value: Failed to write analysis
[INFO] [stdout] 
[INFO] [stdout] Caused by:
[INFO] [stdout]     Read-only file system (os error 30)
[INFO] [stdout] 
[INFO] [stdout] Stack backtrace:
[INFO] [stdout]    0: <core::io::error::Error as anyhow::context::ext::StdError>::ext_context::<&str>
[INFO] [stdout]    1: <spec_kit_mcp::tools::analyze::AnalyzeTool as spec_kit_mcp::tools::Tool>::execute::{closure#0}
[INFO] [stdout]    2: spec_kit_mcp::tools::analyze::tests::test_analyze_tool_execute::{closure#0}
[INFO] [stdout]    3: <tokio::runtime::scheduler::current_thread::Context>::enter::<core::task::poll::Poll<()>, <tokio::runtime::scheduler::current_thread::CoreGuard>::block_on<core::pin::Pin<&mut core::pin::Pin<&mut dyn core::future::future::Future<Output = ()>>>>::{closure#0}::{closure#0}>
[INFO] [stdout]    4: <tokio::runtime::context::scoped::Scoped<tokio::runtime::scheduler::Context>>::set::<<tokio::runtime::scheduler::current_thread::CoreGuard>::enter<<tokio::runtime::scheduler::current_thread::CoreGuard>::block_on<core::pin::Pin<&mut core::pin::Pin<&mut dyn core::future::future::Future<Output = ()>>>>::{closure#0}, core::option::Option<()>>::{closure#0}, (alloc::boxed::Box<tokio::runtime::scheduler::current_thread::Core>, core::option::Option<()>)>
[INFO] [stdout]    5: <tokio::runtime::scheduler::current_thread::CoreGuard>::block_on::<core::pin::Pin<&mut core::pin::Pin<&mut dyn core::future::future::Future<Output = ()>>>>
[INFO] [stdout]    6: tokio::runtime::context::runtime::enter_runtime::<<tokio::runtime::scheduler::current_thread::CurrentThread>::block_on<core::pin::Pin<&mut dyn core::future::future::Future<Output = ()>>>::{closure#0}, ()>
[INFO] [stdout]    7: <tokio::runtime::runtime::Runtime>::block_on::<core::pin::Pin<&mut dyn core::future::future::Future<Output = ()>>>
[INFO] [stdout]    8: spec_kit_mcp::tools::analyze::tests::test_analyze_tool_execute
[INFO] [stdout]    9: <spec_kit_mcp::tools::analyze::tests::test_analyze_tool_execute::{closure#0} as core::ops::function::FnOnce<()>>::call_once
[INFO] [stdout]   10: test::__rust_begin_short_backtrace::<core::result::Result<(), alloc::string::String>, fn() -> core::result::Result<(), alloc::string::String>>
[INFO] [stdout]   11: test::run_test::{closure#0}
[INFO] [stdout]   12: std::sys::backtrace::__rust_begin_short_backtrace::<test::run_test::{closure#1}, ()>
[INFO] [stdout]   13: <std::thread::lifecycle::spawn_unchecked<test::run_test::{closure#1}, ()>::{closure#1} as core::ops::function::FnOnce<()>>::call_once::{shim:vtable#0}
[INFO] [stdout]   14: <std::sys::thread::unix::Thread>::new::thread_start
[INFO] [stdout]   15: <unknown>
[INFO] [stdout]   16: clone
[INFO] [stdout] stack backtrace:
[INFO] [stdout]    0:     0x55997c3e17d1 - <<std[70759c8f55707aa4]::sys::backtrace::BacktraceLock>::print::DisplayBacktrace as core[df12db4294e9bfd3]::fmt::Display>::fmt
[INFO] [stdout]    1:     0x55997c3f7d0a - core[df12db4294e9bfd3]::fmt::write
[INFO] [stdout]    2:     0x55997c3e66ac - <alloc[2182bb758b4b3781]::vec::Vec<u8> as core[df12db4294e9bfd3]::io::write::Write>::write_fmt
[INFO] [stdout]    3:     0x55997c3bb246 - std[70759c8f55707aa4]::panicking::default_hook::{closure#0}
[INFO] [stdout]    4:     0x55997c3d8ef9 - std[70759c8f55707aa4]::panicking::default_hook
[INFO] [stdout]    5:     0x55997c327f80 - test[9d35eded1c95d3be]::test_main_inner::<test[9d35eded1c95d3be]::test_main_static::{closure#0}>::{closure#0}
[INFO] [stdout]    6:     0x55997c3d9222 - std[70759c8f55707aa4]::panicking::panic_with_hook
[INFO] [stdout]    7:     0x55997c3bb2f2 - std[70759c8f55707aa4]::panicking::panic_handler::{closure#0}
[INFO] [stdout]    8:     0x55997c3b3789 - std[70759c8f55707aa4]::sys::backtrace::__rust_end_short_backtrace::<std[70759c8f55707aa4]::panicking::panic_handler::{closure#0}, !>
[INFO] [stdout]    9:     0x55997c3bc07d - __rustc[8fa7c3cbc660c2b3]::rust_begin_unwind
[INFO] [stdout]   10:     0x55997c3f846c - core[df12db4294e9bfd3]::panicking::panic_fmt
[INFO] [stdout]   11:     0x55997c3f8242 - core[df12db4294e9bfd3]::result::unwrap_failed
[INFO] [stdout]   12:     0x55997c2fceb3 - spec_kit_mcp[eb1544ea2fbc7c8f]::tools::analyze::tests::test_analyze_tool_execute::{closure#0}
[INFO] [stdout]   13:     0x55997c2cd2f3 - <tokio[140e363fd0319bf8]::runtime::scheduler::current_thread::Context>::enter::<core[df12db4294e9bfd3]::task::poll::Poll<()>, <tokio[140e363fd0319bf8]::runtime::scheduler::current_thread::CoreGuard>::block_on<core[df12db4294e9bfd3]::pin::Pin<&mut core[df12db4294e9bfd3]::pin::Pin<&mut dyn core[df12db4294e9bfd3]::future::future::Future<Output = ()>>>>::{closure#0}::{closure#0}>
[INFO] [stdout]   14:     0x55997c2f9e9c - <tokio[140e363fd0319bf8]::runtime::context::scoped::Scoped<tokio[140e363fd0319bf8]::runtime::scheduler::Context>>::set::<<tokio[140e363fd0319bf8]::runtime::scheduler::current_thread::CoreGuard>::enter<<tokio[140e363fd0319bf8]::runtime::scheduler::current_thread::CoreGuard>::block_on<core[df12db4294e9bfd3]::pin::Pin<&mut core[df12db4294e9bfd3]::pin::Pin<&mut dyn core[df12db4294e9bfd3]::future::future::Future<Output = ()>>>>::{closure#0}, core[df12db4294e9bfd3]::option::Option<()>>::{closure#0}, (alloc[2182bb758b4b3781]::boxed::Box<tokio[140e363fd0319bf8]::runtime::scheduler::current_thread::Core>, core[df12db4294e9bfd3]::option::Option<()>)>
[INFO] [stdout]   15:     0x55997c2cd647 - <tokio[140e363fd0319bf8]::runtime::scheduler::current_thread::CoreGuard>::block_on::<core[df12db4294e9bfd3]::pin::Pin<&mut core[df12db4294e9bfd3]::pin::Pin<&mut dyn core[df12db4294e9bfd3]::future::future::Future<Output = ()>>>>
[INFO] [stdout]   16:     0x55997c2ecd67 - tokio[140e363fd0319bf8]::runtime::context::runtime::enter_runtime::<<tokio[140e363fd0319bf8]::runtime::scheduler::current_thread::CurrentThread>::block_on<core[df12db4294e9bfd3]::pin::Pin<&mut dyn core[df12db4294e9bfd3]::future::future::Future<Output = ()>>>::{closure#0}, ()>
[INFO] [stdout]   17:     0x55997c2ffe05 - <tokio[140e363fd0319bf8]::runtime::runtime::Runtime>::block_on::<core[df12db4294e9bfd3]::pin::Pin<&mut dyn core[df12db4294e9bfd3]::future::future::Future<Output = ()>>>
[INFO] [stdout]   18:     0x55997c2fe3ab - spec_kit_mcp[eb1544ea2fbc7c8f]::tools::analyze::tests::test_analyze_tool_execute
[INFO] [stdout]   19:     0x55997c2eaaf9 - <spec_kit_mcp[eb1544ea2fbc7c8f]::tools::analyze::tests::test_analyze_tool_execute::{closure#0} as core[df12db4294e9bfd3]::ops::function::FnOnce<()>>::call_once
[INFO] [stdout]   20:     0x55997c31b26b - test[9d35eded1c95d3be]::__rust_begin_short_backtrace::<core[df12db4294e9bfd3]::result::Result<(), alloc[2182bb758b4b3781]::string::String>, fn() -> core[df12db4294e9bfd3]::result::Result<(), alloc[2182bb758b4b3781]::string::String>>
[INFO] [stdout]   21:     0x55997c3288d5 - test[9d35eded1c95d3be]::run_test::{closure#0}
[INFO] [stdout]   22:     0x55997c322194 - std[70759c8f55707aa4]::sys::backtrace::__rust_begin_short_backtrace::<test[9d35eded1c95d3be]::run_test::{closure#1}, ()>
[INFO] [stdout]   23:     0x55997c32ba32 - <std[70759c8f55707aa4]::thread::lifecycle::spawn_unchecked<test[9d35eded1c95d3be]::run_test::{closure#1}, ()>::{closure#1} as core[df12db4294e9bfd3]::ops::function::FnOnce<()>>::call_once::{shim:vtable#0}
[INFO] [stdout]   24:     0x55997c3e0b09 - <std[70759c8f55707aa4]::sys::thread::unix::Thread>::new::thread_start
[INFO] [stdout]   25:     0x7fbc0db4ddfa - <unknown>
[INFO] [stdout]   26:     0x7fbc0dbe13d4 - clone
[INFO] [stdout]   27:                0x0 - <unknown>
[INFO] [stdout] 
[INFO] [stdout] 
[INFO] [stdout] failures:
[INFO] [stdout]     tools::analyze::tests::test_analyze_tool_execute
[INFO] [stdout] 
[INFO] [stdout] test result: FAILED. 37 passed; 1 failed; 0 ignored; 0 measured; 0 filtered out; finished in 0.08s
[INFO] [stdout] 
[INFO] [stderr] error: test failed, to rerun pass `--lib`
[INFO] running `Command { std: "docker" "inspect" "2dae9dd33e735f5dc6d472b32b70c8ba5d4b59ad4e8dd6e0e2a45d43adb6ec95", kill_on_drop: false }`
[INFO] running `Command { std: "docker" "rm" "-f" "2dae9dd33e735f5dc6d472b32b70c8ba5d4b59ad4e8dd6e0e2a45d43adb6ec95", kill_on_drop: false }`
[INFO] [stdout] 2dae9dd33e735f5dc6d472b32b70c8ba5d4b59ad4e8dd6e0e2a45d43adb6ec95
