[INFO] fetching crate spec-cli 0.12.0...
[INFO] testing spec-cli-0.12.0 against 1.99.0-beta.8+cargoflags=--release for beta-release-1.100-2
[INFO] extracting crate spec-cli 0.12.0 into /workspace/builds/worker-7-tc1/source
[INFO] started tweaking crates.io crate spec-cli 0.12.0
[INFO] removed 0 missing tests
[INFO] finished tweaking crates.io crate spec-cli 0.12.0
[INFO] tweaked toml for crates.io crate spec-cli 0.12.0 written to /workspace/builds/worker-7-tc1/source/Cargo.toml
[INFO] validating manifest of crates.io crate spec-cli 0.12.0 on toolchain 1.99.0-beta.8
[INFO] running `Command { std: CARGO_HOME="/workspace/cargo-home" RUSTUP_HOME="/workspace/rustup-home" "/workspace/cargo-home/bin/cargo" "+1.99.0-beta.8" "metadata" "--manifest-path" "Cargo.toml" "--no-deps", kill_on_drop: false }`
[INFO] crate crates.io crate spec-cli 0.12.0 already has a lockfile, it will not be regenerated
[INFO] running `Command { std: CARGO_HOME="/workspace/cargo-home" RUSTUP_HOME="/workspace/rustup-home" "/workspace/cargo-home/bin/cargo" "+1.99.0-beta.8" "fetch" "--manifest-path" "Cargo.toml", kill_on_drop: false }`
[INFO] [stderr]     Updating crates.io index
[INFO] [stderr]  Downloading crates ...
[INFO] [stderr]   Downloaded unsafe-libyaml-norway v0.2.15
[INFO] [stderr]   Downloaded uuid-simd v0.8.0
[INFO] [stderr]   Downloaded wasm-bindgen-shared v0.2.117
[INFO] [stderr]   Downloaded wasm-bindgen-futures v0.4.67
[INFO] [stderr]   Downloaded num-cmp v0.1.0
[INFO] [stderr]   Downloaded wasm-bindgen-macro v0.2.117
[INFO] [stderr]   Downloaded outref v0.5.2
[INFO] [stderr]   Downloaded bytecount v0.6.9
[INFO] [stderr]   Downloaded vsimd v0.8.0
[INFO] [stderr]   Downloaded saphyr-parser-bw v0.0.611
[INFO] [stderr]   Downloaded referencing v0.29.1
[INFO] [stderr]   Downloaded wasm-bindgen-macro-support v0.2.117
[INFO] [stderr]   Downloaded clap_complete v4.6.0
[INFO] [stderr]   Downloaded wasm-bindgen v0.2.117
[INFO] [stderr]   Downloaded spec-core v0.12.0
[INFO] [stderr]   Downloaded fraction v0.15.3
[INFO] [stderr]   Downloaded js-sys v0.3.94
[INFO] [stderr]   Downloaded fancy-regex v0.14.0
[INFO] [stderr]   Downloaded jsonschema v0.29.1
[INFO] [stderr]   Downloaded serde_yaml_bw v2.5.4
[INFO] [stderr]   Downloaded web-sys v0.3.94
[INFO] running `Command { std: "docker" "create" "-v" "/var/lib/crater-agent-workspace/builds/worker-7-tc1/source:/opt/rustwide/workdir:ro,Z" "-v" "/var/lib/crater-agent-workspace/builds/worker-7-tc1/target:/opt/rustwide/target:rw,Z" "-v" "/var/lib/crater-agent-workspace/cargo-home:/opt/rustwide/cargo-home:ro,Z" "-v" "/var/lib/crater-agent-workspace/rustup-home:/opt/rustwide/rustup-home:ro,Z" "-m" "1610612736" "--network" "none" "ghcr.io/rust-lang/crates-build-env/linux@sha256:77db811e55d90add9212f6832c23229e3de5f1c1f9905e8cb07319ea15df73ac" "sleep" "infinity", kill_on_drop: false }`
[INFO] [stdout] ad3d3800437e174c310103dc2f5c59dbc2520cc1920b0a5357cbfd2c39678018
[INFO] running `Command { std: "docker" "start" "ad3d3800437e174c310103dc2f5c59dbc2520cc1920b0a5357cbfd2c39678018", kill_on_drop: false }`
[INFO] running `Command { std: "docker" "inspect" "ad3d3800437e174c310103dc2f5c59dbc2520cc1920b0a5357cbfd2c39678018", kill_on_drop: false }`
[INFO] running `Command { std: "docker" "exec" "-e" "SOURCE_DIR=/opt/rustwide/workdir" "-e" "CARGO_HOME=/opt/rustwide/cargo-home" "-e" "RUSTUP_HOME=/opt/rustwide/rustup-home" "-e" "CARGO_TARGET_DIR=/opt/rustwide/target" "-w" "/opt/rustwide/workdir" "--user" "0:0" "ad3d3800437e174c310103dc2f5c59dbc2520cc1920b0a5357cbfd2c39678018" "/opt/rustwide/cargo-home/bin/cargo" "+1.99.0-beta.8" "metadata" "--no-deps" "--format-version=1", kill_on_drop: false }`
[INFO] running `Command { std: "docker" "inspect" "ad3d3800437e174c310103dc2f5c59dbc2520cc1920b0a5357cbfd2c39678018", kill_on_drop: false }`
[INFO] running `Command { std: "docker" "exec" "-e" "SOURCE_DIR=/opt/rustwide/workdir" "-e" "CARGO_HOME=/opt/rustwide/cargo-home" "-e" "RUSTUP_HOME=/opt/rustwide/rustup-home" "-e" "CARGO_TARGET_DIR=/opt/rustwide/target" "-e" "CARGO_INCREMENTAL=0" "-e" "RUST_BACKTRACE=full" "-e" "RUSTFLAGS=--cap-lints=warn" "-e" "RUSTDOCFLAGS=--cap-lints=warn" "-w" "/opt/rustwide/workdir" "--user" "0:0" "ad3d3800437e174c310103dc2f5c59dbc2520cc1920b0a5357cbfd2c39678018" "/opt/rustwide/cargo-home/bin/cargo" "+1.99.0-beta.8" "build" "--frozen" "--message-format=json" "--release", kill_on_drop: false }`
[INFO] [stderr]    Compiling libc v0.2.184
[INFO] [stderr]    Compiling num-traits v0.2.19
[INFO] [stderr]    Compiling writeable v0.6.2
[INFO] [stderr]    Compiling syn v2.0.117
[INFO] [stderr]    Compiling litemap v0.8.1
[INFO] [stderr]    Compiling icu_properties_data v2.1.2
[INFO] [stderr]    Compiling icu_normalizer_data v2.1.1
[INFO] [stderr]    Compiling futures-sink v0.3.32
[INFO] [stderr]    Compiling typenum v1.19.0
[INFO] [stderr]    Compiling futures-util v0.3.32
[INFO] [stderr]    Compiling aho-corasick v1.1.4
[INFO] [stderr]    Compiling getrandom v0.3.4
[INFO] [stderr]    Compiling futures-channel v0.3.32
[INFO] [stderr]    Compiling ahash v0.8.12
[INFO] [stderr]    Compiling hashbrown v0.16.1
[INFO] [stderr]    Compiling proc-macro2 v1.0.106
[INFO] [stderr]    Compiling bit-vec v0.8.0
[INFO] [stderr]    Compiling borrow-or-share v0.2.4
[INFO] [stderr]    Compiling unicode-ident v1.0.24
[INFO] [stderr]    Compiling quote v1.0.45
[INFO] [stderr]    Compiling generic-array v0.14.7
[INFO] [stderr]    Compiling indexmap v2.13.0
[INFO] [stderr]    Compiling num-integer v0.1.46
[INFO] [stderr]    Compiling mio v1.2.0
[INFO] [stderr]    Compiling socket2 v0.6.3
[INFO] [stderr]    Compiling num-bigint v0.4.6
[INFO] [stderr]    Compiling tokio v1.50.0
[INFO] [stderr]    Compiling regex-automata v0.4.14
[INFO] [stderr]    Compiling num-iter v0.1.45
[INFO] [stderr]    Compiling parking_lot_core v0.9.12
[INFO] [stderr]    Compiling num-complex v0.4.6
[INFO] [stderr]    Compiling parking_lot v0.12.5
[INFO] [stderr]    Compiling num-rational v0.4.2
[INFO] [stderr]    Compiling block-buffer v0.10.4
[INFO] [stderr]    Compiling crypto-common v0.1.7
[INFO] [stderr]    Compiling bit-set v0.8.0
[INFO] [stderr]    Compiling synstructure v0.13.2
[INFO] [stderr]    Compiling outref v0.5.2
[INFO] [stderr]    Compiling num v0.4.3
[INFO] [stderr]    Compiling vsimd v0.8.0
[INFO] [stderr]    Compiling uuid v1.23.0
[INFO] [stderr]    Compiling arraydeque v0.5.1
[INFO] [stderr]    Compiling fraction v0.15.3
[INFO] [stderr]    Compiling rustix v1.1.4
[INFO] [stderr]    Compiling uuid-simd v0.8.0
[INFO] [stderr]    Compiling getrandom v0.4.2
[INFO] [stderr]    Compiling digest v0.10.7
[INFO] [stderr]    Compiling unsafe-libyaml-norway v0.2.15
[INFO] [stderr]    Compiling zerofrom-derive v0.1.6
[INFO] [stderr]    Compiling yoke-derive v0.8.1
[INFO] [stderr]    Compiling serde_derive v1.0.228
[INFO] [stderr]    Compiling zerovec-derive v0.11.2
[INFO] [stderr]    Compiling displaydoc v0.2.5
[INFO] [stderr]    Compiling zerofrom v0.1.6
[INFO] [stderr]    Compiling yoke v0.8.1
[INFO] [stderr]    Compiling ref-cast-impl v1.0.25
[INFO] [stderr]    Compiling zerotrie v0.2.3
[INFO] [stderr]    Compiling ref-cast v1.0.25
[INFO] [stderr]    Compiling hyper v1.9.0
[INFO] [stderr]    Compiling tower v0.5.3
[INFO] [stderr]    Compiling zerovec v0.11.5
[INFO] [stderr]    Compiling thiserror-impl v2.0.18
[INFO] [stderr]    Compiling tower-http v0.6.8
[INFO] [stderr]    Compiling tinystr v0.8.2
[INFO] [stderr]    Compiling potential_utf v0.1.4
[INFO] [stderr]    Compiling icu_collections v2.1.1
[INFO] [stderr]    Compiling icu_locale_core v2.1.1
[INFO] [stderr]    Compiling hyper-util v0.1.20
[INFO] [stderr]    Compiling fancy-regex v0.14.0
[INFO] [stderr]    Compiling thiserror v2.0.18
[INFO] [stderr]    Compiling saphyr-parser-bw v0.0.611
[INFO] [stderr]    Compiling serde v1.0.228
[INFO] [stderr]    Compiling icu_provider v2.1.1
[INFO] [stderr]    Compiling icu_normalizer v2.1.1
[INFO] [stderr]    Compiling icu_properties v2.1.2
[INFO] [stderr]    Compiling serde_urlencoded v0.7.1
[INFO] [stderr]    Compiling fluent-uri v0.3.2
[INFO] [stderr]    Compiling email_address v0.2.9
[INFO] [stderr]    Compiling toml_datetime v0.6.11
[INFO] [stderr]    Compiling referencing v0.29.1
[INFO] [stderr]    Compiling serde_spanned v0.6.9
[INFO] [stderr]    Compiling regex v1.12.3
[INFO] [stderr]    Compiling idna_adapter v1.2.1
[INFO] [stderr]    Compiling clap_derive v4.6.0
[INFO] [stderr]    Compiling idna v1.1.0
[INFO] [stderr]    Compiling bytecount v0.6.9
[INFO] [stderr]    Compiling url v2.5.8
[INFO] [stderr]    Compiling num-cmp v0.1.0
[INFO] [stderr]    Compiling fastrand v2.3.0
[INFO] [stderr]    Compiling sha2 v0.10.9
[INFO] [stderr]    Compiling tempfile v3.27.0
[INFO] [stderr]    Compiling reqwest v0.12.28
[INFO] [stderr]    Compiling toml_edit v0.22.27
[INFO] [stderr]    Compiling clap v4.6.0
[INFO] [stderr]    Compiling serde_yaml_bw v2.5.4
[INFO] [stderr]    Compiling jsonschema v0.29.1
[INFO] [stderr]    Compiling wait-timeout v0.2.1
[INFO] [stderr]    Compiling clap_complete v4.6.0
[INFO] [stderr]    Compiling spec-core v0.12.0
[INFO] [stderr]    Compiling toml v0.8.23
[INFO] [stderr]    Compiling spec-cli v0.12.0 (/opt/rustwide/workdir)
[INFO] [stderr]     Finished `release` profile [optimized] target(s) in 4m 37s
[INFO] running `Command { std: "docker" "inspect" "ad3d3800437e174c310103dc2f5c59dbc2520cc1920b0a5357cbfd2c39678018", kill_on_drop: false }`
[INFO] running `Command { std: "docker" "exec" "-e" "SOURCE_DIR=/opt/rustwide/workdir" "-e" "CARGO_HOME=/opt/rustwide/cargo-home" "-e" "RUSTUP_HOME=/opt/rustwide/rustup-home" "-e" "CARGO_TARGET_DIR=/opt/rustwide/target" "-e" "CARGO_INCREMENTAL=0" "-e" "RUST_BACKTRACE=full" "-e" "RUSTFLAGS=--cap-lints=warn" "-e" "RUSTDOCFLAGS=--cap-lints=warn" "-w" "/opt/rustwide/workdir" "--user" "0:0" "ad3d3800437e174c310103dc2f5c59dbc2520cc1920b0a5357cbfd2c39678018" "/opt/rustwide/cargo-home/bin/cargo" "+1.99.0-beta.8" "test" "--frozen" "--no-run" "--message-format=json" "--release", kill_on_drop: false }`
[INFO] [stderr]    Compiling spec-cli v0.12.0 (/opt/rustwide/workdir)
[INFO] [stderr]     Finished `release` profile [optimized] target(s) in 35.27s
[INFO] running `Command { std: "docker" "inspect" "ad3d3800437e174c310103dc2f5c59dbc2520cc1920b0a5357cbfd2c39678018", kill_on_drop: false }`
[INFO] running `Command { std: "docker" "exec" "-e" "SOURCE_DIR=/opt/rustwide/workdir" "-e" "CARGO_HOME=/opt/rustwide/cargo-home" "-e" "RUSTUP_HOME=/opt/rustwide/rustup-home" "-e" "CARGO_TARGET_DIR=/opt/rustwide/target" "-e" "CARGO_INCREMENTAL=0" "-e" "RUST_BACKTRACE=full" "-e" "RUSTFLAGS=--cap-lints=warn" "-e" "RUSTDOCFLAGS=--cap-lints=warn" "-w" "/opt/rustwide/workdir" "--user" "0:0" "ad3d3800437e174c310103dc2f5c59dbc2520cc1920b0a5357cbfd2c39678018" "/opt/rustwide/cargo-home/bin/cargo" "+1.99.0-beta.8" "test" "--frozen" "--release", kill_on_drop: false }`
[INFO] [stderr]     Finished `release` profile [optimized] target(s) in 0.19s
[INFO] [stderr]      Running unittests src/main.rs (/opt/rustwide/target/release/deps/spec-0b2621b94c9a3b55)
[INFO] [stdout] 
[INFO] [stdout] running 34 tests
[INFO] [stdout] test commands::tests::benchmark_parse_and_evidence_hash_lookup_against_btree_baseline ... ignored, manual benchmark for Priority 4 parse/evidence ship gate
[INFO] [stdout] test commands::tests::build_test_evidence_preserves_found_missing_and_duplicate_statuses ... ok
[INFO] [stdout] test commands::tests::escape_hatch_gate_demotes_only_otherwise_valid_units ... ok
[INFO] [stdout] test commands::tests::compute_health_status_uses_shared_legacy_passport_freshness_resolution ... ok
[INFO] [stdout] test commands::tests::concurrent_passport_write_guard_detects_other_active_writer ... ok
[INFO] [stdout] test commands::tests::generate_command_bootstraps_marker_and_writes_files ... FAILED
[INFO] [stdout] test commands::tests::concurrent_passport_write_guard_ignores_stale_markers ... ok
[INFO] [stdout] test commands::tests::generate_specs_rejects_reserved_molecule_tests_namespace_segment ... FAILED
[INFO] [stdout] test commands::tests::generate_command_writes_doc_comments_for_ecommerce_units ... FAILED
[INFO] [stdout] test commands::tests::output_module_prefix_relative_path_fallback_strips_src_component ... ok
[INFO] [stdout] test commands::tests::plan_validate_has_failures_ignores_partial_impact_when_closure_is_closed ... ok
[INFO] [stdout] test commands::tests::output_module_prefix_no_src_prefix_preserved ... ok
[INFO] [stdout] test commands::tests::materialize_single_file_generation_scope_rewrites_relative_library_paths_in_temp_config ... ok
[INFO] [stdout] test commands::tests::output_module_prefix_absolute_crate_root_strips_src ... ok
[INFO] [stdout] test commands::tests::spec_error_to_json_entry_preserves_multi_field_variants ... ok
[INFO] [stdout] test commands::tests::spec_error_code_namespace_is_stable_and_exhaustive_for_current_variants ... ok
[INFO] [stdout] test config::tests::load_workspace_context_from_nested_relative_file_finds_ancestor_config ... ok
[INFO] [stdout] test commands::tests::workspace_config_error_json_entry_uses_stable_codes_and_config_path ... ok
[INFO] [stdout] test config::tests::loads_default_config_when_missing ... ok
[INFO] [stdout] test config::tests::load_workspace_context_from_relative_subdir_path_keeps_repo_root ... ok
[INFO] [stdout] test config::tests::discovers_nearest_config_from_nested_path ... ok
[INFO] [stdout] test config::tests::loads_pipeline_timeout_secs ... ok
[INFO] [stdout] test config::tests::loads_libraries_from_root_config ... ok
[INFO] [stdout] test config::tests::missing_library_path_downcasts_to_workspace_config_error ... ok
[INFO] [stdout] test config::tests::rejects_library_alias_to_self ... ok
[INFO] [stdout] test config::tests::rejects_duplicate_canonical_library_roots ... ok
[INFO] [stdout] test config::tests::rejects_missing_library_path ... ok
[INFO] [stdout] test commands::tests::cargo_doc_succeeds_for_generated_ecommerce_docs ... FAILED
[INFO] [stdout] test config::tests::rewrite_workspace_config_relative_paths_absolutizes_path_fields ... ok
[INFO] [stdout] test config::tests::rejects_zero_timeout_secs ... ok
[INFO] [stdout] test config::tests::resolves_relative_pipeline_paths_from_workspace_root ... ok
[INFO] [stdout] test config::tests::rejects_library_paths_outside_repo_root ... ok
[INFO] [stdout] test config::tests::rejects_unknown_fields ... ok
[INFO] [stdout] test commands::tests::validate_command_collects_directory_errors ... ok
[INFO] [stderr] error: test failed, to rerun pass `--bin spec`
[INFO] [stdout] 
[INFO] [stdout] failures:
[INFO] [stdout] 
[INFO] [stdout] ---- commands::tests::generate_command_bootstraps_marker_and_writes_files stdout ----
[INFO] [stdout] 
[INFO] [stdout] thread 'commands::tests::generate_command_bootstraps_marker_and_writes_files' (2012) panicked at src/commands.rs:5057:79:
[INFO] [stdout] called `Result::unwrap()` on an `Err` value: Custom { kind: ReadOnlyFilesystem, error: PathError { path: "/opt/rustwide/workdir/.tmp1hNXfE", err: Os { code: 30, kind: ReadOnlyFilesystem, message: "Read-only file system" } } }
[INFO] [stdout] stack backtrace:
[INFO] [stdout]    0:     0x6373b803a151 - <<std[70759c8f55707aa4]::sys::backtrace::BacktraceLock>::print::DisplayBacktrace as core[df12db4294e9bfd3]::fmt::Display>::fmt
[INFO] [stdout]    1:     0x6373b805222a - core[df12db4294e9bfd3]::fmt::write
[INFO] [stdout]    2:     0x6373b803f4bc - <alloc[2182bb758b4b3781]::vec::Vec<u8> as core[df12db4294e9bfd3]::io::write::Write>::write_fmt
[INFO] [stdout]    3:     0x6373b8010d36 - std[70759c8f55707aa4]::panicking::default_hook::{closure#0}
[INFO] [stdout]    4:     0x6373b802fa49 - std[70759c8f55707aa4]::panicking::default_hook
[INFO] [stdout]    5:     0x6373b7b00ae0 - test[9d35eded1c95d3be]::test_main_inner::<test[9d35eded1c95d3be]::test_main_static::{closure#0}>::{closure#0}
[INFO] [stdout]    6:     0x6373b802fd72 - std[70759c8f55707aa4]::panicking::panic_with_hook
[INFO] [stdout]    7:     0x6373b8010de2 - std[70759c8f55707aa4]::panicking::panic_handler::{closure#0}
[INFO] [stdout]    8:     0x6373b80090b9 - std[70759c8f55707aa4]::sys::backtrace::__rust_end_short_backtrace::<std[70759c8f55707aa4]::panicking::panic_handler::{closure#0}, !>
[INFO] [stdout]    9:     0x6373b8011dcd - __rustc[8fa7c3cbc660c2b3]::rust_begin_unwind
[INFO] [stdout]   10:     0x6373b8052a0c - core[df12db4294e9bfd3]::panicking::panic_fmt
[INFO] [stdout]   11:     0x6373b80527e2 - core[df12db4294e9bfd3]::result::unwrap_failed
[INFO] [stdout]   12:     0x6373b7a270f9 - spec[96b2f7e89409f164]::commands::tests::generate_command_bootstraps_marker_and_writes_files
[INFO] [stdout]   13:     0x6373b7a8b299 - <spec[96b2f7e89409f164]::commands::tests::generate_command_bootstraps_marker_and_writes_files::{closure#0} as core[df12db4294e9bfd3]::ops::function::FnOnce<()>>::call_once
[INFO] [stdout]   14:     0x6373b7af3dcb - test[9d35eded1c95d3be]::__rust_begin_short_backtrace::<core[df12db4294e9bfd3]::result::Result<(), alloc[2182bb758b4b3781]::string::String>, fn() -> core[df12db4294e9bfd3]::result::Result<(), alloc[2182bb758b4b3781]::string::String>>
[INFO] [stdout]   15:     0x6373b7b01435 - test[9d35eded1c95d3be]::run_test::{closure#0}
[INFO] [stdout]   16:     0x6373b7afacf4 - std[70759c8f55707aa4]::sys::backtrace::__rust_begin_short_backtrace::<test[9d35eded1c95d3be]::run_test::{closure#1}, ()>
[INFO] [stdout]   17:     0x6373b7b04592 - <std[70759c8f55707aa4]::thread::lifecycle::spawn_unchecked<test[9d35eded1c95d3be]::run_test::{closure#1}, ()>::{closure#1} as core[df12db4294e9bfd3]::ops::function::FnOnce<()>>::call_once::{shim:vtable#0}
[INFO] [stdout]   18:     0x6373b8038d39 - <std[70759c8f55707aa4]::sys::thread::unix::Thread>::new::thread_start
[INFO] [stdout]   19:     0x7de514ccedfa - <unknown>
[INFO] [stdout]   20:     0x7de514d623d4 - clone
[INFO] [stdout]   21:                0x0 - <unknown>
[INFO] [stdout] 
[INFO] [stdout] ---- commands::tests::generate_specs_rejects_reserved_molecule_tests_namespace_segment stdout ----
[INFO] [stdout] 
[INFO] [stdout] thread 'commands::tests::generate_specs_rejects_reserved_molecule_tests_namespace_segment' (2014) panicked at src/commands.rs:5147:79:
[INFO] [stdout] called `Result::unwrap()` on an `Err` value: Custom { kind: ReadOnlyFilesystem, error: PathError { path: "/opt/rustwide/workdir/.tmpfKSKIK", err: Os { code: 30, kind: ReadOnlyFilesystem, message: "Read-only file system" } } }
[INFO] [stdout] stack backtrace:
[INFO] [stdout]    0:     0x6373b803a151 - <<std[70759c8f55707aa4]::sys::backtrace::BacktraceLock>::print::DisplayBacktrace as core[df12db4294e9bfd3]::fmt::Display>::fmt
[INFO] [stdout]    1:     0x6373b805222a - core[df12db4294e9bfd3]::fmt::write
[INFO] [stdout]    2:     0x6373b803f4bc - <alloc[2182bb758b4b3781]::vec::Vec<u8> as core[df12db4294e9bfd3]::io::write::Write>::write_fmt
[INFO] [stdout]    3:     0x6373b8010d36 - std[70759c8f55707aa4]::panicking::default_hook::{closure#0}
[INFO] [stdout]    4:     0x6373b802fa49 - std[70759c8f55707aa4]::panicking::default_hook
[INFO] [stdout]    5:     0x6373b7b00ae0 - test[9d35eded1c95d3be]::test_main_inner::<test[9d35eded1c95d3be]::test_main_static::{closure#0}>::{closure#0}
[INFO] [stdout]    6:     0x6373b802fd72 - std[70759c8f55707aa4]::panicking::panic_with_hook
[INFO] [stdout]    7:     0x6373b8010de2 - std[70759c8f55707aa4]::panicking::panic_handler::{closure#0}
[INFO] [stdout]    8:     0x6373b80090b9 - std[70759c8f55707aa4]::sys::backtrace::__rust_end_short_backtrace::<std[70759c8f55707aa4]::panicking::panic_handler::{closure#0}, !>
[INFO] [stdout]    9:     0x6373b8011dcd - __rustc[8fa7c3cbc660c2b3]::rust_begin_unwind
[INFO] [stdout]   10:     0x6373b8052a0c - core[df12db4294e9bfd3]::panicking::panic_fmt
[INFO] [stdout]   11:     0x6373b80527e2 - core[df12db4294e9bfd3]::result::unwrap_failed
[INFO] [stdout]   12:     0x6373b7a2b94c - spec[96b2f7e89409f164]::commands::tests::generate_specs_rejects_reserved_molecule_tests_namespace_segment
[INFO] [stdout]   13:     0x6373b7a8b399 - <spec[96b2f7e89409f164]::commands::tests::generate_specs_rejects_reserved_molecule_tests_namespace_segment::{closure#0} as core[df12db4294e9bfd3]::ops::function::FnOnce<()>>::call_once
[INFO] [stdout]   14:     0x6373b7af3dcb - test[9d35eded1c95d3be]::__rust_begin_short_backtrace::<core[df12db4294e9bfd3]::result::Result<(), alloc[2182bb758b4b3781]::string::String>, fn() -> core[df12db4294e9bfd3]::result::Result<(), alloc[2182bb758b4b3781]::string::String>>
[INFO] [stdout]   15:     0x6373b7b01435 - test[9d35eded1c95d3be]::run_test::{closure#0}
[INFO] [stdout]   16:     0x6373b7afacf4 - std[70759c8f55707aa4]::sys::backtrace::__rust_begin_short_backtrace::<test[9d35eded1c95d3be]::run_test::{closure#1}, ()>
[INFO] [stdout]   17:     0x6373b7b04592 - <std[70759c8f55707aa4]::thread::lifecycle::spawn_unchecked<test[9d35eded1c95d3be]::run_test::{closure#1}, ()>::{closure#1} as core[df12db4294e9bfd3]::ops::function::FnOnce<()>>::call_once::{shim:vtable#0}
[INFO] [stdout]   18:     0x6373b8038d39 - <std[70759c8f55707aa4]::sys::thread::unix::Thread>::new::thread_start
[INFO] [stdout]   19:     0x7de514ccedfa - <unknown>
[INFO] [stdout]   20:     0x7de514d623d4 - clone
[INFO] [stdout]   21:                0x0 - <unknown>
[INFO] [stdout] 
[INFO] [stdout] ---- commands::tests::generate_command_writes_doc_comments_for_ecommerce_units stdout ----
[INFO] [stdout] 
[INFO] [stdout] thread 'commands::tests::generate_command_writes_doc_comments_for_ecommerce_units' (2013) panicked at src/commands.rs:5125:79:
[INFO] [stdout] called `Result::unwrap()` on an `Err` value: Custom { kind: ReadOnlyFilesystem, error: PathError { path: "/opt/rustwide/workdir/.tmpzIvISs", err: Os { code: 30, kind: ReadOnlyFilesystem, message: "Read-only file system" } } }
[INFO] [stdout] stack backtrace:
[INFO] [stdout]    0:     0x6373b803a151 - <<std[70759c8f55707aa4]::sys::backtrace::BacktraceLock>::print::DisplayBacktrace as core[df12db4294e9bfd3]::fmt::Display>::fmt
[INFO] [stdout]    1:     0x6373b805222a - core[df12db4294e9bfd3]::fmt::write
[INFO] [stdout]    2:     0x6373b803f4bc - <alloc[2182bb758b4b3781]::vec::Vec<u8> as core[df12db4294e9bfd3]::io::write::Write>::write_fmt
[INFO] [stdout]    3:     0x6373b8010d36 - std[70759c8f55707aa4]::panicking::default_hook::{closure#0}
[INFO] [stdout]    4:     0x6373b802fa49 - std[70759c8f55707aa4]::panicking::default_hook
[INFO] [stdout]    5:     0x6373b7b00ae0 - test[9d35eded1c95d3be]::test_main_inner::<test[9d35eded1c95d3be]::test_main_static::{closure#0}>::{closure#0}
[INFO] [stdout]    6:     0x6373b802fd72 - std[70759c8f55707aa4]::panicking::panic_with_hook
[INFO] [stdout]    7:     0x6373b8010de2 - std[70759c8f55707aa4]::panicking::panic_handler::{closure#0}
[INFO] [stdout]    8:     0x6373b80090b9 - std[70759c8f55707aa4]::sys::backtrace::__rust_end_short_backtrace::<std[70759c8f55707aa4]::panicking::panic_handler::{closure#0}, !>
[INFO] [stdout]    9:     0x6373b8011dcd - __rustc[8fa7c3cbc660c2b3]::rust_begin_unwind
[INFO] [stdout]   10:     0x6373b8052a0c - core[df12db4294e9bfd3]::panicking::panic_fmt
[INFO] [stdout]   11:     0x6373b80527e2 - core[df12db4294e9bfd3]::result::unwrap_failed
[INFO] [stdout]   12:     0x6373b7a29699 - spec[96b2f7e89409f164]::commands::tests::generate_command_writes_doc_comments_for_ecommerce_units
[INFO] [stdout]   13:     0x6373b7a8b339 - <spec[96b2f7e89409f164]::commands::tests::generate_command_writes_doc_comments_for_ecommerce_units::{closure#0} as core[df12db4294e9bfd3]::ops::function::FnOnce<()>>::call_once
[INFO] [stdout]   14:     0x6373b7af3dcb - test[9d35eded1c95d3be]::__rust_begin_short_backtrace::<core[df12db4294e9bfd3]::result::Result<(), alloc[2182bb758b4b3781]::string::String>, fn() -> core[df12db4294e9bfd3]::result::Result<(), alloc[2182bb758b4b3781]::string::String>>
[INFO] [stdout]   15:     0x6373b7b01435 - test[9d35eded1c95d3be]::run_test::{closure#0}
[INFO] [stdout]   16:     0x6373b7afacf4 - std[70759c8f55707aa4]::sys::backtrace::__rust_begin_short_backtrace::<test[9d35eded1c95d3be]::run_test::{closure#1}, ()>
[INFO] [stdout]   17:     0x6373b7b04592 - <std[70759c8f55707aa4]::thread::lifecycle::spawn_unchecked<test[9d35eded1c95d3be]::run_test::{closure#1}, ()>::{closure#1} as core[df12db4294e9bfd3]::ops::function::FnOnce<()>>::call_once::{shim:vtable#0}
[INFO] [stdout]   18:     0x6373b8038d39 - <std[70759c8f55707aa4]::sys::thread::unix::Thread>::new::thread_start
[INFO] [stdout]   19:     0x7de514ccedfa - <unknown>
[INFO] [stdout]   20:     0x7de514d623d4 - clone
[INFO] [stdout]   21:                0x0 - <unknown>
[INFO] [stdout] 
[INFO] [stdout] ---- commands::tests::cargo_doc_succeeds_for_generated_ecommerce_docs stdout ----
[INFO] [stdout] 
[INFO] [stdout] thread 'commands::tests::cargo_doc_succeeds_for_generated_ecommerce_docs' (2007) panicked at src/commands.rs:5227:79:
[INFO] [stdout] called `Result::unwrap()` on an `Err` value: Custom { kind: ReadOnlyFilesystem, error: PathError { path: "/opt/rustwide/workdir/.tmpt7ljTf", err: Os { code: 30, kind: ReadOnlyFilesystem, message: "Read-only file system" } } }
[INFO] [stdout] stack backtrace:
[INFO] [stdout]    0:     0x6373b803a151 - <<std[70759c8f55707aa4]::sys::backtrace::BacktraceLock>::print::DisplayBacktrace as core[df12db4294e9bfd3]::fmt::Display>::fmt
[INFO] [stdout]    1:     0x6373b805222a - core[df12db4294e9bfd3]::fmt::write
[INFO] [stdout]    2:     0x6373b803f4bc - <alloc[2182bb758b4b3781]::vec::Vec<u8> as core[df12db4294e9bfd3]::io::write::Write>::write_fmt
[INFO] [stdout]    3:     0x6373b8010d36 - std[70759c8f55707aa4]::panicking::default_hook::{closure#0}
[INFO] [stdout]    4:     0x6373b802fa49 - std[70759c8f55707aa4]::panicking::default_hook
[INFO] [stdout]    5:     0x6373b7b00ae0 - test[9d35eded1c95d3be]::test_main_inner::<test[9d35eded1c95d3be]::test_main_static::{closure#0}>::{closure#0}
[INFO] [stdout]    6:     0x6373b802fd72 - std[70759c8f55707aa4]::panicking::panic_with_hook
[INFO] [stdout]    7:     0x6373b8010de2 - std[70759c8f55707aa4]::panicking::panic_handler::{closure#0}
[INFO] [stdout]    8:     0x6373b80090b9 - std[70759c8f55707aa4]::sys::backtrace::__rust_end_short_backtrace::<std[70759c8f55707aa4]::panicking::panic_handler::{closure#0}, !>
[INFO] [stdout]    9:     0x6373b8011dcd - __rustc[8fa7c3cbc660c2b3]::rust_begin_unwind
[INFO] [stdout]   10:     0x6373b8052a0c - core[df12db4294e9bfd3]::panicking::panic_fmt
[INFO] [stdout]   11:     0x6373b80527e2 - core[df12db4294e9bfd3]::result::unwrap_failed
[INFO] [stdout]   12:     0x6373b7a26b04 - spec[96b2f7e89409f164]::commands::tests::cargo_doc_succeeds_for_generated_ecommerce_docs
[INFO] [stdout]   13:     0x6373b7a8b279 - <spec[96b2f7e89409f164]::commands::tests::cargo_doc_succeeds_for_generated_ecommerce_docs::{closure#0} as core[df12db4294e9bfd3]::ops::function::FnOnce<()>>::call_once
[INFO] [stdout]   14:     0x6373b7af3dcb - test[9d35eded1c95d3be]::__rust_begin_short_backtrace::<core[df12db4294e9bfd3]::result::Result<(), alloc[2182bb758b4b3781]::string::String>, fn() -> core[df12db4294e9bfd3]::result::Result<(), alloc[2182bb758b4b3781]::string::String>>
[INFO] [stdout]   15:     0x6373b7b01435 - test[9d35eded1c95d3be]::run_test::{closure#0}
[INFO] [stdout]   16:     0x6373b7afacf4 - std[70759c8f55707aa4]::sys::backtrace::__rust_begin_short_backtrace::<test[9d35eded1c95d3be]::run_test::{closure#1}, ()>
[INFO] [stdout]   17:     0x6373b7b04592 - <std[70759c8f55707aa4]::thread::lifecycle::spawn_unchecked<test[9d35eded1c95d3be]::run_test::{closure#1}, ()>::{closure#1} as core[df12db4294e9bfd3]::ops::function::FnOnce<()>>::call_once::{shim:vtable#0}
[INFO] [stdout]   18:     0x6373b8038d39 - <std[70759c8f55707aa4]::sys::thread::unix::Thread>::new::thread_start
[INFO] [stdout]   19:     0x7de514ccedfa - <unknown>
[INFO] [stdout]   20:     0x7de514d623d4 - clone
[INFO] [stdout]   21:                0x0 - <unknown>
[INFO] [stdout] 
[INFO] [stdout] 
[INFO] [stdout] failures:
[INFO] [stdout]     commands::tests::cargo_doc_succeeds_for_generated_ecommerce_docs
[INFO] [stdout]     commands::tests::generate_command_bootstraps_marker_and_writes_files
[INFO] [stdout]     commands::tests::generate_command_writes_doc_comments_for_ecommerce_units
[INFO] [stdout]     commands::tests::generate_specs_rejects_reserved_molecule_tests_namespace_segment
[INFO] [stdout] 
[INFO] [stdout] test result: FAILED. 29 passed; 4 failed; 1 ignored; 0 measured; 0 filtered out; finished in 0.11s
[INFO] [stdout] 
[INFO] running `Command { std: "docker" "inspect" "ad3d3800437e174c310103dc2f5c59dbc2520cc1920b0a5357cbfd2c39678018", kill_on_drop: false }`
[INFO] running `Command { std: "docker" "rm" "-f" "ad3d3800437e174c310103dc2f5c59dbc2520cc1920b0a5357cbfd2c39678018", kill_on_drop: false }`
[INFO] [stdout] ad3d3800437e174c310103dc2f5c59dbc2520cc1920b0a5357cbfd2c39678018
