[INFO] fetching crate spdfdiff_cli 0.1.13...
[INFO] testing spdfdiff_cli-0.1.13 against 1.100.0-beta.1+cargoflags=--release for beta-release-1.100-2
[INFO] extracting crate spdfdiff_cli 0.1.13 into /workspace/builds/worker-1-tc2/source
[INFO] started tweaking crates.io crate spdfdiff_cli 0.1.13
[INFO] removed 0 missing tests
[INFO] finished tweaking crates.io crate spdfdiff_cli 0.1.13
[INFO] tweaked toml for crates.io crate spdfdiff_cli 0.1.13 written to /workspace/builds/worker-1-tc2/source/Cargo.toml
[INFO] validating manifest of crates.io crate spdfdiff_cli 0.1.13 on toolchain 1.100.0-beta.1
[INFO] running `Command { std: CARGO_HOME="/workspace/cargo-home" RUSTUP_HOME="/workspace/rustup-home" "/workspace/cargo-home/bin/cargo" "+1.100.0-beta.1" "metadata" "--manifest-path" "Cargo.toml" "--no-deps", kill_on_drop: false }`
[INFO] crate crates.io crate spdfdiff_cli 0.1.13 already has a lockfile, it will not be regenerated
[INFO] running `Command { std: CARGO_HOME="/workspace/cargo-home" RUSTUP_HOME="/workspace/rustup-home" "/workspace/cargo-home/bin/cargo" "+1.100.0-beta.1" "fetch" "--manifest-path" "Cargo.toml", kill_on_drop: false }`
[INFO] running `Command { std: "docker" "create" "-v" "/var/lib/crater-agent-workspace/builds/worker-1-tc2/source:/opt/rustwide/workdir:ro,Z" "-v" "/var/lib/crater-agent-workspace/builds/worker-1-tc2/target:/opt/rustwide/target:rw,Z" "-v" "/var/lib/crater-agent-workspace/cargo-home:/opt/rustwide/cargo-home:ro,Z" "-v" "/var/lib/crater-agent-workspace/rustup-home:/opt/rustwide/rustup-home:ro,Z" "-m" "1610612736" "--network" "none" "ghcr.io/rust-lang/crates-build-env/linux@sha256:77db811e55d90add9212f6832c23229e3de5f1c1f9905e8cb07319ea15df73ac" "sleep" "infinity", kill_on_drop: false }`
[INFO] [stdout] a6a55336aa961f88dee3ccc10cfe3dd2387a9ecfa27efd4452b02f8a95bbc9ff
[INFO] running `Command { std: "docker" "start" "a6a55336aa961f88dee3ccc10cfe3dd2387a9ecfa27efd4452b02f8a95bbc9ff", kill_on_drop: false }`
[INFO] running `Command { std: "docker" "inspect" "a6a55336aa961f88dee3ccc10cfe3dd2387a9ecfa27efd4452b02f8a95bbc9ff", kill_on_drop: false }`
[INFO] running `Command { std: "docker" "exec" "-e" "SOURCE_DIR=/opt/rustwide/workdir" "-e" "CARGO_HOME=/opt/rustwide/cargo-home" "-e" "RUSTUP_HOME=/opt/rustwide/rustup-home" "-e" "CARGO_TARGET_DIR=/opt/rustwide/target" "-w" "/opt/rustwide/workdir" "--user" "0:0" "a6a55336aa961f88dee3ccc10cfe3dd2387a9ecfa27efd4452b02f8a95bbc9ff" "/opt/rustwide/cargo-home/bin/cargo" "+1.100.0-beta.1" "metadata" "--no-deps" "--format-version=1", kill_on_drop: false }`
[INFO] running `Command { std: "docker" "inspect" "a6a55336aa961f88dee3ccc10cfe3dd2387a9ecfa27efd4452b02f8a95bbc9ff", kill_on_drop: false }`
[INFO] running `Command { std: "docker" "exec" "-e" "SOURCE_DIR=/opt/rustwide/workdir" "-e" "CARGO_HOME=/opt/rustwide/cargo-home" "-e" "RUSTUP_HOME=/opt/rustwide/rustup-home" "-e" "CARGO_TARGET_DIR=/opt/rustwide/target" "-e" "CARGO_INCREMENTAL=0" "-e" "RUST_BACKTRACE=full" "-e" "RUSTFLAGS=--cap-lints=warn" "-e" "RUSTDOCFLAGS=--cap-lints=warn" "-w" "/opt/rustwide/workdir" "--user" "0:0" "a6a55336aa961f88dee3ccc10cfe3dd2387a9ecfa27efd4452b02f8a95bbc9ff" "/opt/rustwide/cargo-home/bin/cargo" "+1.100.0-beta.1" "build" "--frozen" "--message-format=json" "--release", kill_on_drop: false }`
[INFO] [stderr]    Compiling proc-macro2 v1.0.106
[INFO] [stderr]    Compiling quote v1.0.45
[INFO] [stderr]    Compiling unicode-ident v1.0.24
[INFO] [stderr]    Compiling serde_core v1.0.228
[INFO] [stderr]    Compiling thiserror v2.0.18
[INFO] [stderr]    Compiling serde v1.0.228
[INFO] [stderr]    Compiling crc32fast v1.5.0
[INFO] [stderr]    Compiling simd-adler32 v0.3.9
[INFO] [stderr]    Compiling cfg-if v1.0.4
[INFO] [stderr]    Compiling adler2 v2.0.1
[INFO] [stderr]    Compiling zmij v1.0.21
[INFO] [stderr]    Compiling utf8parse v0.2.2
[INFO] [stderr]    Compiling anstyle v1.0.14
[INFO] [stderr]    Compiling serde_json v1.0.150
[INFO] [stderr]    Compiling colorchoice v1.0.5
[INFO] [stderr]    Compiling anstyle-query v1.1.5
[INFO] [stderr]    Compiling anstyle-parse v1.0.0
[INFO] [stderr]    Compiling is_terminal_polyfill v1.70.2
[INFO] [stderr]    Compiling clap_lex v1.1.0
[INFO] [stderr]    Compiling miniz_oxide v0.8.9
[INFO] [stderr]    Compiling strsim v0.11.1
[INFO] [stderr]    Compiling memchr v2.8.1
[INFO] [stderr]    Compiling winnow v1.0.3
[INFO] [stderr]    Compiling toml_writer v1.1.1+spec-1.1.0
[INFO] [stderr]    Compiling anstream v1.0.0
[INFO] [stderr]    Compiling clap_builder v4.6.0
[INFO] [stderr]    Compiling toml_parser v1.1.2+spec-1.1.0
[INFO] [stderr]    Compiling syn v2.0.117
[INFO] [stderr]    Compiling flate2 v1.1.9
[INFO] [stderr]    Compiling serde_spanned v1.1.1
[INFO] [stderr]    Compiling toml_datetime v1.1.1+spec-1.1.0
[INFO] [stderr]    Compiling toml v1.1.2+spec-1.1.0
[INFO] [stderr]    Compiling serde_derive v1.0.228
[INFO] [stderr]    Compiling thiserror-impl v2.0.18
[INFO] [stderr]    Compiling clap_derive v4.6.1
[INFO] [stderr]    Compiling clap v4.6.1
[INFO] [stderr]    Compiling spdfdiff_types v0.1.13
[INFO] [stderr]    Compiling pdf_content v0.1.13
[INFO] [stderr]    Compiling pdf_core v0.1.13
[INFO] [stderr]    Compiling diff_report v0.1.13
[INFO] [stderr]    Compiling pdf_text v0.1.13
[INFO] [stderr]    Compiling pdf_semantic v0.1.13
[INFO] [stderr]    Compiling diff_core v0.1.13
[INFO] [stderr]    Compiling spdfdiff_cli v0.1.13 (/opt/rustwide/workdir)
[INFO] [stderr]     Finished `release` profile [optimized] target(s) in 42.88s
[INFO] running `Command { std: "docker" "inspect" "a6a55336aa961f88dee3ccc10cfe3dd2387a9ecfa27efd4452b02f8a95bbc9ff", kill_on_drop: false }`
[INFO] running `Command { std: "docker" "exec" "-e" "SOURCE_DIR=/opt/rustwide/workdir" "-e" "CARGO_HOME=/opt/rustwide/cargo-home" "-e" "RUSTUP_HOME=/opt/rustwide/rustup-home" "-e" "CARGO_TARGET_DIR=/opt/rustwide/target" "-e" "CARGO_INCREMENTAL=0" "-e" "RUST_BACKTRACE=full" "-e" "RUSTFLAGS=--cap-lints=warn" "-e" "RUSTDOCFLAGS=--cap-lints=warn" "-w" "/opt/rustwide/workdir" "--user" "0:0" "a6a55336aa961f88dee3ccc10cfe3dd2387a9ecfa27efd4452b02f8a95bbc9ff" "/opt/rustwide/cargo-home/bin/cargo" "+1.100.0-beta.1" "test" "--frozen" "--no-run" "--message-format=json" "--release", kill_on_drop: false }`
[INFO] [stderr]    Compiling spdfdiff_cli v0.1.13 (/opt/rustwide/workdir)
[INFO] [stderr]     Finished `release` profile [optimized] target(s) in 12.49s
[INFO] running `Command { std: "docker" "inspect" "a6a55336aa961f88dee3ccc10cfe3dd2387a9ecfa27efd4452b02f8a95bbc9ff", kill_on_drop: false }`
[INFO] running `Command { std: "docker" "exec" "-e" "SOURCE_DIR=/opt/rustwide/workdir" "-e" "CARGO_HOME=/opt/rustwide/cargo-home" "-e" "RUSTUP_HOME=/opt/rustwide/rustup-home" "-e" "CARGO_TARGET_DIR=/opt/rustwide/target" "-e" "CARGO_INCREMENTAL=0" "-e" "RUST_BACKTRACE=full" "-e" "RUSTFLAGS=--cap-lints=warn" "-e" "RUSTDOCFLAGS=--cap-lints=warn" "-w" "/opt/rustwide/workdir" "--user" "0:0" "a6a55336aa961f88dee3ccc10cfe3dd2387a9ecfa27efd4452b02f8a95bbc9ff" "/opt/rustwide/cargo-home/bin/cargo" "+1.100.0-beta.1" "test" "--frozen" "--release", kill_on_drop: false }`
[INFO] [stderr]     Finished `release` profile [optimized] target(s) in 0.07s
[INFO] [stderr]      Running unittests src/main.rs (/opt/rustwide/target/release/build/spdfdiff_cli/6aabf04c0439cfac/out/spdfdiff-6aabf04c0439cfac)
[INFO] [stdout] 
[INFO] [stdout] running 34 tests
[INFO] [stdout] test tests::corpus_report_evaluates_manifest_gate_and_diff_pairs ... FAILED
[INFO] [stdout] test tests::corpus_gate_blocks_public_alpha_label_without_release_evidence ... FAILED
[INFO] [stdout] test tests::extract_report_serializes_sparse_table_blank_cells ... ok
[INFO] [stdout] test tests::corpus_report_treats_info_only_diagnostics_as_parsed ... FAILED
[INFO] [stdout] test tests::ignores_form_field_dictionary_order_when_typed_values_match ... ok
[INFO] [stdout] test tests::corpus_report_lists_files_and_diagnostic_counts ... FAILED
[INFO] [stdout] test tests::extract_report_serializes_table_row_spans_and_merged_cells ... ok
[INFO] [stdout] test tests::diffs_text_across_multiple_content_streams ... ok
[INFO] [stdout] test tests::extract_report_serializes_table_candidate_evidence ... ok
[INFO] [stdout] test tests::extract_report_lists_text ... ok
[INFO] [stdout] test tests::extract_report_serializes_table_border_hint_evidence ... ok
[INFO] [stdout] test tests::corpus_gate_checks_partial_and_diagnostic_thresholds ... FAILED
[INFO] [stdout] test tests::extracts_text_across_multiple_pages ... ok
[INFO] [stdout] test tests::inspect_report_includes_incremental_update_offsets ... ok
[INFO] [stdout] test tests::extract_report_serializes_table_column_spans ... ok
[INFO] [stdout] test tests::inspect_report_includes_object_count ... ok
[INFO] [stdout] test tests::inspect_json_escapes_file_name ... ok
[INFO] [stdout] test tests::inspect_report_includes_tagged_structure_summary ... ok
[INFO] [stdout] test tests::reports_cid_font_without_tounicode ... ok
[INFO] [stdout] test tests::reports_graphic_style_changes ... ok
[INFO] [stdout] test tests::ignores_annotation_dictionary_order_when_semantics_match ... ok
[INFO] [stdout] test tests::extract_report_serializes_repeated_table_header_evidence ... ok
[INFO] [stdout] test tests::does_not_report_cid_descendant_missing_tounicode_when_type0_parent_has_map ... ok
[INFO] [stdout] test tests::diffs_minimal_pdf_text ... ok
[INFO] [stdout] test tests::reports_tagged_pdf_structure_markers ... ok
[INFO] [stdout] test tests::reports_link_annotation_semantic_changes ... ok
[INFO] [stdout] test tests::reports_native_vector_graphic_changes ... ok
[INFO] [stdout] test tests::reports_image_only_pdf_as_missing_text_layer ... ok
[INFO] [stdout] test tests::reports_outline_name_tree_metadata_and_attachment_typed_changes ... ok
[INFO] [stdout] test tests::review_command_calls_openai_compatible_endpoint ... FAILED
[INFO] [stdout] test tests::reports_typed_form_field_changes_without_raw_hash_evidence ... ok
[INFO] [stdout] test tests::reports_text_style_changes_for_unchanged_text ... ok
[INFO] [stdout] test tests::reports_image_payload_changes ... ok
[INFO] [stdout] test tests::synthetic_benchmark_reports_all_m8_t5_phases ... ok
[INFO] [stdout] 
[INFO] [stdout] failures:
[INFO] [stdout] 
[INFO] [stdout] ---- tests::corpus_report_evaluates_manifest_gate_and_diff_pairs stdout ----
[INFO] [stdout] 
[INFO] [stdout] thread 'tests::corpus_report_evaluates_manifest_gate_and_diff_pairs' (1150) panicked at src/main.rs:5327:42:
[INFO] [stdout] fixture folder should be created: Os { code: 30, kind: ReadOnlyFilesystem, message: "Read-only file system" }
[INFO] [stdout] stack backtrace:
[INFO] [stdout]    0:     0x5df34b73a251 - <<std[617be2ca0a6fd877]::sys::backtrace::BacktraceLock>::print::DisplayBacktrace as core[a373ad73a504971]::fmt::Display>::fmt
[INFO] [stdout]    1:     0x5df34b7525da - core[a373ad73a504971]::fmt::write
[INFO] [stdout]    2:     0x5df34b73ef0c - <alloc[2e1b2a31b91974c5]::vec::Vec<u8> as core[a373ad73a504971]::io::write::Write>::write_fmt
[INFO] [stdout]    3:     0x5df34b7132a6 - std[617be2ca0a6fd877]::panicking::default_hook::{closure#0}
[INFO] [stdout]    4:     0x5df34b730f59 - std[617be2ca0a6fd877]::panicking::default_hook
[INFO] [stdout]    5:     0x5df34b657e50 - test[aada8e7e76ba119b]::test_main_inner::{closure#0}
[INFO] [stdout]    6:     0x5df34b731112 - std[617be2ca0a6fd877]::panicking::panic_with_hook
[INFO] [stdout]    7:     0x5df34b713352 - std[617be2ca0a6fd877]::panicking::panic_handler::{closure#0}
[INFO] [stdout]    8:     0x5df34b70bc69 - std[617be2ca0a6fd877]::sys::backtrace::__rust_end_short_backtrace::<std[617be2ca0a6fd877]::panicking::panic_handler::{closure#0}, !>
[INFO] [stdout]    9:     0x5df34b71414d - __rustc[ea4f61d10b84890b]::rust_begin_unwind
[INFO] [stdout]   10:     0x5df34b752d4c - core[a373ad73a504971]::panicking::panic_fmt
[INFO] [stdout]   11:     0x5df34b752b22 - core[a373ad73a504971]::result::unwrap_failed
[INFO] [stdout]   12:     0x5df34b5be718 - <spdfdiff[4da3099f735cbe9b]::tests::corpus_report_evaluates_manifest_gate_and_diff_pairs::{closure#0} as core[a373ad73a504971]::ops::function::FnOnce<()>>::call_once
[INFO] [stdout]   13:     0x5df34b64b29b - test[aada8e7e76ba119b]::__rust_begin_short_backtrace::<core[a373ad73a504971]::result::Result<(), alloc[2e1b2a31b91974c5]::string::String>, fn() -> core[a373ad73a504971]::result::Result<(), alloc[2e1b2a31b91974c5]::string::String>>
[INFO] [stdout]   14:     0x5df34b658475 - test[aada8e7e76ba119b]::run_test::{closure#0}
[INFO] [stdout]   15:     0x5df34b651d64 - std[617be2ca0a6fd877]::sys::backtrace::__rust_begin_short_backtrace::<test[aada8e7e76ba119b]::run_test::{closure#1}, ()>
[INFO] [stdout]   16:     0x5df34b65b502 - <std[617be2ca0a6fd877]::thread::lifecycle::spawn_unchecked<test[aada8e7e76ba119b]::run_test::{closure#1}, ()>::{closure#1} as core[a373ad73a504971]::ops::function::FnOnce<()>>::call_once::{shim:vtable#0}
[INFO] [stdout]   17:     0x5df34b738aef - <std[617be2ca0a6fd877]::sys::thread::unix::Thread>::new::thread_start
[INFO] [stdout]   18:     0x7b0a5c781dfa - <unknown>
[INFO] [stdout]   19:     0x7b0a5c8153d4 - clone
[INFO] [stdout]   20:                0x0 - <unknown>
[INFO] [stdout] 
[INFO] [stdout] ---- tests::corpus_gate_blocks_public_alpha_label_without_release_evidence stdout ----
[INFO] [stdout] 
[INFO] [stdout] thread 'tests::corpus_gate_blocks_public_alpha_label_without_release_evidence' (1148) panicked at src/main.rs:5442:42:
[INFO] [stdout] fixture folder should be created: Os { code: 30, kind: ReadOnlyFilesystem, message: "Read-only file system" }
[INFO] [stdout] stack backtrace:
[INFO] [stdout]    0:     0x5df34b73a251 - <<std[617be2ca0a6fd877]::sys::backtrace::BacktraceLock>::print::DisplayBacktrace as core[a373ad73a504971]::fmt::Display>::fmt
[INFO] [stdout]    1:     0x5df34b7525da - core[a373ad73a504971]::fmt::write
[INFO] [stdout]    2:     0x5df34b73ef0c - <alloc[2e1b2a31b91974c5]::vec::Vec<u8> as core[a373ad73a504971]::io::write::Write>::write_fmt
[INFO] [stdout]    3:     0x5df34b7132a6 - std[617be2ca0a6fd877]::panicking::default_hook::{closure#0}
[INFO] [stdout]    4:     0x5df34b730f59 - std[617be2ca0a6fd877]::panicking::default_hook
[INFO] [stdout]    5:     0x5df34b657e50 - test[aada8e7e76ba119b]::test_main_inner::{closure#0}
[INFO] [stdout]    6:     0x5df34b731112 - std[617be2ca0a6fd877]::panicking::panic_with_hook
[INFO] [stdout]    7:     0x5df34b713352 - std[617be2ca0a6fd877]::panicking::panic_handler::{closure#0}
[INFO] [stdout]    8:     0x5df34b70bc69 - std[617be2ca0a6fd877]::sys::backtrace::__rust_end_short_backtrace::<std[617be2ca0a6fd877]::panicking::panic_handler::{closure#0}, !>
[INFO] [stdout]    9:     0x5df34b71414d - __rustc[ea4f61d10b84890b]::rust_begin_unwind
[INFO] [stdout]   10:     0x5df34b752d4c - core[a373ad73a504971]::panicking::panic_fmt
[INFO] [stdout]   11:     0x5df34b752b22 - core[a373ad73a504971]::result::unwrap_failed
[INFO] [stdout]   12:     0x5df34b5c2ddc - <spdfdiff[4da3099f735cbe9b]::tests::corpus_gate_blocks_public_alpha_label_without_release_evidence::{closure#0} as core[a373ad73a504971]::ops::function::FnOnce<()>>::call_once
[INFO] [stdout]   13:     0x5df34b64b29b - test[aada8e7e76ba119b]::__rust_begin_short_backtrace::<core[a373ad73a504971]::result::Result<(), alloc[2e1b2a31b91974c5]::string::String>, fn() -> core[a373ad73a504971]::result::Result<(), alloc[2e1b2a31b91974c5]::string::String>>
[INFO] [stdout]   14:     0x5df34b658475 - test[aada8e7e76ba119b]::run_test::{closure#0}
[INFO] [stdout]   15:     0x5df34b651d64 - std[617be2ca0a6fd877]::sys::backtrace::__rust_begin_short_backtrace::<test[aada8e7e76ba119b]::run_test::{closure#1}, ()>
[INFO] [stdout]   16:     0x5df34b65b502 - <std[617be2ca0a6fd877]::thread::lifecycle::spawn_unchecked<test[aada8e7e76ba119b]::run_test::{closure#1}, ()>::{closure#1} as core[a373ad73a504971]::ops::function::FnOnce<()>>::call_once::{shim:vtable#0}
[INFO] [stdout]   17:     0x5df34b738aef - <std[617be2ca0a6fd877]::sys::thread::unix::Thread>::new::thread_start
[INFO] [stdout]   18:     0x7b0a5c781dfa - <unknown>
[INFO] [stdout]   19:     0x7b0a5c8153d4 - clone
[INFO] [stdout]   20:                0x0 - <unknown>
[INFO] [stdout] 
[INFO] [stdout] ---- tests::corpus_report_treats_info_only_diagnostics_as_parsed stdout ----
[INFO] [stdout] 
[INFO] [stdout] thread 'tests::corpus_report_treats_info_only_diagnostics_as_parsed' (1152) panicked at src/main.rs:5412:42:
[INFO] [stdout] fixture folder should be created: Os { code: 30, kind: ReadOnlyFilesystem, message: "Read-only file system" }
[INFO] [stdout] stack backtrace:
[INFO] [stdout]    0:     0x5df34b73a251 - <<std[617be2ca0a6fd877]::sys::backtrace::BacktraceLock>::print::DisplayBacktrace as core[a373ad73a504971]::fmt::Display>::fmt
[INFO] [stdout]    1:     0x5df34b7525da - core[a373ad73a504971]::fmt::write
[INFO] [stdout]    2:     0x5df34b73ef0c - <alloc[2e1b2a31b91974c5]::vec::Vec<u8> as core[a373ad73a504971]::io::write::Write>::write_fmt
[INFO] [stdout]    3:     0x5df34b7132a6 - std[617be2ca0a6fd877]::panicking::default_hook::{closure#0}
[INFO] [stdout]    4:     0x5df34b730f59 - std[617be2ca0a6fd877]::panicking::default_hook
[INFO] [stdout]    5:     0x5df34b657e50 - test[aada8e7e76ba119b]::test_main_inner::{closure#0}
[INFO] [stdout]    6:     0x5df34b731112 - std[617be2ca0a6fd877]::panicking::panic_with_hook
[INFO] [stdout]    7:     0x5df34b713352 - std[617be2ca0a6fd877]::panicking::panic_handler::{closure#0}
[INFO] [stdout]    8:     0x5df34b70bc69 - std[617be2ca0a6fd877]::sys::backtrace::__rust_end_short_backtrace::<std[617be2ca0a6fd877]::panicking::panic_handler::{closure#0}, !>
[INFO] [stdout]    9:     0x5df34b71414d - __rustc[ea4f61d10b84890b]::rust_begin_unwind
[INFO] [stdout]   10:     0x5df34b752d4c - core[a373ad73a504971]::panicking::panic_fmt
[INFO] [stdout]   11:     0x5df34b752b22 - core[a373ad73a504971]::result::unwrap_failed
[INFO] [stdout]   12:     0x5df34b5bf1f8 - <spdfdiff[4da3099f735cbe9b]::tests::corpus_report_treats_info_only_diagnostics_as_parsed::{closure#0} as core[a373ad73a504971]::ops::function::FnOnce<()>>::call_once
[INFO] [stdout]   13:     0x5df34b64b29b - test[aada8e7e76ba119b]::__rust_begin_short_backtrace::<core[a373ad73a504971]::result::Result<(), alloc[2e1b2a31b91974c5]::string::String>, fn() -> core[a373ad73a504971]::result::Result<(), alloc[2e1b2a31b91974c5]::string::String>>
[INFO] [stdout]   14:     0x5df34b658475 - test[aada8e7e76ba119b]::run_test::{closure#0}
[INFO] [stdout]   15:     0x5df34b651d64 - std[617be2ca0a6fd877]::sys::backtrace::__rust_begin_short_backtrace::<test[aada8e7e76ba119b]::run_test::{closure#1}, ()>
[INFO] [stdout]   16:     0x5df34b65b502 - <std[617be2ca0a6fd877]::thread::lifecycle::spawn_unchecked<test[aada8e7e76ba119b]::run_test::{closure#1}, ()>::{closure#1} as core[a373ad73a504971]::ops::function::FnOnce<()>>::call_once::{shim:vtable#0}
[INFO] [stdout]   17:     0x5df34b738aef - <std[617be2ca0a6fd877]::sys::thread::unix::Thread>::new::thread_start
[INFO] [stdout]   18:     0x7b0a5c781dfa - <unknown>
[INFO] [stdout]   19:     0x7b0a5c8153d4 - clone
[INFO] [stdout]   20:                0x0 - <unknown>
[INFO] [stdout] 
[INFO] [stdout] ---- tests::corpus_report_lists_files_and_diagnostic_counts stdout ----
[INFO] [stdout] 
[INFO] [stdout] thread 'tests::corpus_report_lists_files_and_diagnostic_counts' (1151) panicked at src/main.rs:5300:42:
[INFO] [stdout] fixture folder should be created: Os { code: 30, kind: ReadOnlyFilesystem, message: "Read-only file system" }
[INFO] [stdout] stack backtrace:
[INFO] [stdout]    0:     0x5df34b73a251 - <<std[617be2ca0a6fd877]::sys::backtrace::BacktraceLock>::print::DisplayBacktrace as core[a373ad73a504971]::fmt::Display>::fmt
[INFO] [stdout]    1:     0x5df34b7525da - core[a373ad73a504971]::fmt::write
[INFO] [stdout]    2:     0x5df34b73ef0c - <alloc[2e1b2a31b91974c5]::vec::Vec<u8> as core[a373ad73a504971]::io::write::Write>::write_fmt
[INFO] [stdout]    3:     0x5df34b7132a6 - std[617be2ca0a6fd877]::panicking::default_hook::{closure#0}
[INFO] [stdout]    4:     0x5df34b730f59 - std[617be2ca0a6fd877]::panicking::default_hook
[INFO] [stdout]    5:     0x5df34b657e50 - test[aada8e7e76ba119b]::test_main_inner::{closure#0}
[INFO] [stdout]    6:     0x5df34b731112 - std[617be2ca0a6fd877]::panicking::panic_with_hook
[INFO] [stdout]    7:     0x5df34b713352 - std[617be2ca0a6fd877]::panicking::panic_handler::{closure#0}
[INFO] [stdout]    8:     0x5df34b70bc69 - std[617be2ca0a6fd877]::sys::backtrace::__rust_end_short_backtrace::<std[617be2ca0a6fd877]::panicking::panic_handler::{closure#0}, !>
[INFO] [stdout]    9:     0x5df34b71414d - __rustc[ea4f61d10b84890b]::rust_begin_unwind
[INFO] [stdout]   10:     0x5df34b752d4c - core[a373ad73a504971]::panicking::panic_fmt
[INFO] [stdout]   11:     0x5df34b752b22 - core[a373ad73a504971]::result::unwrap_failed
[INFO] [stdout]   12:     0x5df34b5b7ed1 - <spdfdiff[4da3099f735cbe9b]::tests::corpus_report_lists_files_and_diagnostic_counts::{closure#0} as core[a373ad73a504971]::ops::function::FnOnce<()>>::call_once
[INFO] [stdout]   13:     0x5df34b64b29b - test[aada8e7e76ba119b]::__rust_begin_short_backtrace::<core[a373ad73a504971]::result::Result<(), alloc[2e1b2a31b91974c5]::string::String>, fn() -> core[a373ad73a504971]::result::Result<(), alloc[2e1b2a31b91974c5]::string::String>>
[INFO] [stdout]   14:     0x5df34b658475 - test[aada8e7e76ba119b]::run_test::{closure#0}
[INFO] [stdout]   15:     0x5df34b651d64 - std[617be2ca0a6fd877]::sys::backtrace::__rust_begin_short_backtrace::<test[aada8e7e76ba119b]::run_test::{closure#1}, ()>
[INFO] [stdout]   16:     0x5df34b65b502 - <std[617be2ca0a6fd877]::thread::lifecycle::spawn_unchecked<test[aada8e7e76ba119b]::run_test::{closure#1}, ()>::{closure#1} as core[a373ad73a504971]::ops::function::FnOnce<()>>::call_once::{shim:vtable#0}
[INFO] [stdout]   17:     0x5df34b738aef - <std[617be2ca0a6fd877]::sys::thread::unix::Thread>::new::thread_start
[INFO] [stdout]   18:     0x7b0a5c781dfa - <unknown>
[INFO] [stdout]   19:     0x7b0a5c8153d4 - clone
[INFO] [stdout]   20:                0x0 - <unknown>
[INFO] [stdout] 
[INFO] [stdout] ---- tests::corpus_gate_checks_partial_and_diagnostic_thresholds stdout ----
[INFO] [stdout] 
[INFO] [stdout] thread 'tests::corpus_gate_checks_partial_and_diagnostic_thresholds' (1149) panicked at src/main.rs:5370:42:
[INFO] [stdout] fixture folder should be created: Os { code: 30, kind: ReadOnlyFilesystem, message: "Read-only file system" }
[INFO] [stdout] stack backtrace:
[INFO] [stdout]    0:     0x5df34b73a251 - <<std[617be2ca0a6fd877]::sys::backtrace::BacktraceLock>::print::DisplayBacktrace as core[a373ad73a504971]::fmt::Display>::fmt
[INFO] [stdout]    1:     0x5df34b7525da - core[a373ad73a504971]::fmt::write
[INFO] [stdout]    2:     0x5df34b73ef0c - <alloc[2e1b2a31b91974c5]::vec::Vec<u8> as core[a373ad73a504971]::io::write::Write>::write_fmt
[INFO] [stdout]    3:     0x5df34b7132a6 - std[617be2ca0a6fd877]::panicking::default_hook::{closure#0}
[INFO] [stdout]    4:     0x5df34b730f59 - std[617be2ca0a6fd877]::panicking::default_hook
[INFO] [stdout]    5:     0x5df34b657e50 - test[aada8e7e76ba119b]::test_main_inner::{closure#0}
[INFO] [stdout]    6:     0x5df34b731112 - std[617be2ca0a6fd877]::panicking::panic_with_hook
[INFO] [stdout]    7:     0x5df34b713352 - std[617be2ca0a6fd877]::panicking::panic_handler::{closure#0}
[INFO] [stdout]    8:     0x5df34b70bc69 - std[617be2ca0a6fd877]::sys::backtrace::__rust_end_short_backtrace::<std[617be2ca0a6fd877]::panicking::panic_handler::{closure#0}, !>
[INFO] [stdout]    9:     0x5df34b71414d - __rustc[ea4f61d10b84890b]::rust_begin_unwind
[INFO] [stdout]   10:     0x5df34b752d4c - core[a373ad73a504971]::panicking::panic_fmt
[INFO] [stdout]   11:     0x5df34b752b22 - core[a373ad73a504971]::result::unwrap_failed
[INFO] [stdout]   12:     0x5df34b5bd54b - <spdfdiff[4da3099f735cbe9b]::tests::corpus_gate_checks_partial_and_diagnostic_thresholds::{closure#0} as core[a373ad73a504971]::ops::function::FnOnce<()>>::call_once
[INFO] [stdout]   13:     0x5df34b64b29b - test[aada8e7e76ba119b]::__rust_begin_short_backtrace::<core[a373ad73a504971]::result::Result<(), alloc[2e1b2a31b91974c5]::string::String>, fn() -> core[a373ad73a504971]::result::Result<(), alloc[2e1b2a31b91974c5]::string::String>>
[INFO] [stdout]   14:     0x5df34b658475 - test[aada8e7e76ba119b]::run_test::{closure#0}
[INFO] [stdout]   15:     0x5df34b651d64 - std[617be2ca0a6fd877]::sys::backtrace::__rust_begin_short_backtrace::<test[aada8e7e76ba119b]::run_test::{closure#1}, ()>
[INFO] [stdout]   16:     0x5df34b65b502 - <std[617be2ca0a6fd877]::thread::lifecycle::spawn_unchecked<test[aada8e7e76ba119b]::run_test::{closure#1}, ()>::{closure#1} as core[a373ad73a504971]::ops::function::FnOnce<()>>::call_once::{shim:vtable#0}
[INFO] [stdout]   17:     0x5df34b738aef - <std[617be2ca0a6fd877]::sys::thread::unix::Thread>::new::thread_start
[INFO] [stdout]   18:     0x7b0a5c781dfa - <unknown>
[INFO] [stdout]   19:     0x7b0a5c8153d4 - clone
[INFO] [stdout]   20:                0x0 - <unknown>
[INFO] [stdout] 
[INFO] [stdout] ---- tests::review_command_calls_openai_compatible_endpoint stdout ----
[INFO] [stdout] 
[INFO] [stdout] thread 'tests::review_command_calls_openai_compatible_endpoint' (1183) panicked at src/main.rs:5099:42:
[INFO] [stdout] fixture folder should be created: Os { code: 30, kind: ReadOnlyFilesystem, message: "Read-only file system" }
[INFO] [stdout] stack backtrace:
[INFO] [stdout]    0:     0x5df34b73a251 - <<std[617be2ca0a6fd877]::sys::backtrace::BacktraceLock>::print::DisplayBacktrace as core[a373ad73a504971]::fmt::Display>::fmt
[INFO] [stdout]    1:     0x5df34b7525da - core[a373ad73a504971]::fmt::write
[INFO] [stdout]    2:     0x5df34b73ef0c - <alloc[2e1b2a31b91974c5]::vec::Vec<u8> as core[a373ad73a504971]::io::write::Write>::write_fmt
[INFO] [stdout]    3:     0x5df34b7132a6 - std[617be2ca0a6fd877]::panicking::default_hook::{closure#0}
[INFO] [stdout]    4:     0x5df34b730f59 - std[617be2ca0a6fd877]::panicking::default_hook
[INFO] [stdout]    5:     0x5df34b657e50 - test[aada8e7e76ba119b]::test_main_inner::{closure#0}
[INFO] [stdout]    6:     0x5df34b731112 - std[617be2ca0a6fd877]::panicking::panic_with_hook
[INFO] [stdout]    7:     0x5df34b713352 - std[617be2ca0a6fd877]::panicking::panic_handler::{closure#0}
[INFO] [stdout]    8:     0x5df34b70bc69 - std[617be2ca0a6fd877]::sys::backtrace::__rust_end_short_backtrace::<std[617be2ca0a6fd877]::panicking::panic_handler::{closure#0}, !>
[INFO] [stdout]    9:     0x5df34b71414d - __rustc[ea4f61d10b84890b]::rust_begin_unwind
[INFO] [stderr] error: test failed, to rerun pass `--bin spdfdiff`
[INFO] [stdout]   10:     0x5df34b752d4c - core[a373ad73a504971]::panicking::panic_fmt
[INFO] [stdout]   11:     0x5df34b752b22 - core[a373ad73a504971]::result::unwrap_failed
[INFO] [stdout]   12:     0x5df34b5ba8b9 - <spdfdiff[4da3099f735cbe9b]::tests::review_command_calls_openai_compatible_endpoint::{closure#0} as core[a373ad73a504971]::ops::function::FnOnce<()>>::call_once
[INFO] [stdout]   13:     0x5df34b64b29b - test[aada8e7e76ba119b]::__rust_begin_short_backtrace::<core[a373ad73a504971]::result::Result<(), alloc[2e1b2a31b91974c5]::string::String>, fn() -> core[a373ad73a504971]::result::Result<(), alloc[2e1b2a31b91974c5]::string::String>>
[INFO] [stdout]   14:     0x5df34b658475 - test[aada8e7e76ba119b]::run_test::{closure#0}
[INFO] [stdout]   15:     0x5df34b651d64 - std[617be2ca0a6fd877]::sys::backtrace::__rust_begin_short_backtrace::<test[aada8e7e76ba119b]::run_test::{closure#1}, ()>
[INFO] [stdout]   16:     0x5df34b65b502 - <std[617be2ca0a6fd877]::thread::lifecycle::spawn_unchecked<test[aada8e7e76ba119b]::run_test::{closure#1}, ()>::{closure#1} as core[a373ad73a504971]::ops::function::FnOnce<()>>::call_once::{shim:vtable#0}
[INFO] [stdout]   17:     0x5df34b738aef - <std[617be2ca0a6fd877]::sys::thread::unix::Thread>::new::thread_start
[INFO] [stdout]   18:     0x7b0a5c781dfa - <unknown>
[INFO] [stdout]   19:     0x7b0a5c8153d4 - clone
[INFO] [stdout]   20:                0x0 - <unknown>
[INFO] [stdout] 
[INFO] [stdout] 
[INFO] [stdout] failures:
[INFO] [stdout]     tests::corpus_gate_blocks_public_alpha_label_without_release_evidence
[INFO] [stdout]     tests::corpus_gate_checks_partial_and_diagnostic_thresholds
[INFO] [stdout]     tests::corpus_report_evaluates_manifest_gate_and_diff_pairs
[INFO] [stdout]     tests::corpus_report_lists_files_and_diagnostic_counts
[INFO] [stdout]     tests::corpus_report_treats_info_only_diagnostics_as_parsed
[INFO] [stdout]     tests::review_command_calls_openai_compatible_endpoint
[INFO] [stdout] 
[INFO] [stdout] test result: FAILED. 28 passed; 6 failed; 0 ignored; 0 measured; 0 filtered out; finished in 0.01s
[INFO] [stdout] 
[INFO] running `Command { std: "docker" "inspect" "a6a55336aa961f88dee3ccc10cfe3dd2387a9ecfa27efd4452b02f8a95bbc9ff", kill_on_drop: false }`
[INFO] running `Command { std: "docker" "rm" "-f" "a6a55336aa961f88dee3ccc10cfe3dd2387a9ecfa27efd4452b02f8a95bbc9ff", kill_on_drop: false }`
[INFO] [stdout] a6a55336aa961f88dee3ccc10cfe3dd2387a9ecfa27efd4452b02f8a95bbc9ff
